2024-05-28 12:57:15.020 98695 INFO tempest.lib.common.rest_client [ req-1ec3a1f3-7648-43bb-ae11-b06ea54d0c68 ] Request (ExtraSpecsAdminNegativeTest:tearDownClass): 202 DELETE http://10.27.203.238/share/v2/1ae8e27013bc48228edf3022159a9c1f/types/e113c38a-fcde-46c9-9158-f2d3b50bd899 0.063s
2024-05-28 12:57:15.035 98695 INFO tempest.lib.common.rest_client [ req-1340caed-51ae-4632-9cfc-7e36a2940959 ] Request (ExtraSpecsAdminNegativeTest:tearDownClass): 404 GET http://10.27.203.238/share/v2/1ae8e27013bc48228edf3022159a9c1f/types/e113c38a-fcde-46c9-9158-f2d3b50bd899 0.013s
2024-05-28 12:57:15.042 98687 INFO tempest.lib.common.rest_client [req-f67ee280-54d1-4658-ba4e-dd55cbd8f5a2 req-f67ee280-54d1-4658-ba4e-dd55cbd8f5a2 ] Request (AccessesMetadataNegativeTest:setUpClass): 204 PUT http://10.27.203.238/identity/v3/projects/86b1b2ed568f43c9892e17d54b3c5f78/users/d2db2faa187d4ba4baf6b1b73c2fb965/roles/e7989893488f483baa107be56668c4f8 0.038s
2024-05-28 12:57:15.070 98695 INFO tempest.lib.common.rest_client [ req-043386a0-abef-4f0d-ba6d-ffd164d43bcc ] Request (ExtraSpecsAdminNegativeTest:tearDownClass): 202 DELETE http://10.27.203.238/share/v2/1ae8e27013bc48228edf3022159a9c1f/types/d7647d83-e1c0-4114-9c84-dc770aeeab34 0.034s
2024-05-28 12:57:15.083 98695 INFO tempest.lib.common.rest_client [ req-387d9c25-a02c-4bcc-922f-0e9ccea596c5 ] Request (ExtraSpecsAdminNegativeTest:tearDownClass): 404 GET http://10.27.203.238/share/v2/1ae8e27013bc48228edf3022159a9c1f/types/d7647d83-e1c0-4114-9c84-dc770aeeab34 0.012s
2024-05-28 12:57:15.086 98687 INFO tempest.lib.common.rest_client [req-eda2f476-fa99-4294-8db1-898f7e5bb609 req-eda2f476-fa99-4294-8db1-898f7e5bb609 ] Request (AccessesMetadataNegativeTest:setUpClass): 200 GET http://10.27.203.238/identity/v3/roles 0.044s
2024-05-28 12:57:15.108 98687 INFO tempest.lib.common.rest_client [req-6e8b16a6-ca2f-4b6b-8f10-3cb4d4bd808f req-6e8b16a6-ca2f-4b6b-8f10-3cb4d4bd808f ] Request (AccessesMetadataNegativeTest:setUpClass): 204 PUT http://10.27.203.238/identity/v3/projects/86b1b2ed568f43c9892e17d54b3c5f78/users/d2db2faa187d4ba4baf6b1b73c2fb965/roles/e7989893488f483baa107be56668c4f8 0.021s
2024-05-28 12:57:15.108 98687 INFO tempest.lib.common.dynamic_creds [-] Dynamic test user d2db2faa187d4ba4baf6b1b73c2fb965 is created with scope project and roles: ['admin']
2024-05-28 12:57:15.108 98687 INFO tempest.lib.common.dynamic_creds [-] Acquired dynamic creds: credentials: Credentials: {'domain_id': 'default', 'domain_name': 'Default', 'username': 'tempest-AccessesMetadataNegativeTest-850862987-project-admin', 'project_domain_id': 'default', 'project_domain_name': 'Default', 'project_id': '86b1b2ed568f43c9892e17d54b3c5f78', 'project_name': 'tempest-AccessesMetadataNegativeTest-850862987', 'tenant_id': '86b1b2ed568f43c9892e17d54b3c5f78', 'tenant_name': 'tempest-AccessesMetadataNegativeTest-850862987', 'user_domain_id': 'default', 'user_domain_name': 'Default', 'user_id': 'd2db2faa187d4ba4baf6b1b73c2fb965', 'system': None}, Network: None, Subnet: None, Router: None
2024-05-28 12:57:15.108 98687 INFO tempest.lib.common.dynamic_creds [-] Created isolated network resources for: credentials: Credentials: {'domain_id': 'default', 'domain_name': 'Default', 'username': 'tempest-AccessesMetadataNegativeTest-850862987-project-admin', 'project_domain_id': 'default', 'project_domain_name': 'Default', 'project_id': '86b1b2ed568f43c9892e17d54b3c5f78', 'project_name': 'tempest-AccessesMetadataNegativeTest-850862987', 'tenant_id': '86b1b2ed568f43c9892e17d54b3c5f78', 'tenant_name': 'tempest-AccessesMetadataNegativeTest-850862987', 'user_domain_id': 'default', 'user_domain_name': 'Default', 'user_id': 'd2db2faa187d4ba4baf6b1b73c2fb965', 'system': None}, Network: None, Subnet: None, Router: None
2024-05-28 12:57:15.129 98695 INFO tempest.lib.common.rest_client [ req-ebb5d525-90a4-48dd-8bcd-994d3c59322c ] Request (ExtraSpecsAdminNegativeTest:tearDownClass): 202 DELETE http://10.27.203.238/share/v2/1ae8e27013bc48228edf3022159a9c1f/types/ad9a409c-7bfe-4e4b-9e03-83b5c57e112d 0.044s
2024-05-28 12:57:15.136 98693 INFO tempest.lib.common.rest_client [ req-40236442-43a4-48c8-9b11-90c5345d1991 ] Request (AdminActionsTest:_run_cleanups): 404 GET http://10.27.203.238/share/v2/a3499cb78849424db45e54caac01de92/shares/9be3b244-34ab-4002-b1e1-427af2ab8545 0.014s
2024-05-28 12:57:15.142 98695 INFO tempest.lib.common.rest_client [ req-3d930ab6-0987-4d26-b189-f2c7bf0e033a ] Request (ExtraSpecsAdminNegativeTest:tearDownClass): 404 GET http://10.27.203.238/share/v2/1ae8e27013bc48228edf3022159a9c1f/types/ad9a409c-7bfe-4e4b-9e03-83b5c57e112d 0.013s
2024-05-28 12:57:15.189 98687 INFO tempest.lib.common.rest_client [req-dc9a3cd1-4d76-4e59-be76-e733c84ec7f4 req-dc9a3cd1-4d76-4e59-be76-e733c84ec7f4 ] Request (AccessesMetadataNegativeTest:setUpClass): 201 POST http://10.27.203.238/identity/v3/auth/tokens 0.080s
2024-05-28 12:57:15.199 98695 INFO tempest.lib.common.rest_client [ req-9dd43f39-0601-45a8-8131-02eb06d8635c ] Request (ExtraSpecsAdminNegativeTest:tearDownClass): 202 DELETE http://10.27.203.238/share/v2/1ae8e27013bc48228edf3022159a9c1f/types/267f85de-c874-4ef9-9dba-05907bb40f17 0.056s
2024-05-28 12:57:15.215 98695 INFO tempest.lib.common.rest_client [ req-f5eaf44f-2b20-4a64-ace1-49a14654f30c ] Request (ExtraSpecsAdminNegativeTest:tearDownClass): 404 GET http://10.27.203.238/share/v2/1ae8e27013bc48228edf3022159a9c1f/types/267f85de-c874-4ef9-9dba-05907bb40f17 0.015s
2024-05-28 12:57:15.227 98687 INFO tempest.lib.common.rest_client [req-971ee9ee-6f59-4331-bbf6-83a46652fe1a req-971ee9ee-6f59-4331-bbf6-83a46652fe1a ] Request (AccessesMetadataNegativeTest:setUpClass): 200 GET http://10.27.203.238/identity/v3/domains?name=Default 0.037s
2024-05-28 12:57:15.265 98695 INFO tempest.lib.common.rest_client [ req-78795dea-05b7-4080-b236-9c22fcbec19e ] Request (ExtraSpecsAdminNegativeTest:tearDownClass): 202 DELETE http://10.27.203.238/share/v2/1ae8e27013bc48228edf3022159a9c1f/types/530d6c70-a60f-45b4-8810-f997583cc60f 0.049s
2024-05-28 12:57:15.272 98687 INFO tempest.lib.common.rest_client [req-77239274-f22a-4a59-af1f-9618345af10d req-77239274-f22a-4a59-af1f-9618345af10d ] Request (AccessesMetadataNegativeTest:setUpClass): 201 POST http://10.27.203.238/identity/v3/users 0.044s
2024-05-28 12:57:15.279 98695 INFO tempest.lib.common.rest_client [ req-ad1930ab-96b5-431e-859c-c994f5b09e36 ] Request (ExtraSpecsAdminNegativeTest:tearDownClass): 404 GET http://10.27.203.238/share/v2/1ae8e27013bc48228edf3022159a9c1f/types/530d6c70-a60f-45b4-8810-f997583cc60f 0.013s
2024-05-28 12:57:15.294 98687 INFO tempest.lib.common.rest_client [req-4fdd6ca8-5900-458e-92f8-168c9e682953 req-4fdd6ca8-5900-458e-92f8-168c9e682953 ] Request (AccessesMetadataNegativeTest:setUpClass): 200 GET http://10.27.203.238/identity/v3/roles 0.021s
2024-05-28 12:57:15.326 98695 INFO tempest.lib.common.rest_client [ req-cd9595e5-bbd5-4a98-af01-5c493a5d1d4e ] Request (ExtraSpecsAdminNegativeTest:tearDownClass): 202 DELETE http://10.27.203.238/share/v2/1ae8e27013bc48228edf3022159a9c1f/types/6ada2880-51f5-4019-8d2c-7ffa58a8b629 0.046s
2024-05-28 12:57:15.338 98687 INFO tempest.lib.common.rest_client [req-b2e5a7c7-d77f-47af-ae8c-bb954527adb0 req-b2e5a7c7-d77f-47af-ae8c-bb954527adb0 ] Request (AccessesMetadataNegativeTest:setUpClass): 204 PUT http://10.27.203.238/identity/v3/projects/86b1b2ed568f43c9892e17d54b3c5f78/users/b12d90b85fc7452f83fec53a2941a759/roles/44620cad10ae407c90c91e2c296adb04 0.043s
2024-05-28 12:57:15.339 98695 INFO tempest.lib.common.rest_client [ req-cd32ff8f-8cab-4ef3-981b-8309f615537f ] Request (ExtraSpecsAdminNegativeTest:tearDownClass): 404 GET http://10.27.203.238/share/v2/1ae8e27013bc48228edf3022159a9c1f/types/6ada2880-51f5-4019-8d2c-7ffa58a8b629 0.012s
2024-05-28 12:57:15.374 98693 INFO tempest.lib.common.rest_client [ req-5e3899b9-b6e9-4441-8750-3d8495665a52 ] Request (AdminActionsTest:test_force_delete_share): 200 POST http://10.27.203.238/share/v2/a3499cb78849424db45e54caac01de92/shares 0.237s
2024-05-28 12:57:15.410 98695 INFO tempest.lib.common.rest_client [ req-bfcd1e19-3451-451b-b895-6c5d2600ad88 ] Request (ExtraSpecsAdminNegativeTest:tearDownClass): 202 DELETE http://10.27.203.238/share/v2/1ae8e27013bc48228edf3022159a9c1f/types/87e08e04-de75-4648-8f60-bebf5c8b7fce 0.070s
2024-05-28 12:57:15.433 98693 INFO tempest.lib.common.rest_client [ req-aa428485-8c30-4cf1-b781-24bc20514375 ] Request (AdminActionsTest:test_force_delete_share): 200 GET http://10.27.203.238/share/v2/a3499cb78849424db45e54caac01de92/shares/c5d9b059-bdd0-4fae-9bd0-328d926e5694 0.058s
2024-05-28 12:57:15.443 98695 INFO tempest.lib.common.rest_client [ req-acb19770-7cd6-4878-99f7-05bc0dfe4671 ] Request (ExtraSpecsAdminNegativeTest:tearDownClass): 404 GET http://10.27.203.238/share/v2/1ae8e27013bc48228edf3022159a9c1f/types/87e08e04-de75-4648-8f60-bebf5c8b7fce 0.032s
2024-05-28 12:57:15.484 98695 INFO tempest.lib.common.rest_client [ req-54b2da7a-188c-456e-9152-d5428843ba0c ] Request (ExtraSpecsAdminNegativeTest:tearDownClass): 202 DELETE http://10.27.203.238/share/v2/1ae8e27013bc48228edf3022159a9c1f/types/5d77f885-b328-4d22-9007-e21eace5ccc9 0.041s
2024-05-28 12:57:15.497 98695 INFO tempest.lib.common.rest_client [ req-5fbf12d3-b127-4a05-a0a9-6fd7cb2f2138 ] Request (ExtraSpecsAdminNegativeTest:tearDownClass): 404 GET http://10.27.203.238/share/v2/1ae8e27013bc48228edf3022159a9c1f/types/5d77f885-b328-4d22-9007-e21eace5ccc9 0.012s
2024-05-28 12:57:15.507 98687 INFO tempest.lib.common.rest_client [ req-bd209425-74fa-48f6-aa29-7a60cb7acdfd ] Request (AccessesMetadataNegativeTest:setUpClass): 200 POST http://10.27.203.238/share/v2/86b1b2ed568f43c9892e17d54b3c5f78/types 0.168s
2024-05-28 12:57:15.548 98695 INFO tempest.lib.common.rest_client [ req-66f82bfc-8b63-44e5-854f-31a6f2f4998b ] Request (ExtraSpecsAdminNegativeTest:tearDownClass): 202 DELETE http://10.27.203.238/share/v2/1ae8e27013bc48228edf3022159a9c1f/types/f4d611bb-aa60-46f8-8a5f-91fc4457d2ec 0.051s
2024-05-28 12:57:15.571 98689 INFO tempest.lib.common.rest_client [ req-84d3e4ab-6d36-405f-a712-56cb58c95d75 ] Request (ShareSnapshotInstancesTest:setUpClass): 200 GET http://10.27.203.238/share/v2/f4f7702aa04c467288cc6b142f61ec37/shares/b235c40f-7437-4e0c-b44e-321d8e8b1457 0.062s
2024-05-28 12:57:15.583 98695 INFO tempest.lib.common.rest_client [ req-140fb4d6-7a86-4347-9151-caa9fbaf090f ] Request (ExtraSpecsAdminNegativeTest:tearDownClass): 404 GET http://10.27.203.238/share/v2/1ae8e27013bc48228edf3022159a9c1f/types/f4d611bb-aa60-46f8-8a5f-91fc4457d2ec 0.033s
2024-05-28 12:57:15.626 98695 INFO tempest.lib.common.rest_client [ req-4313b2c4-2a35-4b20-8216-dea5a67828f7 ] Request (ExtraSpecsAdminNegativeTest:tearDownClass): 202 DELETE http://10.27.203.238/share/v2/1ae8e27013bc48228edf3022159a9c1f/types/8ac7167e-4ee5-4626-84c9-f4018be08764 0.042s
2024-05-28 12:57:15.639 98695 INFO tempest.lib.common.rest_client [ req-e96804bc-7420-45a3-b040-0ee07ff8f6fa ] Request (ExtraSpecsAdminNegativeTest:tearDownClass): 404 GET http://10.27.203.238/share/v2/1ae8e27013bc48228edf3022159a9c1f/types/8ac7167e-4ee5-4626-84c9-f4018be08764 0.012s
2024-05-28 12:57:15.678 98695 INFO tempest.lib.common.rest_client [ req-8fa86359-800d-4912-b7e0-70aa97017594 ] Request (ExtraSpecsAdminNegativeTest:tearDownClass): 202 DELETE http://10.27.203.238/share/v2/1ae8e27013bc48228edf3022159a9c1f/types/b8a59a8f-0fff-470a-ae19-f374dbf8ab3b 0.038s
2024-05-28 12:57:15.689 98695 INFO tempest.lib.common.rest_client [ req-3976ebed-6464-4b91-b71f-306d11d94418 ] Request (ExtraSpecsAdminNegativeTest:tearDownClass): 404 GET http://10.27.203.238/share/v2/1ae8e27013bc48228edf3022159a9c1f/types/b8a59a8f-0fff-470a-ae19-f374dbf8ab3b 0.011s
2024-05-28 12:57:15.732 98695 INFO tempest.lib.common.rest_client [ req-36301c43-5678-4f68-9027-5afb1b757cb8 ] Request (ExtraSpecsAdminNegativeTest:tearDownClass): 202 DELETE http://10.27.203.238/share/v2/1ae8e27013bc48228edf3022159a9c1f/types/cc30bac1-e8e3-4e53-b660-f80ce32ddfe0 0.042s
2024-05-28 12:57:15.743 98695 INFO tempest.lib.common.rest_client [ req-c32e0c1a-cd6e-4d18-aaed-e73554d48898 ] Request (ExtraSpecsAdminNegativeTest:tearDownClass): 404 GET http://10.27.203.238/share/v2/1ae8e27013bc48228edf3022159a9c1f/types/cc30bac1-e8e3-4e53-b660-f80ce32ddfe0 0.011s
2024-05-28 12:57:15.783 98687 INFO tempest.lib.common.rest_client [ req-d4e94067-7ef0-44e3-b09c-a394b3b4dcd1 ] Request (AccessesMetadataNegativeTest:setUpClass): 200 POST http://10.27.203.238/share/v2/ed83204ad63946bdae288892bd07d115/shares 0.275s
2024-05-28 12:57:15.785 98695 INFO tempest.lib.common.rest_client [ req-36ac9489-2f69-4481-8790-387333ca7e6b ] Request (ExtraSpecsAdminNegativeTest:tearDownClass): 202 DELETE http://10.27.203.238/share/v2/1ae8e27013bc48228edf3022159a9c1f/types/dae41377-0474-4f8a-beda-3839c98cb123 0.041s
2024-05-28 12:57:15.797 98695 INFO tempest.lib.common.rest_client [ req-488791a2-a411-4d15-a8a8-7308cafd46a2 ] Request (ExtraSpecsAdminNegativeTest:tearDownClass): 404 GET http://10.27.203.238/share/v2/1ae8e27013bc48228edf3022159a9c1f/types/dae41377-0474-4f8a-beda-3839c98cb123 0.011s
2024-05-28 12:57:15.814 98687 INFO tempest.lib.common.rest_client [ req-f0bf0c7e-da70-4a19-9f5b-514c020a9e5b ] Request (AccessesMetadataNegativeTest:setUpClass): 200 GET http://10.27.203.238/share/v2/ed83204ad63946bdae288892bd07d115/shares/1b8e12e8-6d99-48c0-8368-d1a37e2ca2ca 0.030s
2024-05-28 12:57:15.833 98695 INFO tempest.lib.common.rest_client [ req-97b00e80-4dcf-48bd-9dd2-efa5f9957e3b ] Request (ExtraSpecsAdminNegativeTest:tearDownClass): 202 DELETE http://10.27.203.238/share/v2/1ae8e27013bc48228edf3022159a9c1f/types/c4597038-c3af-42d2-afd3-74055597cc77 0.034s
2024-05-28 12:57:15.845 98695 INFO tempest.lib.common.rest_client [ req-0aef0b58-1a0e-44f3-a0ab-606382d00a1e ] Request (ExtraSpecsAdminNegativeTest:tearDownClass): 404 GET http://10.27.203.238/share/v2/1ae8e27013bc48228edf3022159a9c1f/types/c4597038-c3af-42d2-afd3-74055597cc77 0.012s
2024-05-28 12:57:15.882 98695 INFO tempest.lib.common.rest_client [ req-127dd949-2252-40a3-9206-2fe0100db353 ] Request (ExtraSpecsAdminNegativeTest:tearDownClass): 202 DELETE http://10.27.203.238/share/v2/1ae8e27013bc48228edf3022159a9c1f/types/43cd736a-2620-4e48-9f39-83c7df9b380a 0.036s
2024-05-28 12:57:15.895 98695 INFO tempest.lib.common.rest_client [ req-c83a0171-1c28-41f0-8b74-4ef7b5929bfe ] Request (ExtraSpecsAdminNegativeTest:tearDownClass): 404 GET http://10.27.203.238/share/v2/1ae8e27013bc48228edf3022159a9c1f/types/43cd736a-2620-4e48-9f39-83c7df9b380a 0.012s
2024-05-28 12:57:15.939 98695 INFO tempest.lib.common.rest_client [ req-509a82d3-d234-4890-b926-41991bd95de1 ] Request (ExtraSpecsAdminNegativeTest:tearDownClass): 202 DELETE http://10.27.203.238/share/v2/1ae8e27013bc48228edf3022159a9c1f/types/f676a13a-d273-434b-bc78-bec5e62f86f8 0.043s
2024-05-28 12:57:15.952 98695 INFO tempest.lib.common.rest_client [ req-507da27d-7ff6-4569-bec7-b4f3456a9c84 ] Request (ExtraSpecsAdminNegativeTest:tearDownClass): 404 GET http://10.27.203.238/share/v2/1ae8e27013bc48228edf3022159a9c1f/types/f676a13a-d273-434b-bc78-bec5e62f86f8 0.012s
2024-05-28 12:57:15.995 98695 INFO tempest.lib.common.rest_client [ req-97728d3f-fa6c-4e42-b917-1b783a98ea7d ] Request (ExtraSpecsAdminNegativeTest:tearDownClass): 202 DELETE http://10.27.203.238/share/v2/1ae8e27013bc48228edf3022159a9c1f/types/b16f901c-4082-4810-ba14-aa2086f1fcd7 0.043s
2024-05-28 12:57:16.007 98695 INFO tempest.lib.common.rest_client [ req-1649ca93-b0bf-457b-b533-3653da470aeb ] Request (ExtraSpecsAdminNegativeTest:tearDownClass): 404 GET http://10.27.203.238/share/v2/1ae8e27013bc48228edf3022159a9c1f/types/b16f901c-4082-4810-ba14-aa2086f1fcd7 0.011s
2024-05-28 12:57:16.050 98695 INFO tempest.lib.common.rest_client [ req-0e2b032e-d4b3-4a85-b09e-eb99b7242702 ] Request (ExtraSpecsAdminNegativeTest:tearDownClass): 202 DELETE http://10.27.203.238/share/v2/1ae8e27013bc48228edf3022159a9c1f/types/763fbbc2-6098-48ca-99b0-54d1e100d3da 0.042s
2024-05-28 12:57:16.062 98695 INFO tempest.lib.common.rest_client [ req-fd967d5e-15c9-48d3-9baf-7c343614dc03 ] Request (ExtraSpecsAdminNegativeTest:tearDownClass): 404 GET http://10.27.203.238/share/v2/1ae8e27013bc48228edf3022159a9c1f/types/763fbbc2-6098-48ca-99b0-54d1e100d3da 0.011s
2024-05-28 12:57:16.105 98695 INFO tempest.lib.common.rest_client [ req-32bafba5-7abd-4fea-ac11-1e9abab292e9 ] Request (ExtraSpecsAdminNegativeTest:tearDownClass): 202 DELETE http://10.27.203.238/share/v2/1ae8e27013bc48228edf3022159a9c1f/types/a7d3ef8e-a59b-4a67-a67e-d09569da9eef 0.043s
2024-05-28 12:57:16.119 98695 INFO tempest.lib.common.rest_client [ req-5c72fe56-8933-415c-881e-f180271af379 ] Request (ExtraSpecsAdminNegativeTest:tearDownClass): 404 GET http://10.27.203.238/share/v2/1ae8e27013bc48228edf3022159a9c1f/types/a7d3ef8e-a59b-4a67-a67e-d09569da9eef 0.013s
2024-05-28 12:57:16.154 98695 INFO tempest.lib.common.rest_client [ req-89bae589-48dc-44aa-9488-76c23c60ce8e ] Request (ExtraSpecsAdminNegativeTest:tearDownClass): 202 DELETE http://10.27.203.238/share/v2/1ae8e27013bc48228edf3022159a9c1f/types/91a21269-ee12-4daa-82dd-9acbd2740926 0.035s
2024-05-28 12:57:16.167 98695 INFO tempest.lib.common.rest_client [ req-55cba237-7f76-448f-ac4d-0330cef993b4 ] Request (ExtraSpecsAdminNegativeTest:tearDownClass): 404 GET http://10.27.203.238/share/v2/1ae8e27013bc48228edf3022159a9c1f/types/91a21269-ee12-4daa-82dd-9acbd2740926 0.012s
2024-05-28 12:57:16.307 98695 INFO tempest.lib.common.rest_client [req-7ff869ba-9853-4748-ae91-f0cef57747ea req-7ff869ba-9853-4748-ae91-f0cef57747ea ] Request (ExtraSpecsAdminNegativeTest:tearDownClass): 204 DELETE http://10.27.203.238/identity/v3/users/7365146fcc404c988e9841963a43be27 0.139s
2024-05-28 12:57:16.427 98695 INFO tempest.lib.common.rest_client [req-a04c2f04-e511-4048-a7fa-95198b9ac03a req-a04c2f04-e511-4048-a7fa-95198b9ac03a ] Request (ExtraSpecsAdminNegativeTest:tearDownClass): 204 DELETE http://10.27.203.238/identity/v3/users/165270b3c7594f98ad74df5e973f36b6 0.120s
2024-05-28 12:57:16.556 98695 INFO tempest.lib.common.rest_client [req-5ee7ece8-a2cb-47d8-bc7b-2ad3a31b77e0 req-5ee7ece8-a2cb-47d8-bc7b-2ad3a31b77e0 ] Request (ExtraSpecsAdminNegativeTest:tearDownClass): 204 DELETE http://10.27.203.238/identity/v3/users/be38ad37856445168a42a6912c87bc8b 0.128s
2024-05-28 12:57:16.556 98695 INFO tempest.lib.common.dynamic_creds [-] Deleting project and security group for project: 1f12d119bc9a46e9b391ca37a6d3847a
2024-05-28 12:57:16.604 98695 INFO tempest.lib.common.rest_client [req-f1e3fb6d-baea-4c43-b1d7-9eeb2fd609fe req-f1e3fb6d-baea-4c43-b1d7-9eeb2fd609fe ] Request (ExtraSpecsAdminNegativeTest:tearDownClass): 201 POST http://10.27.203.238/identity/v3/auth/tokens 0.047s
2024-05-28 12:57:16.677 98695 INFO tempest.lib.common.rest_client [req-b85e2eba-c798-492e-9b1c-9f033194930d req-b85e2eba-c798-492e-9b1c-9f033194930d ] Request (ExtraSpecsAdminNegativeTest:tearDownClass): 200 GET http://10.27.203.238:9696/networking/v2.0/security-groups?tenant_id=1f12d119bc9a46e9b391ca37a6d3847a&name=default 0.073s
2024-05-28 12:57:16.761 98695 INFO tempest.lib.common.rest_client [req-15e70fe6-810c-4a20-ae7e-55b62a56ffb2 req-15e70fe6-810c-4a20-ae7e-55b62a56ffb2 ] Request (ExtraSpecsAdminNegativeTest:tearDownClass): 204 DELETE http://10.27.203.238/identity/v3/projects/1f12d119bc9a46e9b391ca37a6d3847a 0.083s
2024-05-28 12:57:16.761 98695 INFO tempest.lib.common.dynamic_creds [-] Deleting project and security group for project: 1ae8e27013bc48228edf3022159a9c1f
2024-05-28 12:57:16.772 98695 INFO tempest.lib.common.rest_client [req-d617e0d4-9b4a-444f-a896-fcacd1d99659 req-d617e0d4-9b4a-444f-a896-fcacd1d99659 ] Request (ExtraSpecsAdminNegativeTest:tearDownClass): 200 GET http://10.27.203.238:9696/networking/v2.0/security-groups?tenant_id=1ae8e27013bc48228edf3022159a9c1f&name=default 0.011s
2024-05-28 12:57:16.896 98695 INFO tempest.lib.common.rest_client [req-381966bd-8fb7-49a9-b8de-b4bc5caaa03f req-381966bd-8fb7-49a9-b8de-b4bc5caaa03f ] Request (ExtraSpecsAdminNegativeTest:tearDownClass): 204 DELETE http://10.27.203.238/identity/v3/projects/1ae8e27013bc48228edf3022159a9c1f 0.123s
2024-05-28 12:57:16.896 98695 INFO tempest.lib.common.dynamic_creds [-] Deleting project and security group for project: b459b0ac20ef4f348e8ff53468c5c935
2024-05-28 12:57:16.907 98695 INFO tempest.lib.common.rest_client [req-1ea56029-5f8b-4156-88e6-3f3adea6cb73 req-1ea56029-5f8b-4156-88e6-3f3adea6cb73 ] Request (ExtraSpecsAdminNegativeTest:tearDownClass): 200 GET http://10.27.203.238:9696/networking/v2.0/security-groups?tenant_id=b459b0ac20ef4f348e8ff53468c5c935&name=default 0.011s
2024-05-28 12:57:17.019 98695 INFO tempest.lib.common.rest_client [req-3a19dcba-6095-459f-b407-fc6fc238c1b2 req-3a19dcba-6095-459f-b407-fc6fc238c1b2 ] Request (ExtraSpecsAdminNegativeTest:tearDownClass): 204 DELETE http://10.27.203.238/identity/v3/projects/b459b0ac20ef4f348e8ff53468c5c935 0.111s
2024-05-28 12:57:17.020 98695 INFO tempest.test [-] raised in ManageCIFSSnapshotTest.setUpClass. Invoking tearDownClass.
2024-05-28 12:57:17.021 98695 INFO tempest.test [-] raised in ManageNFSSnapshotTest.setUpClass. Invoking tearDownClass.
2024-05-28 12:57:17.045 98695 INFO tempest.lib.common.rest_client [req-77ea111d-26ef-46d8-a289-60fe4be5a5d1 req-77ea111d-26ef-46d8-a289-60fe4be5a5d1 ] Request (ManageGLUSTERFSSnapshotNegativeTest:setUpClass): 201 POST http://10.27.203.238/identity/v3/auth/tokens 0.021s
2024-05-28 12:57:17.091 98695 INFO tempest.lib.common.rest_client [req-19bb6465-e70d-4fa7-9830-48abe49de4e0 req-19bb6465-e70d-4fa7-9830-48abe49de4e0 ] Request (ManageGLUSTERFSSnapshotNegativeTest:setUpClass): 201 POST http://10.27.203.238/identity/v3/auth/tokens 0.043s
2024-05-28 12:57:17.117 98695 INFO tempest.lib.common.rest_client [req-a095d62b-69a8-440c-b899-1523e428f4e6 req-a095d62b-69a8-440c-b899-1523e428f4e6 ] Request (ManageGLUSTERFSSnapshotNegativeTest:setUpClass): 200 GET http://10.27.203.238/identity/v3/domains?name=Default 0.026s
2024-05-28 12:57:17.158 98695 INFO tempest.lib.common.rest_client [req-d048358f-3c12-4272-8e23-56d0fa1a7ad9 req-d048358f-3c12-4272-8e23-56d0fa1a7ad9 ] Request (ManageGLUSTERFSSnapshotNegativeTest:setUpClass): 201 POST http://10.27.203.238/identity/v3/projects 0.040s
2024-05-28 12:57:17.218 98695 INFO tempest.lib.common.rest_client [req-71ca2604-3699-478d-a328-dd1e2b964e5a req-71ca2604-3699-478d-a328-dd1e2b964e5a ] Request (ManageGLUSTERFSSnapshotNegativeTest:setUpClass): 201 POST http://10.27.203.238/identity/v3/users 0.060s
2024-05-28 12:57:17.241 98695 INFO tempest.lib.common.rest_client [req-83434b88-b384-4078-ae8a-d64c8943af7b req-83434b88-b384-4078-ae8a-d64c8943af7b ] Request (ManageGLUSTERFSSnapshotNegativeTest:setUpClass): 200 GET http://10.27.203.238/identity/v3/roles 0.022s
2024-05-28 12:57:17.292 98695 INFO tempest.lib.common.rest_client [req-686ecff5-931b-466a-8015-7dab994d58c8 req-686ecff5-931b-466a-8015-7dab994d58c8 ] Request (ManageGLUSTERFSSnapshotNegativeTest:setUpClass): 204 PUT http://10.27.203.238/identity/v3/projects/64cd9e94eaa447f29cae5e44ae494de4/users/85d7f56c5fec4742a925123004bef348/roles/e7989893488f483baa107be56668c4f8 0.050s
2024-05-28 12:57:17.334 98695 INFO tempest.lib.common.rest_client [req-8bdad4cf-f4cf-4636-8663-7aae20d53295 req-8bdad4cf-f4cf-4636-8663-7aae20d53295 ] Request (ManageGLUSTERFSSnapshotNegativeTest:setUpClass): 200 GET http://10.27.203.238/identity/v3/roles 0.041s
2024-05-28 12:57:17.355 98695 INFO tempest.lib.common.rest_client [req-8e1932c5-803f-45de-87b0-b2091e7005fd req-8e1932c5-803f-45de-87b0-b2091e7005fd ] Request (ManageGLUSTERFSSnapshotNegativeTest:setUpClass): 204 PUT http://10.27.203.238/identity/v3/projects/64cd9e94eaa447f29cae5e44ae494de4/users/85d7f56c5fec4742a925123004bef348/roles/e7989893488f483baa107be56668c4f8 0.021s
2024-05-28 12:57:17.355 98695 INFO tempest.lib.common.dynamic_creds [-] Dynamic test user 85d7f56c5fec4742a925123004bef348 is created with scope project and roles: ['admin']
2024-05-28 12:57:17.356 98695 INFO tempest.lib.common.dynamic_creds [-] Acquired dynamic creds: credentials: Credentials: {'domain_id': 'default', 'domain_name': 'Default', 'username': 'tempest-ManageGLUSTERFSSnapshotNegativeTest-977314533-project-admin', 'project_domain_id': 'default', 'project_domain_name': 'Default', 'project_id': '64cd9e94eaa447f29cae5e44ae494de4', 'project_name': 'tempest-ManageGLUSTERFSSnapshotNegativeTest-977314533', 'tenant_id': '64cd9e94eaa447f29cae5e44ae494de4', 'tenant_name': 'tempest-ManageGLUSTERFSSnapshotNegativeTest-977314533', 'user_domain_id': 'default', 'user_domain_name': 'Default', 'user_id': '85d7f56c5fec4742a925123004bef348', 'system': None}, Network: None, Subnet: None, Router: None
2024-05-28 12:57:17.356 98695 INFO tempest.lib.common.dynamic_creds [-] Created isolated network resources for: credentials: Credentials: {'domain_id': 'default', 'domain_name': 'Default', 'username': 'tempest-ManageGLUSTERFSSnapshotNegativeTest-977314533-project-admin', 'project_domain_id': 'default', 'project_domain_name': 'Default', 'project_id': '64cd9e94eaa447f29cae5e44ae494de4', 'project_name': 'tempest-ManageGLUSTERFSSnapshotNegativeTest-977314533', 'tenant_id': '64cd9e94eaa447f29cae5e44ae494de4', 'tenant_name': 'tempest-ManageGLUSTERFSSnapshotNegativeTest-977314533', 'user_domain_id': 'default', 'user_domain_name': 'Default', 'user_id': '85d7f56c5fec4742a925123004bef348', 'system': None}, Network: None, Subnet: None, Router: None
2024-05-28 12:57:17.434 98695 INFO tempest.lib.common.rest_client [req-18b841f3-501b-4637-85e5-354cbb88d5d5 req-18b841f3-501b-4637-85e5-354cbb88d5d5 ] Request (ManageGLUSTERFSSnapshotNegativeTest:setUpClass): 201 POST http://10.27.203.238/identity/v3/auth/tokens 0.076s
2024-05-28 12:57:17.435 98695 INFO tempest.test [-] raised in ManageGLUSTERFSSnapshotNegativeTest.setUpClass. Invoking tearDownClass.
2024-05-28 12:57:17.436 98691 INFO tempest.lib.common.rest_client [ req-09c99b06-311f-4391-aef9-2dd4b14e2793 ] Request (SharesActionsAdminTest:setUpClass): 200 GET http://10.27.203.238/share/v2/fe54df7c653849ab8ec7523262c597cf/shares/7da650db-1124-40b5-ba52-fb1170c038c8 0.027s
2024-05-28 12:57:17.553 98695 INFO tempest.lib.common.rest_client [req-b183bb17-5713-4d91-8803-96cd82514863 req-b183bb17-5713-4d91-8803-96cd82514863 ] Request (ManageGLUSTERFSSnapshotNegativeTest:tearDownClass): 204 DELETE http://10.27.203.238/identity/v3/users/85d7f56c5fec4742a925123004bef348 0.117s
2024-05-28 12:57:17.553 98695 INFO tempest.lib.common.dynamic_creds [-] Deleting project and security group for project: 64cd9e94eaa447f29cae5e44ae494de4
2024-05-28 12:57:17.599 98695 INFO tempest.lib.common.rest_client [req-12a62d93-fb53-41ad-9f1a-bdf5cc26dd00 req-12a62d93-fb53-41ad-9f1a-bdf5cc26dd00 ] Request (ManageGLUSTERFSSnapshotNegativeTest:tearDownClass): 201 POST http://10.27.203.238/identity/v3/auth/tokens 0.045s
2024-05-28 12:57:17.676 98695 INFO tempest.lib.common.rest_client [req-696a823d-17b7-4280-b148-4c12cede40bd req-696a823d-17b7-4280-b148-4c12cede40bd ] Request (ManageGLUSTERFSSnapshotNegativeTest:tearDownClass): 200 GET http://10.27.203.238:9696/networking/v2.0/security-groups?tenant_id=64cd9e94eaa447f29cae5e44ae494de4&name=default 0.076s
2024-05-28 12:57:17.763 98695 INFO tempest.lib.common.rest_client [req-97e2083a-bbc3-4f2e-a518-88c182ad19df req-97e2083a-bbc3-4f2e-a518-88c182ad19df ] Request (ManageGLUSTERFSSnapshotNegativeTest:tearDownClass): 204 DELETE http://10.27.203.238/identity/v3/projects/64cd9e94eaa447f29cae5e44ae494de4 0.087s
2024-05-28 12:57:17.787 98695 INFO tempest.lib.common.rest_client [req-e868fb5c-97e6-4464-943f-258087e2c17d req-e868fb5c-97e6-4464-943f-258087e2c17d ] Request (AvailabilityZonesNegativeTest:setUpClass): 201 POST http://10.27.203.238/identity/v3/auth/tokens 0.021s
2024-05-28 12:57:17.836 98695 INFO tempest.lib.common.rest_client [req-1f5716a0-3bf8-4fa7-b466-c4485ffddf2c req-1f5716a0-3bf8-4fa7-b466-c4485ffddf2c ] Request (AvailabilityZonesNegativeTest:setUpClass): 201 POST http://10.27.203.238/identity/v3/auth/tokens 0.046s
2024-05-28 12:57:17.861 98695 INFO tempest.lib.common.rest_client [req-7fab621e-1458-4002-8656-980498124f3f req-7fab621e-1458-4002-8656-980498124f3f ] Request (AvailabilityZonesNegativeTest:setUpClass): 200 GET http://10.27.203.238/identity/v3/domains?name=Default 0.025s
2024-05-28 12:57:17.901 98695 INFO tempest.lib.common.rest_client [req-a7330e29-6f9a-4555-b51b-6e3bd30cd895 req-a7330e29-6f9a-4555-b51b-6e3bd30cd895 ] Request (AvailabilityZonesNegativeTest:setUpClass): 201 POST http://10.27.203.238/identity/v3/projects 0.039s
2024-05-28 12:57:17.960 98695 INFO tempest.lib.common.rest_client [req-b0beab43-cf67-4d33-9d4e-1e872b17e309 req-b0beab43-cf67-4d33-9d4e-1e872b17e309 ] Request (AvailabilityZonesNegativeTest:setUpClass): 201 POST http://10.27.203.238/identity/v3/users 0.058s
2024-05-28 12:57:17.979 98695 INFO tempest.lib.common.rest_client [req-72e83ecd-cd9c-4265-aaae-2f49e367506d req-72e83ecd-cd9c-4265-aaae-2f49e367506d ] Request (AvailabilityZonesNegativeTest:setUpClass): 200 GET http://10.27.203.238/identity/v3/roles 0.018s
2024-05-28 12:57:18.015 98695 INFO tempest.lib.common.rest_client [req-ca7ad4e1-ca9b-4761-a32f-0a5892b54b3e req-ca7ad4e1-ca9b-4761-a32f-0a5892b54b3e ] Request (AvailabilityZonesNegativeTest:setUpClass): 204 PUT http://10.27.203.238/identity/v3/projects/6a56a0744f37473dbbd43f0a3a99c191/users/c30c25ccc04e4f9a8ee300ac75fd1241/roles/44620cad10ae407c90c91e2c296adb04 0.036s
2024-05-28 12:57:18.016 98695 INFO tempest.lib.common.dynamic_creds [-] Dynamic test user c30c25ccc04e4f9a8ee300ac75fd1241 is created with scope project and roles: ['member']
2024-05-28 12:57:18.016 98695 INFO tempest.lib.common.dynamic_creds [-] Acquired dynamic creds: credentials: Credentials: {'domain_id': 'default', 'domain_name': 'Default', 'username': 'tempest-AvailabilityZonesNegativeTest-1115727887-project-member', 'project_domain_id': 'default', 'project_domain_name': 'Default', 'project_id': '6a56a0744f37473dbbd43f0a3a99c191', 'project_name': 'tempest-AvailabilityZonesNegativeTest-1115727887', 'tenant_id': '6a56a0744f37473dbbd43f0a3a99c191', 'tenant_name': 'tempest-AvailabilityZonesNegativeTest-1115727887', 'user_domain_id': 'default', 'user_domain_name': 'Default', 'user_id': 'c30c25ccc04e4f9a8ee300ac75fd1241', 'system': None}, Network: None, Subnet: None, Router: None
2024-05-28 12:57:18.016 98695 INFO tempest.lib.common.dynamic_creds [-] Created isolated network resources for: credentials: Credentials: {'domain_id': 'default', 'domain_name': 'Default', 'username': 'tempest-AvailabilityZonesNegativeTest-1115727887-project-member', 'project_domain_id': 'default', 'project_domain_name': 'Default', 'project_id': '6a56a0744f37473dbbd43f0a3a99c191', 'project_name': 'tempest-AvailabilityZonesNegativeTest-1115727887', 'tenant_id': '6a56a0744f37473dbbd43f0a3a99c191', 'tenant_name': 'tempest-AvailabilityZonesNegativeTest-1115727887', 'user_domain_id': 'default', 'user_domain_name': 'Default', 'user_id': 'c30c25ccc04e4f9a8ee300ac75fd1241', 'system': None}, Network: None, Subnet: None, Router: None
2024-05-28 12:57:18.087 98695 INFO tempest.lib.common.rest_client [req-99fb627e-1883-4413-bb36-8fc1ea9d8d1d req-99fb627e-1883-4413-bb36-8fc1ea9d8d1d ] Request (AvailabilityZonesNegativeTest:setUpClass): 201 POST http://10.27.203.238/identity/v3/auth/tokens 0.070s
2024-05-28 12:57:18.159 98695 INFO tempest.lib.common.rest_client [ req-53775efa-0249-4adf-a7a3-bda82cf9a669 ] Request (AvailabilityZonesNegativeTest:test_list_availability_zones_api_not_found): 404 GET http://10.27.203.238/share/v2/6a56a0744f37473dbbd43f0a3a99c191/availability-zones 0.070s
2024-05-28 12:57:18.167 98695 INFO tempest.lib.common.rest_client [ req-c203caa5-716c-422d-8ba2-93bcc1b9fb5e ] Request (AvailabilityZonesNegativeTest:test_list_availability_zones_api_not_found_with_legacy_url): 404 GET http://10.27.203.238/share/v2/6a56a0744f37473dbbd43f0a3a99c191/os-availability-zone 0.007s
2024-05-28 12:57:18.349 98695 INFO tempest.lib.common.rest_client [req-e3cd11b3-5b45-434f-aa9a-749730c17c02 req-e3cd11b3-5b45-434f-aa9a-749730c17c02 ] Request (AvailabilityZonesNegativeTest:tearDownClass): 204 DELETE http://10.27.203.238/identity/v3/users/c30c25ccc04e4f9a8ee300ac75fd1241 0.180s
2024-05-28 12:57:18.349 98695 INFO tempest.lib.common.dynamic_creds [-] Deleting project and security group for project: 6a56a0744f37473dbbd43f0a3a99c191
2024-05-28 12:57:18.395 98695 INFO tempest.lib.common.rest_client [req-0407926f-982a-44aa-8826-8ab24033889d req-0407926f-982a-44aa-8826-8ab24033889d ] Request (AvailabilityZonesNegativeTest:tearDownClass): 201 POST http://10.27.203.238/identity/v3/auth/tokens 0.045s
2024-05-28 12:57:18.469 98695 INFO tempest.lib.common.rest_client [req-7cb70016-884a-4bfc-beb0-f8672a976f98 req-7cb70016-884a-4bfc-beb0-f8672a976f98 ] Request (AvailabilityZonesNegativeTest:tearDownClass): 200 GET http://10.27.203.238:9696/networking/v2.0/security-groups?tenant_id=6a56a0744f37473dbbd43f0a3a99c191&name=default 0.074s
2024-05-28 12:57:18.482 98693 INFO tempest.lib.common.rest_client [ req-ab73a8bc-79d6-4e4d-8482-82ecf4bc1729 ] Request (AdminActionsTest:test_force_delete_share): 200 GET http://10.27.203.238/share/v2/a3499cb78849424db45e54caac01de92/shares/c5d9b059-bdd0-4fae-9bd0-328d926e5694 0.045s
2024-05-28 12:57:18.584 98695 INFO tempest.lib.common.rest_client [req-d6b25b6c-477e-4545-bf4d-44ceb2179cd4 req-d6b25b6c-477e-4545-bf4d-44ceb2179cd4 ] Request (AvailabilityZonesNegativeTest:tearDownClass): 204 DELETE http://10.27.203.238/identity/v3/projects/6a56a0744f37473dbbd43f0a3a99c191 0.115s
2024-05-28 12:57:18.601 98689 INFO tempest.lib.common.rest_client [ req-4d028f81-72c1-4f26-b6c3-97fc40c6a5a2 ] Request (ShareSnapshotInstancesTest:setUpClass): 200 GET http://10.27.203.238/share/v2/f4f7702aa04c467288cc6b142f61ec37/shares/b235c40f-7437-4e0c-b44e-321d8e8b1457 0.028s
2024-05-28 12:57:18.609 98695 INFO tempest.lib.common.rest_client [req-130e8bef-0379-4647-861f-00bd22a63501 req-130e8bef-0379-4647-861f-00bd22a63501 ] Request (SharesMetadataTest:setUpClass): 201 POST http://10.27.203.238/identity/v3/auth/tokens 0.022s
2024-05-28 12:57:18.687 98695 INFO tempest.lib.common.rest_client [req-73245ea7-793d-4050-8b13-118b1c07d237 req-73245ea7-793d-4050-8b13-118b1c07d237 ] Request (SharesMetadataTest:setUpClass): 201 POST http://10.27.203.238/identity/v3/auth/tokens 0.076s
2024-05-28 12:57:18.723 98695 INFO tempest.lib.common.rest_client [req-3958bc21-f502-4509-b81c-e2b8c9d035c2 req-3958bc21-f502-4509-b81c-e2b8c9d035c2 ] Request (SharesMetadataTest:setUpClass): 200 GET http://10.27.203.238/identity/v3/domains?name=Default 0.035s
2024-05-28 12:57:18.790 98695 INFO tempest.lib.common.rest_client [req-44807266-39a5-4222-873b-0cfd0eda76cb req-44807266-39a5-4222-873b-0cfd0eda76cb ] Request (SharesMetadataTest:setUpClass): 201 POST http://10.27.203.238/identity/v3/projects 0.067s
2024-05-28 12:57:18.845 98687 INFO tempest.lib.common.rest_client [ req-c78cef31-f937-4966-8ca0-e72ed94a3eb0 ] Request (AccessesMetadataNegativeTest:setUpClass): 200 GET http://10.27.203.238/share/v2/ed83204ad63946bdae288892bd07d115/shares/1b8e12e8-6d99-48c0-8368-d1a37e2ca2ca 0.026s
2024-05-28 12:57:18.854 98695 INFO tempest.lib.common.rest_client [req-1a1309ad-a1fe-4c34-9b70-736356fbbca5 req-1a1309ad-a1fe-4c34-9b70-736356fbbca5 ] Request (SharesMetadataTest:setUpClass): 201 POST http://10.27.203.238/identity/v3/users 0.063s
2024-05-28 12:57:18.873 98695 INFO tempest.lib.common.rest_client [req-5b37ac83-a490-4176-b8f8-cd6b803c5ba4 req-5b37ac83-a490-4176-b8f8-cd6b803c5ba4 ] Request (SharesMetadataTest:setUpClass): 200 GET http://10.27.203.238/identity/v3/roles 0.018s
2024-05-28 12:57:18.884 98689 INFO tempest.lib.common.rest_client [ req-262aea2e-7992-48e6-864e-791f2d9cbf82 ] Request (ShareSnapshotInstancesTest:setUpClass): 202 POST http://10.27.203.238/share/v2/f4f7702aa04c467288cc6b142f61ec37/snapshots 0.282s
2024-05-28 12:57:18.911 98695 INFO tempest.lib.common.rest_client [req-ae304996-8b1e-41bf-b12d-5d716b52239b req-ae304996-8b1e-41bf-b12d-5d716b52239b ] Request (SharesMetadataTest:setUpClass): 204 PUT http://10.27.203.238/identity/v3/projects/698d6c02a1cc4bf2b16302eb8a31bc26/users/5cae310f9eae48e088e8afe98917a6fd/roles/44620cad10ae407c90c91e2c296adb04 0.038s
2024-05-28 12:57:18.912 98695 INFO tempest.lib.common.dynamic_creds [-] Dynamic test user 5cae310f9eae48e088e8afe98917a6fd is created with scope project and roles: ['member']
2024-05-28 12:57:18.912 98695 INFO tempest.lib.common.dynamic_creds [-] Acquired dynamic creds: credentials: Credentials: {'domain_id': 'default', 'domain_name': 'Default', 'username': 'tempest-SharesMetadataTest-1561320255-project-member', 'project_domain_id': 'default', 'project_domain_name': 'Default', 'project_id': '698d6c02a1cc4bf2b16302eb8a31bc26', 'project_name': 'tempest-SharesMetadataTest-1561320255', 'tenant_id': '698d6c02a1cc4bf2b16302eb8a31bc26', 'tenant_name': 'tempest-SharesMetadataTest-1561320255', 'user_domain_id': 'default', 'user_domain_name': 'Default', 'user_id': '5cae310f9eae48e088e8afe98917a6fd', 'system': None}, Network: None, Subnet: None, Router: None
2024-05-28 12:57:18.912 98695 INFO tempest.lib.common.dynamic_creds [-] Created isolated network resources for: credentials: Credentials: {'domain_id': 'default', 'domain_name': 'Default', 'username': 'tempest-SharesMetadataTest-1561320255-project-member', 'project_domain_id': 'default', 'project_domain_name': 'Default', 'project_id': '698d6c02a1cc4bf2b16302eb8a31bc26', 'project_name': 'tempest-SharesMetadataTest-1561320255', 'tenant_id': '698d6c02a1cc4bf2b16302eb8a31bc26', 'tenant_name': 'tempest-SharesMetadataTest-1561320255', 'user_domain_id': 'default', 'user_domain_name': 'Default', 'user_id': '5cae310f9eae48e088e8afe98917a6fd', 'system': None}, Network: None, Subnet: None, Router: None
2024-05-28 12:57:18.922 98689 INFO tempest.lib.common.rest_client [ req-be573813-1ffe-4ab6-8912-36075dc0a9dd ] Request (ShareSnapshotInstancesTest:setUpClass): 200 GET http://10.27.203.238/share/v2/f4f7702aa04c467288cc6b142f61ec37/snapshots/06828ea4-ef00-439f-b57a-9d726e3f2e62 0.038s
2024-05-28 12:57:18.988 98695 INFO tempest.lib.common.rest_client [req-89994ab1-a7bc-4dfe-9bb3-a2b351833961 req-89994ab1-a7bc-4dfe-9bb3-a2b351833961 ] Request (SharesMetadataTest:setUpClass): 201 POST http://10.27.203.238/identity/v3/auth/tokens 0.075s
2024-05-28 12:57:19.062 98695 INFO tempest.lib.common.rest_client [req-c3b8a84b-8cbb-4a48-aa15-62b0ec1d2553 req-c3b8a84b-8cbb-4a48-aa15-62b0ec1d2553 ] Request (SharesMetadataTest:setUpClass): 201 POST http://10.27.203.238/identity/v3/projects 0.073s
2024-05-28 12:57:19.120 98695 INFO tempest.lib.common.rest_client [req-73b9778e-5653-4324-a5ec-d168da4b6bb3 req-73b9778e-5653-4324-a5ec-d168da4b6bb3 ] Request (SharesMetadataTest:setUpClass): 201 POST http://10.27.203.238/identity/v3/users 0.057s
2024-05-28 12:57:19.139 98695 INFO tempest.lib.common.rest_client [req-862f1d05-ecde-457c-a0eb-f0d46d7fcd18 req-862f1d05-ecde-457c-a0eb-f0d46d7fcd18 ] Request (SharesMetadataTest:setUpClass): 200 GET http://10.27.203.238/identity/v3/roles 0.019s
2024-05-28 12:57:19.178 98695 INFO tempest.lib.common.rest_client [req-c87d1173-8c8e-4fea-b3e7-f68c0df76292 req-c87d1173-8c8e-4fea-b3e7-f68c0df76292 ] Request (SharesMetadataTest:setUpClass): 204 PUT http://10.27.203.238/identity/v3/projects/50673e34797a4dee8fd8c1fe56b1d6af/users/e9171911f4cf49bf912e780367746517/roles/44620cad10ae407c90c91e2c296adb04 0.038s
2024-05-28 12:57:19.179 98695 INFO tempest.lib.common.dynamic_creds [-] Dynamic test user e9171911f4cf49bf912e780367746517 is created with scope project and roles: ['member']
2024-05-28 12:57:19.179 98695 INFO tempest.lib.common.dynamic_creds [-] Acquired dynamic creds: credentials: Credentials: {'domain_id': 'default', 'domain_name': 'Default', 'username': 'tempest-SharesMetadataTest-1490723555-project-member', 'project_domain_id': 'default', 'project_domain_name': 'Default', 'project_id': '50673e34797a4dee8fd8c1fe56b1d6af', 'project_name': 'tempest-SharesMetadataTest-1490723555', 'tenant_id': '50673e34797a4dee8fd8c1fe56b1d6af', 'tenant_name': 'tempest-SharesMetadataTest-1490723555', 'user_domain_id': 'default', 'user_domain_name': 'Default', 'user_id': 'e9171911f4cf49bf912e780367746517', 'system': None}, Network: None, Subnet: None, Router: None
2024-05-28 12:57:19.179 98695 INFO tempest.lib.common.dynamic_creds [-] Created isolated network resources for: credentials: Credentials: {'domain_id': 'default', 'domain_name': 'Default', 'username': 'tempest-SharesMetadataTest-1490723555-project-member', 'project_domain_id': 'default', 'project_domain_name': 'Default', 'project_id': '50673e34797a4dee8fd8c1fe56b1d6af', 'project_name': 'tempest-SharesMetadataTest-1490723555', 'tenant_id': '50673e34797a4dee8fd8c1fe56b1d6af', 'tenant_name': 'tempest-SharesMetadataTest-1490723555', 'user_domain_id': 'default', 'user_domain_name': 'Default', 'user_id': 'e9171911f4cf49bf912e780367746517', 'system': None}, Network: None, Subnet: None, Router: None
2024-05-28 12:57:19.254 98695 INFO tempest.lib.common.rest_client [req-4b5376a5-1c42-4070-87ea-6fc500c7baf4 req-4b5376a5-1c42-4070-87ea-6fc500c7baf4 ] Request (SharesMetadataTest:setUpClass): 201 POST http://10.27.203.238/identity/v3/auth/tokens 0.073s
2024-05-28 12:57:19.315 98695 INFO tempest.lib.common.rest_client [req-6b467a2d-71a8-4ee2-95d0-d03d197523b0 req-6b467a2d-71a8-4ee2-95d0-d03d197523b0 ] Request (SharesMetadataTest:setUpClass): 201 POST http://10.27.203.238/identity/v3/projects 0.061s
2024-05-28 12:57:19.372 98695 INFO tempest.lib.common.rest_client [req-4b3d5609-a7bd-40c3-863c-8acb6541575a req-4b3d5609-a7bd-40c3-863c-8acb6541575a ] Request (SharesMetadataTest:setUpClass): 201 POST http://10.27.203.238/identity/v3/users 0.056s
2024-05-28 12:57:19.392 98695 INFO tempest.lib.common.rest_client [req-83f96faf-a132-4ff6-9419-1c3a87726113 req-83f96faf-a132-4ff6-9419-1c3a87726113 ] Request (SharesMetadataTest:setUpClass): 200 GET http://10.27.203.238/identity/v3/roles 0.019s
2024-05-28 12:57:19.432 98695 INFO tempest.lib.common.rest_client [req-66999ba5-1b1e-4d88-a7a6-4f695500477c req-66999ba5-1b1e-4d88-a7a6-4f695500477c ] Request (SharesMetadataTest:setUpClass): 204 PUT http://10.27.203.238/identity/v3/projects/2d702e4e22be4d49a78c389a89fb56b5/users/c56458627e0c4970bd67958e52ea88bd/roles/e7989893488f483baa107be56668c4f8 0.040s
2024-05-28 12:57:19.473 98695 INFO tempest.lib.common.rest_client [req-ab78c386-f5b3-47a9-bad7-4410db27fe30 req-ab78c386-f5b3-47a9-bad7-4410db27fe30 ] Request (SharesMetadataTest:setUpClass): 200 GET http://10.27.203.238/identity/v3/roles 0.039s
2024-05-28 12:57:19.494 98695 INFO tempest.lib.common.rest_client [req-cba52a51-a234-4f2e-b19b-5536ed475b87 req-cba52a51-a234-4f2e-b19b-5536ed475b87 ] Request (SharesMetadataTest:setUpClass): 204 PUT http://10.27.203.238/identity/v3/projects/2d702e4e22be4d49a78c389a89fb56b5/users/c56458627e0c4970bd67958e52ea88bd/roles/e7989893488f483baa107be56668c4f8 0.021s
2024-05-28 12:57:19.494 98695 INFO tempest.lib.common.dynamic_creds [-] Dynamic test user c56458627e0c4970bd67958e52ea88bd is created with scope project and roles: ['admin']
2024-05-28 12:57:19.495 98695 INFO tempest.lib.common.dynamic_creds [-] Acquired dynamic creds: credentials: Credentials: {'domain_id': 'default', 'domain_name': 'Default', 'username': 'tempest-SharesMetadataTest-1653637154-project-admin', 'project_domain_id': 'default', 'project_domain_name': 'Default', 'project_id': '2d702e4e22be4d49a78c389a89fb56b5', 'project_name': 'tempest-SharesMetadataTest-1653637154', 'tenant_id': '2d702e4e22be4d49a78c389a89fb56b5', 'tenant_name': 'tempest-SharesMetadataTest-1653637154', 'user_domain_id': 'default', 'user_domain_name': 'Default', 'user_id': 'c56458627e0c4970bd67958e52ea88bd', 'system': None}, Network: None, Subnet: None, Router: None
2024-05-28 12:57:19.495 98695 INFO tempest.lib.common.dynamic_creds [-] Created isolated network resources for: credentials: Credentials: {'domain_id': 'default', 'domain_name': 'Default', 'username': 'tempest-SharesMetadataTest-1653637154-project-admin', 'project_domain_id': 'default', 'project_domain_name': 'Default', 'project_id': '2d702e4e22be4d49a78c389a89fb56b5', 'project_name': 'tempest-SharesMetadataTest-1653637154', 'tenant_id': '2d702e4e22be4d49a78c389a89fb56b5', 'tenant_name': 'tempest-SharesMetadataTest-1653637154', 'user_domain_id': 'default', 'user_domain_name': 'Default', 'user_id': 'c56458627e0c4970bd67958e52ea88bd', 'system': None}, Network: None, Subnet: None, Router: None
2024-05-28 12:57:19.574 98695 INFO tempest.lib.common.rest_client [req-24b70980-45aa-4671-8b63-181ec2844e8b req-24b70980-45aa-4671-8b63-181ec2844e8b ] Request (SharesMetadataTest:setUpClass): 201 POST http://10.27.203.238/identity/v3/auth/tokens 0.078s
2024-05-28 12:57:19.601 98695 INFO tempest.lib.common.rest_client [req-a8829ff1-842e-4083-a0f7-10f29ef9b35d req-a8829ff1-842e-4083-a0f7-10f29ef9b35d ] Request (SharesMetadataTest:setUpClass): 200 GET http://10.27.203.238/identity/v3/domains?name=Default 0.026s
2024-05-28 12:57:19.636 98695 INFO tempest.lib.common.rest_client [req-d812fa5d-0b59-4c53-b435-d688730b4e0a req-d812fa5d-0b59-4c53-b435-d688730b4e0a ] Request (SharesMetadataTest:setUpClass): 201 POST http://10.27.203.238/identity/v3/users 0.034s
2024-05-28 12:57:19.655 98695 INFO tempest.lib.common.rest_client [req-728e8c78-4366-4718-82dc-c16a2fd28ea0 req-728e8c78-4366-4718-82dc-c16a2fd28ea0 ] Request (SharesMetadataTest:setUpClass): 200 GET http://10.27.203.238/identity/v3/roles 0.019s
2024-05-28 12:57:19.706 98695 INFO tempest.lib.common.rest_client [req-91db997f-3503-4687-9f3e-10c210d7ed51 req-91db997f-3503-4687-9f3e-10c210d7ed51 ] Request (SharesMetadataTest:setUpClass): 204 PUT http://10.27.203.238/identity/v3/projects/2d702e4e22be4d49a78c389a89fb56b5/users/e1f712aac7e94e429048f60f92a8a736/roles/44620cad10ae407c90c91e2c296adb04 0.051s
2024-05-28 12:57:19.872 98695 INFO tempest.lib.common.rest_client [ req-e67c67a4-8e88-4915-98aa-b3eac73f63fc ] Request (SharesMetadataTest:setUpClass): 200 POST http://10.27.203.238/share/v2/2d702e4e22be4d49a78c389a89fb56b5/types 0.162s
2024-05-28 12:57:20.335 98695 INFO tempest.lib.common.rest_client [ req-bde4066b-d8fb-4c28-8293-2527ac852f8f ] Request (SharesMetadataTest:setUpClass): 200 POST http://10.27.203.238/share/v2/698d6c02a1cc4bf2b16302eb8a31bc26/shares 0.463s
2024-05-28 12:57:20.363 98695 INFO tempest.lib.common.rest_client [ req-d31c0525-4b5e-4ee0-82b5-0f5689c2072b ] Request (SharesMetadataTest:setUpClass): 200 GET http://10.27.203.238/share/v2/698d6c02a1cc4bf2b16302eb8a31bc26/shares/9e24a210-9e96-45d9-b31c-f6f3377eb0e7 0.027s
2024-05-28 12:57:20.464 98691 INFO tempest.lib.common.rest_client [ req-992b77eb-dcf0-469e-a779-47990c1448df ] Request (SharesActionsAdminTest:setUpClass): 200 GET http://10.27.203.238/share/v2/fe54df7c653849ab8ec7523262c597cf/shares/7da650db-1124-40b5-ba52-fb1170c038c8 0.027s
2024-05-28 12:57:20.649 98691 INFO tempest.lib.common.rest_client [ req-72338d36-e1c6-4716-b1d8-6c3ed27d0e04 ] Request (SharesActionsAdminTest:setUpClass): 202 POST http://10.27.203.238/share/v2/fe54df7c653849ab8ec7523262c597cf/snapshots 0.184s
2024-05-28 12:57:20.690 98691 INFO tempest.lib.common.rest_client [ req-f50bae50-6cc3-4ed8-910b-ae96aed331c3 ] Request (SharesActionsAdminTest:setUpClass): 200 GET http://10.27.203.238/share/v2/fe54df7c653849ab8ec7523262c597cf/snapshots/ad33850e-6645-4962-a407-4dc7bb8e5045 0.040s
2024-05-28 12:57:21.522 98693 INFO tempest.lib.common.rest_client [ req-3c0c2fd1-6715-42f7-a2e1-695b3b8b5ece ] Request (AdminActionsTest:test_force_delete_share): 200 GET http://10.27.203.238/share/v2/a3499cb78849424db45e54caac01de92/shares/c5d9b059-bdd0-4fae-9bd0-328d926e5694 0.037s
2024-05-28 12:57:21.580 98693 INFO tempest.lib.common.rest_client [ req-43fd2d4e-498e-496d-9063-b98f0eed6641 ] Request (AdminActionsTest:test_force_delete_share): 202 POST http://10.27.203.238/share/v2/a3499cb78849424db45e54caac01de92/shares/c5d9b059-bdd0-4fae-9bd0-328d926e5694/action 0.057s
2024-05-28 12:57:21.615 98693 INFO tempest.lib.common.rest_client [ req-0042f9aa-583e-4804-a34c-2ac2efdd982e ] Request (AdminActionsTest:test_force_delete_share): 200 GET http://10.27.203.238/share/v2/a3499cb78849424db45e54caac01de92/shares/c5d9b059-bdd0-4fae-9bd0-328d926e5694 0.035s
2024-05-28 12:57:21.743 98693 INFO tempest.lib.common.rest_client [ req-a26ac8ef-2c95-49c8-896a-27a98ee94388 ] Request (AdminActionsTest:test_force_delete_share): 202 POST http://10.27.203.238/share/v2/a3499cb78849424db45e54caac01de92/shares/c5d9b059-bdd0-4fae-9bd0-328d926e5694/action 0.127s
2024-05-28 12:57:21.780 98693 INFO tempest.lib.common.rest_client [ req-e2d883a6-e697-438a-b864-ebe658a69dbd ] Request (AdminActionsTest:test_force_delete_share): 200 GET http://10.27.203.238/share/v2/a3499cb78849424db45e54caac01de92/shares/c5d9b059-bdd0-4fae-9bd0-328d926e5694 0.036s
2024-05-28 12:57:21.875 98687 INFO tempest.lib.common.rest_client [ req-be8d4aeb-953f-4858-a651-4cb3d6782ee7 ] Request (AccessesMetadataNegativeTest:setUpClass): 200 GET http://10.27.203.238/share/v2/ed83204ad63946bdae288892bd07d115/shares/1b8e12e8-6d99-48c0-8368-d1a37e2ca2ca 0.026s
2024-05-28 12:57:21.961 98689 INFO tempest.lib.common.rest_client [ req-7e487fb0-2b13-4c23-b5f0-0d7b8eb77169 ] Request (ShareSnapshotInstancesTest:setUpClass): 200 GET http://10.27.203.238/share/v2/f4f7702aa04c467288cc6b142f61ec37/snapshots/06828ea4-ef00-439f-b57a-9d726e3f2e62 0.035s
2024-05-28 12:57:22.004 98687 INFO tempest.lib.common.rest_client [ req-b1ec6779-218a-4ef1-b16b-863f32a2e840 ] Request (AccessesMetadataNegativeTest:setUpClass): 200 POST http://10.27.203.238/share/v2/ed83204ad63946bdae288892bd07d115/shares/1b8e12e8-6d99-48c0-8368-d1a37e2ca2ca/action 0.128s
