2024-05-28 12:57:53.191 98693 INFO tempest.lib.common.rest_client [ req-2375925f-3d26-48b7-9bbc-a88840ea275e ] Request (AdminActionsTest:test_force_delete_snapshot): 200 GET http://10.27.203.238/share/v2/a3499cb78849424db45e54caac01de92/snapshots/000474a6-de71-40da-a1b3-815af4e9bcdf 0.037s
2024-05-28 12:57:53.429 98691 INFO tempest.lib.common.rest_client [ req-59c8db94-e5ef-45ec-b8e1-aea7ac786902 ] Request (SharesMetadataNegativeTest:tearDownClass): 200 GET http://10.27.203.238/share/v2/5e5bc0c8fb8b46d598b0621999301112/shares/12970599-4f96-41ce-abd8-18371bc51a8c 0.028s
2024-05-28 12:57:54.712 98689 INFO tempest.lib.common.rest_client [ req-0e0958af-e44b-4c86-9c12-91130fdb2c85 ] Request (SnapshotInstancesNegativeTest:setUpClass): 200 GET http://10.27.203.238/share/v2/c9cc76ecb4e343a6a51bf36da01debf8/shares/59371a98-d4b3-4967-9846-4759c0b33bb2 0.029s
2024-05-28 12:57:54.908 98689 INFO tempest.lib.common.rest_client [ req-e16065d5-4f1b-4284-bc4f-4d3288d36cd0 ] Request (SnapshotInstancesNegativeTest:setUpClass): 202 POST http://10.27.203.238/share/v2/c9cc76ecb4e343a6a51bf36da01debf8/snapshots 0.195s
2024-05-28 12:57:54.949 98689 INFO tempest.lib.common.rest_client [ req-d48a7807-322f-45b6-b798-b27c822b5548 ] Request (SnapshotInstancesNegativeTest:setUpClass): 200 GET http://10.27.203.238/share/v2/c9cc76ecb4e343a6a51bf36da01debf8/snapshots/0d2e6969-2d63-4c8c-bd0a-ae6e8ca0314c 0.041s
2024-05-28 12:57:55.447 98687 INFO tempest.lib.common.rest_client [ req-0ae92182-19f2-4cfd-9acb-bcf61aaedeac ] Request (ShareIpRulesForNFSTest:test_create_delete_access_rule_with_cidr): 200 POST http://10.27.203.238/share/v1/776f75906bc64f8f9316d5aab4b50bf1/shares/1ddadc17-cf10-4a42-8bbd-8335fb3520a1/action 0.062s
2024-05-28 12:57:55.629 98687 INFO tempest.lib.common.rest_client [ req-4a49da47-5b6d-4bc6-8c6c-fd400918f1cd ] Request (ShareIpRulesForNFSTest:_run_cleanups): 202 POST http://10.27.203.238/share/v1/776f75906bc64f8f9316d5aab4b50bf1/shares/1ddadc17-cf10-4a42-8bbd-8335fb3520a1/action 0.181s
2024-05-28 12:57:55.678 98695 INFO tempest.lib.common.rest_client [ req-c84d8631-92fd-4ee0-af4b-99e6b7b8deb2 ] Request (SharesMetadataTest:_run_cleanups): 200 GET http://10.27.203.238/share/v2/698d6c02a1cc4bf2b16302eb8a31bc26/shares/da7ec0a1-db21-42c6-b842-6f87b3c5843d 0.027s
2024-05-28 12:57:55.692 98687 INFO tempest.lib.common.rest_client [ req-dc6bd039-623d-4480-967d-6e17e95e9471 ] Request (ShareIpRulesForNFSTest:_run_cleanups): 200 POST http://10.27.203.238/share/v1/776f75906bc64f8f9316d5aab4b50bf1/shares/1ddadc17-cf10-4a42-8bbd-8335fb3520a1/action 0.062s
2024-05-28 12:57:56.213 98693 INFO tempest.lib.common.rest_client [ req-4dc308db-ccb2-4020-a265-97c9b4a0df4b ] Request (AdminActionsTest:test_force_delete_snapshot): 404 GET http://10.27.203.238/share/v2/a3499cb78849424db45e54caac01de92/snapshots/000474a6-de71-40da-a1b3-815af4e9bcdf 0.018s
2024-05-28 12:57:56.240 98693 INFO tempest.lib.common.rest_client [ req-2eecff35-4e3c-41f9-8d5b-d39e83d83e9c ] Request (AdminActionsTest:test_reset_share_instance_state): 200 GET http://10.27.203.238/share/v2/a3499cb78849424db45e54caac01de92/shares/df0ea844-5fc1-4d04-8afb-5048ec5dc33f/instances 0.025s
2024-05-28 12:57:56.278 98693 INFO tempest.lib.common.rest_client [ req-caffff4e-c253-4a06-9b51-75844832345a ] Request (AdminActionsTest:test_reset_share_instance_state): 202 POST http://10.27.203.238/share/v2/a3499cb78849424db45e54caac01de92/share_instances/77a25e6b-f137-4342-8eb9-9ced679515e2/action 0.037s
2024-05-28 12:57:56.294 98693 INFO tempest.lib.common.rest_client [ req-34efb530-852d-440c-a9c9-31d52a39fcb0 ] Request (AdminActionsTest:test_reset_share_instance_state): 200 GET http://10.27.203.238/share/v2/a3499cb78849424db45e54caac01de92/share_instances/77a25e6b-f137-4342-8eb9-9ced679515e2 0.016s
2024-05-28 12:57:56.328 98693 INFO tempest.lib.common.rest_client [ req-2afb6498-3f1d-488f-9346-b6d699859d6d ] Request (AdminActionsTest:_run_cleanups): 202 POST http://10.27.203.238/share/v2/a3499cb78849424db45e54caac01de92/share_instances/77a25e6b-f137-4342-8eb9-9ced679515e2/action 0.032s
2024-05-28 12:57:56.345 98693 INFO tempest.lib.common.rest_client [ req-df7cdd80-9603-4776-b368-9726769496cf ] Request (AdminActionsTest:_run_cleanups): 200 GET http://10.27.203.238/share/v2/a3499cb78849424db45e54caac01de92/share_instances/77a25e6b-f137-4342-8eb9-9ced679515e2 0.017s
2024-05-28 12:57:56.371 98693 INFO tempest.lib.common.rest_client [ req-c0a09eeb-da78-4dee-8f12-88703784f161 ] Request (AdminActionsTest:test_reset_share_instance_state): 200 GET http://10.27.203.238/share/v2/a3499cb78849424db45e54caac01de92/shares/df0ea844-5fc1-4d04-8afb-5048ec5dc33f/instances 0.025s
2024-05-28 12:57:56.397 98693 INFO tempest.lib.common.rest_client [ req-4d25cee1-06cc-48e2-a832-76f2a6c88e39 ] Request (AdminActionsTest:test_reset_share_instance_state): 202 POST http://10.27.203.238/share/v2/a3499cb78849424db45e54caac01de92/share_instances/77a25e6b-f137-4342-8eb9-9ced679515e2/action 0.025s
2024-05-28 12:57:56.416 98693 INFO tempest.lib.common.rest_client [ req-896c1a8a-b875-4cbe-8bb4-fd5ea7fcda49 ] Request (AdminActionsTest:test_reset_share_instance_state): 200 GET http://10.27.203.238/share/v2/a3499cb78849424db45e54caac01de92/share_instances/77a25e6b-f137-4342-8eb9-9ced679515e2 0.018s
2024-05-28 12:57:56.441 98693 INFO tempest.lib.common.rest_client [ req-2fa0ac9e-6bcb-4abe-8e72-9728a979b575 ] Request (AdminActionsTest:_run_cleanups): 202 POST http://10.27.203.238/share/v2/a3499cb78849424db45e54caac01de92/share_instances/77a25e6b-f137-4342-8eb9-9ced679515e2/action 0.024s
2024-05-28 12:57:56.456 98693 INFO tempest.lib.common.rest_client [ req-82707a94-f5bd-44a7-8fbc-1bd907019298 ] Request (AdminActionsTest:_run_cleanups): 200 GET http://10.27.203.238/share/v2/a3499cb78849424db45e54caac01de92/share_instances/77a25e6b-f137-4342-8eb9-9ced679515e2 0.014s
2024-05-28 12:57:56.461 98691 INFO tempest.lib.common.rest_client [ req-9d5c5ea6-93e4-4174-bf0a-fd51da6b7b23 ] Request (SharesMetadataNegativeTest:tearDownClass): 200 GET http://10.27.203.238/share/v2/5e5bc0c8fb8b46d598b0621999301112/shares/12970599-4f96-41ce-abd8-18371bc51a8c 0.028s
2024-05-28 12:57:56.480 98693 INFO tempest.lib.common.rest_client [ req-b97434f5-7c6c-4f59-b45a-39c9427cb32a ] Request (AdminActionsTest:test_reset_share_instance_state): 200 GET http://10.27.203.238/share/v2/a3499cb78849424db45e54caac01de92/shares/df0ea844-5fc1-4d04-8afb-5048ec5dc33f/instances 0.023s
2024-05-28 12:57:56.519 98693 INFO tempest.lib.common.rest_client [ req-29443e60-8855-4a3f-bd82-dd7a418f09d5 ] Request (AdminActionsTest:test_reset_share_instance_state): 202 POST http://10.27.203.238/share/v2/a3499cb78849424db45e54caac01de92/share_instances/77a25e6b-f137-4342-8eb9-9ced679515e2/action 0.038s
2024-05-28 12:57:56.536 98693 INFO tempest.lib.common.rest_client [ req-4bd4721a-0378-406d-a751-39554b26b940 ] Request (AdminActionsTest:test_reset_share_instance_state): 200 GET http://10.27.203.238/share/v2/a3499cb78849424db45e54caac01de92/share_instances/77a25e6b-f137-4342-8eb9-9ced679515e2 0.016s
2024-05-28 12:57:56.584 98693 INFO tempest.lib.common.rest_client [ req-da5f745a-0726-4406-82a7-3efd46af6ee2 ] Request (AdminActionsTest:_run_cleanups): 202 POST http://10.27.203.238/share/v2/a3499cb78849424db45e54caac01de92/share_instances/77a25e6b-f137-4342-8eb9-9ced679515e2/action 0.047s
2024-05-28 12:57:56.601 98693 INFO tempest.lib.common.rest_client [ req-356fb56c-b623-4561-ac80-c779383b4ec9 ] Request (AdminActionsTest:_run_cleanups): 200 GET http://10.27.203.238/share/v2/a3499cb78849424db45e54caac01de92/share_instances/77a25e6b-f137-4342-8eb9-9ced679515e2 0.017s
2024-05-28 12:57:56.631 98693 INFO tempest.lib.common.rest_client [ req-84bf8129-9baf-4a8a-b8f7-8c0faf5dcd06 ] Request (AdminActionsTest:test_reset_share_instance_state): 200 GET http://10.27.203.238/share/v2/a3499cb78849424db45e54caac01de92/shares/df0ea844-5fc1-4d04-8afb-5048ec5dc33f/instances 0.029s
2024-05-28 12:57:56.685 98693 INFO tempest.lib.common.rest_client [ req-5bd4d7c1-c1e6-466e-9e16-603ddb67c4de ] Request (AdminActionsTest:test_reset_share_instance_state): 202 POST http://10.27.203.238/share/v2/a3499cb78849424db45e54caac01de92/share_instances/77a25e6b-f137-4342-8eb9-9ced679515e2/action 0.053s
2024-05-28 12:57:56.703 98693 INFO tempest.lib.common.rest_client [ req-6a3c3acd-4cfc-4548-a740-0a2dda46508a ] Request (AdminActionsTest:test_reset_share_instance_state): 200 GET http://10.27.203.238/share/v2/a3499cb78849424db45e54caac01de92/share_instances/77a25e6b-f137-4342-8eb9-9ced679515e2 0.017s
2024-05-28 12:57:56.737 98693 INFO tempest.lib.common.rest_client [ req-3ad94e71-334c-46b9-a1a6-185a0b9d95f2 ] Request (AdminActionsTest:_run_cleanups): 202 POST http://10.27.203.238/share/v2/a3499cb78849424db45e54caac01de92/share_instances/77a25e6b-f137-4342-8eb9-9ced679515e2/action 0.033s
2024-05-28 12:57:56.754 98693 INFO tempest.lib.common.rest_client [ req-771058f1-8d1d-4b6b-831c-0233bfe6f753 ] Request (AdminActionsTest:_run_cleanups): 200 GET http://10.27.203.238/share/v2/a3499cb78849424db45e54caac01de92/share_instances/77a25e6b-f137-4342-8eb9-9ced679515e2 0.017s
2024-05-28 12:57:56.781 98693 INFO tempest.lib.common.rest_client [ req-8517321a-5c2a-41f7-a507-72ff19b0828a ] Request (AdminActionsTest:test_reset_share_instance_state): 200 GET http://10.27.203.238/share/v2/a3499cb78849424db45e54caac01de92/shares/df0ea844-5fc1-4d04-8afb-5048ec5dc33f/instances 0.025s
2024-05-28 12:57:56.814 98693 INFO tempest.lib.common.rest_client [ req-15829a66-3d4f-4377-8445-07239e5629c6 ] Request (AdminActionsTest:test_reset_share_instance_state): 202 POST http://10.27.203.238/share/v2/a3499cb78849424db45e54caac01de92/share_instances/77a25e6b-f137-4342-8eb9-9ced679515e2/action 0.032s
2024-05-28 12:57:56.831 98693 INFO tempest.lib.common.rest_client [ req-5672d668-dfa6-461e-baef-8683c7855092 ] Request (AdminActionsTest:test_reset_share_instance_state): 200 GET http://10.27.203.238/share/v2/a3499cb78849424db45e54caac01de92/share_instances/77a25e6b-f137-4342-8eb9-9ced679515e2 0.016s
2024-05-28 12:57:56.865 98693 INFO tempest.lib.common.rest_client [ req-e8f6f192-92a2-44e6-90d2-28431b2afe85 ] Request (AdminActionsTest:_run_cleanups): 202 POST http://10.27.203.238/share/v2/a3499cb78849424db45e54caac01de92/share_instances/77a25e6b-f137-4342-8eb9-9ced679515e2/action 0.033s
2024-05-28 12:57:56.881 98693 INFO tempest.lib.common.rest_client [ req-72286f33-e4ce-499a-9680-6268aaf2e949 ] Request (AdminActionsTest:_run_cleanups): 200 GET http://10.27.203.238/share/v2/a3499cb78849424db45e54caac01de92/share_instances/77a25e6b-f137-4342-8eb9-9ced679515e2 0.016s
2024-05-28 12:57:56.939 98693 INFO tempest.lib.common.rest_client [ req-9499bcbb-fb7b-4c3b-b327-a1ff3e55f149 ] Request (AdminActionsTest:test_reset_share_state): 202 POST http://10.27.203.238/share/v2/a3499cb78849424db45e54caac01de92/shares/df0ea844-5fc1-4d04-8afb-5048ec5dc33f/action 0.056s
2024-05-28 12:57:56.968 98693 INFO tempest.lib.common.rest_client [ req-d3574ddb-96b9-41a9-a449-c8f734949d98 ] Request (AdminActionsTest:test_reset_share_state): 200 GET http://10.27.203.238/share/v2/a3499cb78849424db45e54caac01de92/shares/df0ea844-5fc1-4d04-8afb-5048ec5dc33f 0.028s
2024-05-28 12:57:57.026 98693 INFO tempest.lib.common.rest_client [ req-91e16738-9089-4af8-a5af-f332ce55778b ] Request (AdminActionsTest:_run_cleanups): 202 POST http://10.27.203.238/share/v2/a3499cb78849424db45e54caac01de92/shares/df0ea844-5fc1-4d04-8afb-5048ec5dc33f/action 0.057s
2024-05-28 12:57:57.053 98693 INFO tempest.lib.common.rest_client [ req-60b6775f-c4d9-47ee-9ef5-c7eb38b53ea0 ] Request (AdminActionsTest:_run_cleanups): 200 GET http://10.27.203.238/share/v2/a3499cb78849424db45e54caac01de92/shares/df0ea844-5fc1-4d04-8afb-5048ec5dc33f 0.026s
2024-05-28 12:57:57.103 98693 INFO tempest.lib.common.rest_client [ req-ee5ce7eb-c461-4a93-816a-9b1bf23bdde1 ] Request (AdminActionsTest:test_reset_share_state): 202 POST http://10.27.203.238/share/v2/a3499cb78849424db45e54caac01de92/shares/df0ea844-5fc1-4d04-8afb-5048ec5dc33f/action 0.049s
2024-05-28 12:57:57.130 98693 INFO tempest.lib.common.rest_client [ req-525afc4e-5de4-4b54-864d-949bcd3b4619 ] Request (AdminActionsTest:test_reset_share_state): 200 GET http://10.27.203.238/share/v2/a3499cb78849424db45e54caac01de92/shares/df0ea844-5fc1-4d04-8afb-5048ec5dc33f 0.026s
2024-05-28 12:57:57.179 98693 INFO tempest.lib.common.rest_client [ req-9c2d3233-8642-47c3-84f5-c3f1fe652cd5 ] Request (AdminActionsTest:_run_cleanups): 202 POST http://10.27.203.238/share/v2/a3499cb78849424db45e54caac01de92/shares/df0ea844-5fc1-4d04-8afb-5048ec5dc33f/action 0.048s
2024-05-28 12:57:57.207 98693 INFO tempest.lib.common.rest_client [ req-3ea78526-595e-446d-b259-25577976f4f0 ] Request (AdminActionsTest:_run_cleanups): 200 GET http://10.27.203.238/share/v2/a3499cb78849424db45e54caac01de92/shares/df0ea844-5fc1-4d04-8afb-5048ec5dc33f 0.027s
2024-05-28 12:57:57.271 98693 INFO tempest.lib.common.rest_client [ req-a5da08c4-6da1-433e-87e3-0427d21ba129 ] Request (AdminActionsTest:test_reset_share_state): 202 POST http://10.27.203.238/share/v2/a3499cb78849424db45e54caac01de92/shares/df0ea844-5fc1-4d04-8afb-5048ec5dc33f/action 0.062s
2024-05-28 12:57:57.297 98693 INFO tempest.lib.common.rest_client [ req-3c815d5f-8095-4a97-8ef0-184cf6a0736b ] Request (AdminActionsTest:test_reset_share_state): 200 GET http://10.27.203.238/share/v2/a3499cb78849424db45e54caac01de92/shares/df0ea844-5fc1-4d04-8afb-5048ec5dc33f 0.026s
2024-05-28 12:57:57.356 98693 INFO tempest.lib.common.rest_client [ req-db2a778b-1dc0-4006-ade0-62af6bbf7850 ] Request (AdminActionsTest:_run_cleanups): 202 POST http://10.27.203.238/share/v2/a3499cb78849424db45e54caac01de92/shares/df0ea844-5fc1-4d04-8afb-5048ec5dc33f/action 0.058s
2024-05-28 12:57:57.382 98693 INFO tempest.lib.common.rest_client [ req-f04c7dc2-652e-4c08-9826-4557b7a84297 ] Request (AdminActionsTest:_run_cleanups): 200 GET http://10.27.203.238/share/v2/a3499cb78849424db45e54caac01de92/shares/df0ea844-5fc1-4d04-8afb-5048ec5dc33f 0.026s
2024-05-28 12:57:57.444 98693 INFO tempest.lib.common.rest_client [ req-84836dbc-8a33-4632-9baf-f111e58ee7ef ] Request (AdminActionsTest:test_reset_share_state): 202 POST http://10.27.203.238/share/v2/a3499cb78849424db45e54caac01de92/shares/df0ea844-5fc1-4d04-8afb-5048ec5dc33f/action 0.060s
2024-05-28 12:57:57.470 98693 INFO tempest.lib.common.rest_client [ req-7659b1f3-2227-4136-aaf8-c203120c16d0 ] Request (AdminActionsTest:test_reset_share_state): 200 GET http://10.27.203.238/share/v2/a3499cb78849424db45e54caac01de92/shares/df0ea844-5fc1-4d04-8afb-5048ec5dc33f 0.025s
2024-05-28 12:57:57.531 98693 INFO tempest.lib.common.rest_client [ req-dbcc2f02-c89d-4edd-9ffb-048cdb50d485 ] Request (AdminActionsTest:_run_cleanups): 202 POST http://10.27.203.238/share/v2/a3499cb78849424db45e54caac01de92/shares/df0ea844-5fc1-4d04-8afb-5048ec5dc33f/action 0.061s
2024-05-28 12:57:57.558 98693 INFO tempest.lib.common.rest_client [ req-a95938cc-7045-4f3b-b2c2-02ad1f301794 ] Request (AdminActionsTest:_run_cleanups): 200 GET http://10.27.203.238/share/v2/a3499cb78849424db45e54caac01de92/shares/df0ea844-5fc1-4d04-8afb-5048ec5dc33f 0.026s
2024-05-28 12:57:57.616 98693 INFO tempest.lib.common.rest_client [ req-3b5bc9a0-8810-49f4-9d41-bf7e2c2381f5 ] Request (AdminActionsTest:test_reset_share_state): 202 POST http://10.27.203.238/share/v2/a3499cb78849424db45e54caac01de92/shares/df0ea844-5fc1-4d04-8afb-5048ec5dc33f/action 0.056s
2024-05-28 12:57:57.642 98693 INFO tempest.lib.common.rest_client [ req-d4f6292a-cf05-4fba-89df-fd9fd7e2c190 ] Request (AdminActionsTest:test_reset_share_state): 200 GET http://10.27.203.238/share/v2/a3499cb78849424db45e54caac01de92/shares/df0ea844-5fc1-4d04-8afb-5048ec5dc33f 0.026s
2024-05-28 12:57:57.702 98693 INFO tempest.lib.common.rest_client [ req-f5b995b9-f2ee-42c3-8205-9e920b415173 ] Request (AdminActionsTest:_run_cleanups): 202 POST http://10.27.203.238/share/v2/a3499cb78849424db45e54caac01de92/shares/df0ea844-5fc1-4d04-8afb-5048ec5dc33f/action 0.059s
2024-05-28 12:57:57.733 98693 INFO tempest.lib.common.rest_client [ req-d46524bd-9a43-472e-af4e-b6f0369e1b5a ] Request (AdminActionsTest:_run_cleanups): 200 GET http://10.27.203.238/share/v2/a3499cb78849424db45e54caac01de92/shares/df0ea844-5fc1-4d04-8afb-5048ec5dc33f 0.030s
2024-05-28 12:57:57.808 98693 INFO tempest.lib.common.rest_client [ req-07cd320f-408f-47c1-a5ef-d5a8c4aabb18 ] Request (AdminActionsTest:test_reset_share_task_state): 202 POST http://10.27.203.238/share/v2/a3499cb78849424db45e54caac01de92/shares/df0ea844-5fc1-4d04-8afb-5048ec5dc33f/action 0.073s
2024-05-28 12:57:57.835 98693 INFO tempest.lib.common.rest_client [ req-a47519a7-c255-415c-9c4b-13c4feefa26c ] Request (AdminActionsTest:test_reset_share_task_state): 200 GET http://10.27.203.238/share/v2/a3499cb78849424db45e54caac01de92/shares/df0ea844-5fc1-4d04-8afb-5048ec5dc33f 0.026s
2024-05-28 12:57:57.894 98693 INFO tempest.lib.common.rest_client [ req-09bed8b5-c01e-4a9d-8772-4bc05ed55061 ] Request (AdminActionsTest:test_reset_share_task_state): 202 POST http://10.27.203.238/share/v2/a3499cb78849424db45e54caac01de92/shares/df0ea844-5fc1-4d04-8afb-5048ec5dc33f/action 0.058s
2024-05-28 12:57:57.926 98693 INFO tempest.lib.common.rest_client [ req-01719e96-000f-42b7-bee5-a2fe6c60efea ] Request (AdminActionsTest:test_reset_share_task_state): 200 GET http://10.27.203.238/share/v2/a3499cb78849424db45e54caac01de92/shares/df0ea844-5fc1-4d04-8afb-5048ec5dc33f 0.031s
2024-05-28 12:57:57.987 98693 INFO tempest.lib.common.rest_client [ req-6eefeb13-bee3-45d4-9677-23e7cecaeffd ] Request (AdminActionsTest:test_reset_share_task_state): 202 POST http://10.27.203.238/share/v2/a3499cb78849424db45e54caac01de92/shares/df0ea844-5fc1-4d04-8afb-5048ec5dc33f/action 0.060s
2024-05-28 12:57:57.989 98689 INFO tempest.lib.common.rest_client [ req-5ee5e5de-5dd1-4484-88db-e475abba4f2f ] Request (SnapshotInstancesNegativeTest:setUpClass): 200 GET http://10.27.203.238/share/v2/c9cc76ecb4e343a6a51bf36da01debf8/snapshots/0d2e6969-2d63-4c8c-bd0a-ae6e8ca0314c 0.036s
2024-05-28 12:57:58.017 98693 INFO tempest.lib.common.rest_client [ req-3a780c44-5645-4a22-af0c-ae0ee446c040 ] Request (AdminActionsTest:test_reset_share_task_state): 200 GET http://10.27.203.238/share/v2/a3499cb78849424db45e54caac01de92/shares/df0ea844-5fc1-4d04-8afb-5048ec5dc33f 0.030s
2024-05-28 12:57:58.083 98693 INFO tempest.lib.common.rest_client [ req-204743ee-fef0-43c3-ad87-451c502d6db5 ] Request (AdminActionsTest:test_reset_share_task_state): 202 POST http://10.27.203.238/share/v2/a3499cb78849424db45e54caac01de92/shares/df0ea844-5fc1-4d04-8afb-5048ec5dc33f/action 0.065s
2024-05-28 12:57:58.110 98693 INFO tempest.lib.common.rest_client [ req-60288635-c80a-45fc-939c-22e9b8352a24 ] Request (AdminActionsTest:test_reset_share_task_state): 200 GET http://10.27.203.238/share/v2/a3499cb78849424db45e54caac01de92/shares/df0ea844-5fc1-4d04-8afb-5048ec5dc33f 0.026s
2024-05-28 12:57:58.307 98693 INFO tempest.lib.common.rest_client [ req-cde3eeea-113a-4231-aac9-4e347b0f402b ] Request (AdminActionsTest:test_reset_snapshot_state): 202 POST http://10.27.203.238/share/v2/a3499cb78849424db45e54caac01de92/snapshots 0.195s
2024-05-28 12:57:58.345 98693 INFO tempest.lib.common.rest_client [ req-f0ef4461-8314-4cfb-afe1-0da6669d3e5f ] Request (AdminActionsTest:test_reset_snapshot_state): 200 GET http://10.27.203.238/share/v2/a3499cb78849424db45e54caac01de92/snapshots/461797f5-03b2-4e09-af96-9f13a9a2464e 0.037s
2024-05-28 12:57:58.695 98695 INFO tempest.lib.common.rest_client [ req-31cd918e-eae2-4419-978e-7130cd073d48 ] Request (SharesMetadataTest:_run_cleanups): 404 GET http://10.27.203.238/share/v2/698d6c02a1cc4bf2b16302eb8a31bc26/shares/da7ec0a1-db21-42c6-b842-6f87b3c5843d 0.013s
2024-05-28 12:57:58.728 98687 INFO tempest.lib.common.rest_client [ req-9353d2ac-6952-43e0-a1dc-846288bab251 ] Request (ShareIpRulesForNFSTest:_run_cleanups): 200 POST http://10.27.203.238/share/v1/776f75906bc64f8f9316d5aab4b50bf1/shares/1ddadc17-cf10-4a42-8bbd-8335fb3520a1/action 0.035s
2024-05-28 12:57:58.840 98687 INFO tempest.lib.common.rest_client [ req-c0075687-3b5e-4109-97fb-16dc52ac5085 ] Request (ShareIpRulesForNFSTest:test_create_delete_access_rule_with_cidr): 200 POST http://10.27.203.238/share/v2/776f75906bc64f8f9316d5aab4b50bf1/shares/1ddadc17-cf10-4a42-8bbd-8335fb3520a1/action 0.109s
2024-05-28 12:57:58.885 98687 INFO tempest.lib.common.rest_client [ req-37fea0f4-55e0-4e05-8b36-44c1ddf032a4 ] Request (ShareIpRulesForNFSTest:test_create_delete_access_rule_with_cidr): 200 POST http://10.27.203.238/share/v2/776f75906bc64f8f9316d5aab4b50bf1/shares/1ddadc17-cf10-4a42-8bbd-8335fb3520a1/action 0.044s
2024-05-28 12:57:58.911 98695 INFO tempest.lib.common.rest_client [ req-2a531a29-2cd9-4e97-9af6-1ed124146a5b ] Request (SharesMetadataTest:test_set_metadata_in_share_creation): 200 POST http://10.27.203.238/share/v2/698d6c02a1cc4bf2b16302eb8a31bc26/shares 0.214s
2024-05-28 12:57:58.942 98695 INFO tempest.lib.common.rest_client [ req-39f2358a-ae14-447b-9222-5541c0ec3559 ] Request (SharesMetadataTest:test_set_metadata_in_share_creation): 200 GET http://10.27.203.238/share/v2/698d6c02a1cc4bf2b16302eb8a31bc26/shares/c485966a-3cd7-4de5-903f-4b379a6cb450 0.031s
2024-05-28 12:57:59.478 98691 INFO tempest.lib.common.rest_client [ req-048a382b-99d7-40de-a12b-f1416a8a0832 ] Request (SharesMetadataNegativeTest:tearDownClass): 404 GET http://10.27.203.238/share/v2/5e5bc0c8fb8b46d598b0621999301112/shares/12970599-4f96-41ce-abd8-18371bc51a8c 0.013s
2024-05-28 12:57:59.531 98691 INFO tempest.lib.common.rest_client [ req-be550114-c421-488e-963d-2571bb060d6d ] Request (SharesMetadataNegativeTest:tearDownClass): 202 DELETE http://10.27.203.238/share/v2/efc051b5756f4b69ba8d639efab8d102/types/c28a59fe-4641-4c44-8ef9-4e7174c48b1c 0.052s
2024-05-28 12:57:59.544 98691 INFO tempest.lib.common.rest_client [ req-a02686aa-6791-4288-88df-4c199afc60d7 ] Request (SharesMetadataNegativeTest:tearDownClass): 404 GET http://10.27.203.238/share/v2/efc051b5756f4b69ba8d639efab8d102/types/c28a59fe-4641-4c44-8ef9-4e7174c48b1c 0.012s
2024-05-28 12:57:59.730 98691 INFO tempest.lib.common.rest_client [req-14d2c857-eedc-4c50-bea3-6201c919f34b req-14d2c857-eedc-4c50-bea3-6201c919f34b ] Request (SharesMetadataNegativeTest:tearDownClass): 204 DELETE http://10.27.203.238/identity/v3/users/b0864c216255411892f92de6eedf4968 0.185s
2024-05-28 12:57:59.849 98691 INFO tempest.lib.common.rest_client [req-7256c519-a598-47e4-9ef1-7e2970db7f0a req-7256c519-a598-47e4-9ef1-7e2970db7f0a ] Request (SharesMetadataNegativeTest:tearDownClass): 204 DELETE http://10.27.203.238/identity/v3/users/311cd5fb5b0043b98ed6eed3875b4fc4 0.118s
2024-05-28 12:57:59.967 98691 INFO tempest.lib.common.rest_client [req-4dee3bb8-4ffa-4c84-8c32-2d19e61436b1 req-4dee3bb8-4ffa-4c84-8c32-2d19e61436b1 ] Request (SharesMetadataNegativeTest:tearDownClass): 204 DELETE http://10.27.203.238/identity/v3/users/6f163ab6cac34b77945bc27e1a5c66ce 0.117s
2024-05-28 12:57:59.967 98691 INFO tempest.lib.common.dynamic_creds [-] Deleting project and security group for project: efc051b5756f4b69ba8d639efab8d102
2024-05-28 12:58:00.012 98691 INFO tempest.lib.common.rest_client [req-0dc06a00-e891-4f78-a929-9c38d9d38a04 req-0dc06a00-e891-4f78-a929-9c38d9d38a04 ] Request (SharesMetadataNegativeTest:tearDownClass): 201 POST http://10.27.203.238/identity/v3/auth/tokens 0.044s
2024-05-28 12:58:00.087 98691 INFO tempest.lib.common.rest_client [req-4ee5781b-da13-431c-8c2e-d8d12efcb189 req-4ee5781b-da13-431c-8c2e-d8d12efcb189 ] Request (SharesMetadataNegativeTest:tearDownClass): 200 GET http://10.27.203.238:9696/networking/v2.0/security-groups?tenant_id=efc051b5756f4b69ba8d639efab8d102&name=default 0.075s
2024-05-28 12:58:00.171 98691 INFO tempest.lib.common.rest_client [req-adef5745-7273-4f39-a762-614a51457dc1 req-adef5745-7273-4f39-a762-614a51457dc1 ] Request (SharesMetadataNegativeTest:tearDownClass): 204 DELETE http://10.27.203.238/identity/v3/projects/efc051b5756f4b69ba8d639efab8d102 0.083s
2024-05-28 12:58:00.171 98691 INFO tempest.lib.common.dynamic_creds [-] Deleting project and security group for project: 5e5bc0c8fb8b46d598b0621999301112
2024-05-28 12:58:00.182 98691 INFO tempest.lib.common.rest_client [req-94b6d159-e0c4-40d1-a461-f1a025d2e706 req-94b6d159-e0c4-40d1-a461-f1a025d2e706 ] Request (SharesMetadataNegativeTest:tearDownClass): 200 GET http://10.27.203.238:9696/networking/v2.0/security-groups?tenant_id=5e5bc0c8fb8b46d598b0621999301112&name=default 0.011s
2024-05-28 12:58:00.289 98691 INFO tempest.lib.common.rest_client [req-e9cd8ae5-a1b3-4db5-ad7e-235e654fabcd req-e9cd8ae5-a1b3-4db5-ad7e-235e654fabcd ] Request (SharesMetadataNegativeTest:tearDownClass): 204 DELETE http://10.27.203.238/identity/v3/projects/5e5bc0c8fb8b46d598b0621999301112 0.106s
2024-05-28 12:58:00.289 98691 INFO tempest.lib.common.dynamic_creds [-] Deleting project and security group for project: 9f0aba9bff5442b580ca1a6d3c9bbaa0
2024-05-28 12:58:00.300 98691 INFO tempest.lib.common.rest_client [req-5c05a449-2380-480b-a03d-d5ade1bcd621 req-5c05a449-2380-480b-a03d-d5ade1bcd621 ] Request (SharesMetadataNegativeTest:tearDownClass): 200 GET http://10.27.203.238:9696/networking/v2.0/security-groups?tenant_id=9f0aba9bff5442b580ca1a6d3c9bbaa0&name=default 0.010s
2024-05-28 12:58:00.407 98691 INFO tempest.lib.common.rest_client [req-d27a922b-c3a6-407e-95bd-e720e8eaa688 req-d27a922b-c3a6-407e-95bd-e720e8eaa688 ] Request (SharesMetadataNegativeTest:tearDownClass): 204 DELETE http://10.27.203.238/identity/v3/projects/9f0aba9bff5442b580ca1a6d3c9bbaa0 0.106s
2024-05-28 12:58:00.408 98691 INFO tempest.test [-] raised in ReplicationExportLocationsTest.setUpClass. Invoking tearDownClass.
2024-05-28 12:58:00.410 98691 INFO tempest.test [-] raised in ReplicationNegativeTest.setUpClass. Invoking tearDownClass.
2024-05-28 12:58:00.436 98691 INFO tempest.lib.common.rest_client [req-ad1b9124-fa77-416c-99cf-b27c61406e00 req-ad1b9124-fa77-416c-99cf-b27c61406e00 ] Request (ResourceLockCRUTest:setUpClass): 201 POST http://10.27.203.238/identity/v3/auth/tokens 0.022s
2024-05-28 12:58:00.484 98691 INFO tempest.lib.common.rest_client [req-d4be2bf2-a694-4189-8a3e-a54287c28078 req-d4be2bf2-a694-4189-8a3e-a54287c28078 ] Request (ResourceLockCRUTest:setUpClass): 201 POST http://10.27.203.238/identity/v3/auth/tokens 0.046s
2024-05-28 12:58:00.510 98691 INFO tempest.lib.common.rest_client [req-357bcca2-b5f9-4891-9be0-366d7459de17 req-357bcca2-b5f9-4891-9be0-366d7459de17 ] Request (ResourceLockCRUTest:setUpClass): 200 GET http://10.27.203.238/identity/v3/domains?name=Default 0.025s
2024-05-28 12:58:00.556 98691 INFO tempest.lib.common.rest_client [req-e4750d1a-8b71-4c2e-a03b-f900732154a1 req-e4750d1a-8b71-4c2e-a03b-f900732154a1 ] Request (ResourceLockCRUTest:setUpClass): 201 POST http://10.27.203.238/identity/v3/projects 0.045s
2024-05-28 12:58:00.616 98691 INFO tempest.lib.common.rest_client [req-c49cbb60-4d9a-4c65-88ea-e92b0d1db8b4 req-c49cbb60-4d9a-4c65-88ea-e92b0d1db8b4 ] Request (ResourceLockCRUTest:setUpClass): 201 POST http://10.27.203.238/identity/v3/users 0.060s
2024-05-28 12:58:00.636 98691 INFO tempest.lib.common.rest_client [req-10ea4678-d568-4a7e-9e34-35e079a48b20 req-10ea4678-d568-4a7e-9e34-35e079a48b20 ] Request (ResourceLockCRUTest:setUpClass): 200 GET http://10.27.203.238/identity/v3/roles 0.018s
2024-05-28 12:58:00.672 98691 INFO tempest.lib.common.rest_client [req-e51c1545-a46c-41ba-8ae1-8f5e9fd26682 req-e51c1545-a46c-41ba-8ae1-8f5e9fd26682 ] Request (ResourceLockCRUTest:setUpClass): 204 PUT http://10.27.203.238/identity/v3/projects/82840ccb77144a4aa2d0bdce807ce686/users/a5f62af60417483dbbe38e24cb57d83b/roles/44620cad10ae407c90c91e2c296adb04 0.036s
2024-05-28 12:58:00.672 98691 INFO tempest.lib.common.dynamic_creds [-] Dynamic test user a5f62af60417483dbbe38e24cb57d83b is created with scope project and roles: ['member']
2024-05-28 12:58:00.673 98691 INFO tempest.lib.common.dynamic_creds [-] Acquired dynamic creds: credentials: Credentials: {'domain_id': 'default', 'domain_name': 'Default', 'username': 'tempest-ResourceLockCRUTest-1971036144-project-member', 'project_domain_id': 'default', 'project_domain_name': 'Default', 'project_id': '82840ccb77144a4aa2d0bdce807ce686', 'project_name': 'tempest-ResourceLockCRUTest-1971036144', 'tenant_id': '82840ccb77144a4aa2d0bdce807ce686', 'tenant_name': 'tempest-ResourceLockCRUTest-1971036144', 'user_domain_id': 'default', 'user_domain_name': 'Default', 'user_id': 'a5f62af60417483dbbe38e24cb57d83b', 'system': None}, Network: None, Subnet: None, Router: None
2024-05-28 12:58:00.673 98691 INFO tempest.lib.common.dynamic_creds [-] Created isolated network resources for: credentials: Credentials: {'domain_id': 'default', 'domain_name': 'Default', 'username': 'tempest-ResourceLockCRUTest-1971036144-project-member', 'project_domain_id': 'default', 'project_domain_name': 'Default', 'project_id': '82840ccb77144a4aa2d0bdce807ce686', 'project_name': 'tempest-ResourceLockCRUTest-1971036144', 'tenant_id': '82840ccb77144a4aa2d0bdce807ce686', 'tenant_name': 'tempest-ResourceLockCRUTest-1971036144', 'user_domain_id': 'default', 'user_domain_name': 'Default', 'user_id': 'a5f62af60417483dbbe38e24cb57d83b', 'system': None}, Network: None, Subnet: None, Router: None
2024-05-28 12:58:00.746 98691 INFO tempest.lib.common.rest_client [req-2bc716c1-6797-4ea8-b19e-768880bfb798 req-2bc716c1-6797-4ea8-b19e-768880bfb798 ] Request (ResourceLockCRUTest:setUpClass): 201 POST http://10.27.203.238/identity/v3/auth/tokens 0.072s
2024-05-28 12:58:00.802 98691 INFO tempest.lib.common.rest_client [req-7ccf39d0-3e26-4f83-9eb5-385077af6132 req-7ccf39d0-3e26-4f83-9eb5-385077af6132 ] Request (ResourceLockCRUTest:setUpClass): 201 POST http://10.27.203.238/identity/v3/projects 0.055s
2024-05-28 12:58:00.856 98691 INFO tempest.lib.common.rest_client [req-fcb992c6-aa4c-4841-ba62-af66bb1b7d46 req-fcb992c6-aa4c-4841-ba62-af66bb1b7d46 ] Request (ResourceLockCRUTest:setUpClass): 201 POST http://10.27.203.238/identity/v3/users 0.053s
2024-05-28 12:58:00.875 98691 INFO tempest.lib.common.rest_client [req-4fbb7915-c818-4e79-8872-bdf328033e55 req-4fbb7915-c818-4e79-8872-bdf328033e55 ] Request (ResourceLockCRUTest:setUpClass): 200 GET http://10.27.203.238/identity/v3/roles 0.018s
2024-05-28 12:58:00.915 98691 INFO tempest.lib.common.rest_client [req-bd000a53-8b72-49b1-a96b-0a9821c1e096 req-bd000a53-8b72-49b1-a96b-0a9821c1e096 ] Request (ResourceLockCRUTest:setUpClass): 204 PUT http://10.27.203.238/identity/v3/projects/be51d6e321244991ac955863ae123a81/users/7a0db4d21f4c4b35b1f3c9b27af6cdb0/roles/44620cad10ae407c90c91e2c296adb04 0.039s
2024-05-28 12:58:00.915 98691 INFO tempest.lib.common.dynamic_creds [-] Dynamic test user 7a0db4d21f4c4b35b1f3c9b27af6cdb0 is created with scope project and roles: ['member']
2024-05-28 12:58:00.915 98691 INFO tempest.lib.common.dynamic_creds [-] Acquired dynamic creds: credentials: Credentials: {'domain_id': 'default', 'domain_name': 'Default', 'username': 'tempest-ResourceLockCRUTest-394023306-project-member', 'project_domain_id': 'default', 'project_domain_name': 'Default', 'project_id': 'be51d6e321244991ac955863ae123a81', 'project_name': 'tempest-ResourceLockCRUTest-394023306', 'tenant_id': 'be51d6e321244991ac955863ae123a81', 'tenant_name': 'tempest-ResourceLockCRUTest-394023306', 'user_domain_id': 'default', 'user_domain_name': 'Default', 'user_id': '7a0db4d21f4c4b35b1f3c9b27af6cdb0', 'system': None}, Network: None, Subnet: None, Router: None
2024-05-28 12:58:00.916 98691 INFO tempest.lib.common.dynamic_creds [-] Created isolated network resources for: credentials: Credentials: {'domain_id': 'default', 'domain_name': 'Default', 'username': 'tempest-ResourceLockCRUTest-394023306-project-member', 'project_domain_id': 'default', 'project_domain_name': 'Default', 'project_id': 'be51d6e321244991ac955863ae123a81', 'project_name': 'tempest-ResourceLockCRUTest-394023306', 'tenant_id': 'be51d6e321244991ac955863ae123a81', 'tenant_name': 'tempest-ResourceLockCRUTest-394023306', 'user_domain_id': 'default', 'user_domain_name': 'Default', 'user_id': '7a0db4d21f4c4b35b1f3c9b27af6cdb0', 'system': None}, Network: None, Subnet: None, Router: None
2024-05-28 12:58:00.989 98691 INFO tempest.lib.common.rest_client [req-83a4e00e-11c1-42a1-a413-114f667006b1 req-83a4e00e-11c1-42a1-a413-114f667006b1 ] Request (ResourceLockCRUTest:setUpClass): 201 POST http://10.27.203.238/identity/v3/auth/tokens 0.071s
2024-05-28 12:58:01.032 98689 INFO tempest.lib.common.rest_client [ req-b2917c65-ed60-419f-9274-592cd4ca85b8 ] Request (SnapshotInstancesNegativeTest:setUpClass): 200 GET http://10.27.203.238/share/v2/c9cc76ecb4e343a6a51bf36da01debf8/snapshots/0d2e6969-2d63-4c8c-bd0a-ae6e8ca0314c 0.039s
2024-05-28 12:58:01.049 98691 INFO tempest.lib.common.rest_client [req-5ac8f10c-93d4-4ebf-8994-104c8c201d10 req-5ac8f10c-93d4-4ebf-8994-104c8c201d10 ] Request (ResourceLockCRUTest:setUpClass): 201 POST http://10.27.203.238/identity/v3/projects 0.059s
2024-05-28 12:58:01.057 98689 INFO tempest.lib.common.rest_client [ req-dc5467a9-3190-4f79-8dac-dd33eaae6fb3 ] Request (SnapshotInstancesNegativeTest:test_get_snapshot_instance_by_non_admin): 200 GET http://10.27.203.238/share/v2/c9cc76ecb4e343a6a51bf36da01debf8/snapshot-instances?snapshot_id=0d2e6969-2d63-4c8c-bd0a-ae6e8ca0314c 0.024s
2024-05-28 12:58:01.121 98691 INFO tempest.lib.common.rest_client [req-aba1ab76-310d-435c-8240-adb0905bec49 req-aba1ab76-310d-435c-8240-adb0905bec49 ] Request (ResourceLockCRUTest:setUpClass): 201 POST http://10.27.203.238/identity/v3/users 0.071s
2024-05-28 12:58:01.148 98691 INFO tempest.lib.common.rest_client [req-9722525e-2da6-42da-8af8-6bca8851a051 req-9722525e-2da6-42da-8af8-6bca8851a051 ] Request (ResourceLockCRUTest:setUpClass): 200 GET http://10.27.203.238/identity/v3/roles 0.026s
2024-05-28 12:58:01.168 98689 INFO tempest.lib.common.rest_client [ req-73cc7840-57cd-473f-985e-12a9194a7b4a ] Request (SnapshotInstancesNegativeTest:test_get_snapshot_instance_by_non_admin): 403 GET http://10.27.203.238/share/v2/ed0a0bf2490645089c21203bbbe1c291/snapshot-instances/d9f25a4b-5def-4427-b890-289ce9aabe70 0.110s
2024-05-28 12:58:01.179 98689 INFO tempest.lib.common.rest_client [ req-f29bd26e-e447-4d26-90e8-3b8ff4d286bc ] Request (SnapshotInstancesNegativeTest:test_list_snapshot_instances_with_snapshot_by_non_admin): 403 GET http://10.27.203.238/share/v2/ed0a0bf2490645089c21203bbbe1c291/snapshot-instances?snapshot_id=0d2e6969-2d63-4c8c-bd0a-ae6e8ca0314c 0.009s
2024-05-28 12:58:01.188 98691 INFO tempest.lib.common.rest_client [req-ab32be1a-30f1-4721-ba1b-f114db9bb275 req-ab32be1a-30f1-4721-ba1b-f114db9bb275 ] Request (ResourceLockCRUTest:setUpClass): 204 PUT http://10.27.203.238/identity/v3/projects/6bcb84add5bc4d8cb675498201734b6d/users/cacdef9ca5d04afb85fa43f2d0e57632/roles/e7989893488f483baa107be56668c4f8 0.040s
2024-05-28 12:58:01.208 98689 INFO tempest.lib.common.rest_client [ req-47f4ef0f-b0fe-4b1c-9777-ee1ce792145d ] Request (SnapshotInstancesNegativeTest:test_reset_snapshot_instance_status_by_non_admin): 200 GET http://10.27.203.238/share/v2/c9cc76ecb4e343a6a51bf36da01debf8/snapshot-instances?snapshot_id=0d2e6969-2d63-4c8c-bd0a-ae6e8ca0314c 0.027s
2024-05-28 12:58:01.219 98689 INFO tempest.lib.common.rest_client [ req-ae6c97e3-2e3a-4e26-bfee-191842ab6dc8 ] Request (SnapshotInstancesNegativeTest:test_reset_snapshot_instance_status_by_non_admin): 403 POST http://10.27.203.238/share/v2/ed0a0bf2490645089c21203bbbe1c291/snapshot-instances/d9f25a4b-5def-4427-b890-289ce9aabe70/action 0.010s
2024-05-28 12:58:01.231 98691 INFO tempest.lib.common.rest_client [req-b87d21cb-7d07-4d3c-88b7-0d2b1095e9a8 req-b87d21cb-7d07-4d3c-88b7-0d2b1095e9a8 ] Request (ResourceLockCRUTest:setUpClass): 200 GET http://10.27.203.238/identity/v3/roles 0.042s
2024-05-28 12:58:01.252 98691 INFO tempest.lib.common.rest_client [req-824b012f-8af4-47a6-b88c-4813fa730a41 req-824b012f-8af4-47a6-b88c-4813fa730a41 ] Request (ResourceLockCRUTest:setUpClass): 204 PUT http://10.27.203.238/identity/v3/projects/6bcb84add5bc4d8cb675498201734b6d/users/cacdef9ca5d04afb85fa43f2d0e57632/roles/e7989893488f483baa107be56668c4f8 0.021s
2024-05-28 12:58:01.252 98691 INFO tempest.lib.common.dynamic_creds [-] Dynamic test user cacdef9ca5d04afb85fa43f2d0e57632 is created with scope project and roles: ['admin']
2024-05-28 12:58:01.253 98691 INFO tempest.lib.common.dynamic_creds [-] Acquired dynamic creds: credentials: Credentials: {'domain_id': 'default', 'domain_name': 'Default', 'username': 'tempest-ResourceLockCRUTest-1063854601-project-admin', 'project_domain_id': 'default', 'project_domain_name': 'Default', 'project_id': '6bcb84add5bc4d8cb675498201734b6d', 'project_name': 'tempest-ResourceLockCRUTest-1063854601', 'tenant_id': '6bcb84add5bc4d8cb675498201734b6d', 'tenant_name': 'tempest-ResourceLockCRUTest-1063854601', 'user_domain_id': 'default', 'user_domain_name': 'Default', 'user_id': 'cacdef9ca5d04afb85fa43f2d0e57632', 'system': None}, Network: None, Subnet: None, Router: None
2024-05-28 12:58:01.253 98691 INFO tempest.lib.common.dynamic_creds [-] Created isolated network resources for: credentials: Credentials: {'domain_id': 'default', 'domain_name': 'Default', 'username': 'tempest-ResourceLockCRUTest-1063854601-project-admin', 'project_domain_id': 'default', 'project_domain_name': 'Default', 'project_id': '6bcb84add5bc4d8cb675498201734b6d', 'project_name': 'tempest-ResourceLockCRUTest-1063854601', 'tenant_id': '6bcb84add5bc4d8cb675498201734b6d', 'tenant_name': 'tempest-ResourceLockCRUTest-1063854601', 'user_domain_id': 'default', 'user_domain_name': 'Default', 'user_id': 'cacdef9ca5d04afb85fa43f2d0e57632', 'system': None}, Network: None, Subnet: None, Router: None
2024-05-28 12:58:01.327 98689 INFO tempest.lib.common.rest_client [req-b21bac2b-7b1f-4b2a-9f99-0d805f7684f6 req-b21bac2b-7b1f-4b2a-9f99-0d805f7684f6 ] Request (SnapshotInstancesNegativeTest:tearDownClass): 404 DELETE http://10.27.203.238/identity/v3/users/8688f80695814f34bfb56342c4e54028 0.106s
2024-05-28 12:58:01.327 98689 ERROR manila_tempest_tests.tests.api.base [-] Suppressed cleanup error in Manila: Traceback (most recent call last): File "/opt/stack/manila-tempest-plugin/manila_tempest_tests/tests/api/base.py", line 1272, in clear_project_users cls.os_admin.creds_client.delete_user(user['id'])
File "/opt/stack/tempest/tempest/lib/common/cred_client.py", line 55, in delete_user self.users_client.delete_user(user_id)
File "/opt/stack/tempest/tempest/lib/services/identity/v3/users_client.py", line 104, in delete_user resp, body = self.delete("users/%s" % user_id)
File "/opt/stack/tempest/tempest/lib/common/rest_client.py", line 357, in delete return self.request('DELETE', url, extra_headers, headers, body)
File "/opt/stack/tempest/tempest/lib/common/rest_client.py", line 760, in request self._error_checker(resp, resp_body)
File "/opt/stack/tempest/tempest/lib/common/rest_client.py", line 870, in _error_checker raise exceptions.NotFound(resp_body, resp=resp) tempest.lib.exceptions.NotFound: Object not found Details: {'code': 404, 'message': 'Could not find user: 8688f80695814f34bfb56342c4e54028.', 'title': 'Not Found'} : tempest.lib.exceptions.NotFound: Object not found
2024-05-28 12:58:01.329 98691 INFO tempest.lib.common.rest_client [req-94be5844-ab16-4c46-a294-1918fb17f740 req-94be5844-ab16-4c46-a294-1918fb17f740 ] Request (ResourceLockCRUTest:setUpClass): 201 POST http://10.27.203.238/identity/v3/auth/tokens 0.075s
2024-05-28 12:58:01.352 98689 INFO tempest.lib.common.rest_client [req-fc2254ab-03cd-4ad7-b7d0-dfdc35058533 req-fc2254ab-03cd-4ad7-b7d0-dfdc35058533 ] Request (SnapshotInstancesNegativeTest:tearDownClass): 404 DELETE http://10.27.203.238/identity/v3/users/108a25e436e9452a9a865957dcea1fc5 0.024s
2024-05-28 12:58:01.353 98689 ERROR manila_tempest_tests.tests.api.base [-] Suppressed cleanup error in Manila: Traceback (most recent call last): File "/opt/stack/manila-tempest-plugin/manila_tempest_tests/tests/api/base.py", line 1272, in clear_project_users cls.os_admin.creds_client.delete_user(user['id'])
File "/opt/stack/tempest/tempest/lib/common/cred_client.py", line 55, in delete_user self.users_client.delete_user(user_id)
File "/opt/stack/tempest/tempest/lib/services/identity/v3/users_client.py", line 104, in delete_user resp, body = self.delete("users/%s" % user_id)
File "/opt/stack/tempest/tempest/lib/common/rest_client.py", line 357, in delete return self.request('DELETE', url, extra_headers, headers, body)
File "/opt/stack/tempest/tempest/lib/common/rest_client.py", line 760, in request self._error_checker(resp, resp_body)
File "/opt/stack/tempest/tempest/lib/common/rest_client.py", line 870, in _error_checker raise exceptions.NotFound(resp_body, resp=resp) tempest.lib.exceptions.NotFound: Object not found Details: {'code': 404, 'message': 'Could not find user: 108a25e436e9452a9a865957dcea1fc5.', 'title': 'Not Found'} : tempest.lib.exceptions.NotFound: Object not found
2024-05-28 12:58:01.355 98691 INFO tempest.lib.common.rest_client [req-b0b4bd36-fe45-4304-82a6-c386ac71b8b8 req-b0b4bd36-fe45-4304-82a6-c386ac71b8b8 ] Request (ResourceLockCRUTest:setUpClass): 200 GET http://10.27.203.238/identity/v3/domains?name=Default 0.025s
2024-05-28 12:58:01.379 98689 INFO tempest.lib.common.rest_client [req-54ddbf30-d87f-4abd-9926-6b67daa96e1a req-54ddbf30-d87f-4abd-9926-6b67daa96e1a ] Request (SnapshotInstancesNegativeTest:tearDownClass): 404 DELETE http://10.27.203.238/identity/v3/users/5ae5cb1db3504baaba1df93dc154a004 0.026s
2024-05-28 12:58:01.380 98689 ERROR manila_tempest_tests.tests.api.base [-] Suppressed cleanup error in Manila: Traceback (most recent call last): File "/opt/stack/manila-tempest-plugin/manila_tempest_tests/tests/api/base.py", line 1272, in clear_project_users cls.os_admin.creds_client.delete_user(user['id'])
File "/opt/stack/tempest/tempest/lib/common/cred_client.py", line 55, in delete_user self.users_client.delete_user(user_id)
File "/opt/stack/tempest/tempest/lib/services/identity/v3/users_client.py", line 104, in delete_user resp, body = self.delete("users/%s" % user_id)
File "/opt/stack/tempest/tempest/lib/common/rest_client.py", line 357, in delete return self.request('DELETE', url, extra_headers, headers, body)
File "/opt/stack/tempest/tempest/lib/common/rest_client.py", line 760, in request self._error_checker(resp, resp_body)
File "/opt/stack/tempest/tempest/lib/common/rest_client.py", line 870, in _error_checker raise exceptions.NotFound(resp_body, resp=resp) tempest.lib.exceptions.NotFound: Object not found Details: {'code': 404, 'message': 'Could not find user: 5ae5cb1db3504baaba1df93dc154a004.', 'title': 'Not Found'} : tempest.lib.exceptions.NotFound: Object not found
2024-05-28 12:58:01.388 98693 INFO tempest.lib.common.rest_client [ req-0e985612-5606-4442-b24f-abba92961bb6 ] Request (AdminActionsTest:test_reset_snapshot_state): 200 GET http://10.27.203.238/share/v2/a3499cb78849424db45e54caac01de92/snapshots/461797f5-03b2-4e09-af96-9f13a9a2464e 0.039s
2024-05-28 12:58:01.393 98691 INFO tempest.lib.common.rest_client [req-061b06e9-5ce1-4781-abf4-88f94f38f70c req-061b06e9-5ce1-4781-abf4-88f94f38f70c ] Request (ResourceLockCRUTest:setUpClass): 201 POST http://10.27.203.238/identity/v3/users 0.037s
2024-05-28 12:58:01.407 98689 INFO tempest.lib.common.rest_client [req-ee505946-2571-4c5c-8e96-183061937039 req-ee505946-2571-4c5c-8e96-183061937039 ] Request (SnapshotInstancesNegativeTest:tearDownClass): 404 DELETE http://10.27.203.238/identity/v3/users/c2ac6ca3ea5a4ae498df6d12bb7caadc 0.026s
2024-05-28 12:58:01.407 98689 ERROR manila_tempest_tests.tests.api.base [-] Suppressed cleanup error in Manila: Traceback (most recent call last): File "/opt/stack/manila-tempest-plugin/manila_tempest_tests/tests/api/base.py", line 1272, in clear_project_users cls.os_admin.creds_client.delete_user(user['id'])
File "/opt/stack/tempest/tempest/lib/common/cred_client.py", line 55, in delete_user self.users_client.delete_user(user_id)
File "/opt/stack/tempest/tempest/lib/services/identity/v3/users_client.py", line 104, in delete_user resp, body = self.delete("users/%s" % user_id)
File "/opt/stack/tempest/tempest/lib/common/rest_client.py", line 357, in delete return self.request('DELETE', url, extra_headers, headers, body)
File "/opt/stack/tempest/tempest/lib/common/rest_client.py", line 760, in request self._error_checker(resp, resp_body)
File "/opt/stack/tempest/tempest/lib/common/rest_client.py", line 870, in _error_checker raise exceptions.NotFound(resp_body, resp=resp) tempest.lib.exceptions.NotFound: Object not found Details: {'code': 404, 'message': 'Could not find user: c2ac6ca3ea5a4ae498df6d12bb7caadc.', 'title': 'Not Found'} : tempest.lib.exceptions.NotFound: Object not found
2024-05-28 12:58:01.412 98691 INFO tempest.lib.common.rest_client [req-7b6a7ad7-ad26-43ae-851e-f641097065a8 req-7b6a7ad7-ad26-43ae-851e-f641097065a8 ] Request (ResourceLockCRUTest:setUpClass): 200 GET http://10.27.203.238/identity/v3/roles 0.018s
2024-05-28 12:58:01.449 98691 INFO tempest.lib.common.rest_client [req-bfb9e545-de95-4158-ba5f-9438850c29ea req-bfb9e545-de95-4158-ba5f-9438850c29ea ] Request (ResourceLockCRUTest:setUpClass): 204 PUT http://10.27.203.238/identity/v3/projects/6bcb84add5bc4d8cb675498201734b6d/users/91ab54ee09854b549923fb7671247f5c/roles/44620cad10ae407c90c91e2c296adb04 0.037s
2024-05-28 12:58:01.496 98689 INFO tempest.lib.common.rest_client [req-b7ae220e-9c32-4b74-87d1-7d149c2473ae req-b7ae220e-9c32-4b74-87d1-7d149c2473ae ] Request (SnapshotInstancesNegativeTest:tearDownClass): 204 DELETE http://10.27.203.238/identity/v3/users/f89f851af36d480ab7d10d3506c60899 0.088s
2024-05-28 12:58:01.592 98689 INFO tempest.lib.common.rest_client [ req-fbe18e3f-a7ea-40d8-a8e4-86384913070d ] Request (SnapshotInstancesNegativeTest:tearDownClass): 202 DELETE http://10.27.203.238/share/v2/c9cc76ecb4e343a6a51bf36da01debf8/snapshots/0d2e6969-2d63-4c8c-bd0a-ae6e8ca0314c 0.095s
2024-05-28 12:58:01.613 98691 INFO tempest.lib.common.rest_client [ req-25bf7f0f-b54b-4b75-a042-35a7eba7b841 ] Request (ResourceLockCRUTest:setUpClass): 200 POST http://10.27.203.238/share/v2/6bcb84add5bc4d8cb675498201734b6d/types 0.162s
2024-05-28 12:58:01.637 98689 INFO tempest.lib.common.rest_client [ req-f5108609-f6e3-4bb9-871c-07a891df0923 ] Request (SnapshotInstancesNegativeTest:tearDownClass): 200 GET http://10.27.203.238/share/v2/c9cc76ecb4e343a6a51bf36da01debf8/snapshots/0d2e6969-2d63-4c8c-bd0a-ae6e8ca0314c 0.044s
2024-05-28 12:58:01.873 98691 INFO tempest.lib.common.rest_client [ req-1329f217-bf7f-4692-b354-ac9b72606999 ] Request (ResourceLockCRUTest:setUpClass): 200 POST http://10.27.203.238/share/v2/82840ccb77144a4aa2d0bdce807ce686/shares 0.259s
2024-05-28 12:58:01.901 98691 INFO tempest.lib.common.rest_client [ req-21863d9b-d3bc-4f3b-a1a5-ef4e1cdd831f ] Request (ResourceLockCRUTest:setUpClass): 200 GET http://10.27.203.238/share/v2/82840ccb77144a4aa2d0bdce807ce686/shares/071c2e61-b4b6-48bf-a1f2-c20b233560ed 0.027s
2024-05-28 12:58:01.928 98687 INFO tempest.lib.common.rest_client [ req-3d44f393-a4c1-4b85-bbf5-18a35088968e ] Request (ShareIpRulesForNFSTest:test_create_delete_access_rule_with_cidr): 200 POST http://10.27.203.238/share/v2/776f75906bc64f8f9316d5aab4b50bf1/shares/1ddadc17-cf10-4a42-8bbd-8335fb3520a1/action 0.041s
2024-05-28 12:58:01.973 98695 INFO tempest.lib.common.rest_client [ req-ac173b87-50da-4e9d-9651-13aa3e360ab8 ] Request (SharesMetadataTest:test_set_metadata_in_share_creation): 200 GET http://10.27.203.238/share/v2/698d6c02a1cc4bf2b16302eb8a31bc26/shares/c485966a-3cd7-4de5-903f-4b379a6cb450 0.027s
2024-05-28 12:58:02.106 98687 INFO tempest.lib.common.rest_client [ req-eb13e1d9-dd47-4b34-96f7-7b70918603bc ] Request (ShareIpRulesForNFSTest:_run_cleanups): 202 POST http://10.27.203.238/share/v2/776f75906bc64f8f9316d5aab4b50bf1/shares/1ddadc17-cf10-4a42-8bbd-8335fb3520a1/action 0.178s
2024-05-28 12:58:02.154 98687 INFO tempest.lib.common.rest_client [ req-8a552e89-3010-41a4-afa9-fded736179b5 ] Request (ShareIpRulesForNFSTest:_run_cleanups): 200 GET http://10.27.203.238/share/v2/776f75906bc64f8f9316d5aab4b50bf1/share-access-rules?share_id=1ddadc17-cf10-4a42-8bbd-8335fb3520a1 0.047s
2024-05-28 12:58:04.437 98693 INFO tempest.lib.common.rest_client [ req-47e1772d-e22c-41ea-ab80-87a630252487 ] Request (AdminActionsTest:test_reset_snapshot_state): 200 GET http://10.27.203.238/share/v2/a3499cb78849424db45e54caac01de92/snapshots/461797f5-03b2-4e09-af96-9f13a9a2464e 0.046s
2024-05-28 12:58:04.532 98693 INFO tempest.lib.common.rest_client [ req-228541fc-6913-4f12-9ee6-17e5e4ce12f0 ] Request (AdminActionsTest:test_reset_snapshot_state): 202 POST http://10.27.203.238/share/v2/a3499cb78849424db45e54caac01de92/snapshots/461797f5-03b2-4e09-af96-9f13a9a2464e/action 0.094s
2024-05-28 12:58:04.571 98693 INFO tempest.lib.common.rest_client [ req-aad43aa8-9b0f-44a4-81c2-de793dc561a5 ] Request (AdminActionsTest:test_reset_snapshot_state): 200 GET http://10.27.203.238/share/v2/a3499cb78849424db45e54caac01de92/snapshots/461797f5-03b2-4e09-af96-9f13a9a2464e 0.038s
2024-05-28 12:58:04.653 98693 INFO tempest.lib.common.rest_client [ req-c2dd030b-5958-4320-a625-b6077f4c6006 ] Request (AdminActionsTest:_run_cleanups): 202 POST http://10.27.203.238/share/v2/a3499cb78849424db45e54caac01de92/snapshots/461797f5-03b2-4e09-af96-9f13a9a2464e/action 0.082s
2024-05-28 12:58:04.656 98689 INFO tempest.lib.common.rest_client [ req-096e26ea-ff5f-4862-bbdb-6433e6bb8631 ] Request (SnapshotInstancesNegativeTest:tearDownClass): 404 GET http://10.27.203.238/share/v2/c9cc76ecb4e343a6a51bf36da01debf8/snapshots/0d2e6969-2d63-4c8c-bd0a-ae6e8ca0314c 0.017s
2024-05-28 12:58:04.674 98689 INFO tempest.lib.common.rest_client [ req-30b0851a-8f2f-4e5b-9f8e-9a5fa082f2fc ] Request (SnapshotInstancesNegativeTest:tearDownClass): 200 GET http://10.27.203.238/share/v2/ed0a0bf2490645089c21203bbbe1c291/share-replicas/detail?share_id=59371a98-d4b3-4967-9846-4759c0b33bb2 0.017s
