2024-05-28 12:58:38.832 98691 INFO tempest.lib.common.dynamic_creds [-] Created isolated network resources for: credentials: Credentials: {'domain_id': 'default', 'domain_name': 'Default', 'username': 'tempest-ShareCephxRulesForCephFSNegativeTest-903922189-project-member', 'project_domain_id': 'default', 'project_domain_name': 'Default', 'project_id': 'c68833028e534be787b6190315807f3c', 'project_name': 'tempest-ShareCephxRulesForCephFSNegativeTest-903922189', 'tenant_id': 'c68833028e534be787b6190315807f3c', 'tenant_name': 'tempest-ShareCephxRulesForCephFSNegativeTest-903922189', 'user_domain_id': 'default', 'user_domain_name': 'Default', 'user_id': '258f6dfafbbd41dfbe6203b1e09b1c49', 'system': None}, Network: None, Subnet: None, Router: None
2024-05-28 12:58:38.918 98691 INFO tempest.lib.common.rest_client [req-dfd1e8a6-93f3-44ed-af64-40d50381b003 req-dfd1e8a6-93f3-44ed-af64-40d50381b003 ] Request (ShareCephxRulesForCephFSNegativeTest:setUpClass): 201 POST http://10.27.203.238/identity/v3/auth/tokens 0.084s
2024-05-28 12:58:38.987 98691 INFO tempest.lib.common.rest_client [req-6cb8fe02-e00c-441a-8430-7b1de859eb30 req-6cb8fe02-e00c-441a-8430-7b1de859eb30 ] Request (ShareCephxRulesForCephFSNegativeTest:setUpClass): 201 POST http://10.27.203.238/identity/v3/projects 0.068s
2024-05-28 12:58:39.046 98691 INFO tempest.lib.common.rest_client [req-0b9a6931-f96a-4819-9aed-c1e308244467 req-0b9a6931-f96a-4819-9aed-c1e308244467 ] Request (ShareCephxRulesForCephFSNegativeTest:setUpClass): 201 POST http://10.27.203.238/identity/v3/users 0.058s
2024-05-28 12:58:39.066 98691 INFO tempest.lib.common.rest_client [req-35818b73-40b9-4f56-b05b-d42b670907cb req-35818b73-40b9-4f56-b05b-d42b670907cb ] Request (ShareCephxRulesForCephFSNegativeTest:setUpClass): 200 GET http://10.27.203.238/identity/v3/roles 0.019s
2024-05-28 12:58:39.109 98691 INFO tempest.lib.common.rest_client [req-040d072e-2210-47dd-b4f8-9eaaa4cfa032 req-040d072e-2210-47dd-b4f8-9eaaa4cfa032 ] Request (ShareCephxRulesForCephFSNegativeTest:setUpClass): 204 PUT http://10.27.203.238/identity/v3/projects/aa65c35c7f4b4ef09eb79ff5afb5b3b6/users/500dc1e5dbef40b89cddabee2b44f283/roles/e7989893488f483baa107be56668c4f8 0.042s
2024-05-28 12:58:39.151 98691 INFO tempest.lib.common.rest_client [req-505dec22-76c1-4ec5-ad88-d6ddcc2116c2 req-505dec22-76c1-4ec5-ad88-d6ddcc2116c2 ] Request (ShareCephxRulesForCephFSNegativeTest:setUpClass): 200 GET http://10.27.203.238/identity/v3/roles 0.042s
2024-05-28 12:58:39.174 98691 INFO tempest.lib.common.rest_client [req-72752fc6-4f1a-47d0-ace6-9b051b26fb56 req-72752fc6-4f1a-47d0-ace6-9b051b26fb56 ] Request (ShareCephxRulesForCephFSNegativeTest:setUpClass): 204 PUT http://10.27.203.238/identity/v3/projects/aa65c35c7f4b4ef09eb79ff5afb5b3b6/users/500dc1e5dbef40b89cddabee2b44f283/roles/e7989893488f483baa107be56668c4f8 0.022s
2024-05-28 12:58:39.174 98691 INFO tempest.lib.common.dynamic_creds [-] Dynamic test user 500dc1e5dbef40b89cddabee2b44f283 is created with scope project and roles: ['admin']
2024-05-28 12:58:39.174 98691 INFO tempest.lib.common.dynamic_creds [-] Acquired dynamic creds: credentials: Credentials: {'domain_id': 'default', 'domain_name': 'Default', 'username': 'tempest-ShareCephxRulesForCephFSNegativeTest-1093541641-project-admin', 'project_domain_id': 'default', 'project_domain_name': 'Default', 'project_id': 'aa65c35c7f4b4ef09eb79ff5afb5b3b6', 'project_name': 'tempest-ShareCephxRulesForCephFSNegativeTest-1093541641', 'tenant_id': 'aa65c35c7f4b4ef09eb79ff5afb5b3b6', 'tenant_name': 'tempest-ShareCephxRulesForCephFSNegativeTest-1093541641', 'user_domain_id': 'default', 'user_domain_name': 'Default', 'user_id': '500dc1e5dbef40b89cddabee2b44f283', 'system': None}, Network: None, Subnet: None, Router: None
2024-05-28 12:58:39.174 98691 INFO tempest.lib.common.dynamic_creds [-] Created isolated network resources for: credentials: Credentials: {'domain_id': 'default', 'domain_name': 'Default', 'username': 'tempest-ShareCephxRulesForCephFSNegativeTest-1093541641-project-admin', 'project_domain_id': 'default', 'project_domain_name': 'Default', 'project_id': 'aa65c35c7f4b4ef09eb79ff5afb5b3b6', 'project_name': 'tempest-ShareCephxRulesForCephFSNegativeTest-1093541641', 'tenant_id': 'aa65c35c7f4b4ef09eb79ff5afb5b3b6', 'tenant_name': 'tempest-ShareCephxRulesForCephFSNegativeTest-1093541641', 'user_domain_id': 'default', 'user_domain_name': 'Default', 'user_id': '500dc1e5dbef40b89cddabee2b44f283', 'system': None}, Network: None, Subnet: None, Router: None
2024-05-28 12:58:39.260 98691 INFO tempest.lib.common.rest_client [req-2bc73a9f-beb0-43db-bb22-56d5c993b497 req-2bc73a9f-beb0-43db-bb22-56d5c993b497 ] Request (ShareCephxRulesForCephFSNegativeTest:setUpClass): 201 POST http://10.27.203.238/identity/v3/auth/tokens 0.085s
2024-05-28 12:58:39.289 98691 INFO tempest.lib.common.rest_client [req-b6edb22b-649d-4fa9-9786-0d7b0a71feac req-b6edb22b-649d-4fa9-9786-0d7b0a71feac ] Request (ShareCephxRulesForCephFSNegativeTest:setUpClass): 200 GET http://10.27.203.238/identity/v3/domains?name=Default 0.027s
2024-05-28 12:58:39.334 98691 INFO tempest.lib.common.rest_client [req-a0f774f0-4203-4a7d-a64b-9802753955ec req-a0f774f0-4203-4a7d-a64b-9802753955ec ] Request (ShareCephxRulesForCephFSNegativeTest:setUpClass): 201 POST http://10.27.203.238/identity/v3/users 0.044s
2024-05-28 12:58:39.355 98691 INFO tempest.lib.common.rest_client [req-96e84556-d871-46af-afe1-181784009a81 req-96e84556-d871-46af-afe1-181784009a81 ] Request (ShareCephxRulesForCephFSNegativeTest:setUpClass): 200 GET http://10.27.203.238/identity/v3/roles 0.020s
2024-05-28 12:58:39.395 98691 INFO tempest.lib.common.rest_client [req-e651478c-7047-47a7-a2f3-fe2915bc5f8d req-e651478c-7047-47a7-a2f3-fe2915bc5f8d ] Request (ShareCephxRulesForCephFSNegativeTest:setUpClass): 204 PUT http://10.27.203.238/identity/v3/projects/aa65c35c7f4b4ef09eb79ff5afb5b3b6/users/bd43e5d1c359462d807b6e8a8581fa73/roles/44620cad10ae407c90c91e2c296adb04 0.039s
2024-05-28 12:58:39.397 98691 INFO tempest.test [-] raised in ShareCephxRulesForCephFSNegativeTest.setUpClass. Invoking tearDownClass.
2024-05-28 12:58:39.471 98691 INFO tempest.lib.common.rest_client [req-24e866fd-3e1f-4131-90c2-e9f8f58903ff req-24e866fd-3e1f-4131-90c2-e9f8f58903ff ] Request (ShareCephxRulesForCephFSNegativeTest:tearDownClass): 404 DELETE http://10.27.203.238/identity/v3/users/14783f4fbce14880b4db4a628827607e 0.073s
2024-05-28 12:58:39.472 98691 ERROR manila_tempest_tests.tests.api.base [-] Suppressed cleanup error in Manila: Traceback (most recent call last): File "/opt/stack/tempest/tempest/test.py", line 184, in setUpClass cls.resource_setup()
File "/opt/stack/manila-tempest-plugin/manila_tempest_tests/tests/api/test_rules_negative.py", line 462, in resource_setup raise cls.skipException(msg) unittest.case.SkipTest: CEPHX rule tests for cephfs protocol are disabled During handling of the above exception, another exception occurred: Traceback (most recent call last): File "/opt/stack/manila-tempest-plugin/manila_tempest_tests/tests/api/base.py", line 1272, in clear_project_users cls.os_admin.creds_client.delete_user(user['id'])
File "/opt/stack/tempest/tempest/lib/common/cred_client.py", line 55, in delete_user self.users_client.delete_user(user_id)
File "/opt/stack/tempest/tempest/lib/services/identity/v3/users_client.py", line 104, in delete_user resp, body = self.delete("users/%s" % user_id)
File "/opt/stack/tempest/tempest/lib/common/rest_client.py", line 357, in delete return self.request('DELETE', url, extra_headers, headers, body)
File "/opt/stack/tempest/tempest/lib/common/rest_client.py", line 760, in request self._error_checker(resp, resp_body)
File "/opt/stack/tempest/tempest/lib/common/rest_client.py", line 870, in _error_checker raise exceptions.NotFound(resp_body, resp=resp) tempest.lib.exceptions.NotFound: Object not found Details: {'code': 404, 'message': 'Could not find user: 14783f4fbce14880b4db4a628827607e.', 'title': 'Not Found'} : tempest.lib.exceptions.NotFound: Object not found
2024-05-28 12:58:39.501 98691 INFO tempest.lib.common.rest_client [req-702619cb-8e0d-45cd-be57-6114e5e57f44 req-702619cb-8e0d-45cd-be57-6114e5e57f44 ] Request (ShareCephxRulesForCephFSNegativeTest:tearDownClass): 404 DELETE http://10.27.203.238/identity/v3/users/9eca355145fd413390b5efe7a0d95465 0.028s
2024-05-28 12:58:39.501 98691 ERROR manila_tempest_tests.tests.api.base [-] Suppressed cleanup error in Manila: Traceback (most recent call last): File "/opt/stack/tempest/tempest/test.py", line 184, in setUpClass cls.resource_setup()
File "/opt/stack/manila-tempest-plugin/manila_tempest_tests/tests/api/test_rules_negative.py", line 462, in resource_setup raise cls.skipException(msg) unittest.case.SkipTest: CEPHX rule tests for cephfs protocol are disabled During handling of the above exception, another exception occurred: Traceback (most recent call last): File "/opt/stack/manila-tempest-plugin/manila_tempest_tests/tests/api/base.py", line 1272, in clear_project_users cls.os_admin.creds_client.delete_user(user['id'])
File "/opt/stack/tempest/tempest/lib/common/cred_client.py", line 55, in delete_user self.users_client.delete_user(user_id)
File "/opt/stack/tempest/tempest/lib/services/identity/v3/users_client.py", line 104, in delete_user resp, body = self.delete("users/%s" % user_id)
File "/opt/stack/tempest/tempest/lib/common/rest_client.py", line 357, in delete return self.request('DELETE', url, extra_headers, headers, body)
File "/opt/stack/tempest/tempest/lib/common/rest_client.py", line 760, in request self._error_checker(resp, resp_body)
File "/opt/stack/tempest/tempest/lib/common/rest_client.py", line 870, in _error_checker raise exceptions.NotFound(resp_body, resp=resp) tempest.lib.exceptions.NotFound: Object not found Details: {'code': 404, 'message': 'Could not find user: 9eca355145fd413390b5efe7a0d95465.', 'title': 'Not Found'} : tempest.lib.exceptions.NotFound: Object not found
2024-05-28 12:58:39.530 98691 INFO tempest.lib.common.rest_client [req-ecfe5ef2-31c7-4633-b515-696cef73260f req-ecfe5ef2-31c7-4633-b515-696cef73260f ] Request (ShareCephxRulesForCephFSNegativeTest:tearDownClass): 404 DELETE http://10.27.203.238/identity/v3/users/91ab54ee09854b549923fb7671247f5c 0.028s
2024-05-28 12:58:39.530 98691 ERROR manila_tempest_tests.tests.api.base [-] Suppressed cleanup error in Manila: Traceback (most recent call last): File "/opt/stack/tempest/tempest/test.py", line 184, in setUpClass cls.resource_setup()
File "/opt/stack/manila-tempest-plugin/manila_tempest_tests/tests/api/test_rules_negative.py", line 462, in resource_setup raise cls.skipException(msg) unittest.case.SkipTest: CEPHX rule tests for cephfs protocol are disabled During handling of the above exception, another exception occurred: Traceback (most recent call last): File "/opt/stack/manila-tempest-plugin/manila_tempest_tests/tests/api/base.py", line 1272, in clear_project_users cls.os_admin.creds_client.delete_user(user['id'])
File "/opt/stack/tempest/tempest/lib/common/cred_client.py", line 55, in delete_user self.users_client.delete_user(user_id)
File "/opt/stack/tempest/tempest/lib/services/identity/v3/users_client.py", line 104, in delete_user resp, body = self.delete("users/%s" % user_id)
File "/opt/stack/tempest/tempest/lib/common/rest_client.py", line 357, in delete return self.request('DELETE', url, extra_headers, headers, body)
File "/opt/stack/tempest/tempest/lib/common/rest_client.py", line 760, in request self._error_checker(resp, resp_body)
File "/opt/stack/tempest/tempest/lib/common/rest_client.py", line 870, in _error_checker raise exceptions.NotFound(resp_body, resp=resp) tempest.lib.exceptions.NotFound: Object not found Details: {'code': 404, 'message': 'Could not find user: 91ab54ee09854b549923fb7671247f5c.', 'title': 'Not Found'} : tempest.lib.exceptions.NotFound: Object not found
2024-05-28 12:58:39.557 98691 INFO tempest.lib.common.rest_client [req-426819d5-4513-4603-bce2-623cd5a0e650 req-426819d5-4513-4603-bce2-623cd5a0e650 ] Request (ShareCephxRulesForCephFSNegativeTest:tearDownClass): 404 DELETE http://10.27.203.238/identity/v3/users/2889a927897c49bd92a0d1cfdf27e7f5 0.026s
2024-05-28 12:58:39.558 98691 ERROR manila_tempest_tests.tests.api.base [-] Suppressed cleanup error in Manila: Traceback (most recent call last): File "/opt/stack/tempest/tempest/test.py", line 184, in setUpClass cls.resource_setup()
File "/opt/stack/manila-tempest-plugin/manila_tempest_tests/tests/api/test_rules_negative.py", line 462, in resource_setup raise cls.skipException(msg) unittest.case.SkipTest: CEPHX rule tests for cephfs protocol are disabled During handling of the above exception, another exception occurred: Traceback (most recent call last): File "/opt/stack/manila-tempest-plugin/manila_tempest_tests/tests/api/base.py", line 1272, in clear_project_users cls.os_admin.creds_client.delete_user(user['id'])
File "/opt/stack/tempest/tempest/lib/common/cred_client.py", line 55, in delete_user self.users_client.delete_user(user_id)
File "/opt/stack/tempest/tempest/lib/services/identity/v3/users_client.py", line 104, in delete_user resp, body = self.delete("users/%s" % user_id)
File "/opt/stack/tempest/tempest/lib/common/rest_client.py", line 357, in delete return self.request('DELETE', url, extra_headers, headers, body)
File "/opt/stack/tempest/tempest/lib/common/rest_client.py", line 760, in request self._error_checker(resp, resp_body)
File "/opt/stack/tempest/tempest/lib/common/rest_client.py", line 870, in _error_checker raise exceptions.NotFound(resp_body, resp=resp) tempest.lib.exceptions.NotFound: Object not found Details: {'code': 404, 'message': 'Could not find user: 2889a927897c49bd92a0d1cfdf27e7f5.', 'title': 'Not Found'} : tempest.lib.exceptions.NotFound: Object not found
2024-05-28 12:58:39.665 98691 INFO tempest.lib.common.rest_client [req-1c60778e-4b7d-4c5e-90fc-904a5fe2c45e req-1c60778e-4b7d-4c5e-90fc-904a5fe2c45e ] Request (ShareCephxRulesForCephFSNegativeTest:tearDownClass): 204 DELETE http://10.27.203.238/identity/v3/users/bd43e5d1c359462d807b6e8a8581fa73 0.107s
2024-05-28 12:58:39.741 98689 INFO tempest.lib.common.rest_client [ req-1b2703d7-dd00-431e-8d2b-dd15d28ae2ca ] Request (PublicSharesTest:_run_cleanups): 200 GET http://10.27.203.238/share/v2/6d36e1eb1dbc449db6aca75b12a2ba18/shares/50dc60c2-08d1-4244-b4aa-f09b7789e32d 0.031s
2024-05-28 12:58:39.816 98691 INFO tempest.lib.common.rest_client [req-50cc06da-050d-423f-b72b-c7229805f2f1 req-50cc06da-050d-423f-b72b-c7229805f2f1 ] Request (ShareCephxRulesForCephFSNegativeTest:tearDownClass): 204 DELETE http://10.27.203.238/identity/v3/users/d357b32489a64877881655e37d5890c6 0.150s
2024-05-28 12:58:39.934 98691 INFO tempest.lib.common.rest_client [req-afaac265-30e7-4c76-b141-dc05b4eb6cde req-afaac265-30e7-4c76-b141-dc05b4eb6cde ] Request (ShareCephxRulesForCephFSNegativeTest:tearDownClass): 204 DELETE http://10.27.203.238/identity/v3/users/258f6dfafbbd41dfbe6203b1e09b1c49 0.118s
2024-05-28 12:58:40.068 98691 INFO tempest.lib.common.rest_client [req-11e6702e-c64e-439e-bbb0-92e872d92770 req-11e6702e-c64e-439e-bbb0-92e872d92770 ] Request (ShareCephxRulesForCephFSNegativeTest:tearDownClass): 204 DELETE http://10.27.203.238/identity/v3/users/500dc1e5dbef40b89cddabee2b44f283 0.133s
2024-05-28 12:58:40.068 98691 INFO tempest.lib.common.dynamic_creds [-] Deleting project and security group for project: a7bb97bbf59e4210bf09d9f3fb3183bb
2024-05-28 12:58:40.116 98691 INFO tempest.lib.common.rest_client [req-b68697f9-1321-48bd-a019-676cd6f970a5 req-b68697f9-1321-48bd-a019-676cd6f970a5 ] Request (ShareCephxRulesForCephFSNegativeTest:tearDownClass): 201 POST http://10.27.203.238/identity/v3/auth/tokens 0.047s
2024-05-28 12:58:40.201 98691 INFO tempest.lib.common.rest_client [req-60afa101-3a32-429e-a321-a2e9178f7a76 req-60afa101-3a32-429e-a321-a2e9178f7a76 ] Request (ShareCephxRulesForCephFSNegativeTest:tearDownClass): 200 GET http://10.27.203.238:9696/networking/v2.0/security-groups?tenant_id=a7bb97bbf59e4210bf09d9f3fb3183bb&name=default 0.085s
2024-05-28 12:58:40.326 98691 INFO tempest.lib.common.rest_client [req-da508e76-8731-4880-b7f0-1089e195f58a req-da508e76-8731-4880-b7f0-1089e195f58a ] Request (ShareCephxRulesForCephFSNegativeTest:tearDownClass): 204 DELETE http://10.27.203.238/identity/v3/projects/a7bb97bbf59e4210bf09d9f3fb3183bb 0.124s
2024-05-28 12:58:40.327 98691 INFO tempest.lib.common.dynamic_creds [-] Deleting project and security group for project: aa65c35c7f4b4ef09eb79ff5afb5b3b6
2024-05-28 12:58:40.340 98691 INFO tempest.lib.common.rest_client [req-f8496b25-718c-413b-ace1-d8f9c80c6ea9 req-f8496b25-718c-413b-ace1-d8f9c80c6ea9 ] Request (ShareCephxRulesForCephFSNegativeTest:tearDownClass): 200 GET http://10.27.203.238:9696/networking/v2.0/security-groups?tenant_id=aa65c35c7f4b4ef09eb79ff5afb5b3b6&name=default 0.013s
2024-05-28 12:58:40.479 98691 INFO tempest.lib.common.rest_client [req-ad28d072-cd95-409d-96c6-ede28fac507f req-ad28d072-cd95-409d-96c6-ede28fac507f ] Request (ShareCephxRulesForCephFSNegativeTest:tearDownClass): 204 DELETE http://10.27.203.238/identity/v3/projects/aa65c35c7f4b4ef09eb79ff5afb5b3b6 0.138s
2024-05-28 12:58:40.479 98691 INFO tempest.lib.common.dynamic_creds [-] Deleting project and security group for project: c68833028e534be787b6190315807f3c
2024-05-28 12:58:40.492 98691 INFO tempest.lib.common.rest_client [req-22bdadff-cf2e-4865-9535-36a63fb5eaac req-22bdadff-cf2e-4865-9535-36a63fb5eaac ] Request (ShareCephxRulesForCephFSNegativeTest:tearDownClass): 200 GET http://10.27.203.238:9696/networking/v2.0/security-groups?tenant_id=c68833028e534be787b6190315807f3c&name=default 0.013s
2024-05-28 12:58:40.651 98691 INFO tempest.lib.common.rest_client [req-b2f6b785-5447-49f4-b3a2-336d8409aabb req-b2f6b785-5447-49f4-b3a2-336d8409aabb ] Request (ShareCephxRulesForCephFSNegativeTest:tearDownClass): 204 DELETE http://10.27.203.238/identity/v3/projects/c68833028e534be787b6190315807f3c 0.159s
2024-05-28 12:58:40.678 98691 INFO tempest.lib.common.rest_client [req-99e98a73-dbe4-4bb8-ac38-adf14b45f439 req-99e98a73-dbe4-4bb8-ac38-adf14b45f439 ] Request (ShareIpRulesForNFSNegativeTest:setUpClass): 201 POST http://10.27.203.238/identity/v3/auth/tokens 0.023s
2024-05-28 12:58:40.727 98691 INFO tempest.lib.common.rest_client [req-70c2465e-6705-4d52-8584-9946e7098d29 req-70c2465e-6705-4d52-8584-9946e7098d29 ] Request (ShareIpRulesForNFSNegativeTest:setUpClass): 201 POST http://10.27.203.238/identity/v3/auth/tokens 0.046s
2024-05-28 12:58:40.756 98691 INFO tempest.lib.common.rest_client [req-9971c054-1f9a-4c6d-a799-db979726fe00 req-9971c054-1f9a-4c6d-a799-db979726fe00 ] Request (ShareIpRulesForNFSNegativeTest:setUpClass): 200 GET http://10.27.203.238/identity/v3/domains?name=Default 0.028s
2024-05-28 12:58:40.795 98691 INFO tempest.lib.common.rest_client [req-f984cb7f-8c99-463c-a48f-36fe8222b9a1 req-f984cb7f-8c99-463c-a48f-36fe8222b9a1 ] Request (ShareIpRulesForNFSNegativeTest:setUpClass): 201 POST http://10.27.203.238/identity/v3/projects 0.038s
2024-05-28 12:58:40.860 98691 INFO tempest.lib.common.rest_client [req-1ca71ed3-0b1c-49f4-b919-0b854367249a req-1ca71ed3-0b1c-49f4-b919-0b854367249a ] Request (ShareIpRulesForNFSNegativeTest:setUpClass): 201 POST http://10.27.203.238/identity/v3/users 0.063s
2024-05-28 12:58:40.879 98691 INFO tempest.lib.common.rest_client [req-41568b26-eec1-4cdc-977e-0919d95973c5 req-41568b26-eec1-4cdc-977e-0919d95973c5 ] Request (ShareIpRulesForNFSNegativeTest:setUpClass): 200 GET http://10.27.203.238/identity/v3/roles 0.019s
2024-05-28 12:58:40.922 98691 INFO tempest.lib.common.rest_client [req-ac1853db-c4d6-4d20-9c59-2c844a1f5531 req-ac1853db-c4d6-4d20-9c59-2c844a1f5531 ] Request (ShareIpRulesForNFSNegativeTest:setUpClass): 204 PUT http://10.27.203.238/identity/v3/projects/7890e9d8a78c49a0bb9af26ec5dd4646/users/e65e0f7c2ec4409e8ee189360165f84e/roles/44620cad10ae407c90c91e2c296adb04 0.042s
2024-05-28 12:58:40.922 98691 INFO tempest.lib.common.dynamic_creds [-] Dynamic test user e65e0f7c2ec4409e8ee189360165f84e is created with scope project and roles: ['member']
2024-05-28 12:58:40.923 98691 INFO tempest.lib.common.dynamic_creds [-] Acquired dynamic creds: credentials: Credentials: {'domain_id': 'default', 'domain_name': 'Default', 'username': 'tempest-ShareIpRulesForNFSNegativeTest-1514344441-project-member', 'project_domain_id': 'default', 'project_domain_name': 'Default', 'project_id': '7890e9d8a78c49a0bb9af26ec5dd4646', 'project_name': 'tempest-ShareIpRulesForNFSNegativeTest-1514344441', 'tenant_id': '7890e9d8a78c49a0bb9af26ec5dd4646', 'tenant_name': 'tempest-ShareIpRulesForNFSNegativeTest-1514344441', 'user_domain_id': 'default', 'user_domain_name': 'Default', 'user_id': 'e65e0f7c2ec4409e8ee189360165f84e', 'system': None}, Network: None, Subnet: None, Router: None
2024-05-28 12:58:40.923 98691 INFO tempest.lib.common.dynamic_creds [-] Created isolated network resources for: credentials: Credentials: {'domain_id': 'default', 'domain_name': 'Default', 'username': 'tempest-ShareIpRulesForNFSNegativeTest-1514344441-project-member', 'project_domain_id': 'default', 'project_domain_name': 'Default', 'project_id': '7890e9d8a78c49a0bb9af26ec5dd4646', 'project_name': 'tempest-ShareIpRulesForNFSNegativeTest-1514344441', 'tenant_id': '7890e9d8a78c49a0bb9af26ec5dd4646', 'tenant_name': 'tempest-ShareIpRulesForNFSNegativeTest-1514344441', 'user_domain_id': 'default', 'user_domain_name': 'Default', 'user_id': 'e65e0f7c2ec4409e8ee189360165f84e', 'system': None}, Network: None, Subnet: None, Router: None
2024-05-28 12:58:40.999 98691 INFO tempest.lib.common.rest_client [req-40cba21f-e7ed-4185-a95c-1bda4468e322 req-40cba21f-e7ed-4185-a95c-1bda4468e322 ] Request (ShareIpRulesForNFSNegativeTest:setUpClass): 201 POST http://10.27.203.238/identity/v3/auth/tokens 0.075s
2024-05-28 12:58:41.035 98693 INFO tempest.lib.common.rest_client [ req-992150f2-49cc-4233-bb08-58bd0af393f7 ] Request (AdminActionsTest:tearDownClass): 200 GET http://10.27.203.238/share/v2/a3499cb78849424db45e54caac01de92/shares/df0ea844-5fc1-4d04-8afb-5048ec5dc33f 0.028s
2024-05-28 12:58:41.062 98691 INFO tempest.lib.common.rest_client [req-62cdfede-93cb-473c-97c0-a78143b0442d req-62cdfede-93cb-473c-97c0-a78143b0442d ] Request (ShareIpRulesForNFSNegativeTest:setUpClass): 201 POST http://10.27.203.238/identity/v3/projects 0.062s
2024-05-28 12:58:41.088 98695 INFO tempest.lib.common.rest_client [ req-9f98241d-caff-42ca-8089-9cbd7766ddf0 ] Request (SharesMetadataTest:test_set_metadata_not_delete_pre_metadata): 200 GET http://10.27.203.238/share/v2/698d6c02a1cc4bf2b16302eb8a31bc26/shares/0e9e1ee3-c7cc-4239-bc5b-cace9d44e641 0.032s
2024-05-28 12:58:41.125 98691 INFO tempest.lib.common.rest_client [req-df4310ff-8d96-41ce-ba31-7433cfa71362 req-df4310ff-8d96-41ce-ba31-7433cfa71362 ] Request (ShareIpRulesForNFSNegativeTest:setUpClass): 201 POST http://10.27.203.238/identity/v3/users 0.062s
2024-05-28 12:58:41.146 98691 INFO tempest.lib.common.rest_client [req-69732ca2-ccc1-4301-85f1-30964f3dc575 req-69732ca2-ccc1-4301-85f1-30964f3dc575 ] Request (ShareIpRulesForNFSNegativeTest:setUpClass): 200 GET http://10.27.203.238/identity/v3/roles 0.020s
2024-05-28 12:58:41.186 98691 INFO tempest.lib.common.rest_client [req-cd94f689-62d6-4df9-bdb5-064e62afcdb2 req-cd94f689-62d6-4df9-bdb5-064e62afcdb2 ] Request (ShareIpRulesForNFSNegativeTest:setUpClass): 204 PUT http://10.27.203.238/identity/v3/projects/211270827a6144e49c856696ee8f6eba/users/3e48f2d8cc2748adbed1aedb6a5f8093/roles/44620cad10ae407c90c91e2c296adb04 0.039s
2024-05-28 12:58:41.186 98691 INFO tempest.lib.common.dynamic_creds [-] Dynamic test user 3e48f2d8cc2748adbed1aedb6a5f8093 is created with scope project and roles: ['member']
2024-05-28 12:58:41.186 98691 INFO tempest.lib.common.dynamic_creds [-] Acquired dynamic creds: credentials: Credentials: {'domain_id': 'default', 'domain_name': 'Default', 'username': 'tempest-ShareIpRulesForNFSNegativeTest-603220005-project-member', 'project_domain_id': 'default', 'project_domain_name': 'Default', 'project_id': '211270827a6144e49c856696ee8f6eba', 'project_name': 'tempest-ShareIpRulesForNFSNegativeTest-603220005', 'tenant_id': '211270827a6144e49c856696ee8f6eba', 'tenant_name': 'tempest-ShareIpRulesForNFSNegativeTest-603220005', 'user_domain_id': 'default', 'user_domain_name': 'Default', 'user_id': '3e48f2d8cc2748adbed1aedb6a5f8093', 'system': None}, Network: None, Subnet: None, Router: None
2024-05-28 12:58:41.187 98691 INFO tempest.lib.common.dynamic_creds [-] Created isolated network resources for: credentials: Credentials: {'domain_id': 'default', 'domain_name': 'Default', 'username': 'tempest-ShareIpRulesForNFSNegativeTest-603220005-project-member', 'project_domain_id': 'default', 'project_domain_name': 'Default', 'project_id': '211270827a6144e49c856696ee8f6eba', 'project_name': 'tempest-ShareIpRulesForNFSNegativeTest-603220005', 'tenant_id': '211270827a6144e49c856696ee8f6eba', 'tenant_name': 'tempest-ShareIpRulesForNFSNegativeTest-603220005', 'user_domain_id': 'default', 'user_domain_name': 'Default', 'user_id': '3e48f2d8cc2748adbed1aedb6a5f8093', 'system': None}, Network: None, Subnet: None, Router: None
2024-05-28 12:58:41.219 98687 INFO tempest.lib.common.rest_client [ req-870e17e8-0509-4cee-a036-df9d1ff507b8 ] Request (ShareIpRulesForNFSTest:test_create_delete_access_rules_with_one_ip): 200 POST http://10.27.203.238/share/v2/776f75906bc64f8f9316d5aab4b50bf1/shares/1ddadc17-cf10-4a42-8bbd-8335fb3520a1/action 0.044s
2024-05-28 12:58:41.264 98691 INFO tempest.lib.common.rest_client [req-2241da2c-f723-48fd-8fa3-1470f92ca8a4 req-2241da2c-f723-48fd-8fa3-1470f92ca8a4 ] Request (ShareIpRulesForNFSNegativeTest:setUpClass): 201 POST http://10.27.203.238/identity/v3/auth/tokens 0.076s
2024-05-28 12:58:41.359 98691 INFO tempest.lib.common.rest_client [req-6c4f5b10-2833-4590-811c-83a140ec7984 req-6c4f5b10-2833-4590-811c-83a140ec7984 ] Request (ShareIpRulesForNFSNegativeTest:setUpClass): 201 POST http://10.27.203.238/identity/v3/projects 0.094s
2024-05-28 12:58:41.430 98691 INFO tempest.lib.common.rest_client [req-f0c8f942-9dbd-4592-a737-38e42ce8b3cd req-f0c8f942-9dbd-4592-a737-38e42ce8b3cd ] Request (ShareIpRulesForNFSNegativeTest:setUpClass): 201 POST http://10.27.203.238/identity/v3/users 0.069s
2024-05-28 12:58:41.451 98691 INFO tempest.lib.common.rest_client [req-99d444d9-666b-4893-a5ff-a9563c050f4d req-99d444d9-666b-4893-a5ff-a9563c050f4d ] Request (ShareIpRulesForNFSNegativeTest:setUpClass): 200 GET http://10.27.203.238/identity/v3/roles 0.020s
2024-05-28 12:58:41.501 98691 INFO tempest.lib.common.rest_client [req-997f35e0-3c82-4b98-94fe-ad71ebe40549 req-997f35e0-3c82-4b98-94fe-ad71ebe40549 ] Request (ShareIpRulesForNFSNegativeTest:setUpClass): 204 PUT http://10.27.203.238/identity/v3/projects/8f81d1d8d7c946e8aa46d6e3e510424c/users/7640802a4c39457089742b080e6c98b9/roles/e7989893488f483baa107be56668c4f8 0.049s
2024-05-28 12:58:41.558 98691 INFO tempest.lib.common.rest_client [req-41dab2cd-b4d5-4513-b2b9-9ba20eb6035b req-41dab2cd-b4d5-4513-b2b9-9ba20eb6035b ] Request (ShareIpRulesForNFSNegativeTest:setUpClass): 200 GET http://10.27.203.238/identity/v3/roles 0.056s
2024-05-28 12:58:41.582 98691 INFO tempest.lib.common.rest_client [req-351e93bb-7a9b-4c77-8f6d-254565886f91 req-351e93bb-7a9b-4c77-8f6d-254565886f91 ] Request (ShareIpRulesForNFSNegativeTest:setUpClass): 204 PUT http://10.27.203.238/identity/v3/projects/8f81d1d8d7c946e8aa46d6e3e510424c/users/7640802a4c39457089742b080e6c98b9/roles/e7989893488f483baa107be56668c4f8 0.024s
2024-05-28 12:58:41.583 98691 INFO tempest.lib.common.dynamic_creds [-] Dynamic test user 7640802a4c39457089742b080e6c98b9 is created with scope project and roles: ['admin']
2024-05-28 12:58:41.583 98691 INFO tempest.lib.common.dynamic_creds [-] Acquired dynamic creds: credentials: Credentials: {'domain_id': 'default', 'domain_name': 'Default', 'username': 'tempest-ShareIpRulesForNFSNegativeTest-700172924-project-admin', 'project_domain_id': 'default', 'project_domain_name': 'Default', 'project_id': '8f81d1d8d7c946e8aa46d6e3e510424c', 'project_name': 'tempest-ShareIpRulesForNFSNegativeTest-700172924', 'tenant_id': '8f81d1d8d7c946e8aa46d6e3e510424c', 'tenant_name': 'tempest-ShareIpRulesForNFSNegativeTest-700172924', 'user_domain_id': 'default', 'user_domain_name': 'Default', 'user_id': '7640802a4c39457089742b080e6c98b9', 'system': None}, Network: None, Subnet: None, Router: None
2024-05-28 12:58:41.583 98691 INFO tempest.lib.common.dynamic_creds [-] Created isolated network resources for: credentials: Credentials: {'domain_id': 'default', 'domain_name': 'Default', 'username': 'tempest-ShareIpRulesForNFSNegativeTest-700172924-project-admin', 'project_domain_id': 'default', 'project_domain_name': 'Default', 'project_id': '8f81d1d8d7c946e8aa46d6e3e510424c', 'project_name': 'tempest-ShareIpRulesForNFSNegativeTest-700172924', 'tenant_id': '8f81d1d8d7c946e8aa46d6e3e510424c', 'tenant_name': 'tempest-ShareIpRulesForNFSNegativeTest-700172924', 'user_domain_id': 'default', 'user_domain_name': 'Default', 'user_id': '7640802a4c39457089742b080e6c98b9', 'system': None}, Network: None, Subnet: None, Router: None
2024-05-28 12:58:41.688 98691 INFO tempest.lib.common.rest_client [req-8913c07c-9c09-4ac1-a448-7d9e30fcfb70 req-8913c07c-9c09-4ac1-a448-7d9e30fcfb70 ] Request (ShareIpRulesForNFSNegativeTest:setUpClass): 201 POST http://10.27.203.238/identity/v3/auth/tokens 0.104s
2024-05-28 12:58:41.711 98687 INFO tempest.lib.common.rest_client [ req-81107929-f5d0-46a8-a59a-037b8cd77d13 ] Request (ShareIpRulesForNFSTest:_run_cleanups): 202 POST http://10.27.203.238/share/v2/776f75906bc64f8f9316d5aab4b50bf1/shares/1ddadc17-cf10-4a42-8bbd-8335fb3520a1/action 0.491s
2024-05-28 12:58:41.724 98691 INFO tempest.lib.common.rest_client [req-9ee46a7c-a723-4c69-aab8-23f5c1e784e1 req-9ee46a7c-a723-4c69-aab8-23f5c1e784e1 ] Request (ShareIpRulesForNFSNegativeTest:setUpClass): 200 GET http://10.27.203.238/identity/v3/domains?name=Default 0.035s
2024-05-28 12:58:41.765 98691 INFO tempest.lib.common.rest_client [req-029da9d7-03eb-4c61-91c0-d2ff99b6d3b3 req-029da9d7-03eb-4c61-91c0-d2ff99b6d3b3 ] Request (ShareIpRulesForNFSNegativeTest:setUpClass): 201 POST http://10.27.203.238/identity/v3/users 0.040s
2024-05-28 12:58:41.770 98687 INFO tempest.lib.common.rest_client [ req-82eda478-64b0-4045-aeb6-9137a71c69be ] Request (ShareIpRulesForNFSTest:_run_cleanups): 200 GET http://10.27.203.238/share/v2/776f75906bc64f8f9316d5aab4b50bf1/share-access-rules?share_id=1ddadc17-cf10-4a42-8bbd-8335fb3520a1 0.058s
2024-05-28 12:58:41.786 98691 INFO tempest.lib.common.rest_client [req-1c5669c3-47c8-44b0-b6d6-82578d471016 req-1c5669c3-47c8-44b0-b6d6-82578d471016 ] Request (ShareIpRulesForNFSNegativeTest:setUpClass): 200 GET http://10.27.203.238/identity/v3/roles 0.020s
2024-05-28 12:58:41.831 98691 INFO tempest.lib.common.rest_client [req-4c8aee82-226c-48fe-80e4-6cd7954d1ac3 req-4c8aee82-226c-48fe-80e4-6cd7954d1ac3 ] Request (ShareIpRulesForNFSNegativeTest:setUpClass): 204 PUT http://10.27.203.238/identity/v3/projects/8f81d1d8d7c946e8aa46d6e3e510424c/users/18c7667276334e98bdd11d2b9d1875cc/roles/44620cad10ae407c90c91e2c296adb04 0.045s
2024-05-28 12:58:42.004 98691 INFO tempest.lib.common.rest_client [ req-264133f9-4193-4cb2-a551-8b0609af2f80 ] Request (ShareIpRulesForNFSNegativeTest:setUpClass): 200 POST http://10.27.203.238/share/v2/8f81d1d8d7c946e8aa46d6e3e510424c/types 0.171s
2024-05-28 12:58:42.509 98691 INFO tempest.lib.common.rest_client [ req-7eab10f5-e18a-4db8-9715-0f60c7d684a3 ] Request (ShareIpRulesForNFSNegativeTest:setUpClass): 200 POST http://10.27.203.238/share/v2/7890e9d8a78c49a0bb9af26ec5dd4646/shares 0.504s
2024-05-28 12:58:42.538 98691 INFO tempest.lib.common.rest_client [ req-9be136c0-de0d-41d1-b9cb-507cebda1b88 ] Request (ShareIpRulesForNFSNegativeTest:setUpClass): 200 GET http://10.27.203.238/share/v2/7890e9d8a78c49a0bb9af26ec5dd4646/shares/72db8769-ece7-42ff-af27-2e778292a9b4 0.028s
2024-05-28 12:58:42.760 98689 INFO tempest.lib.common.rest_client [ req-17e12e83-a89f-4479-9c99-7e61112097dc ] Request (PublicSharesTest:_run_cleanups): 404 GET http://10.27.203.238/share/v2/6d36e1eb1dbc449db6aca75b12a2ba18/shares/50dc60c2-08d1-4244-b4aa-f09b7789e32d 0.015s
2024-05-28 12:58:42.776 98689 INFO tempest.lib.common.rest_client [ req-1fc9b9d5-2dee-49eb-a5cf-c8e1f39d7a16 ] Request (PublicSharesTest:_run_cleanups): 200 GET http://10.27.203.238/share/v2/6d36e1eb1dbc449db6aca75b12a2ba18/share-replicas/detail?share_id=5a92a994-03f1-4598-b3f6-70280cf0a971 0.015s
2024-05-28 12:58:42.911 98689 INFO tempest.lib.common.rest_client [ req-85276a66-ca07-4f3f-9343-a3bbc69f06a5 ] Request (PublicSharesTest:_run_cleanups): 202 DELETE http://10.27.203.238/share/v2/8ee1466a8fe242afa8e0d0378840bfc1/shares/5a92a994-03f1-4598-b3f6-70280cf0a971 0.134s
2024-05-28 12:58:42.940 98689 INFO tempest.lib.common.rest_client [ req-d0e57173-e20e-46e1-9fe0-5abafd1f659f ] Request (PublicSharesTest:_run_cleanups): 200 GET http://10.27.203.238/share/v2/8ee1466a8fe242afa8e0d0378840bfc1/shares/5a92a994-03f1-4598-b3f6-70280cf0a971 0.028s
2024-05-28 12:58:44.067 98693 INFO tempest.lib.common.rest_client [ req-995e9600-f2b7-4093-a207-ef53a72730b1 ] Request (AdminActionsTest:tearDownClass): 200 GET http://10.27.203.238/share/v2/a3499cb78849424db45e54caac01de92/shares/df0ea844-5fc1-4d04-8afb-5048ec5dc33f 0.028s
2024-05-28 12:58:44.119 98695 INFO tempest.lib.common.rest_client [ req-67c924d1-2ad3-43cb-840f-df5eef1482db ] Request (SharesMetadataTest:test_set_metadata_not_delete_pre_metadata): 200 GET http://10.27.203.238/share/v2/698d6c02a1cc4bf2b16302eb8a31bc26/shares/0e9e1ee3-c7cc-4239-bc5b-cace9d44e641 0.028s
2024-05-28 12:58:44.213 98695 INFO tempest.lib.common.rest_client [ req-5d8944a5-452b-41ac-acd2-583e8d9b587a ] Request (SharesMetadataTest:test_set_metadata_not_delete_pre_metadata): 200 POST http://10.27.203.238/share/v2/698d6c02a1cc4bf2b16302eb8a31bc26/shares/0e9e1ee3-c7cc-4239-bc5b-cace9d44e641/metadata 0.093s
2024-05-28 12:58:44.302 98695 INFO tempest.lib.common.rest_client [ req-a7d7f845-39e0-4658-9d36-e5d056914cfa ] Request (SharesMetadataTest:test_set_metadata_not_delete_pre_metadata): 200 GET http://10.27.203.238/share/v2/698d6c02a1cc4bf2b16302eb8a31bc26/shares/0e9e1ee3-c7cc-4239-bc5b-cace9d44e641/metadata/key9 0.088s
2024-05-28 12:58:44.387 98695 INFO tempest.lib.common.rest_client [ req-7f5fbd53-dd21-4229-8c6f-b5188341dd4b ] Request (SharesMetadataTest:test_set_metadata_not_delete_pre_metadata): 200 GET http://10.27.203.238/share/v2/698d6c02a1cc4bf2b16302eb8a31bc26/shares/0e9e1ee3-c7cc-4239-bc5b-cace9d44e641/metadata/key10 0.084s
2024-05-28 12:58:44.538 98695 INFO tempest.lib.common.rest_client [ req-0ecbe01a-42ed-4026-9630-925468fcc3e7 ] Request (SharesMetadataTest:test_set_metadata_not_delete_pre_metadata): 200 POST http://10.27.203.238/share/v2/698d6c02a1cc4bf2b16302eb8a31bc26/shares/0e9e1ee3-c7cc-4239-bc5b-cace9d44e641/metadata 0.150s
2024-05-28 12:58:44.618 98695 INFO tempest.lib.common.rest_client [ req-ee26caa9-6c6a-4f68-908b-d4f4642a4cff ] Request (SharesMetadataTest:test_set_metadata_not_delete_pre_metadata): 200 GET http://10.27.203.238/share/v2/698d6c02a1cc4bf2b16302eb8a31bc26/shares/0e9e1ee3-c7cc-4239-bc5b-cace9d44e641/metadata/key9 0.079s
2024-05-28 12:58:44.684 98695 INFO tempest.lib.common.rest_client [ req-b76b89a8-aab5-4dd2-b18d-b51041b79e7f ] Request (SharesMetadataTest:test_set_metadata_not_delete_pre_metadata): 200 GET http://10.27.203.238/share/v2/698d6c02a1cc4bf2b16302eb8a31bc26/shares/0e9e1ee3-c7cc-4239-bc5b-cace9d44e641/metadata/key10 0.066s
2024-05-28 12:58:44.757 98695 INFO tempest.lib.common.rest_client [ req-a5297c8f-9053-4089-b4c5-75a9d692f113 ] Request (SharesMetadataTest:test_set_metadata_not_delete_pre_metadata): 200 GET http://10.27.203.238/share/v2/698d6c02a1cc4bf2b16302eb8a31bc26/shares/0e9e1ee3-c7cc-4239-bc5b-cace9d44e641/metadata/key11 0.072s
2024-05-28 12:58:44.806 98687 INFO tempest.lib.common.rest_client [ req-0b62cbc9-b491-4737-b021-c5b937004faa ] Request (ShareIpRulesForNFSTest:_run_cleanups): 200 GET http://10.27.203.238/share/v2/776f75906bc64f8f9316d5aab4b50bf1/share-access-rules?share_id=1ddadc17-cf10-4a42-8bbd-8335fb3520a1 0.033s
2024-05-28 12:58:44.825 98695 INFO tempest.lib.common.rest_client [ req-24797cfa-948f-4b9c-a5b7-a6a294dea5af ] Request (SharesMetadataTest:test_set_metadata_not_delete_pre_metadata): 200 GET http://10.27.203.238/share/v2/698d6c02a1cc4bf2b16302eb8a31bc26/shares/0e9e1ee3-c7cc-4239-bc5b-cace9d44e641/metadata/key12 0.067s
2024-05-28 12:58:44.921 98687 INFO tempest.lib.common.rest_client [ req-150312d6-9c3e-4d89-8a71-2c30b6e42111 ] Request (ShareIpRulesForNFSTest:test_create_delete_access_rules_with_one_ip): 200 POST http://10.27.203.238/share/v2/776f75906bc64f8f9316d5aab4b50bf1/shares/1ddadc17-cf10-4a42-8bbd-8335fb3520a1/action 0.113s
2024-05-28 12:58:44.926 98695 INFO tempest.lib.common.rest_client [ req-10c6488e-6e52-4bb2-92ff-8ba35abaed0a ] Request (SharesMetadataTest:test_set_metadata_not_delete_pre_metadata): 200 DELETE http://10.27.203.238/share/v2/698d6c02a1cc4bf2b16302eb8a31bc26/shares/0e9e1ee3-c7cc-4239-bc5b-cace9d44e641/metadata/key9 0.101s
2024-05-28 12:58:44.982 98687 INFO tempest.lib.common.rest_client [ req-75f0204d-986f-4d59-ba1c-e3ca5e49ed92 ] Request (ShareIpRulesForNFSTest:test_create_delete_access_rules_with_one_ip): 200 GET http://10.27.203.238/share/v2/776f75906bc64f8f9316d5aab4b50bf1/share-access-rules?share_id=1ddadc17-cf10-4a42-8bbd-8335fb3520a1 0.060s
2024-05-28 12:58:45.028 98695 INFO tempest.lib.common.rest_client [ req-d0f13f91-70d8-4a1a-82db-261c571bb798 ] Request (SharesMetadataTest:test_set_metadata_not_delete_pre_metadata): 200 DELETE http://10.27.203.238/share/v2/698d6c02a1cc4bf2b16302eb8a31bc26/shares/0e9e1ee3-c7cc-4239-bc5b-cace9d44e641/metadata/key10 0.101s
2024-05-28 12:58:45.125 98695 INFO tempest.lib.common.rest_client [ req-7e5b9640-ba86-4fed-9888-fcec027101a9 ] Request (SharesMetadataTest:test_set_metadata_not_delete_pre_metadata): 200 DELETE http://10.27.203.238/share/v2/698d6c02a1cc4bf2b16302eb8a31bc26/shares/0e9e1ee3-c7cc-4239-bc5b-cace9d44e641/metadata/key11 0.097s
2024-05-28 12:58:45.219 98695 INFO tempest.lib.common.rest_client [ req-82d3ea05-8b49-41c2-b22c-5e42f5d0d3c3 ] Request (SharesMetadataTest:test_set_metadata_not_delete_pre_metadata): 200 DELETE http://10.27.203.238/share/v2/698d6c02a1cc4bf2b16302eb8a31bc26/shares/0e9e1ee3-c7cc-4239-bc5b-cace9d44e641/metadata/key12 0.093s
2024-05-28 12:58:45.272 98695 INFO tempest.lib.common.rest_client [ req-5b0f1ea0-b690-45dd-bbdd-b570fbccca5a ] Request (SharesMetadataTest:test_set_metadata_not_delete_pre_metadata): 200 GET http://10.27.203.238/share/v2/698d6c02a1cc4bf2b16302eb8a31bc26/shares/0e9e1ee3-c7cc-4239-bc5b-cace9d44e641/metadata 0.053s
2024-05-28 12:58:45.290 98695 INFO tempest.lib.common.rest_client [ req-76386251-cb6e-493a-9cab-c63988a6b874 ] Request (SharesMetadataTest:_run_cleanups): 200 GET http://10.27.203.238/share/v2/698d6c02a1cc4bf2b16302eb8a31bc26/share-replicas/detail?share_id=0e9e1ee3-c7cc-4239-bc5b-cace9d44e641 0.016s
2024-05-28 12:58:45.423 98695 INFO tempest.lib.common.rest_client [ req-26a97202-0bdc-48c2-b1a1-828e0350b6b1 ] Request (SharesMetadataTest:_run_cleanups): 202 DELETE http://10.27.203.238/share/v2/698d6c02a1cc4bf2b16302eb8a31bc26/shares/0e9e1ee3-c7cc-4239-bc5b-cace9d44e641 0.133s
2024-05-28 12:58:45.452 98695 INFO tempest.lib.common.rest_client [ req-f8e125c1-584d-4f66-9e2b-b6e26464e128 ] Request (SharesMetadataTest:_run_cleanups): 200 GET http://10.27.203.238/share/v2/698d6c02a1cc4bf2b16302eb8a31bc26/shares/0e9e1ee3-c7cc-4239-bc5b-cace9d44e641 0.028s
2024-05-28 12:58:45.572 98691 INFO tempest.lib.common.rest_client [ req-fd5eb400-68f4-49f2-bbd6-410615cf9b9e ] Request (ShareIpRulesForNFSNegativeTest:setUpClass): 200 GET http://10.27.203.238/share/v2/7890e9d8a78c49a0bb9af26ec5dd4646/shares/72db8769-ece7-42ff-af27-2e778292a9b4 0.031s
2024-05-28 12:58:45.972 98689 INFO tempest.lib.common.rest_client [ req-e10243cd-7627-4c6a-85c0-6001f2619759 ] Request (PublicSharesTest:_run_cleanups): 200 GET http://10.27.203.238/share/v2/8ee1466a8fe242afa8e0d0378840bfc1/shares/5a92a994-03f1-4598-b3f6-70280cf0a971 0.028s
2024-05-28 12:58:47.090 98693 INFO tempest.lib.common.rest_client [ req-04a9be33-c1c0-4097-bc75-3a46b91653d6 ] Request (AdminActionsTest:tearDownClass): 404 GET http://10.27.203.238/share/v2/a3499cb78849424db45e54caac01de92/shares/df0ea844-5fc1-4d04-8afb-5048ec5dc33f 0.019s
2024-05-28 12:58:47.162 98693 INFO tempest.lib.common.rest_client [ req-9545958b-d016-4207-ba7c-5f8919279bd7 ] Request (AdminActionsTest:tearDownClass): 202 DELETE http://10.27.203.238/share/v2/a3499cb78849424db45e54caac01de92/types/ed6e3c4a-7505-47e7-9c77-78267ba93d85 0.071s
2024-05-28 12:58:47.180 98693 INFO tempest.lib.common.rest_client [ req-a1a5a6b2-0626-421c-92ac-7614bc8497e4 ] Request (AdminActionsTest:tearDownClass): 404 GET http://10.27.203.238/share/v2/a3499cb78849424db45e54caac01de92/types/ed6e3c4a-7505-47e7-9c77-78267ba93d85 0.017s
2024-05-28 12:58:47.332 98693 INFO tempest.lib.common.rest_client [req-8ddc9194-c275-4da2-a117-07667f44723f req-8ddc9194-c275-4da2-a117-07667f44723f ] Request (AdminActionsTest:tearDownClass): 204 DELETE http://10.27.203.238/identity/v3/users/45c250a71fab4a03be12a8532abf88a1 0.151s
2024-05-28 12:58:47.333 98693 INFO tempest.lib.common.dynamic_creds [-] Deleting project and security group for project: a3499cb78849424db45e54caac01de92
2024-05-28 12:58:47.380 98693 INFO tempest.lib.common.rest_client [req-27b729a5-282e-4e2b-8ac7-8fb4eb899d8c req-27b729a5-282e-4e2b-8ac7-8fb4eb899d8c ] Request (AdminActionsTest:tearDownClass): 201 POST http://10.27.203.238/identity/v3/auth/tokens 0.046s
2024-05-28 12:58:47.464 98693 INFO tempest.lib.common.rest_client [req-c24ce560-0836-4336-9e06-5aaf17df8cc0 req-c24ce560-0836-4336-9e06-5aaf17df8cc0 ] Request (AdminActionsTest:tearDownClass): 200 GET http://10.27.203.238:9696/networking/v2.0/security-groups?tenant_id=a3499cb78849424db45e54caac01de92&name=default 0.084s
2024-05-28 12:58:47.556 98693 INFO tempest.lib.common.rest_client [req-1e27042c-c4ad-4dae-a8d8-b5561f67d8e3 req-1e27042c-c4ad-4dae-a8d8-b5561f67d8e3 ] Request (AdminActionsTest:tearDownClass): 204 DELETE http://10.27.203.238/identity/v3/projects/a3499cb78849424db45e54caac01de92 0.090s
2024-05-28 12:58:47.556 98693 INFO tempest.test [-] raised in ReplicationAdminTest.setUpClass. Invoking tearDownClass.
2024-05-28 12:58:47.580 98693 INFO tempest.lib.common.rest_client [req-02c17e5b-489a-4ba7-98da-d91b068fb0bd req-02c17e5b-489a-4ba7-98da-d91b068fb0bd ] Request (SchedulerStatsAdminTest:setUpClass): 201 POST http://10.27.203.238/identity/v3/auth/tokens 0.022s
2024-05-28 12:58:47.629 98693 INFO tempest.lib.common.rest_client [req-99a6ea46-4606-4106-a6f3-6444841bca76 req-99a6ea46-4606-4106-a6f3-6444841bca76 ] Request (SchedulerStatsAdminTest:setUpClass): 201 POST http://10.27.203.238/identity/v3/auth/tokens 0.045s
2024-05-28 12:58:47.654 98693 INFO tempest.lib.common.rest_client [req-464f9a56-d671-4763-8ae0-d564a69cec61 req-464f9a56-d671-4763-8ae0-d564a69cec61 ] Request (SchedulerStatsAdminTest:setUpClass): 200 GET http://10.27.203.238/identity/v3/domains?name=Default 0.025s
2024-05-28 12:58:47.696 98693 INFO tempest.lib.common.rest_client [req-6df953d4-6051-46fd-9b1e-80e084ce36ec req-6df953d4-6051-46fd-9b1e-80e084ce36ec ] Request (SchedulerStatsAdminTest:setUpClass): 201 POST http://10.27.203.238/identity/v3/projects 0.041s
2024-05-28 12:58:47.753 98693 INFO tempest.lib.common.rest_client [req-03a9c691-a616-4f6d-8d1a-57c9b67c1a59 req-03a9c691-a616-4f6d-8d1a-57c9b67c1a59 ] Request (SchedulerStatsAdminTest:setUpClass): 201 POST http://10.27.203.238/identity/v3/users 0.056s
2024-05-28 12:58:47.774 98693 INFO tempest.lib.common.rest_client [req-7e254f87-38c4-4884-aa61-2ecc638a354e req-7e254f87-38c4-4884-aa61-2ecc638a354e ] Request (SchedulerStatsAdminTest:setUpClass): 200 GET http://10.27.203.238/identity/v3/roles 0.020s
2024-05-28 12:58:47.810 98693 INFO tempest.lib.common.rest_client [req-57eba63e-e0f3-4865-bb58-50817c5341cf req-57eba63e-e0f3-4865-bb58-50817c5341cf ] Request (SchedulerStatsAdminTest:setUpClass): 204 PUT http://10.27.203.238/identity/v3/projects/e3754ccde0c34ce9a33fe231011c1930/users/141d7fcf70c04ad6aea2346d8c2cb259/roles/e7989893488f483baa107be56668c4f8 0.036s
2024-05-28 12:58:47.855 98693 INFO tempest.lib.common.rest_client [req-768e4766-04dc-4fbb-a21e-c84fa516d70c req-768e4766-04dc-4fbb-a21e-c84fa516d70c ] Request (SchedulerStatsAdminTest:setUpClass): 200 GET http://10.27.203.238/identity/v3/roles 0.044s
2024-05-28 12:58:47.876 98693 INFO tempest.lib.common.rest_client [req-6342ddea-aecf-450e-a2d8-e56700d5e8f5 req-6342ddea-aecf-450e-a2d8-e56700d5e8f5 ] Request (SchedulerStatsAdminTest:setUpClass): 204 PUT http://10.27.203.238/identity/v3/projects/e3754ccde0c34ce9a33fe231011c1930/users/141d7fcf70c04ad6aea2346d8c2cb259/roles/e7989893488f483baa107be56668c4f8 0.020s
2024-05-28 12:58:47.876 98693 INFO tempest.lib.common.dynamic_creds [-] Dynamic test user 141d7fcf70c04ad6aea2346d8c2cb259 is created with scope project and roles: ['admin']
2024-05-28 12:58:47.877 98693 INFO tempest.lib.common.dynamic_creds [-] Acquired dynamic creds: credentials: Credentials: {'domain_id': 'default', 'domain_name': 'Default', 'username': 'tempest-SchedulerStatsAdminTest-1331908757-project-admin', 'project_domain_id': 'default', 'project_domain_name': 'Default', 'project_id': 'e3754ccde0c34ce9a33fe231011c1930', 'project_name': 'tempest-SchedulerStatsAdminTest-1331908757', 'tenant_id': 'e3754ccde0c34ce9a33fe231011c1930', 'tenant_name': 'tempest-SchedulerStatsAdminTest-1331908757', 'user_domain_id': 'default', 'user_domain_name': 'Default', 'user_id': '141d7fcf70c04ad6aea2346d8c2cb259', 'system': None}, Network: None, Subnet: None, Router: None
2024-05-28 12:58:47.877 98693 INFO tempest.lib.common.dynamic_creds [-] Created isolated network resources for: credentials: Credentials: {'domain_id': 'default', 'domain_name': 'Default', 'username': 'tempest-SchedulerStatsAdminTest-1331908757-project-admin', 'project_domain_id': 'default', 'project_domain_name': 'Default', 'project_id': 'e3754ccde0c34ce9a33fe231011c1930', 'project_name': 'tempest-SchedulerStatsAdminTest-1331908757', 'tenant_id': 'e3754ccde0c34ce9a33fe231011c1930', 'tenant_name': 'tempest-SchedulerStatsAdminTest-1331908757', 'user_domain_id': 'default', 'user_domain_name': 'Default', 'user_id': '141d7fcf70c04ad6aea2346d8c2cb259', 'system': None}, Network: None, Subnet: None, Router: None
2024-05-28 12:58:47.953 98693 INFO tempest.lib.common.rest_client [req-f134762c-c7a3-48be-9157-6dc14b5be07b req-f134762c-c7a3-48be-9157-6dc14b5be07b ] Request (SchedulerStatsAdminTest:setUpClass): 201 POST http://10.27.203.238/identity/v3/auth/tokens 0.075s
2024-05-28 12:58:48.034 98687 INFO tempest.lib.common.rest_client [ req-2eb6235e-15ab-4294-8713-d89ffc3c26e0 ] Request (ShareIpRulesForNFSTest:test_create_delete_access_rules_with_one_ip): 200 GET http://10.27.203.238/share/v2/776f75906bc64f8f9316d5aab4b50bf1/share-access-rules?share_id=1ddadc17-cf10-4a42-8bbd-8335fb3520a1 0.050s
2024-05-28 12:58:48.223 98687 INFO tempest.lib.common.rest_client [ req-bdfbd7a0-cc0a-42e6-8517-56a904b55c4e ] Request (ShareIpRulesForNFSTest:_run_cleanups): 202 POST http://10.27.203.238/share/v2/776f75906bc64f8f9316d5aab4b50bf1/shares/1ddadc17-cf10-4a42-8bbd-8335fb3520a1/action 0.188s
2024-05-28 12:58:48.273 98687 INFO tempest.lib.common.rest_client [ req-01bfd96d-c6bb-48b8-8e52-364eb25e7e63 ] Request (ShareIpRulesForNFSTest:_run_cleanups): 200 GET http://10.27.203.238/share/v2/776f75906bc64f8f9316d5aab4b50bf1/share-access-rules?share_id=1ddadc17-cf10-4a42-8bbd-8335fb3520a1 0.050s
2024-05-28 12:58:48.483 98695 INFO tempest.lib.common.rest_client [ req-c4a5d57f-6a4b-49c2-a28d-170a2aec8db7 ] Request (SharesMetadataTest:_run_cleanups): 200 GET http://10.27.203.238/share/v2/698d6c02a1cc4bf2b16302eb8a31bc26/shares/0e9e1ee3-c7cc-4239-bc5b-cace9d44e641 0.027s
2024-05-28 12:58:48.536 98693 INFO tempest.lib.common.rest_client [ req-6c9c8a8e-47c0-4b5d-b18b-6d8e78c29a54 ] Request (SchedulerStatsAdminTest:test_pool_list): 200 GET http://10.27.203.238/share/v1/e3754ccde0c34ce9a33fe231011c1930/scheduler-stats/pools 0.582s
2024-05-28 12:58:48.606 98691 INFO tempest.lib.common.rest_client [ req-33f08325-89c2-4a29-913b-ac02a5e7be04 ] Request (ShareIpRulesForNFSNegativeTest:setUpClass): 200 GET http://10.27.203.238/share/v2/7890e9d8a78c49a0bb9af26ec5dd4646/shares/72db8769-ece7-42ff-af27-2e778292a9b4 0.031s
2024-05-28 12:58:48.830 98691 INFO tempest.lib.common.rest_client [ req-dd615440-7b6d-484e-a2c9-09e26b6c340b ] Request (ShareIpRulesForNFSNegativeTest:setUpClass): 202 POST http://10.27.203.238/share/v2/7890e9d8a78c49a0bb9af26ec5dd4646/snapshots 0.223s
2024-05-28 12:58:48.868 98691 INFO tempest.lib.common.rest_client [ req-cbb94b65-5253-4661-b6ad-b0b5726a1b98 ] Request (ShareIpRulesForNFSNegativeTest:setUpClass): 200 GET http://10.27.203.238/share/v2/7890e9d8a78c49a0bb9af26ec5dd4646/snapshots/0fba4486-6341-49ab-a9dc-333609ce1d2e 0.037s
2024-05-28 12:58:49.002 98689 INFO tempest.lib.common.rest_client [ req-086abe7d-ce36-4b97-874f-895baf199a65 ] Request (PublicSharesTest:_run_cleanups): 200 GET http://10.27.203.238/share/v2/8ee1466a8fe242afa8e0d0378840bfc1/shares/5a92a994-03f1-4598-b3f6-70280cf0a971 0.027s
2024-05-28 12:58:49.059 98693 INFO tempest.lib.common.rest_client [ req-95e46426-6fb2-473d-9927-a91ceb156f93 ] Request (SchedulerStatsAdminTest:test_pool_list_detail): 200 GET http://10.27.203.238/share/v1/e3754ccde0c34ce9a33fe231011c1930/scheduler-stats/pools/detail 0.521s
2024-05-28 12:58:49.574 98693 INFO tempest.lib.common.rest_client [ req-19e9e938-8e5b-487c-bef0-00ecaf6e89d2 ] Request (SchedulerStatsAdminTest:test_pool_list_detail_with_filters): 200 GET http://10.27.203.238/share/v1/e3754ccde0c34ce9a33fe231011c1930/scheduler-stats/pools/detail 0.513s
