2024-05-28 13:01:21.772 98693 INFO tempest.lib.common.rest_client [req-2ec61981-ad12-423b-8bb1-6484c2e2b948 req-2ec61981-ad12-423b-8bb1-6484c2e2b948 ] Request (SecurityServicesTest:tearDownClass): 204 DELETE http://10.27.203.238/identity/v3/projects/d920199a0bc342fd8f081923701e198c 0.168s
2024-05-28 13:01:21.796 98693 INFO tempest.lib.common.rest_client [req-056e2e32-dadf-43ce-b688-bacc759ac141 req-056e2e32-dadf-43ce-b688-bacc759ac141 ] Request (SecServicesMappingNegativeTest:setUpClass): 201 POST http://10.27.203.238/identity/v3/auth/tokens 0.022s
2024-05-28 13:01:21.870 98693 INFO tempest.lib.common.rest_client [req-a3fa7321-79a1-415d-9edf-fddf4acb08b8 req-a3fa7321-79a1-415d-9edf-fddf4acb08b8 ] Request (SecServicesMappingNegativeTest:setUpClass): 201 POST http://10.27.203.238/identity/v3/auth/tokens 0.070s
2024-05-28 13:01:21.897 98693 INFO tempest.lib.common.rest_client [req-01133f36-718d-4cd9-9b28-74355c69d377 req-01133f36-718d-4cd9-9b28-74355c69d377 ] Request (SecServicesMappingNegativeTest:setUpClass): 200 GET http://10.27.203.238/identity/v3/domains?name=Default 0.027s
2024-05-28 13:01:21.952 98693 INFO tempest.lib.common.rest_client [req-f9ae41ce-742a-424b-a0da-0a5273f386bf req-f9ae41ce-742a-424b-a0da-0a5273f386bf ] Request (SecServicesMappingNegativeTest:setUpClass): 201 POST http://10.27.203.238/identity/v3/projects 0.053s
2024-05-28 13:01:21.988 98691 INFO tempest.lib.common.rest_client [ req-0183a5fb-e406-4393-8614-bb24f5f2043a ] Request (ShareTypeAvailabilityZonesTest:test_share_type_azs_shares_az_in_create_req): 200 GET http://10.27.203.238/share/v2/284d76edec3144579d6fb3f6dbc0dd4e/shares/553b74f3-3a9b-40ad-b4b1-d5648684cbf4 0.029s
2024-05-28 13:01:22.009 98693 INFO tempest.lib.common.rest_client [req-cd9c971b-4199-44d4-902e-bea559829e73 req-cd9c971b-4199-44d4-902e-bea559829e73 ] Request (SecServicesMappingNegativeTest:setUpClass): 201 POST http://10.27.203.238/identity/v3/users 0.057s
2024-05-28 13:01:22.029 98693 INFO tempest.lib.common.rest_client [req-5d145893-8ced-4e70-9c6c-c6732433a226 req-5d145893-8ced-4e70-9c6c-c6732433a226 ] Request (SecServicesMappingNegativeTest:setUpClass): 200 GET http://10.27.203.238/identity/v3/roles 0.019s
2024-05-28 13:01:22.067 98693 INFO tempest.lib.common.rest_client [req-138fa8da-e98d-47b1-8b43-cad82525e76a req-138fa8da-e98d-47b1-8b43-cad82525e76a ] Request (SecServicesMappingNegativeTest:setUpClass): 204 PUT http://10.27.203.238/identity/v3/projects/f96e397cc60642c39058e772b0083a08/users/221107a0cded4051a330d4fb9e0e032d/roles/44620cad10ae407c90c91e2c296adb04 0.038s
2024-05-28 13:01:22.068 98693 INFO tempest.lib.common.dynamic_creds [-] Dynamic test user 221107a0cded4051a330d4fb9e0e032d is created with scope project and roles: ['member']
2024-05-28 13:01:22.068 98693 INFO tempest.lib.common.dynamic_creds [-] Acquired dynamic creds: credentials: Credentials: {'domain_id': 'default', 'domain_name': 'Default', 'username': 'tempest-SecServicesMappingNegativeTest-270309837-project-member', 'project_domain_id': 'default', 'project_domain_name': 'Default', 'project_id': 'f96e397cc60642c39058e772b0083a08', 'project_name': 'tempest-SecServicesMappingNegativeTest-270309837', 'tenant_id': 'f96e397cc60642c39058e772b0083a08', 'tenant_name': 'tempest-SecServicesMappingNegativeTest-270309837', 'user_domain_id': 'default', 'user_domain_name': 'Default', 'user_id': '221107a0cded4051a330d4fb9e0e032d', 'system': None}, Network: None, Subnet: None, Router: None
2024-05-28 13:01:22.068 98693 INFO tempest.lib.common.dynamic_creds [-] Created isolated network resources for: credentials: Credentials: {'domain_id': 'default', 'domain_name': 'Default', 'username': 'tempest-SecServicesMappingNegativeTest-270309837-project-member', 'project_domain_id': 'default', 'project_domain_name': 'Default', 'project_id': 'f96e397cc60642c39058e772b0083a08', 'project_name': 'tempest-SecServicesMappingNegativeTest-270309837', 'tenant_id': 'f96e397cc60642c39058e772b0083a08', 'tenant_name': 'tempest-SecServicesMappingNegativeTest-270309837', 'user_domain_id': 'default', 'user_domain_name': 'Default', 'user_id': '221107a0cded4051a330d4fb9e0e032d', 'system': None}, Network: None, Subnet: None, Router: None
2024-05-28 13:01:22.144 98693 INFO tempest.lib.common.rest_client [req-afe757fe-d38d-4c26-ba27-8d53a09e1d49 req-afe757fe-d38d-4c26-ba27-8d53a09e1d49 ] Request (SecServicesMappingNegativeTest:setUpClass): 201 POST http://10.27.203.238/identity/v3/auth/tokens 0.074s
2024-05-28 13:01:22.213 98693 INFO tempest.lib.common.rest_client [req-25583ea7-7719-46ee-abb4-007dd1f33e3a req-25583ea7-7719-46ee-abb4-007dd1f33e3a ] Request (SecServicesMappingNegativeTest:setUpClass): 201 POST http://10.27.203.238/identity/v3/projects 0.068s
2024-05-28 13:01:22.279 98693 INFO tempest.lib.common.rest_client [req-8dcc18df-0c09-4802-b7a6-2bb1249bc9de req-8dcc18df-0c09-4802-b7a6-2bb1249bc9de ] Request (SecServicesMappingNegativeTest:setUpClass): 201 POST http://10.27.203.238/identity/v3/users 0.065s
2024-05-28 13:01:22.298 98693 INFO tempest.lib.common.rest_client [req-12ea82f0-e902-4f42-8891-97e206ef383f req-12ea82f0-e902-4f42-8891-97e206ef383f ] Request (SecServicesMappingNegativeTest:setUpClass): 200 GET http://10.27.203.238/identity/v3/roles 0.019s
2024-05-28 13:01:22.343 98693 INFO tempest.lib.common.rest_client [req-adeaaf8d-df9a-42b5-9e7a-0c707008e1c7 req-adeaaf8d-df9a-42b5-9e7a-0c707008e1c7 ] Request (SecServicesMappingNegativeTest:setUpClass): 204 PUT http://10.27.203.238/identity/v3/projects/c4990572c2804aff8644d3fd0a3d1e10/users/2f1e297bf40641ea9c891dedaabbabf0/roles/44620cad10ae407c90c91e2c296adb04 0.044s
2024-05-28 13:01:22.344 98693 INFO tempest.lib.common.dynamic_creds [-] Dynamic test user 2f1e297bf40641ea9c891dedaabbabf0 is created with scope project and roles: ['member']
2024-05-28 13:01:22.344 98693 INFO tempest.lib.common.dynamic_creds [-] Acquired dynamic creds: credentials: Credentials: {'domain_id': 'default', 'domain_name': 'Default', 'username': 'tempest-SecServicesMappingNegativeTest-655361476-project-member', 'project_domain_id': 'default', 'project_domain_name': 'Default', 'project_id': 'c4990572c2804aff8644d3fd0a3d1e10', 'project_name': 'tempest-SecServicesMappingNegativeTest-655361476', 'tenant_id': 'c4990572c2804aff8644d3fd0a3d1e10', 'tenant_name': 'tempest-SecServicesMappingNegativeTest-655361476', 'user_domain_id': 'default', 'user_domain_name': 'Default', 'user_id': '2f1e297bf40641ea9c891dedaabbabf0', 'system': None}, Network: None, Subnet: None, Router: None
2024-05-28 13:01:22.344 98693 INFO tempest.lib.common.dynamic_creds [-] Created isolated network resources for: credentials: Credentials: {'domain_id': 'default', 'domain_name': 'Default', 'username': 'tempest-SecServicesMappingNegativeTest-655361476-project-member', 'project_domain_id': 'default', 'project_domain_name': 'Default', 'project_id': 'c4990572c2804aff8644d3fd0a3d1e10', 'project_name': 'tempest-SecServicesMappingNegativeTest-655361476', 'tenant_id': 'c4990572c2804aff8644d3fd0a3d1e10', 'tenant_name': 'tempest-SecServicesMappingNegativeTest-655361476', 'user_domain_id': 'default', 'user_domain_name': 'Default', 'user_id': '2f1e297bf40641ea9c891dedaabbabf0', 'system': None}, Network: None, Subnet: None, Router: None
2024-05-28 13:01:22.415 98693 INFO tempest.lib.common.rest_client [req-e1cd060e-4ca8-4785-94ff-f7a210d2e624 req-e1cd060e-4ca8-4785-94ff-f7a210d2e624 ] Request (SecServicesMappingNegativeTest:setUpClass): 201 POST http://10.27.203.238/identity/v3/auth/tokens 0.070s
2024-05-28 13:01:22.473 98693 INFO tempest.lib.common.rest_client [req-079a4a69-04ba-4b56-8e42-3eff56147bb8 req-079a4a69-04ba-4b56-8e42-3eff56147bb8 ] Request (SecServicesMappingNegativeTest:setUpClass): 201 POST http://10.27.203.238/identity/v3/projects 0.057s
2024-05-28 13:01:22.531 98693 INFO tempest.lib.common.rest_client [req-e9931ce9-16a8-4406-b561-5c1cec081a01 req-e9931ce9-16a8-4406-b561-5c1cec081a01 ] Request (SecServicesMappingNegativeTest:setUpClass): 201 POST http://10.27.203.238/identity/v3/users 0.058s
2024-05-28 13:01:22.550 98693 INFO tempest.lib.common.rest_client [req-e3dc13dd-f043-4305-a896-cb6d655418e7 req-e3dc13dd-f043-4305-a896-cb6d655418e7 ] Request (SecServicesMappingNegativeTest:setUpClass): 200 GET http://10.27.203.238/identity/v3/roles 0.018s
2024-05-28 13:01:22.589 98693 INFO tempest.lib.common.rest_client [req-8e5c08de-73d9-44a3-8941-b032512edf36 req-8e5c08de-73d9-44a3-8941-b032512edf36 ] Request (SecServicesMappingNegativeTest:setUpClass): 204 PUT http://10.27.203.238/identity/v3/projects/17b281e6ecbf4c31a51fc8f70aa64a76/users/4bbed46a0e0e4976b09b8784aac745c5/roles/e7989893488f483baa107be56668c4f8 0.038s
2024-05-28 13:01:22.652 98693 INFO tempest.lib.common.rest_client [req-142b73e1-34d3-42e8-a45e-54706f545013 req-142b73e1-34d3-42e8-a45e-54706f545013 ] Request (SecServicesMappingNegativeTest:setUpClass): 200 GET http://10.27.203.238/identity/v3/roles 0.063s
2024-05-28 13:01:22.673 98693 INFO tempest.lib.common.rest_client [req-8ff95ec5-8ad5-40fa-9f9b-e94acaf8611a req-8ff95ec5-8ad5-40fa-9f9b-e94acaf8611a ] Request (SecServicesMappingNegativeTest:setUpClass): 204 PUT http://10.27.203.238/identity/v3/projects/17b281e6ecbf4c31a51fc8f70aa64a76/users/4bbed46a0e0e4976b09b8784aac745c5/roles/e7989893488f483baa107be56668c4f8 0.021s
2024-05-28 13:01:22.674 98693 INFO tempest.lib.common.dynamic_creds [-] Dynamic test user 4bbed46a0e0e4976b09b8784aac745c5 is created with scope project and roles: ['admin']
2024-05-28 13:01:22.674 98693 INFO tempest.lib.common.dynamic_creds [-] Acquired dynamic creds: credentials: Credentials: {'domain_id': 'default', 'domain_name': 'Default', 'username': 'tempest-SecServicesMappingNegativeTest-337249595-project-admin', 'project_domain_id': 'default', 'project_domain_name': 'Default', 'project_id': '17b281e6ecbf4c31a51fc8f70aa64a76', 'project_name': 'tempest-SecServicesMappingNegativeTest-337249595', 'tenant_id': '17b281e6ecbf4c31a51fc8f70aa64a76', 'tenant_name': 'tempest-SecServicesMappingNegativeTest-337249595', 'user_domain_id': 'default', 'user_domain_name': 'Default', 'user_id': '4bbed46a0e0e4976b09b8784aac745c5', 'system': None}, Network: None, Subnet: None, Router: None
2024-05-28 13:01:22.674 98693 INFO tempest.lib.common.dynamic_creds [-] Created isolated network resources for: credentials: Credentials: {'domain_id': 'default', 'domain_name': 'Default', 'username': 'tempest-SecServicesMappingNegativeTest-337249595-project-admin', 'project_domain_id': 'default', 'project_domain_name': 'Default', 'project_id': '17b281e6ecbf4c31a51fc8f70aa64a76', 'project_name': 'tempest-SecServicesMappingNegativeTest-337249595', 'tenant_id': '17b281e6ecbf4c31a51fc8f70aa64a76', 'tenant_name': 'tempest-SecServicesMappingNegativeTest-337249595', 'user_domain_id': 'default', 'user_domain_name': 'Default', 'user_id': '4bbed46a0e0e4976b09b8784aac745c5', 'system': None}, Network: None, Subnet: None, Router: None
2024-05-28 13:01:22.760 98693 INFO tempest.lib.common.rest_client [req-5e319383-2de1-4d1f-95c3-7fd2e8f719e5 req-5e319383-2de1-4d1f-95c3-7fd2e8f719e5 ] Request (SecServicesMappingNegativeTest:setUpClass): 201 POST http://10.27.203.238/identity/v3/auth/tokens 0.085s
2024-05-28 13:01:22.786 98693 INFO tempest.lib.common.rest_client [req-1928403d-f8aa-46e1-a3dd-eade250a9c14 req-1928403d-f8aa-46e1-a3dd-eade250a9c14 ] Request (SecServicesMappingNegativeTest:setUpClass): 200 GET http://10.27.203.238/identity/v3/domains?name=Default 0.025s
2024-05-28 13:01:22.820 98693 INFO tempest.lib.common.rest_client [req-c4d4ca6d-1bf6-41f5-a94d-255e67a22b4e req-c4d4ca6d-1bf6-41f5-a94d-255e67a22b4e ] Request (SecServicesMappingNegativeTest:setUpClass): 201 POST http://10.27.203.238/identity/v3/users 0.033s
2024-05-28 13:01:22.839 98693 INFO tempest.lib.common.rest_client [req-9c0925ba-8a97-46bc-8251-2226b803c2e0 req-9c0925ba-8a97-46bc-8251-2226b803c2e0 ] Request (SecServicesMappingNegativeTest:setUpClass): 200 GET http://10.27.203.238/identity/v3/roles 0.018s
2024-05-28 13:01:22.891 98693 INFO tempest.lib.common.rest_client [req-ba035382-0318-4383-a98e-053819a8a701 req-ba035382-0318-4383-a98e-053819a8a701 ] Request (SecServicesMappingNegativeTest:setUpClass): 204 PUT http://10.27.203.238/identity/v3/projects/17b281e6ecbf4c31a51fc8f70aa64a76/users/450d0e4972ca4250966ec637211a08fd/roles/44620cad10ae407c90c91e2c296adb04 0.051s
2024-05-28 13:01:23.150 98693 INFO tempest.lib.common.rest_client [ req-d2c6bed6-f908-43d7-a63c-b3f34cdd581b ] Request (SecServicesMappingNegativeTest:setUpClass): 200 POST http://10.27.203.238/share/v1/f96e397cc60642c39058e772b0083a08/share-networks 0.258s
2024-05-28 13:01:23.167 98693 INFO tempest.lib.common.rest_client [ req-07781ffb-7ef2-480a-8d16-84818c3ff59f ] Request (SecServicesMappingNegativeTest:setUpClass): 200 POST http://10.27.203.238/share/v1/f96e397cc60642c39058e772b0083a08/security-services 0.016s
2024-05-28 13:01:23.264 98693 INFO tempest.lib.common.rest_client [ req-f85e20bd-0d6a-44a5-903a-045a35c85880 ] Request (SecServicesMappingNegativeTest:setUpClass): 200 POST http://10.27.203.238/share/v2/17b281e6ecbf4c31a51fc8f70aa64a76/types 0.096s
2024-05-28 13:01:23.304 98693 INFO tempest.lib.common.rest_client [ req-eff05948-5bb1-4f1a-a62a-261c0eafebe4 ] Request (SecServicesMappingNegativeTest:test_add_empty_sec_service_id_to_share_network): 404 POST http://10.27.203.238/share/v1/f96e397cc60642c39058e772b0083a08/share-networks/5b452e14-5361-4a33-b1fb-4da94322322a/action 0.039s
2024-05-28 13:01:23.328 98689 INFO tempest.lib.common.rest_client [ req-56c26768-d915-44af-9e16-fd69cce5298b ] Request (ShareRulesTest:test_admin_listing_restricted_rules): 200 GET http://10.27.203.238/share/v2/a4f3887fa28c457390f5b66615564430/share-access-rules?share_id=b330db31-7766-443d-9c19-26fe349665aa 0.052s
2024-05-28 13:01:23.341 98693 INFO tempest.lib.common.rest_client [ req-bf3e41e9-14db-43ad-a404-e943787f382a ] Request (SecServicesMappingNegativeTest:test_add_nonexistant_sec_service_to_share_network): 404 POST http://10.27.203.238/share/v1/f96e397cc60642c39058e772b0083a08/share-networks/5b452e14-5361-4a33-b1fb-4da94322322a/action 0.035s
2024-05-28 13:01:23.363 98693 INFO tempest.lib.common.rest_client [ req-d5cfe5b2-142b-4c2a-8eb8-205494233189 ] Request (SecServicesMappingNegativeTest:test_add_sec_service_to_nonexistant_share_network): 404 POST http://10.27.203.238/share/v1/f96e397cc60642c39058e772b0083a08/share-networks/wrong_sn_id/action 0.020s
2024-05-28 13:01:23.370 98693 INFO tempest.lib.common.rest_client [-] Request (SecServicesMappingNegativeTest:test_add_sec_service_to_share_network_with_empty_id): 404 POST http://10.27.203.238/share/v1/f96e397cc60642c39058e772b0083a08/share-networks/action 0.005s
2024-05-28 13:01:23.376 98689 INFO tempest.lib.common.rest_client [ req-d4f9550b-ab5e-4baa-9ef9-7b6af8448d3d ] Request (ShareRulesTest:test_admin_listing_restricted_rules): 200 GET http://10.27.203.238/share/v2/f353f66e6e00471aa584ea2e39c0ab0e/share-access-rules?share_id=b330db31-7766-443d-9c19-26fe349665aa 0.047s
2024-05-28 13:01:23.432 98693 INFO tempest.lib.common.rest_client [ req-c7a5347c-1006-4205-b84c-145a69f9801b ] Request (SecServicesMappingNegativeTest:test_add_sec_service_twice_to_share_network): 200 POST http://10.27.203.238/share/v1/f96e397cc60642c39058e772b0083a08/share-networks/5b452e14-5361-4a33-b1fb-4da94322322a/action 0.061s
2024-05-28 13:01:23.464 98693 INFO tempest.lib.common.rest_client [ req-cc2cf751-e7d8-443c-ba59-d6741a2db5cf ] Request (SecServicesMappingNegativeTest:test_add_sec_service_twice_to_share_network): 409 POST http://10.27.203.238/share/v1/f96e397cc60642c39058e772b0083a08/share-networks/5b452e14-5361-4a33-b1fb-4da94322322a/action 0.030s
2024-05-28 13:01:23.518 98693 INFO tempest.lib.common.rest_client [ req-2a3bb726-bc1f-4348-8923-0ba856f092de ] Request (SecServicesMappingNegativeTest:test_delete_nonexistant_sec_service_from_share_network): 404 POST http://10.27.203.238/share/v1/f96e397cc60642c39058e772b0083a08/share-networks/5b452e14-5361-4a33-b1fb-4da94322322a/action 0.053s
2024-05-28 13:01:23.546 98693 INFO tempest.lib.common.rest_client [ req-89947d6f-b1c3-4191-90f9-099bdeb7e61b ] Request (SecServicesMappingNegativeTest:test_delete_nonexistant_ss_from_nonexistant_sn): 404 POST http://10.27.203.238/share/v1/f96e397cc60642c39058e772b0083a08/share-networks/wrong_id/action 0.026s
2024-05-28 13:01:23.549 98689 INFO tempest.lib.common.rest_client [ req-fb7bb11b-5238-408d-ae0a-8254b1ceff2f ] Request (ShareRulesTest:_run_cleanups): 202 POST http://10.27.203.238/share/v2/a4f3887fa28c457390f5b66615564430/shares/b330db31-7766-443d-9c19-26fe349665aa/action 0.172s
2024-05-28 13:01:23.567 98693 INFO tempest.lib.common.rest_client [ req-dd475682-f1d5-4836-9012-0765a25b6792 ] Request (SecServicesMappingNegativeTest:test_delete_sec_service_from_nonexistant_share_network): 404 POST http://10.27.203.238/share/v1/f96e397cc60642c39058e772b0083a08/share-networks/wrong_id/action 0.019s
2024-05-28 13:01:23.589 98693 INFO tempest.lib.common.rest_client [ req-34de94df-b6ec-437d-a926-f8aafdd2c6b2 ] Request (SecServicesMappingNegativeTest:test_list_sec_services_for_nonexistant_share_network): 404 GET http://10.27.203.238/share/v1/f96e397cc60642c39058e772b0083a08/security-services?share_network_id=wrong_id 0.020s
2024-05-28 13:01:23.613 98689 INFO tempest.lib.common.rest_client [ req-a2008dc5-a840-4745-9e24-139478cf30d8 ] Request (ShareRulesTest:_run_cleanups): 200 GET http://10.27.203.238/share/v2/a4f3887fa28c457390f5b66615564430/share-access-rules?share_id=b330db31-7766-443d-9c19-26fe349665aa 0.063s
2024-05-28 13:01:23.739 98693 INFO tempest.lib.common.rest_client [ req-1af4109f-d35b-4221-b105-2687f08db300 ] Request (SecServicesMappingNegativeTest:test_try_delete_ss_that_assigned_to_sn): 200 POST http://10.27.203.238/share/v1/f96e397cc60642c39058e772b0083a08/share-networks 0.148s
2024-05-28 13:01:23.762 98693 INFO tempest.lib.common.rest_client [ req-2dcc2448-38ca-44a9-873f-9ad4646d1626 ] Request (SecServicesMappingNegativeTest:test_try_delete_ss_that_assigned_to_sn): 200 POST http://10.27.203.238/share/v1/f96e397cc60642c39058e772b0083a08/security-services 0.022s
2024-05-28 13:01:23.828 98693 INFO tempest.lib.common.rest_client [ req-256f256a-8b0d-42e6-8514-6e38d6ebaa54 ] Request (SecServicesMappingNegativeTest:test_try_delete_ss_that_assigned_to_sn): 200 POST http://10.27.203.238/share/v1/f96e397cc60642c39058e772b0083a08/share-networks/ce9f8973-c118-4bdb-bc35-9385e3287f3a/action 0.066s
2024-05-28 13:01:23.851 98693 INFO tempest.lib.common.rest_client [ req-9a69eac1-3ec9-44c5-a3a9-fcbbc2a95c3f ] Request (SecServicesMappingNegativeTest:test_try_delete_ss_that_assigned_to_sn): 403 DELETE http://10.27.203.238/share/v1/f96e397cc60642c39058e772b0083a08/security-services/75a8d123-4d04-40c7-97b6-88a771997cd8 0.022s
2024-05-28 13:01:23.913 98693 INFO tempest.lib.common.rest_client [ req-1d8755ed-288a-4003-a8f4-1f7826775c0e ] Request (SecServicesMappingNegativeTest:test_try_delete_ss_that_assigned_to_sn): 200 POST http://10.27.203.238/share/v1/f96e397cc60642c39058e772b0083a08/share-networks/ce9f8973-c118-4bdb-bc35-9385e3287f3a/action 0.061s
2024-05-28 13:01:23.928 98695 INFO tempest.lib.common.rest_client [ req-ce9425aa-1f2a-4f9e-a138-4a418161e0e3 ] Request (SharesNFSTest:_run_cleanups): 404 GET http://10.27.203.238/share/v2/0af6f8e0aeed4f27b075e08f2bc713aa/shares/7a762332-0877-462f-941a-6581abbf784b 0.014s
2024-05-28 13:01:23.944 98693 INFO tempest.lib.common.rest_client [ req-f0aec459-eaa0-4af7-a5af-970e9f16afe2 ] Request (SecServicesMappingNegativeTest:_run_cleanups): 202 DELETE http://10.27.203.238/share/v1/f96e397cc60642c39058e772b0083a08/security-services/75a8d123-4d04-40c7-97b6-88a771997cd8 0.029s
2024-05-28 13:01:23.955 98693 INFO tempest.lib.common.rest_client [ req-35a2a5b7-637d-4699-ae3e-800fbb3b15e0 ] Request (SecServicesMappingNegativeTest:_run_cleanups): 404 GET http://10.27.203.238/share/v1/f96e397cc60642c39058e772b0083a08/security-services/75a8d123-4d04-40c7-97b6-88a771997cd8 0.011s
2024-05-28 13:01:23.983 98695 INFO tempest.lib.common.rest_client [ req-f2974713-b860-4ae7-acdf-09cdc48c06f2 ] Request (SharesNFSTest:_run_cleanups): 202 DELETE http://10.27.203.238/share/v2/40625c7a855049188adc00ac1e323af7/types/243c4676-ce4e-459a-8f50-f726c4b0d7ee 0.054s
2024-05-28 13:01:23.996 98695 INFO tempest.lib.common.rest_client [ req-0ae044e4-99d0-4c67-bad9-44e95bbb73d7 ] Request (SharesNFSTest:_run_cleanups): 404 GET http://10.27.203.238/share/v2/40625c7a855049188adc00ac1e323af7/types/243c4676-ce4e-459a-8f50-f726c4b0d7ee 0.012s
2024-05-28 13:01:24.090 98693 INFO tempest.lib.common.rest_client [ req-63ebc210-5935-4e49-9f4b-a33b3f448931 ] Request (SecServicesMappingNegativeTest:_run_cleanups): 202 DELETE http://10.27.203.238/share/v1/f96e397cc60642c39058e772b0083a08/share-networks/ce9f8973-c118-4bdb-bc35-9385e3287f3a 0.134s
2024-05-28 13:01:24.113 98693 INFO tempest.lib.common.rest_client [ req-13bf963c-8908-443d-a8f1-ff76e4b8546a ] Request (SecServicesMappingNegativeTest:_run_cleanups): 404 GET http://10.27.203.238/share/v1/f96e397cc60642c39058e772b0083a08/share-networks/ce9f8973-c118-4bdb-bc35-9385e3287f3a 0.022s
2024-05-28 13:01:24.205 98695 INFO tempest.lib.common.rest_client [ req-ff6e841f-ba7b-449c-a783-b92c78fb92db ] Request (SharesNFSTest:test_create_get_delete_share): 200 POST http://10.27.203.238/share/v2/0af6f8e0aeed4f27b075e08f2bc713aa/shares 0.208s
2024-05-28 13:01:24.235 98693 INFO tempest.lib.common.rest_client [ req-acb20f2c-9905-460e-8b59-57f369361633 ] Request (SecServicesMappingNegativeTest:test_try_map_two_ss_with_same_type_to_sn): 200 POST http://10.27.203.238/share/v1/f96e397cc60642c39058e772b0083a08/share-networks 0.120s
2024-05-28 13:01:24.242 98695 INFO tempest.lib.common.rest_client [ req-9ab5d318-c384-4a7f-91e4-f499ac40a49a ] Request (SharesNFSTest:test_create_get_delete_share): 200 GET http://10.27.203.238/share/v2/0af6f8e0aeed4f27b075e08f2bc713aa/shares/b40e9810-7e36-4abf-afca-87c742ad83b1 0.037s
2024-05-28 13:01:24.261 98693 INFO tempest.lib.common.rest_client [ req-49ca20a6-14f3-4e2c-9d4b-df1048673b77 ] Request (SecServicesMappingNegativeTest:test_try_map_two_ss_with_same_type_to_sn): 200 POST http://10.27.203.238/share/v1/f96e397cc60642c39058e772b0083a08/security-services 0.026s
2024-05-28 13:01:24.285 98693 INFO tempest.lib.common.rest_client [ req-a40bf494-0af1-42d5-be16-1fa09f4656b5 ] Request (SecServicesMappingNegativeTest:test_try_map_two_ss_with_same_type_to_sn): 200 POST http://10.27.203.238/share/v1/f96e397cc60642c39058e772b0083a08/security-services 0.022s
2024-05-28 13:01:24.365 98693 INFO tempest.lib.common.rest_client [ req-2089e2b5-0067-4fca-ad3b-2e2aacb1ebad ] Request (SecServicesMappingNegativeTest:test_try_map_two_ss_with_same_type_to_sn): 200 POST http://10.27.203.238/share/v1/f96e397cc60642c39058e772b0083a08/share-networks/6ecc26b7-15d0-475d-9768-7267abc58439/action 0.080s
2024-05-28 13:01:24.397 98693 INFO tempest.lib.common.rest_client [ req-7463de4d-0a9a-4f75-9779-ed4c5a20d65e ] Request (SecServicesMappingNegativeTest:test_try_map_two_ss_with_same_type_to_sn): 409 POST http://10.27.203.238/share/v1/f96e397cc60642c39058e772b0083a08/share-networks/6ecc26b7-15d0-475d-9768-7267abc58439/action 0.032s
2024-05-28 13:01:24.429 98693 INFO tempest.lib.common.rest_client [ req-4e1f2a79-9def-421c-ab93-9049263bd31e ] Request (SecServicesMappingNegativeTest:_run_cleanups): 202 DELETE http://10.27.203.238/share/v1/f96e397cc60642c39058e772b0083a08/security-services/5e2d7def-ca30-4004-bfdc-6778595bb405 0.030s
2024-05-28 13:01:24.444 98693 INFO tempest.lib.common.rest_client [ req-767ef2f9-95f8-48fd-9f99-c0472295edb1 ] Request (SecServicesMappingNegativeTest:_run_cleanups): 404 GET http://10.27.203.238/share/v1/f96e397cc60642c39058e772b0083a08/security-services/5e2d7def-ca30-4004-bfdc-6778595bb405 0.014s
2024-05-28 13:01:24.464 98693 INFO tempest.lib.common.rest_client [ req-2383935d-6cb2-43f6-b732-b0e6e5864b9b ] Request (SecServicesMappingNegativeTest:_run_cleanups): 403 DELETE http://10.27.203.238/share/v1/f96e397cc60642c39058e772b0083a08/security-services/ed84e9c2-1eff-476d-be52-d16db827f362 0.020s
2024-05-28 13:01:24.464 98693 ERROR manila_tempest_tests.tests.api.base [-] Suppressed cleanup error in Manila: Traceback (most recent call last): File "/opt/stack/manila-tempest-plugin/manila_tempest_tests/tests/api/base.py", line 927, in clear_resources client.delete_security_service(res_id)
File "/opt/stack/manila-tempest-plugin/manila_tempest_tests/services/share/json/shares_client.py", line 500, in delete_security_service resp, body = self.delete("security-services/%s" % ss_id)
File "/opt/stack/tempest/tempest/lib/common/rest_client.py", line 357, in delete return self.request('DELETE', url, extra_headers, headers, body)
File "/opt/stack/tempest/tempest/lib/common/rest_client.py", line 760, in request self._error_checker(resp, resp_body)
File "/opt/stack/tempest/tempest/lib/common/rest_client.py", line 865, in _error_checker raise exceptions.Forbidden(resp_body, resp=resp) tempest.lib.exceptions.Forbidden: Forbidden Details: {'code': 403, 'message': 'Cannot delete security service. It is assigned to share network(s)'} : tempest.lib.exceptions.Forbidden: Forbidden
2024-05-28 13:01:24.632 98693 INFO tempest.lib.common.rest_client [ req-f5e17d1c-2498-4514-aefd-8613d1b03b14 ] Request (SecServicesMappingNegativeTest:_run_cleanups): 202 DELETE http://10.27.203.238/share/v1/f96e397cc60642c39058e772b0083a08/share-networks/6ecc26b7-15d0-475d-9768-7267abc58439 0.167s
2024-05-28 13:01:24.656 98693 INFO tempest.lib.common.rest_client [ req-742a50df-891d-4c8b-a0cc-c1b51787431c ] Request (SecServicesMappingNegativeTest:_run_cleanups): 404 GET http://10.27.203.238/share/v1/f96e397cc60642c39058e772b0083a08/share-networks/6ecc26b7-15d0-475d-9768-7267abc58439 0.023s
2024-05-28 13:01:24.685 98693 INFO tempest.lib.common.rest_client [req-cabff9b3-35c8-4383-b239-928bf15d5064 req-cabff9b3-35c8-4383-b239-928bf15d5064 ] Request (SecServicesMappingNegativeTest:tearDownClass): 404 DELETE http://10.27.203.238/identity/v3/users/5000ae7b72ab4d8aad66382d4e873caf 0.028s
2024-05-28 13:01:24.686 98693 ERROR manila_tempest_tests.tests.api.base [-] Suppressed cleanup error in Manila: Traceback (most recent call last): File "/opt/stack/manila-tempest-plugin/manila_tempest_tests/tests/api/base.py", line 1272, in clear_project_users cls.os_admin.creds_client.delete_user(user['id'])
File "/opt/stack/tempest/tempest/lib/common/cred_client.py", line 55, in delete_user self.users_client.delete_user(user_id)
File "/opt/stack/tempest/tempest/lib/services/identity/v3/users_client.py", line 104, in delete_user resp, body = self.delete("users/%s" % user_id)
File "/opt/stack/tempest/tempest/lib/common/rest_client.py", line 357, in delete return self.request('DELETE', url, extra_headers, headers, body)
File "/opt/stack/tempest/tempest/lib/common/rest_client.py", line 760, in request self._error_checker(resp, resp_body)
File "/opt/stack/tempest/tempest/lib/common/rest_client.py", line 870, in _error_checker raise exceptions.NotFound(resp_body, resp=resp) tempest.lib.exceptions.NotFound: Object not found Details: {'code': 404, 'message': 'Could not find user: 5000ae7b72ab4d8aad66382d4e873caf.', 'title': 'Not Found'} : tempest.lib.exceptions.NotFound: Object not found
2024-05-28 13:01:24.713 98693 INFO tempest.lib.common.rest_client [req-f9a33184-8a27-43df-9396-be84db2baf5d req-f9a33184-8a27-43df-9396-be84db2baf5d ] Request (SecServicesMappingNegativeTest:tearDownClass): 404 DELETE http://10.27.203.238/identity/v3/users/3fc09c87f69946d2bf009e72ac589cd4 0.026s
2024-05-28 13:01:24.713 98693 ERROR manila_tempest_tests.tests.api.base [-] Suppressed cleanup error in Manila: Traceback (most recent call last): File "/opt/stack/manila-tempest-plugin/manila_tempest_tests/tests/api/base.py", line 1272, in clear_project_users cls.os_admin.creds_client.delete_user(user['id'])
File "/opt/stack/tempest/tempest/lib/common/cred_client.py", line 55, in delete_user self.users_client.delete_user(user_id)
File "/opt/stack/tempest/tempest/lib/services/identity/v3/users_client.py", line 104, in delete_user resp, body = self.delete("users/%s" % user_id)
File "/opt/stack/tempest/tempest/lib/common/rest_client.py", line 357, in delete return self.request('DELETE', url, extra_headers, headers, body)
File "/opt/stack/tempest/tempest/lib/common/rest_client.py", line 760, in request self._error_checker(resp, resp_body)
File "/opt/stack/tempest/tempest/lib/common/rest_client.py", line 870, in _error_checker raise exceptions.NotFound(resp_body, resp=resp) tempest.lib.exceptions.NotFound: Object not found Details: {'code': 404, 'message': 'Could not find user: 3fc09c87f69946d2bf009e72ac589cd4.', 'title': 'Not Found'} : tempest.lib.exceptions.NotFound: Object not found
2024-05-28 13:01:24.741 98693 INFO tempest.lib.common.rest_client [req-5157cae5-aa14-4f8e-ae00-af7add7e110a req-5157cae5-aa14-4f8e-ae00-af7add7e110a ] Request (SecServicesMappingNegativeTest:tearDownClass): 404 DELETE http://10.27.203.238/identity/v3/users/6533c69a593a4e35a8693da46fbd9f3b 0.027s
2024-05-28 13:01:24.741 98693 ERROR manila_tempest_tests.tests.api.base [-] Suppressed cleanup error in Manila: Traceback (most recent call last): File "/opt/stack/manila-tempest-plugin/manila_tempest_tests/tests/api/base.py", line 1272, in clear_project_users cls.os_admin.creds_client.delete_user(user['id'])
File "/opt/stack/tempest/tempest/lib/common/cred_client.py", line 55, in delete_user self.users_client.delete_user(user_id)
File "/opt/stack/tempest/tempest/lib/services/identity/v3/users_client.py", line 104, in delete_user resp, body = self.delete("users/%s" % user_id)
File "/opt/stack/tempest/tempest/lib/common/rest_client.py", line 357, in delete return self.request('DELETE', url, extra_headers, headers, body)
File "/opt/stack/tempest/tempest/lib/common/rest_client.py", line 760, in request self._error_checker(resp, resp_body)
File "/opt/stack/tempest/tempest/lib/common/rest_client.py", line 870, in _error_checker raise exceptions.NotFound(resp_body, resp=resp) tempest.lib.exceptions.NotFound: Object not found Details: {'code': 404, 'message': 'Could not find user: 6533c69a593a4e35a8693da46fbd9f3b.', 'title': 'Not Found'} : tempest.lib.exceptions.NotFound: Object not found
2024-05-28 13:01:24.770 98693 INFO tempest.lib.common.rest_client [req-bd9a86ea-a585-4a71-8266-f6abedc65ab4 req-bd9a86ea-a585-4a71-8266-f6abedc65ab4 ] Request (SecServicesMappingNegativeTest:tearDownClass): 404 DELETE http://10.27.203.238/identity/v3/users/929590f760014a429cece4b4e674f84e 0.028s
2024-05-28 13:01:24.770 98693 ERROR manila_tempest_tests.tests.api.base [-] Suppressed cleanup error in Manila: Traceback (most recent call last): File "/opt/stack/manila-tempest-plugin/manila_tempest_tests/tests/api/base.py", line 1272, in clear_project_users cls.os_admin.creds_client.delete_user(user['id'])
File "/opt/stack/tempest/tempest/lib/common/cred_client.py", line 55, in delete_user self.users_client.delete_user(user_id)
File "/opt/stack/tempest/tempest/lib/services/identity/v3/users_client.py", line 104, in delete_user resp, body = self.delete("users/%s" % user_id)
File "/opt/stack/tempest/tempest/lib/common/rest_client.py", line 357, in delete return self.request('DELETE', url, extra_headers, headers, body)
File "/opt/stack/tempest/tempest/lib/common/rest_client.py", line 760, in request self._error_checker(resp, resp_body)
File "/opt/stack/tempest/tempest/lib/common/rest_client.py", line 870, in _error_checker raise exceptions.NotFound(resp_body, resp=resp) tempest.lib.exceptions.NotFound: Object not found Details: {'code': 404, 'message': 'Could not find user: 929590f760014a429cece4b4e674f84e.', 'title': 'Not Found'} : tempest.lib.exceptions.NotFound: Object not found
2024-05-28 13:01:24.797 98693 INFO tempest.lib.common.rest_client [req-5fdac75f-b115-4ebb-bc7d-9e1e24a535b7 req-5fdac75f-b115-4ebb-bc7d-9e1e24a535b7 ] Request (SecServicesMappingNegativeTest:tearDownClass): 404 DELETE http://10.27.203.238/identity/v3/users/7ad2c2df894f4bca82e33623064ce809 0.026s
2024-05-28 13:01:24.797 98693 ERROR manila_tempest_tests.tests.api.base [-] Suppressed cleanup error in Manila: Traceback (most recent call last): File "/opt/stack/manila-tempest-plugin/manila_tempest_tests/tests/api/base.py", line 1272, in clear_project_users cls.os_admin.creds_client.delete_user(user['id'])
File "/opt/stack/tempest/tempest/lib/common/cred_client.py", line 55, in delete_user self.users_client.delete_user(user_id)
File "/opt/stack/tempest/tempest/lib/services/identity/v3/users_client.py", line 104, in delete_user resp, body = self.delete("users/%s" % user_id)
File "/opt/stack/tempest/tempest/lib/common/rest_client.py", line 357, in delete return self.request('DELETE', url, extra_headers, headers, body)
File "/opt/stack/tempest/tempest/lib/common/rest_client.py", line 760, in request self._error_checker(resp, resp_body)
File "/opt/stack/tempest/tempest/lib/common/rest_client.py", line 870, in _error_checker raise exceptions.NotFound(resp_body, resp=resp) tempest.lib.exceptions.NotFound: Object not found Details: {'code': 404, 'message': 'Could not find user: 7ad2c2df894f4bca82e33623064ce809.', 'title': 'Not Found'} : tempest.lib.exceptions.NotFound: Object not found
2024-05-28 13:01:24.825 98693 INFO tempest.lib.common.rest_client [req-934794f4-f304-4025-ae98-71ddba9a85b3 req-934794f4-f304-4025-ae98-71ddba9a85b3 ] Request (SecServicesMappingNegativeTest:tearDownClass): 404 DELETE http://10.27.203.238/identity/v3/users/43487099e439456094fb5cfc0ae825c5 0.027s
2024-05-28 13:01:24.826 98693 ERROR manila_tempest_tests.tests.api.base [-] Suppressed cleanup error in Manila: Traceback (most recent call last): File "/opt/stack/manila-tempest-plugin/manila_tempest_tests/tests/api/base.py", line 1272, in clear_project_users cls.os_admin.creds_client.delete_user(user['id'])
File "/opt/stack/tempest/tempest/lib/common/cred_client.py", line 55, in delete_user self.users_client.delete_user(user_id)
File "/opt/stack/tempest/tempest/lib/services/identity/v3/users_client.py", line 104, in delete_user resp, body = self.delete("users/%s" % user_id)
File "/opt/stack/tempest/tempest/lib/common/rest_client.py", line 357, in delete return self.request('DELETE', url, extra_headers, headers, body)
File "/opt/stack/tempest/tempest/lib/common/rest_client.py", line 760, in request self._error_checker(resp, resp_body)
File "/opt/stack/tempest/tempest/lib/common/rest_client.py", line 870, in _error_checker raise exceptions.NotFound(resp_body, resp=resp) tempest.lib.exceptions.NotFound: Object not found Details: {'code': 404, 'message': 'Could not find user: 43487099e439456094fb5cfc0ae825c5.', 'title': 'Not Found'} : tempest.lib.exceptions.NotFound: Object not found
2024-05-28 13:01:24.915 98693 INFO tempest.lib.common.rest_client [req-30567096-6675-4c0e-9177-1f813e1c6912 req-30567096-6675-4c0e-9177-1f813e1c6912 ] Request (SecServicesMappingNegativeTest:tearDownClass): 204 DELETE http://10.27.203.238/identity/v3/users/450d0e4972ca4250966ec637211a08fd 0.089s
2024-05-28 13:01:24.961 98693 INFO tempest.lib.common.rest_client [ req-3a885db6-5e44-439a-ac4c-0b3868588e39 ] Request (SecServicesMappingNegativeTest:tearDownClass): 202 DELETE http://10.27.203.238/share/v2/17b281e6ecbf4c31a51fc8f70aa64a76/types/603e4418-669c-41bb-9557-f4fdaec74e8b 0.045s
2024-05-28 13:01:24.974 98693 INFO tempest.lib.common.rest_client [ req-001de32b-54c3-4089-bd62-0e7ed626111b ] Request (SecServicesMappingNegativeTest:tearDownClass): 404 GET http://10.27.203.238/share/v2/17b281e6ecbf4c31a51fc8f70aa64a76/types/603e4418-669c-41bb-9557-f4fdaec74e8b 0.012s
2024-05-28 13:01:24.993 98693 INFO tempest.lib.common.rest_client [ req-d61b322a-d655-4427-b57d-c69841e95885 ] Request (SecServicesMappingNegativeTest:tearDownClass): 403 DELETE http://10.27.203.238/share/v1/f96e397cc60642c39058e772b0083a08/security-services/a4832822-c619-425f-9f65-aa280194cd7d 0.019s
2024-05-28 13:01:24.994 98693 ERROR manila_tempest_tests.tests.api.base [-] Suppressed cleanup error in Manila: Traceback (most recent call last): File "/opt/stack/manila-tempest-plugin/manila_tempest_tests/tests/api/base.py", line 927, in clear_resources client.delete_security_service(res_id)
File "/opt/stack/manila-tempest-plugin/manila_tempest_tests/services/share/json/shares_client.py", line 500, in delete_security_service resp, body = self.delete("security-services/%s" % ss_id)
File "/opt/stack/tempest/tempest/lib/common/rest_client.py", line 357, in delete return self.request('DELETE', url, extra_headers, headers, body)
File "/opt/stack/tempest/tempest/lib/common/rest_client.py", line 760, in request self._error_checker(resp, resp_body)
File "/opt/stack/tempest/tempest/lib/common/rest_client.py", line 865, in _error_checker raise exceptions.Forbidden(resp_body, resp=resp) tempest.lib.exceptions.Forbidden: Forbidden Details: {'code': 403, 'message': 'Cannot delete security service. It is assigned to share network(s)'} : tempest.lib.exceptions.Forbidden: Forbidden
2024-05-28 13:01:25.021 98691 INFO tempest.lib.common.rest_client [ req-cfe7e210-403a-4b2d-9de6-56b091ced6c1 ] Request (ShareTypeAvailabilityZonesTest:test_share_type_azs_shares_az_in_create_req): 200 GET http://10.27.203.238/share/v2/284d76edec3144579d6fb3f6dbc0dd4e/shares/553b74f3-3a9b-40ad-b4b1-d5648684cbf4 0.029s
2024-05-28 13:01:25.051 98691 INFO tempest.lib.common.rest_client [ req-bb21e306-8f98-4956-9834-f9d315348260 ] Request (ShareTypeAvailabilityZonesTest:test_share_type_azs_shares_az_in_create_req): 200 GET http://10.27.203.238/share/v2/284d76edec3144579d6fb3f6dbc0dd4e/shares/553b74f3-3a9b-40ad-b4b1-d5648684cbf4 0.029s
2024-05-28 13:01:25.069 98691 INFO tempest.lib.common.rest_client [ req-731d6719-cfc9-4d54-96ee-b2efa0d2214c ] Request (ShareTypeAvailabilityZonesTest:_run_cleanups): 200 GET http://10.27.203.238/share/v2/284d76edec3144579d6fb3f6dbc0dd4e/share-replicas/detail?share_id=553b74f3-3a9b-40ad-b4b1-d5648684cbf4 0.017s
2024-05-28 13:01:25.143 98693 INFO tempest.lib.common.rest_client [ req-49ce478e-6c54-4a98-b8e6-0e6cea020940 ] Request (SecServicesMappingNegativeTest:tearDownClass): 202 DELETE http://10.27.203.238/share/v1/f96e397cc60642c39058e772b0083a08/share-networks/5b452e14-5361-4a33-b1fb-4da94322322a 0.148s
2024-05-28 13:01:25.166 98693 INFO tempest.lib.common.rest_client [ req-747feb94-efb3-4d26-8e99-5802439c8278 ] Request (SecServicesMappingNegativeTest:tearDownClass): 404 GET http://10.27.203.238/share/v1/f96e397cc60642c39058e772b0083a08/share-networks/5b452e14-5361-4a33-b1fb-4da94322322a 0.022s
2024-05-28 13:01:25.205 98691 INFO tempest.lib.common.rest_client [ req-ae348258-c7a9-4c41-94a5-aa565c59e244 ] Request (ShareTypeAvailabilityZonesTest:_run_cleanups): 202 DELETE http://10.27.203.238/share/v2/284d76edec3144579d6fb3f6dbc0dd4e/shares/553b74f3-3a9b-40ad-b4b1-d5648684cbf4 0.136s
2024-05-28 13:01:25.241 98691 INFO tempest.lib.common.rest_client [ req-df449e39-7248-41fe-a39c-76d0db97e360 ] Request (ShareTypeAvailabilityZonesTest:_run_cleanups): 200 GET http://10.27.203.238/share/v2/284d76edec3144579d6fb3f6dbc0dd4e/shares/553b74f3-3a9b-40ad-b4b1-d5648684cbf4 0.035s
2024-05-28 13:01:25.356 98693 INFO tempest.lib.common.rest_client [req-f523404d-c779-4382-bd2d-79b985366508 req-f523404d-c779-4382-bd2d-79b985366508 ] Request (SecServicesMappingNegativeTest:tearDownClass): 204 DELETE http://10.27.203.238/identity/v3/users/221107a0cded4051a330d4fb9e0e032d 0.190s
2024-05-28 13:01:25.521 98693 INFO tempest.lib.common.rest_client [req-e7fab57d-2d18-43c2-8bad-78a786636ef4 req-e7fab57d-2d18-43c2-8bad-78a786636ef4 ] Request (SecServicesMappingNegativeTest:tearDownClass): 204 DELETE http://10.27.203.238/identity/v3/users/2f1e297bf40641ea9c891dedaabbabf0 0.164s
2024-05-28 13:01:25.683 98693 INFO tempest.lib.common.rest_client [req-91251b97-c9e6-47cc-8a9f-c050f534b1c9 req-91251b97-c9e6-47cc-8a9f-c050f534b1c9 ] Request (SecServicesMappingNegativeTest:tearDownClass): 204 DELETE http://10.27.203.238/identity/v3/users/4bbed46a0e0e4976b09b8784aac745c5 0.161s
2024-05-28 13:01:25.683 98693 INFO tempest.lib.common.dynamic_creds [-] Deleting project and security group for project: 17b281e6ecbf4c31a51fc8f70aa64a76
2024-05-28 13:01:25.737 98693 INFO tempest.lib.common.rest_client [req-20d5eaf1-9813-48ad-b81a-8a2ded187e56 req-20d5eaf1-9813-48ad-b81a-8a2ded187e56 ] Request (SecServicesMappingNegativeTest:tearDownClass): 201 POST http://10.27.203.238/identity/v3/auth/tokens 0.053s
2024-05-28 13:01:25.822 98693 INFO tempest.lib.common.rest_client [req-eee85dd8-6f5e-48a8-9295-ad85bdfdc037 req-eee85dd8-6f5e-48a8-9295-ad85bdfdc037 ] Request (SecServicesMappingNegativeTest:tearDownClass): 200 GET http://10.27.203.238:9696/networking/v2.0/security-groups?tenant_id=17b281e6ecbf4c31a51fc8f70aa64a76&name=default 0.084s
2024-05-28 13:01:25.944 98693 INFO tempest.lib.common.rest_client [req-dfc6448e-a7b6-43a4-872f-0f46fca3cbea req-dfc6448e-a7b6-43a4-872f-0f46fca3cbea ] Request (SecServicesMappingNegativeTest:tearDownClass): 204 DELETE http://10.27.203.238/identity/v3/projects/17b281e6ecbf4c31a51fc8f70aa64a76 0.122s
2024-05-28 13:01:25.944 98693 INFO tempest.lib.common.dynamic_creds [-] Deleting project and security group for project: f96e397cc60642c39058e772b0083a08
2024-05-28 13:01:25.956 98693 INFO tempest.lib.common.rest_client [req-583bb84e-b949-4239-ad54-e185d2fca3dc req-583bb84e-b949-4239-ad54-e185d2fca3dc ] Request (SecServicesMappingNegativeTest:tearDownClass): 200 GET http://10.27.203.238:9696/networking/v2.0/security-groups?tenant_id=f96e397cc60642c39058e772b0083a08&name=default 0.012s
2024-05-28 13:01:26.067 98693 INFO tempest.lib.common.rest_client [req-826ad284-39d5-46cd-b77a-3bdb0ba457ca req-826ad284-39d5-46cd-b77a-3bdb0ba457ca ] Request (SecServicesMappingNegativeTest:tearDownClass): 204 DELETE http://10.27.203.238/identity/v3/projects/f96e397cc60642c39058e772b0083a08 0.110s
2024-05-28 13:01:26.067 98693 INFO tempest.lib.common.dynamic_creds [-] Deleting project and security group for project: c4990572c2804aff8644d3fd0a3d1e10
2024-05-28 13:01:26.078 98693 INFO tempest.lib.common.rest_client [req-94c7fd82-bce1-495b-84cc-37737590a8f8 req-94c7fd82-bce1-495b-84cc-37737590a8f8 ] Request (SecServicesMappingNegativeTest:tearDownClass): 200 GET http://10.27.203.238:9696/networking/v2.0/security-groups?tenant_id=c4990572c2804aff8644d3fd0a3d1e10&name=default 0.011s
2024-05-28 13:01:26.217 98693 INFO tempest.lib.common.rest_client [req-31b716b5-d697-4f43-ad66-4f768162230f req-31b716b5-d697-4f43-ad66-4f768162230f ] Request (SecServicesMappingNegativeTest:tearDownClass): 204 DELETE http://10.27.203.238/identity/v3/projects/c4990572c2804aff8644d3fd0a3d1e10 0.138s
2024-05-28 13:01:26.218 98693 INFO tempest.test [-] raised in ShareGroupRenameTest.setUpClass. Invoking tearDownClass.
2024-05-28 13:01:26.220 98693 INFO tempest.test [-] raised in ShareServerMultipleSubNegativeTest.setUpClass. Invoking tearDownClass.
2024-05-28 13:01:26.246 98693 INFO tempest.lib.common.rest_client [req-e1cf73e6-17c2-4c04-ac73-24b8191dfc65 req-e1cf73e6-17c2-4c04-ac73-24b8191dfc65 ] Request (ShareTransferTest:setUpClass): 201 POST http://10.27.203.238/identity/v3/auth/tokens 0.024s
2024-05-28 13:01:26.304 98693 INFO tempest.lib.common.rest_client [req-411a4b47-e51c-4ab4-a2bc-b4c63bfaaf5b req-411a4b47-e51c-4ab4-a2bc-b4c63bfaaf5b ] Request (ShareTransferTest:setUpClass): 201 POST http://10.27.203.238/identity/v3/auth/tokens 0.055s
2024-05-28 13:01:26.331 98693 INFO tempest.lib.common.rest_client [req-e561ac0c-fb32-4c40-bfa1-97829d2029e3 req-e561ac0c-fb32-4c40-bfa1-97829d2029e3 ] Request (ShareTransferTest:setUpClass): 200 GET http://10.27.203.238/identity/v3/domains?name=Default 0.026s
2024-05-28 13:01:26.373 98693 INFO tempest.lib.common.rest_client [req-45da4593-511a-439a-8a34-729547fb1e88 req-45da4593-511a-439a-8a34-729547fb1e88 ] Request (ShareTransferTest:setUpClass): 201 POST http://10.27.203.238/identity/v3/projects 0.041s
2024-05-28 13:01:26.433 98693 INFO tempest.lib.common.rest_client [req-52bc92ee-a752-410f-a30f-77fbad340ad9 req-52bc92ee-a752-410f-a30f-77fbad340ad9 ] Request (ShareTransferTest:setUpClass): 201 POST http://10.27.203.238/identity/v3/users 0.059s
2024-05-28 13:01:26.453 98693 INFO tempest.lib.common.rest_client [req-e5082498-674c-4eb9-9323-5468ba8afa77 req-e5082498-674c-4eb9-9323-5468ba8afa77 ] Request (ShareTransferTest:setUpClass): 200 GET http://10.27.203.238/identity/v3/roles 0.020s
2024-05-28 13:01:26.493 98693 INFO tempest.lib.common.rest_client [req-2667f0f9-c272-45a5-9e5f-f168f75876fa req-2667f0f9-c272-45a5-9e5f-f168f75876fa ] Request (ShareTransferTest:setUpClass): 204 PUT http://10.27.203.238/identity/v3/projects/bece16f41fc44d55bf7bc45c2adaaed5/users/ed7d4361167043f38be1e05c82d83f1c/roles/44620cad10ae407c90c91e2c296adb04 0.039s
2024-05-28 13:01:26.493 98693 INFO tempest.lib.common.dynamic_creds [-] Dynamic test user ed7d4361167043f38be1e05c82d83f1c is created with scope project and roles: ['member']
2024-05-28 13:01:26.494 98693 INFO tempest.lib.common.dynamic_creds [-] Acquired dynamic creds: credentials: Credentials: {'domain_id': 'default', 'domain_name': 'Default', 'username': 'tempest-ShareTransferTest-320553121-project-member', 'project_domain_id': 'default', 'project_domain_name': 'Default', 'project_id': 'bece16f41fc44d55bf7bc45c2adaaed5', 'project_name': 'tempest-ShareTransferTest-320553121', 'tenant_id': 'bece16f41fc44d55bf7bc45c2adaaed5', 'tenant_name': 'tempest-ShareTransferTest-320553121', 'user_domain_id': 'default', 'user_domain_name': 'Default', 'user_id': 'ed7d4361167043f38be1e05c82d83f1c', 'system': None}, Network: None, Subnet: None, Router: None
2024-05-28 13:01:26.494 98693 INFO tempest.lib.common.dynamic_creds [-] Created isolated network resources for: credentials: Credentials: {'domain_id': 'default', 'domain_name': 'Default', 'username': 'tempest-ShareTransferTest-320553121-project-member', 'project_domain_id': 'default', 'project_domain_name': 'Default', 'project_id': 'bece16f41fc44d55bf7bc45c2adaaed5', 'project_name': 'tempest-ShareTransferTest-320553121', 'tenant_id': 'bece16f41fc44d55bf7bc45c2adaaed5', 'tenant_name': 'tempest-ShareTransferTest-320553121', 'user_domain_id': 'default', 'user_domain_name': 'Default', 'user_id': 'ed7d4361167043f38be1e05c82d83f1c', 'system': None}, Network: None, Subnet: None, Router: None
2024-05-28 13:01:26.572 98693 INFO tempest.lib.common.rest_client [req-d24da60b-5210-4cc7-acbe-cb23aa7cfa06 req-d24da60b-5210-4cc7-acbe-cb23aa7cfa06 ] Request (ShareTransferTest:setUpClass): 201 POST http://10.27.203.238/identity/v3/auth/tokens 0.076s
2024-05-28 13:01:26.652 98693 INFO tempest.lib.common.rest_client [req-e87ba5f9-04ef-4fe3-ac40-06fa56edf8ef req-e87ba5f9-04ef-4fe3-ac40-06fa56edf8ef ] Request (ShareTransferTest:setUpClass): 201 POST http://10.27.203.238/identity/v3/projects 0.080s
2024-05-28 13:01:26.665 98689 INFO tempest.lib.common.rest_client [ req-49f1f61d-779a-4176-a723-81d460eca578 ] Request (ShareRulesTest:_run_cleanups): 200 GET http://10.27.203.238/share/v2/a4f3887fa28c457390f5b66615564430/share-access-rules?share_id=b330db31-7766-443d-9c19-26fe349665aa 0.050s
2024-05-28 13:01:26.724 98693 INFO tempest.lib.common.rest_client [req-6949f6ac-0d7a-4646-8dfb-f3f2fd6eedcc req-6949f6ac-0d7a-4646-8dfb-f3f2fd6eedcc ] Request (ShareTransferTest:setUpClass): 201 POST http://10.27.203.238/identity/v3/users 0.071s
2024-05-28 13:01:26.747 98693 INFO tempest.lib.common.rest_client [req-04a96f47-a7c1-4c8f-9fe9-3d330fe346f5 req-04a96f47-a7c1-4c8f-9fe9-3d330fe346f5 ] Request (ShareTransferTest:setUpClass): 200 GET http://10.27.203.238/identity/v3/roles 0.022s
2024-05-28 13:01:26.789 98693 INFO tempest.lib.common.rest_client [req-e1e2471e-0f66-4aee-8e97-11e37896d6a9 req-e1e2471e-0f66-4aee-8e97-11e37896d6a9 ] Request (ShareTransferTest:setUpClass): 204 PUT http://10.27.203.238/identity/v3/projects/6570d95ff9704ae6a746d0fdc1bcfded/users/c63c17000aaa4286bcf00a2e6c714c55/roles/44620cad10ae407c90c91e2c296adb04 0.041s
2024-05-28 13:01:26.789 98693 INFO tempest.lib.common.dynamic_creds [-] Dynamic test user c63c17000aaa4286bcf00a2e6c714c55 is created with scope project and roles: ['member']
2024-05-28 13:01:26.789 98693 INFO tempest.lib.common.dynamic_creds [-] Acquired dynamic creds: credentials: Credentials: {'domain_id': 'default', 'domain_name': 'Default', 'username': 'tempest-ShareTransferTest-1224887522-project-member', 'project_domain_id': 'default', 'project_domain_name': 'Default', 'project_id': '6570d95ff9704ae6a746d0fdc1bcfded', 'project_name': 'tempest-ShareTransferTest-1224887522', 'tenant_id': '6570d95ff9704ae6a746d0fdc1bcfded', 'tenant_name': 'tempest-ShareTransferTest-1224887522', 'user_domain_id': 'default', 'user_domain_name': 'Default', 'user_id': 'c63c17000aaa4286bcf00a2e6c714c55', 'system': None}, Network: None, Subnet: None, Router: None
2024-05-28 13:01:26.789 98693 INFO tempest.lib.common.dynamic_creds [-] Created isolated network resources for: credentials: Credentials: {'domain_id': 'default', 'domain_name': 'Default', 'username': 'tempest-ShareTransferTest-1224887522-project-member', 'project_domain_id': 'default', 'project_domain_name': 'Default', 'project_id': '6570d95ff9704ae6a746d0fdc1bcfded', 'project_name': 'tempest-ShareTransferTest-1224887522', 'tenant_id': '6570d95ff9704ae6a746d0fdc1bcfded', 'tenant_name': 'tempest-ShareTransferTest-1224887522', 'user_domain_id': 'default', 'user_domain_name': 'Default', 'user_id': 'c63c17000aaa4286bcf00a2e6c714c55', 'system': None}, Network: None, Subnet: None, Router: None
2024-05-28 13:01:26.834 98689 INFO tempest.lib.common.rest_client [ req-cd563bca-39b7-465c-8326-3f00978098a9 ] Request (ShareRulesTest:test_list_access_rules): 200 POST http://10.27.203.238/share/v2/a4f3887fa28c457390f5b66615564430/shares/b330db31-7766-443d-9c19-26fe349665aa/action 0.165s
