2024-05-28 12:58:50.086 98693 INFO tempest.lib.common.rest_client [ req-304ef334-b2c2-45b7-9f9d-f8147729a4be ] Request (SchedulerStatsAdminTest:test_pool_list_detail_with_filters): 200 GET http://10.27.203.238/share/v1/e3754ccde0c34ce9a33fe231011c1930/scheduler-stats/pools/detail?host=%5El75lg1-v1%24&backend=%5Evast%24&pool=%5Evast%24 0.511s
2024-05-28 12:58:50.599 98693 INFO tempest.lib.common.rest_client [ req-dfff43bf-ef80-4d00-8aa0-369c0cb269aa ] Request (SchedulerStatsAdminTest:test_pool_list_detail_with_filters_negative): 200 GET http://10.27.203.238/share/v1/e3754ccde0c34ce9a33fe231011c1930/scheduler-stats/pools/detail?host=foo&backend=bar&pool=shark 0.510s
2024-05-28 12:58:51.111 98693 INFO tempest.lib.common.rest_client [ req-836785e4-0d91-4fa3-84b7-f860c1a844d3 ] Request (SchedulerStatsAdminTest:test_pool_list_with_filters): 200 GET http://10.27.203.238/share/v1/e3754ccde0c34ce9a33fe231011c1930/scheduler-stats/pools 0.510s
2024-05-28 12:58:51.320 98687 INFO tempest.lib.common.rest_client [ req-751f2c9f-c903-44b6-b373-f8bd8f34419a ] Request (ShareIpRulesForNFSTest:_run_cleanups): 200 GET http://10.27.203.238/share/v2/776f75906bc64f8f9316d5aab4b50bf1/share-access-rules?share_id=1ddadc17-cf10-4a42-8bbd-8335fb3520a1 0.042s
2024-05-28 12:58:51.454 98687 INFO tempest.lib.common.rest_client [ req-3b022bc2-6e1d-4e3f-8682-3f251b036909 ] Request (ShareIpRulesForNFSTest:test_create_delete_access_rules_with_one_ip): 200 POST http://10.27.203.238/share/v2/776f75906bc64f8f9316d5aab4b50bf1/shares/1ddadc17-cf10-4a42-8bbd-8335fb3520a1/action 0.132s
2024-05-28 12:58:51.501 98687 INFO tempest.lib.common.rest_client [ req-87823e69-ff0f-4603-a327-152bf5008392 ] Request (ShareIpRulesForNFSTest:test_create_delete_access_rules_with_one_ip): 200 POST http://10.27.203.238/share/v2/776f75906bc64f8f9316d5aab4b50bf1/shares/1ddadc17-cf10-4a42-8bbd-8335fb3520a1/action 0.047s
2024-05-28 12:58:51.536 98695 INFO tempest.lib.common.rest_client [ req-b15859d5-7b69-407d-90bb-81c0c192b532 ] Request (SharesMetadataTest:_run_cleanups): 200 GET http://10.27.203.238/share/v2/698d6c02a1cc4bf2b16302eb8a31bc26/shares/0e9e1ee3-c7cc-4239-bc5b-cace9d44e641 0.049s
2024-05-28 12:58:51.624 98693 INFO tempest.lib.common.rest_client [ req-9f41d1e4-a145-4b93-9f3b-cd2981588e64 ] Request (SchedulerStatsAdminTest:test_pool_list_with_filters): 200 GET http://10.27.203.238/share/v1/e3754ccde0c34ce9a33fe231011c1930/scheduler-stats/pools?host=%5El75lg1-v1%24&backend=%5Evast%24&pool=%5Evast%24 0.512s
2024-05-28 12:58:51.908 98691 INFO tempest.lib.common.rest_client [ req-1eb5044d-96fb-4674-98ba-c54caef5bb9a ] Request (ShareIpRulesForNFSNegativeTest:setUpClass): 200 GET http://10.27.203.238/share/v2/7890e9d8a78c49a0bb9af26ec5dd4646/snapshots/0fba4486-6341-49ab-a9dc-333609ce1d2e 0.036s
2024-05-28 12:58:52.021 98689 INFO tempest.lib.common.rest_client [ req-0e5cb5d6-6351-4a26-bd52-e8ca83414ce5 ] Request (PublicSharesTest:_run_cleanups): 404 GET http://10.27.203.238/share/v2/8ee1466a8fe242afa8e0d0378840bfc1/shares/5a92a994-03f1-4598-b3f6-70280cf0a971 0.014s
2024-05-28 12:58:52.139 98693 INFO tempest.lib.common.rest_client [ req-78c3e715-96e3-4b51-92a9-f15b5917b43b ] Request (SchedulerStatsAdminTest:test_pool_list_with_filters_negative): 200 GET http://10.27.203.238/share/v1/e3754ccde0c34ce9a33fe231011c1930/scheduler-stats/pools?host=foo&backend=bar&pool=shark 0.513s
2024-05-28 12:58:52.162 98693 INFO tempest.lib.common.rest_client [ req-9c21a920-1b29-49fe-9d85-261c6c4c3212 ] Request (SchedulerStatsAdminTest:test_pool_list_with_share_type_filter_with_detail): 200 POST http://10.27.203.238/share/v2/e3754ccde0c34ce9a33fe231011c1930/types 0.021s
2024-05-28 12:58:52.196 98689 INFO tempest.lib.common.rest_client [ req-4b180551-58c5-42d4-9de8-bc86bc61d554 ] Request (PublicSharesTest:test_update_share_set_is_public): 200 POST http://10.27.203.238/share/v2/6d36e1eb1dbc449db6aca75b12a2ba18/shares 0.172s
2024-05-28 12:58:52.221 98689 INFO tempest.lib.common.rest_client [ req-14a2a557-b42b-4ee3-905d-7a54145fc2ef ] Request (PublicSharesTest:test_update_share_set_is_public): 200 GET http://10.27.203.238/share/v2/6d36e1eb1dbc449db6aca75b12a2ba18/shares/84e821d0-2b62-48db-80c7-259f61a14bac 0.025s
2024-05-28 12:58:52.677 98693 INFO tempest.lib.common.rest_client [ req-718c40ab-69d1-4c60-8c92-83fd2cafddc9 ] Request (SchedulerStatsAdminTest:test_pool_list_with_share_type_filter_with_detail): 200 GET http://10.27.203.238/share/v2/e3754ccde0c34ce9a33fe231011c1930/scheduler-stats/pools/detail?share_type=tempest-typeshare-type-640868561 0.515s
2024-05-28 12:58:52.706 98693 INFO tempest.lib.common.rest_client [ req-41390593-e89d-496f-af4e-f3a8f964dbef ] Request (SchedulerStatsAdminTest:test_pool_list_with_share_type_filter_with_detail): 200 POST http://10.27.203.238/share/v2/e3754ccde0c34ce9a33fe231011c1930/types 0.027s
2024-05-28 12:58:53.224 98693 INFO tempest.lib.common.rest_client [ req-ca3274d2-f82e-483d-920c-545e082c7291 ] Request (SchedulerStatsAdminTest:test_pool_list_with_share_type_filter_with_detail): 200 GET http://10.27.203.238/share/v2/e3754ccde0c34ce9a33fe231011c1930/scheduler-stats/pools/detail?share_type=83b5fc12-8b3d-42b7-8cbf-ca9c4e8471f4 0.518s
2024-05-28 12:58:53.260 98693 INFO tempest.lib.common.rest_client [ req-7eadc726-c073-4966-93d9-fd67f64307ff ] Request (SchedulerStatsAdminTest:test_pool_list_with_share_type_filter_with_detail): 200 POST http://10.27.203.238/share/v2/e3754ccde0c34ce9a33fe231011c1930/types 0.034s
2024-05-28 12:58:53.776 98693 INFO tempest.lib.common.rest_client [ req-3993d1ac-3d5b-4ef2-9ac7-2051ad1a53b5 ] Request (SchedulerStatsAdminTest:test_pool_list_with_share_type_filter_with_detail): 200 GET http://10.27.203.238/share/v2/e3754ccde0c34ce9a33fe231011c1930/scheduler-stats/pools?share_type=tempest-typeshare-type-1069759470 0.516s
2024-05-28 12:58:53.807 98693 INFO tempest.lib.common.rest_client [ req-57c1d20a-b5d1-45da-9b10-366b82c9a05d ] Request (SchedulerStatsAdminTest:test_pool_list_with_share_type_filter_with_detail): 200 POST http://10.27.203.238/share/v2/e3754ccde0c34ce9a33fe231011c1930/types 0.029s
2024-05-28 12:58:54.324 98693 INFO tempest.lib.common.rest_client [ req-33402e85-a375-45c5-80fe-865752c3118c ] Request (SchedulerStatsAdminTest:test_pool_list_with_share_type_filter_with_detail): 200 GET http://10.27.203.238/share/v2/e3754ccde0c34ce9a33fe231011c1930/scheduler-stats/pools?share_type=b9189440-fb1a-4773-b2bf-b984ae0533b2 0.516s
2024-05-28 12:58:54.351 98693 INFO tempest.lib.common.rest_client [ req-7f6e70b0-ea93-43f2-a1cc-8928ec174a96 ] Request (SchedulerStatsAdminTest:test_pool_list_with_share_type_filter_with_detail_negative): 200 POST http://10.27.203.238/share/v2/e3754ccde0c34ce9a33fe231011c1930/types 0.025s
2024-05-28 12:58:54.550 98687 INFO tempest.lib.common.rest_client [ req-bc4ae2d0-0afd-4485-bf98-8adbdfc7d5cb ] Request (ShareIpRulesForNFSTest:test_create_delete_access_rules_with_one_ip): 200 POST http://10.27.203.238/share/v2/776f75906bc64f8f9316d5aab4b50bf1/shares/1ddadc17-cf10-4a42-8bbd-8335fb3520a1/action 0.044s
2024-05-28 12:58:54.577 98695 INFO tempest.lib.common.rest_client [ req-4ea1ae34-4e30-4b50-863a-cb43593bfedc ] Request (SharesMetadataTest:_run_cleanups): 200 GET http://10.27.203.238/share/v2/698d6c02a1cc4bf2b16302eb8a31bc26/shares/0e9e1ee3-c7cc-4239-bc5b-cace9d44e641 0.038s
2024-05-28 12:58:54.778 98687 INFO tempest.lib.common.rest_client [ req-2a6f53f3-f91d-4c67-887f-32835add7dd1 ] Request (ShareIpRulesForNFSTest:_run_cleanups): 202 POST http://10.27.203.238/share/v2/776f75906bc64f8f9316d5aab4b50bf1/shares/1ddadc17-cf10-4a42-8bbd-8335fb3520a1/action 0.228s
2024-05-28 12:58:54.824 98687 INFO tempest.lib.common.rest_client [ req-3a87ce26-dace-4830-bfe5-a1b37a6e2b3b ] Request (ShareIpRulesForNFSTest:_run_cleanups): 200 GET http://10.27.203.238/share/v2/776f75906bc64f8f9316d5aab4b50bf1/share-access-rules?share_id=1ddadc17-cf10-4a42-8bbd-8335fb3520a1 0.045s
2024-05-28 12:58:54.867 98693 INFO tempest.lib.common.rest_client [ req-dcfb543f-f57f-417d-b12b-aea4de41a3e5 ] Request (SchedulerStatsAdminTest:test_pool_list_with_share_type_filter_with_detail_negative): 200 GET http://10.27.203.238/share/v2/e3754ccde0c34ce9a33fe231011c1930/scheduler-stats/pools/detail?share_type=tempest-unique_st_name-1455428482 0.515s
2024-05-28 12:58:54.897 98693 INFO tempest.lib.common.rest_client [ req-edce85e8-6c69-4a0f-95e4-bb466011be2c ] Request (SchedulerStatsAdminTest:test_pool_list_with_share_type_filter_with_detail_negative): 200 POST http://10.27.203.238/share/v2/e3754ccde0c34ce9a33fe231011c1930/types 0.029s
2024-05-28 12:58:54.949 98691 INFO tempest.lib.common.rest_client [ req-f654799a-be55-4e07-a20d-2685e977f142 ] Request (ShareIpRulesForNFSNegativeTest:setUpClass): 200 GET http://10.27.203.238/share/v2/7890e9d8a78c49a0bb9af26ec5dd4646/snapshots/0fba4486-6341-49ab-a9dc-333609ce1d2e 0.038s
2024-05-28 12:58:55.018 98691 INFO tempest.lib.common.rest_client [req-c4a8a941-d1d3-46c8-8156-7b50d8eba1a4 req-c4a8a941-d1d3-46c8-8156-7b50d8eba1a4 ] Request (ShareIpRulesForNFSNegativeTest:setUpClass): 200 GET http://10.27.203.238/identity/v3/projects/7890e9d8a78c49a0bb9af26ec5dd4646 0.069s
2024-05-28 12:58:55.040 98691 INFO tempest.lib.common.rest_client [req-acd99a4b-6f68-4776-811c-13b89005382f req-acd99a4b-6f68-4776-811c-13b89005382f ] Request (ShareIpRulesForNFSNegativeTest:setUpClass): 200 GET http://10.27.203.238/identity/v3/domains?name=Default 0.021s
2024-05-28 12:58:55.080 98691 INFO tempest.lib.common.rest_client [req-dcfef2b6-637b-44d6-921c-a7bd5941f067 req-dcfef2b6-637b-44d6-921c-a7bd5941f067 ] Request (ShareIpRulesForNFSNegativeTest:setUpClass): 201 POST http://10.27.203.238/identity/v3/users 0.039s
2024-05-28 12:58:55.100 98691 INFO tempest.lib.common.rest_client [req-b361c3b7-485b-4a58-b0ae-9564b1a415e2 req-b361c3b7-485b-4a58-b0ae-9564b1a415e2 ] Request (ShareIpRulesForNFSNegativeTest:setUpClass): 200 GET http://10.27.203.238/identity/v3/roles 0.019s
2024-05-28 12:58:55.155 98691 INFO tempest.lib.common.rest_client [req-4233b7dc-f786-4e9a-a4de-3ea6217e7bcb req-4233b7dc-f786-4e9a-a4de-3ea6217e7bcb ] Request (ShareIpRulesForNFSNegativeTest:setUpClass): 204 PUT http://10.27.203.238/identity/v3/projects/7890e9d8a78c49a0bb9af26ec5dd4646/users/db0396a316ea4c5697d47df053fccbe4/roles/44620cad10ae407c90c91e2c296adb04 0.054s
2024-05-28 12:58:55.186 98691 INFO tempest.lib.common.rest_client [ req-fd4e7f21-9ca8-4154-a280-eb93b6955427 ] Request (ShareIpRulesForNFSNegativeTest:test_add_access_rule_on_share_with_no_host): 200 POST http://10.27.203.238/share/v2/8f81d1d8d7c946e8aa46d6e3e510424c/types 0.026s
2024-05-28 12:58:55.416 98693 INFO tempest.lib.common.rest_client [ req-66442e13-0b3c-473d-9466-474aa6d7d6e7 ] Request (SchedulerStatsAdminTest:test_pool_list_with_share_type_filter_with_detail_negative): 200 GET http://10.27.203.238/share/v2/e3754ccde0c34ce9a33fe231011c1930/scheduler-stats/pools/detail?share_type=8d1107fc-a987-4450-befa-063bbc1e072b 0.517s
2024-05-28 12:58:55.429 98691 INFO tempest.lib.common.rest_client [ req-6b307f8a-6c3e-4b75-86c1-674131a95acf ] Request (ShareIpRulesForNFSNegativeTest:test_add_access_rule_on_share_with_no_host): 200 POST http://10.27.203.238/share/v2/7890e9d8a78c49a0bb9af26ec5dd4646/shares 0.242s
2024-05-28 12:58:55.444 98689 INFO tempest.lib.common.rest_client [ req-4e9bddfb-f8a5-473a-9f83-417204981a47 ] Request (PublicSharesTest:test_update_share_set_is_public): 200 GET http://10.27.203.238/share/v2/6d36e1eb1dbc449db6aca75b12a2ba18/shares/84e821d0-2b62-48db-80c7-259f61a14bac 0.221s
2024-05-28 12:58:55.452 98693 INFO tempest.lib.common.rest_client [ req-50a8add7-6858-4a70-b0e6-77af1fa2ca40 ] Request (SchedulerStatsAdminTest:test_pool_list_with_share_type_filter_with_detail_negative): 200 POST http://10.27.203.238/share/v2/e3754ccde0c34ce9a33fe231011c1930/types 0.033s
2024-05-28 12:58:55.472 98691 INFO tempest.lib.common.rest_client [ req-363e5c42-ebb8-4cd1-a3db-cbe93cad845b ] Request (ShareIpRulesForNFSNegativeTest:test_add_access_rule_on_share_with_no_host): 200 GET http://10.27.203.238/share/v2/7890e9d8a78c49a0bb9af26ec5dd4646/shares/5aa4e646-010d-48b4-8194-715d8ba7e33c 0.041s
2024-05-28 12:58:55.968 98693 INFO tempest.lib.common.rest_client [ req-a139c7f0-e843-44ba-96b1-dea737551233 ] Request (SchedulerStatsAdminTest:test_pool_list_with_share_type_filter_with_detail_negative): 200 GET http://10.27.203.238/share/v2/e3754ccde0c34ce9a33fe231011c1930/scheduler-stats/pools?share_type=tempest-unique_st_name-784152955 0.515s
2024-05-28 12:58:56.024 98693 INFO tempest.lib.common.rest_client [ req-09d07e75-43be-4f27-a289-8464016efa43 ] Request (SchedulerStatsAdminTest:test_pool_list_with_share_type_filter_with_detail_negative): 200 POST http://10.27.203.238/share/v2/e3754ccde0c34ce9a33fe231011c1930/types 0.055s
2024-05-28 12:58:56.540 98693 INFO tempest.lib.common.rest_client [ req-9786464c-2536-491a-bc21-d9ad4ef1ba89 ] Request (SchedulerStatsAdminTest:test_pool_list_with_share_type_filter_with_detail_negative): 200 GET http://10.27.203.238/share/v2/e3754ccde0c34ce9a33fe231011c1930/scheduler-stats/pools?share_type=57228b04-c011-460a-8e30-080b90e8ae5e 0.514s
2024-05-28 12:58:56.586 98693 INFO tempest.lib.common.rest_client [ req-647b1950-af1a-40ef-993a-8deebb13fcf2 ] Request (SchedulerStatsAdminTest:tearDownClass): 202 DELETE http://10.27.203.238/share/v2/e3754ccde0c34ce9a33fe231011c1930/types/57228b04-c011-460a-8e30-080b90e8ae5e 0.045s
2024-05-28 12:58:56.599 98693 INFO tempest.lib.common.rest_client [ req-ae733292-cbbd-4ef9-93e2-7bf2be0a4f1a ] Request (SchedulerStatsAdminTest:tearDownClass): 404 GET http://10.27.203.238/share/v2/e3754ccde0c34ce9a33fe231011c1930/types/57228b04-c011-460a-8e30-080b90e8ae5e 0.012s
2024-05-28 12:58:56.646 98693 INFO tempest.lib.common.rest_client [ req-c7006ff4-8796-4bc6-8559-f263cc9d7eef ] Request (SchedulerStatsAdminTest:tearDownClass): 202 DELETE http://10.27.203.238/share/v2/e3754ccde0c34ce9a33fe231011c1930/types/c2bb7f9e-cf04-448d-ac4f-86b903cf8e45 0.046s
2024-05-28 12:58:56.661 98693 INFO tempest.lib.common.rest_client [ req-a158e1e1-b880-43ea-9fb9-bf252f26f783 ] Request (SchedulerStatsAdminTest:tearDownClass): 404 GET http://10.27.203.238/share/v2/e3754ccde0c34ce9a33fe231011c1930/types/c2bb7f9e-cf04-448d-ac4f-86b903cf8e45 0.015s
2024-05-28 12:58:56.699 98693 INFO tempest.lib.common.rest_client [ req-d94b40cf-ef6a-433c-85d6-eeda67bd4a3b ] Request (SchedulerStatsAdminTest:tearDownClass): 202 DELETE http://10.27.203.238/share/v2/e3754ccde0c34ce9a33fe231011c1930/types/8d1107fc-a987-4450-befa-063bbc1e072b 0.036s
2024-05-28 12:58:56.713 98693 INFO tempest.lib.common.rest_client [ req-690fa2d9-5903-4cc9-9bd4-0b47f4b424e5 ] Request (SchedulerStatsAdminTest:tearDownClass): 404 GET http://10.27.203.238/share/v2/e3754ccde0c34ce9a33fe231011c1930/types/8d1107fc-a987-4450-befa-063bbc1e072b 0.014s
2024-05-28 12:58:56.756 98693 INFO tempest.lib.common.rest_client [ req-cd4c4255-4e8d-49e3-83e0-c9479f5101c7 ] Request (SchedulerStatsAdminTest:tearDownClass): 202 DELETE http://10.27.203.238/share/v2/e3754ccde0c34ce9a33fe231011c1930/types/085b9b39-1579-4b3a-b13a-6f6b202c1624 0.042s
2024-05-28 12:58:56.768 98693 INFO tempest.lib.common.rest_client [ req-841cb544-3103-45f0-95dd-5f03fd8ac471 ] Request (SchedulerStatsAdminTest:tearDownClass): 404 GET http://10.27.203.238/share/v2/e3754ccde0c34ce9a33fe231011c1930/types/085b9b39-1579-4b3a-b13a-6f6b202c1624 0.012s
2024-05-28 12:58:56.805 98693 INFO tempest.lib.common.rest_client [ req-bb222e88-b8a9-48cb-8ee9-8daf9c58ced5 ] Request (SchedulerStatsAdminTest:tearDownClass): 202 DELETE http://10.27.203.238/share/v2/e3754ccde0c34ce9a33fe231011c1930/types/b9189440-fb1a-4773-b2bf-b984ae0533b2 0.036s
2024-05-28 12:58:56.818 98693 INFO tempest.lib.common.rest_client [ req-93d91bcb-945a-4fc2-8fc1-ca5a36c13d99 ] Request (SchedulerStatsAdminTest:tearDownClass): 404 GET http://10.27.203.238/share/v2/e3754ccde0c34ce9a33fe231011c1930/types/b9189440-fb1a-4773-b2bf-b984ae0533b2 0.012s
2024-05-28 12:58:56.869 98693 INFO tempest.lib.common.rest_client [ req-46a41bc0-d126-4f04-82d3-ddf54d406e0a ] Request (SchedulerStatsAdminTest:tearDownClass): 202 DELETE http://10.27.203.238/share/v2/e3754ccde0c34ce9a33fe231011c1930/types/d22fee7e-88af-4f97-9a6c-52add4663545 0.051s
2024-05-28 12:58:56.881 98693 INFO tempest.lib.common.rest_client [ req-17bd86d6-6d13-499e-8e8f-c150d8d25951 ] Request (SchedulerStatsAdminTest:tearDownClass): 404 GET http://10.27.203.238/share/v2/e3754ccde0c34ce9a33fe231011c1930/types/d22fee7e-88af-4f97-9a6c-52add4663545 0.012s
2024-05-28 12:58:56.921 98693 INFO tempest.lib.common.rest_client [ req-eb47b0c9-a924-47d8-9ebc-4d46f14441cf ] Request (SchedulerStatsAdminTest:tearDownClass): 202 DELETE http://10.27.203.238/share/v2/e3754ccde0c34ce9a33fe231011c1930/types/83b5fc12-8b3d-42b7-8cbf-ca9c4e8471f4 0.039s
2024-05-28 12:58:56.934 98693 INFO tempest.lib.common.rest_client [ req-08cab814-ff5e-40bf-88b5-e0bfada21613 ] Request (SchedulerStatsAdminTest:tearDownClass): 404 GET http://10.27.203.238/share/v2/e3754ccde0c34ce9a33fe231011c1930/types/83b5fc12-8b3d-42b7-8cbf-ca9c4e8471f4 0.013s
2024-05-28 12:58:56.979 98693 INFO tempest.lib.common.rest_client [ req-a880fa79-8542-4c16-ba57-f87d10f813e6 ] Request (SchedulerStatsAdminTest:tearDownClass): 202 DELETE http://10.27.203.238/share/v2/e3754ccde0c34ce9a33fe231011c1930/types/5393ecb9-e008-46c3-88ce-e487592b5b3e 0.044s
2024-05-28 12:58:56.992 98693 INFO tempest.lib.common.rest_client [ req-11d019f6-d5c9-4668-962e-ecd53d218f69 ] Request (SchedulerStatsAdminTest:tearDownClass): 404 GET http://10.27.203.238/share/v2/e3754ccde0c34ce9a33fe231011c1930/types/5393ecb9-e008-46c3-88ce-e487592b5b3e 0.013s
2024-05-28 12:58:57.130 98693 INFO tempest.lib.common.rest_client [req-b46a89b0-8182-4fc0-83c3-f8168bcc435f req-b46a89b0-8182-4fc0-83c3-f8168bcc435f ] Request (SchedulerStatsAdminTest:tearDownClass): 204 DELETE http://10.27.203.238/identity/v3/users/141d7fcf70c04ad6aea2346d8c2cb259 0.138s
2024-05-28 12:58:57.131 98693 INFO tempest.lib.common.dynamic_creds [-] Deleting project and security group for project: e3754ccde0c34ce9a33fe231011c1930
2024-05-28 12:58:57.191 98693 INFO tempest.lib.common.rest_client [req-d932a390-6040-405c-8827-a677f863471a req-d932a390-6040-405c-8827-a677f863471a ] Request (SchedulerStatsAdminTest:tearDownClass): 201 POST http://10.27.203.238/identity/v3/auth/tokens 0.060s
2024-05-28 12:58:57.268 98693 INFO tempest.lib.common.rest_client [req-2d487056-0bca-421e-ad08-c6042342576a req-2d487056-0bca-421e-ad08-c6042342576a ] Request (SchedulerStatsAdminTest:tearDownClass): 200 GET http://10.27.203.238:9696/networking/v2.0/security-groups?tenant_id=e3754ccde0c34ce9a33fe231011c1930&name=default 0.076s
2024-05-28 12:58:57.368 98693 INFO tempest.lib.common.rest_client [req-99277c2a-1463-412f-be75-53caf0bf2ad4 req-99277c2a-1463-412f-be75-53caf0bf2ad4 ] Request (SchedulerStatsAdminTest:tearDownClass): 204 DELETE http://10.27.203.238/identity/v3/projects/e3754ccde0c34ce9a33fe231011c1930 0.099s
2024-05-28 12:58:57.390 98693 INFO tempest.lib.common.rest_client [req-9d4ffeb8-00db-4738-b178-3cd011b80ade req-9d4ffeb8-00db-4738-b178-3cd011b80ade ] Request (ServicesAdminTest:setUpClass): 201 POST http://10.27.203.238/identity/v3/auth/tokens 0.020s
2024-05-28 12:58:57.437 98693 INFO tempest.lib.common.rest_client [req-19d01112-dcbf-4f05-88d1-feecb500d90a req-19d01112-dcbf-4f05-88d1-feecb500d90a ] Request (ServicesAdminTest:setUpClass): 201 POST http://10.27.203.238/identity/v3/auth/tokens 0.045s
2024-05-28 12:58:57.463 98693 INFO tempest.lib.common.rest_client [req-09ec3fc9-9cab-49b6-b6f0-3a616e844ce4 req-09ec3fc9-9cab-49b6-b6f0-3a616e844ce4 ] Request (ServicesAdminTest:setUpClass): 200 GET http://10.27.203.238/identity/v3/domains?name=Default 0.025s
2024-05-28 12:58:57.510 98693 INFO tempest.lib.common.rest_client [req-1690a3c3-efcc-485a-ab5f-6b369f4619be req-1690a3c3-efcc-485a-ab5f-6b369f4619be ] Request (ServicesAdminTest:setUpClass): 201 POST http://10.27.203.238/identity/v3/projects 0.047s
2024-05-28 12:58:57.566 98693 INFO tempest.lib.common.rest_client [req-2cb8ca5a-da81-41b5-8ff5-310107f3294a req-2cb8ca5a-da81-41b5-8ff5-310107f3294a ] Request (ServicesAdminTest:setUpClass): 201 POST http://10.27.203.238/identity/v3/users 0.055s
2024-05-28 12:58:57.584 98693 INFO tempest.lib.common.rest_client [req-6c8dd684-3de1-42be-97a2-de02e4ce6cf5 req-6c8dd684-3de1-42be-97a2-de02e4ce6cf5 ] Request (ServicesAdminTest:setUpClass): 200 GET http://10.27.203.238/identity/v3/roles 0.018s
2024-05-28 12:58:57.593 98695 INFO tempest.lib.common.rest_client [ req-c0e93d59-a690-4c87-8bff-b470c034409e ] Request (SharesMetadataTest:_run_cleanups): 404 GET http://10.27.203.238/share/v2/698d6c02a1cc4bf2b16302eb8a31bc26/shares/0e9e1ee3-c7cc-4239-bc5b-cace9d44e641 0.014s
2024-05-28 12:58:57.631 98693 INFO tempest.lib.common.rest_client [req-1c64f570-abb8-454c-847b-d08d4a89867b req-1c64f570-abb8-454c-847b-d08d4a89867b ] Request (ServicesAdminTest:setUpClass): 204 PUT http://10.27.203.238/identity/v3/projects/169e2bf0e6284c33bb6e8ba37eadf427/users/07cff7a575184066b67f8e453f02c2e6/roles/e7989893488f483baa107be56668c4f8 0.046s
2024-05-28 12:58:57.671 98693 INFO tempest.lib.common.rest_client [req-d2f18b44-20ec-4a14-97c0-571374f0415e req-d2f18b44-20ec-4a14-97c0-571374f0415e ] Request (ServicesAdminTest:setUpClass): 200 GET http://10.27.203.238/identity/v3/roles 0.039s
2024-05-28 12:58:57.692 98693 INFO tempest.lib.common.rest_client [req-c88fc100-eb30-41bd-b0b1-53443048865c req-c88fc100-eb30-41bd-b0b1-53443048865c ] Request (ServicesAdminTest:setUpClass): 204 PUT http://10.27.203.238/identity/v3/projects/169e2bf0e6284c33bb6e8ba37eadf427/users/07cff7a575184066b67f8e453f02c2e6/roles/e7989893488f483baa107be56668c4f8 0.021s
2024-05-28 12:58:57.692 98693 INFO tempest.lib.common.dynamic_creds [-] Dynamic test user 07cff7a575184066b67f8e453f02c2e6 is created with scope project and roles: ['admin']
2024-05-28 12:58:57.692 98693 INFO tempest.lib.common.dynamic_creds [-] Acquired dynamic creds: credentials: Credentials: {'domain_id': 'default', 'domain_name': 'Default', 'username': 'tempest-ServicesAdminTest-55852734-project-admin', 'project_domain_id': 'default', 'project_domain_name': 'Default', 'project_id': '169e2bf0e6284c33bb6e8ba37eadf427', 'project_name': 'tempest-ServicesAdminTest-55852734', 'tenant_id': '169e2bf0e6284c33bb6e8ba37eadf427', 'tenant_name': 'tempest-ServicesAdminTest-55852734', 'user_domain_id': 'default', 'user_domain_name': 'Default', 'user_id': '07cff7a575184066b67f8e453f02c2e6', 'system': None}, Network: None, Subnet: None, Router: None
2024-05-28 12:58:57.693 98693 INFO tempest.lib.common.dynamic_creds [-] Created isolated network resources for: credentials: Credentials: {'domain_id': 'default', 'domain_name': 'Default', 'username': 'tempest-ServicesAdminTest-55852734-project-admin', 'project_domain_id': 'default', 'project_domain_name': 'Default', 'project_id': '169e2bf0e6284c33bb6e8ba37eadf427', 'project_name': 'tempest-ServicesAdminTest-55852734', 'tenant_id': '169e2bf0e6284c33bb6e8ba37eadf427', 'tenant_name': 'tempest-ServicesAdminTest-55852734', 'user_domain_id': 'default', 'user_domain_name': 'Default', 'user_id': '07cff7a575184066b67f8e453f02c2e6', 'system': None}, Network: None, Subnet: None, Router: None
2024-05-28 12:58:57.769 98693 INFO tempest.lib.common.rest_client [req-c4107a1f-3a19-4c9a-8f1e-474ffe347d81 req-c4107a1f-3a19-4c9a-8f1e-474ffe347d81 ] Request (ServicesAdminTest:setUpClass): 201 POST http://10.27.203.238/identity/v3/auth/tokens 0.075s
2024-05-28 12:58:57.845 98695 INFO tempest.lib.common.rest_client [ req-a7ea8ee3-0c0c-4569-9ae6-223ef96e5788 ] Request (SharesMetadataTest:test_upd_metadata_max_size_key): 200 PUT http://10.27.203.238/share/v2/698d6c02a1cc4bf2b16302eb8a31bc26/shares/9e24a210-9e96-45d9-b31c-f6f3377eb0e7/metadata 0.250s
2024-05-28 12:58:57.852 98693 INFO tempest.lib.common.rest_client [ req-1f40ee15-176a-4cb2-a528-d2fe8b021a0d ] Request (ServicesAdminTest:setUp): 200 GET http://10.27.203.238/share/v1/169e2bf0e6284c33bb6e8ba37eadf427/os-services 0.081s
2024-05-28 12:58:57.876 98687 INFO tempest.lib.common.rest_client [ req-07dc279f-2908-414e-b4eb-8d6f62f738da ] Request (ShareIpRulesForNFSTest:_run_cleanups): 200 GET http://10.27.203.238/share/v2/776f75906bc64f8f9316d5aab4b50bf1/share-access-rules?share_id=1ddadc17-cf10-4a42-8bbd-8335fb3520a1 0.049s
2024-05-28 12:58:57.891 98693 INFO tempest.lib.common.rest_client [ req-593d0405-f98c-4ffe-9a94-ff56dca1e0e1 ] Request (ServicesAdminTest:test_get_services_by_all_filters): 200 GET http://10.27.203.238/share/v1/169e2bf0e6284c33bb6e8ba37eadf427/os-services?host=l75lg1-v1%40generic2&binary=manila-share&zone=nova&status=enabled&state=stopped 0.039s
2024-05-28 12:58:57.912 98695 INFO tempest.lib.common.rest_client [ req-f8afa6ce-7a3d-4368-b90a-43acb4d52dd0 ] Request (SharesMetadataTest:test_upd_metadata_max_size_key): 200 GET http://10.27.203.238/share/v2/698d6c02a1cc4bf2b16302eb8a31bc26/shares/9e24a210-9e96-45d9-b31c-f6f3377eb0e7/metadata 0.066s
2024-05-28 12:58:57.928 98693 INFO tempest.lib.common.rest_client [ req-e4392b9c-24f5-4a3f-8063-231e392c4693 ] Request (ServicesAdminTest:setUp): 200 GET http://10.27.203.238/share/v1/169e2bf0e6284c33bb6e8ba37eadf427/os-services 0.034s
2024-05-28 12:58:58.005 98687 INFO tempest.lib.common.rest_client [ req-0582a3bd-1a90-43c9-97e5-8ff6de178dd9 ] Request (ShareIpRulesForNFSTest:test_create_delete_access_rules_with_one_ip): 200 POST http://10.27.203.238/share/v2/776f75906bc64f8f9316d5aab4b50bf1/shares/1ddadc17-cf10-4a42-8bbd-8335fb3520a1/action 0.128s
2024-05-28 12:58:58.019 98693 INFO tempest.lib.common.rest_client [ req-b30e5d23-d867-42bc-b5fc-74cbf3d16d56 ] Request (ServicesAdminTest:test_get_services_by_all_filters): 200 GET http://10.27.203.238/share/v2/169e2bf0e6284c33bb6e8ba37eadf427/services?host=l75lg1-v1%40generic2&binary=manila-share&zone=nova&status=enabled&state=stopped 0.091s
2024-05-28 12:58:58.061 98687 INFO tempest.lib.common.rest_client [ req-72c521bb-dee3-496f-878f-3618fef9acbb ] Request (ShareIpRulesForNFSTest:test_create_delete_access_rules_with_one_ip): 200 GET http://10.27.203.238/share/v2/776f75906bc64f8f9316d5aab4b50bf1/share-access-rules?share_id=1ddadc17-cf10-4a42-8bbd-8335fb3520a1 0.055s
2024-05-28 12:58:58.074 98693 INFO tempest.lib.common.rest_client [ req-d3eb95e1-772c-4797-9925-a81cb1449beb ] Request (ServicesAdminTest:setUp): 200 GET http://10.27.203.238/share/v1/169e2bf0e6284c33bb6e8ba37eadf427/os-services 0.052s
2024-05-28 12:58:58.090 98693 INFO tempest.lib.common.rest_client [ req-7dd7673a-6f47-4046-875c-abbb7b35ae39 ] Request (ServicesAdminTest:test_get_services_by_availability_zone): 200 GET http://10.27.203.238/share/v1/169e2bf0e6284c33bb6e8ba37eadf427/os-services?zone=nova 0.015s
2024-05-28 12:58:58.108 98693 INFO tempest.lib.common.rest_client [ req-6d603d08-0cc9-4854-8a0e-c533bf17d891 ] Request (ServicesAdminTest:setUp): 200 GET http://10.27.203.238/share/v1/169e2bf0e6284c33bb6e8ba37eadf427/os-services 0.016s
2024-05-28 12:58:58.109 98695 INFO tempest.lib.common.rest_client [ req-c790d9db-7ed3-4aa4-8dfb-e95747e20793 ] Request (SharesMetadataTest:test_upd_metadata_max_size_value): 200 PUT http://10.27.203.238/share/v2/698d6c02a1cc4bf2b16302eb8a31bc26/shares/9e24a210-9e96-45d9-b31c-f6f3377eb0e7/metadata 0.195s
2024-05-28 12:58:58.124 98693 INFO tempest.lib.common.rest_client [ req-ddc4ee93-d75b-49c7-a1fb-c6672124978f ] Request (ServicesAdminTest:test_get_services_by_availability_zone): 200 GET http://10.27.203.238/share/v2/169e2bf0e6284c33bb6e8ba37eadf427/services?zone=nova 0.015s
2024-05-28 12:58:58.143 98693 INFO tempest.lib.common.rest_client [ req-ae526efd-3a4a-4e22-9453-93ea7bd058f7 ] Request (ServicesAdminTest:setUp): 200 GET http://10.27.203.238/share/v1/169e2bf0e6284c33bb6e8ba37eadf427/os-services 0.016s
2024-05-28 12:58:58.160 98693 INFO tempest.lib.common.rest_client [ req-f0097c5a-5de0-4e92-9756-357f8e01a7af ] Request (ServicesAdminTest:test_get_services_by_binary_name): 200 GET http://10.27.203.238/share/v1/169e2bf0e6284c33bb6e8ba37eadf427/os-services?binary=manila-share 0.017s
2024-05-28 12:58:58.175 98695 INFO tempest.lib.common.rest_client [ req-13b32559-a48a-4bc8-a382-3865a0557371 ] Request (SharesMetadataTest:test_upd_metadata_max_size_value): 200 GET http://10.27.203.238/share/v2/698d6c02a1cc4bf2b16302eb8a31bc26/shares/9e24a210-9e96-45d9-b31c-f6f3377eb0e7/metadata 0.065s
2024-05-28 12:58:58.180 98693 INFO tempest.lib.common.rest_client [ req-030cfd4f-7769-4655-851e-bfa5467177c1 ] Request (ServicesAdminTest:setUp): 200 GET http://10.27.203.238/share/v1/169e2bf0e6284c33bb6e8ba37eadf427/os-services 0.018s
2024-05-28 12:58:58.198 98693 INFO tempest.lib.common.rest_client [ req-3fca6a88-02f1-4680-9432-503ba4da8739 ] Request (ServicesAdminTest:test_get_services_by_binary_name): 200 GET http://10.27.203.238/share/v2/169e2bf0e6284c33bb6e8ba37eadf427/services?binary=manila-share 0.017s
2024-05-28 12:58:58.216 98693 INFO tempest.lib.common.rest_client [ req-d9710a35-42c1-4e17-882c-f5d25dd639c7 ] Request (ServicesAdminTest:setUp): 200 GET http://10.27.203.238/share/v1/169e2bf0e6284c33bb6e8ba37eadf427/os-services 0.016s
2024-05-28 12:58:58.239 98693 INFO tempest.lib.common.rest_client [ req-3b80f66e-805f-404a-a622-0a255e44ee61 ] Request (ServicesAdminTest:test_get_services_by_host_name): 200 GET http://10.27.203.238/share/v1/169e2bf0e6284c33bb6e8ba37eadf427/os-services?host=l75lg1-v1%40generic2 0.023s
2024-05-28 12:58:58.261 98693 INFO tempest.lib.common.rest_client [ req-82a7ec70-9c3d-4d35-89ea-70988715a359 ] Request (ServicesAdminTest:setUp): 200 GET http://10.27.203.238/share/v1/169e2bf0e6284c33bb6e8ba37eadf427/os-services 0.019s
2024-05-28 12:58:58.277 98693 INFO tempest.lib.common.rest_client [ req-9b1b67b9-b888-4590-bb91-0b3efa7173e6 ] Request (ServicesAdminTest:test_get_services_by_host_name): 200 GET http://10.27.203.238/share/v2/169e2bf0e6284c33bb6e8ba37eadf427/services?host=l75lg1-v1%40generic2 0.015s
2024-05-28 12:58:58.295 98693 INFO tempest.lib.common.rest_client [ req-3084e684-40a2-486f-a269-02bc876f64e5 ] Request (ServicesAdminTest:setUp): 200 GET http://10.27.203.238/share/v1/169e2bf0e6284c33bb6e8ba37eadf427/os-services 0.016s
2024-05-28 12:58:58.311 98693 INFO tempest.lib.common.rest_client [ req-db16f689-dc25-4ec1-84d1-1c7a139e2270 ] Request (ServicesAdminTest:test_get_services_by_state): 200 GET http://10.27.203.238/share/v1/169e2bf0e6284c33bb6e8ba37eadf427/os-services?state=stopped 0.016s
2024-05-28 12:58:58.329 98693 INFO tempest.lib.common.rest_client [ req-b81dff8e-34b1-4689-b7d4-4be9851ae19b ] Request (ServicesAdminTest:setUp): 200 GET http://10.27.203.238/share/v1/169e2bf0e6284c33bb6e8ba37eadf427/os-services 0.016s
2024-05-28 12:58:58.346 98693 INFO tempest.lib.common.rest_client [ req-06ad346e-6926-48c9-863c-9efbbf05f8a2 ] Request (ServicesAdminTest:test_get_services_by_state): 200 GET http://10.27.203.238/share/v2/169e2bf0e6284c33bb6e8ba37eadf427/services?state=stopped 0.016s
2024-05-28 12:58:58.364 98693 INFO tempest.lib.common.rest_client [ req-61fb0984-149a-4182-831f-7e02460cdcc0 ] Request (ServicesAdminTest:setUp): 200 GET http://10.27.203.238/share/v1/169e2bf0e6284c33bb6e8ba37eadf427/os-services 0.016s
2024-05-28 12:58:58.375 98695 INFO tempest.lib.common.rest_client [ req-4bc32dfa-0ebe-4cf4-b7ae-83bc938cda79 ] Request (SharesMetadataTest:test_upd_metadata_min_size_key): 200 PUT http://10.27.203.238/share/v2/698d6c02a1cc4bf2b16302eb8a31bc26/shares/9e24a210-9e96-45d9-b31c-f6f3377eb0e7/metadata 0.198s
2024-05-28 12:58:58.380 98693 INFO tempest.lib.common.rest_client [ req-e576d2aa-5b14-421c-9555-cce3a956549f ] Request (ServicesAdminTest:test_get_services_by_status): 200 GET http://10.27.203.238/share/v1/169e2bf0e6284c33bb6e8ba37eadf427/os-services?status=enabled 0.015s
2024-05-28 12:58:58.397 98693 INFO tempest.lib.common.rest_client [ req-349cea07-5bf2-45e1-8002-c3530647660f ] Request (ServicesAdminTest:setUp): 200 GET http://10.27.203.238/share/v1/169e2bf0e6284c33bb6e8ba37eadf427/os-services 0.015s
2024-05-28 12:58:58.414 98693 INFO tempest.lib.common.rest_client [ req-6d04335c-405d-407c-8e37-176805044859 ] Request (ServicesAdminTest:test_get_services_by_status): 200 GET http://10.27.203.238/share/v2/169e2bf0e6284c33bb6e8ba37eadf427/services?status=enabled 0.016s
2024-05-28 12:58:58.437 98693 INFO tempest.lib.common.rest_client [ req-c7ebf073-0c89-4d1d-9e0c-89db7c87022f ] Request (ServicesAdminTest:setUp): 200 GET http://10.27.203.238/share/v1/169e2bf0e6284c33bb6e8ba37eadf427/os-services 0.022s
2024-05-28 12:58:58.450 98695 INFO tempest.lib.common.rest_client [ req-55cc8967-11af-49a9-942c-bbd2e6567b38 ] Request (SharesMetadataTest:test_upd_metadata_min_size_key): 200 GET http://10.27.203.238/share/v2/698d6c02a1cc4bf2b16302eb8a31bc26/shares/9e24a210-9e96-45d9-b31c-f6f3377eb0e7/metadata 0.074s
2024-05-28 12:58:58.456 98693 INFO tempest.lib.common.rest_client [ req-35f09c98-2ff8-4126-8ed2-e5ae07a501e6 ] Request (ServicesAdminTest:test_list_services): 200 GET http://10.27.203.238/share/v1/169e2bf0e6284c33bb6e8ba37eadf427/os-services 0.018s
2024-05-28 12:58:58.478 98689 INFO tempest.lib.common.rest_client [ req-b9516bdd-419a-4d02-bf3c-843d169533d0 ] Request (PublicSharesTest:test_update_share_set_is_public): 200 GET http://10.27.203.238/share/v2/6d36e1eb1dbc449db6aca75b12a2ba18/shares/84e821d0-2b62-48db-80c7-259f61a14bac 0.031s
2024-05-28 12:58:58.494 98693 INFO tempest.lib.common.rest_client [ req-c6ce44fc-3b63-463e-aaab-6aeffefd3196 ] Request (ServicesAdminTest:setUp): 200 GET http://10.27.203.238/share/v1/169e2bf0e6284c33bb6e8ba37eadf427/os-services 0.036s
2024-05-28 12:58:58.521 98691 INFO tempest.lib.common.rest_client [ req-14ffe815-905e-4dba-9c01-6ab89048c032 ] Request (ShareIpRulesForNFSNegativeTest:test_add_access_rule_on_share_with_no_host): 200 GET http://10.27.203.238/share/v2/7890e9d8a78c49a0bb9af26ec5dd4646/shares/5aa4e646-010d-48b4-8194-715d8ba7e33c 0.047s
2024-05-28 12:58:58.545 98689 INFO tempest.lib.common.rest_client [ req-a647b2c2-7926-4ece-9297-03675fae1def ] Request (PublicSharesTest:test_update_share_set_is_public): 200 GET http://10.27.203.238/share/v2/6d36e1eb1dbc449db6aca75b12a2ba18/shares/84e821d0-2b62-48db-80c7-259f61a14bac 0.067s
2024-05-28 12:58:58.560 98693 INFO tempest.lib.common.rest_client [ req-568b1a0c-f19f-46ed-995e-702684a24a41 ] Request (ServicesAdminTest:test_list_services): 200 GET http://10.27.203.238/share/v2/169e2bf0e6284c33bb6e8ba37eadf427/services 0.065s
2024-05-28 12:58:58.587 98691 INFO tempest.lib.common.rest_client [ req-8acfa454-eaeb-4960-8ed5-9585b23a6675 ] Request (ShareIpRulesForNFSNegativeTest:test_add_access_rule_on_share_with_no_host): 400 POST http://10.27.203.238/share/v2/8f81d1d8d7c946e8aa46d6e3e510424c/shares/5aa4e646-010d-48b4-8194-715d8ba7e33c/action 0.065s
2024-05-28 12:58:58.675 98689 INFO tempest.lib.common.rest_client [ req-557a9bba-398e-4064-9d73-ebaf403235cd ] Request (PublicSharesTest:test_update_share_set_is_public): 200 PUT http://10.27.203.238/share/v2/8ee1466a8fe242afa8e0d0378840bfc1/shares/84e821d0-2b62-48db-80c7-259f61a14bac 0.129s
2024-05-28 12:58:58.684 98695 INFO tempest.lib.common.rest_client [ req-9ec4e405-e7f3-42b6-84a8-cb5a893aa1f3 ] Request (SharesMetadataTest:test_upd_metadata_min_size_value): 200 PUT http://10.27.203.238/share/v2/698d6c02a1cc4bf2b16302eb8a31bc26/shares/9e24a210-9e96-45d9-b31c-f6f3377eb0e7/metadata 0.233s
2024-05-28 12:58:58.689 98691 INFO tempest.lib.common.rest_client [ req-3d80c349-a0ae-40b1-b58e-cbe7d399bd63 ] Request (ShareIpRulesForNFSNegativeTest:_run_cleanups): 200 GET http://10.27.203.238/share/v2/7890e9d8a78c49a0bb9af26ec5dd4646/share-replicas/detail?share_id=5aa4e646-010d-48b4-8194-715d8ba7e33c 0.101s
2024-05-28 12:58:58.710 98689 INFO tempest.lib.common.rest_client [ req-718b23d5-09b4-4f33-9e66-60daa7801858 ] Request (PublicSharesTest:test_update_share_set_is_public): 200 GET http://10.27.203.238/share/v2/f72e4ec607ca4e899b33f8b656888e37/shares/84e821d0-2b62-48db-80c7-259f61a14bac 0.035s
2024-05-28 12:58:58.718 98693 INFO tempest.lib.common.rest_client [req-cd277538-cfe4-4fa4-ba26-85814384fdb2 req-cd277538-cfe4-4fa4-ba26-85814384fdb2 ] Request (ServicesAdminTest:tearDownClass): 204 DELETE http://10.27.203.238/identity/v3/users/07cff7a575184066b67f8e453f02c2e6 0.156s
2024-05-28 12:58:58.718 98693 INFO tempest.lib.common.dynamic_creds [-] Deleting project and security group for project: 169e2bf0e6284c33bb6e8ba37eadf427
2024-05-28 12:58:58.753 98695 INFO tempest.lib.common.rest_client [ req-b9bb6b58-ed44-40ac-b657-54f4a047efd0 ] Request (SharesMetadataTest:test_upd_metadata_min_size_value): 200 GET http://10.27.203.238/share/v2/698d6c02a1cc4bf2b16302eb8a31bc26/shares/9e24a210-9e96-45d9-b31c-f6f3377eb0e7/metadata 0.068s
2024-05-28 12:58:58.764 98693 INFO tempest.lib.common.rest_client [req-9d4504f3-d427-4575-a8b8-ac99c2179d55 req-9d4504f3-d427-4575-a8b8-ac99c2179d55 ] Request (ServicesAdminTest:tearDownClass): 201 POST http://10.27.203.238/identity/v3/auth/tokens 0.046s
2024-05-28 12:58:58.767 98689 INFO tempest.lib.common.rest_client [ req-e9d076d5-458f-4913-ba81-4bb3650b5efe ] Request (PublicSharesTest:_run_cleanups): 200 GET http://10.27.203.238/share/v2/6d36e1eb1dbc449db6aca75b12a2ba18/share-replicas/detail?share_id=84e821d0-2b62-48db-80c7-259f61a14bac 0.056s
2024-05-28 12:58:58.825 98695 INFO tempest.lib.common.rest_client [req-29cd1911-7d79-49e9-970a-113396039224 req-29cd1911-7d79-49e9-970a-113396039224 ] Request (SharesMetadataTest:tearDownClass): 404 DELETE http://10.27.203.238/identity/v3/users/b9078b0601ac4efa93bdcc390f3d1208 0.071s
2024-05-28 12:58:58.826 98695 ERROR manila_tempest_tests.tests.api.base [-] Suppressed cleanup error in Manila: Traceback (most recent call last): File "/opt/stack/manila-tempest-plugin/manila_tempest_tests/tests/api/base.py", line 1272, in clear_project_users cls.os_admin.creds_client.delete_user(user['id'])
File "/opt/stack/tempest/tempest/lib/common/cred_client.py", line 55, in delete_user self.users_client.delete_user(user_id)
File "/opt/stack/tempest/tempest/lib/services/identity/v3/users_client.py", line 104, in delete_user resp, body = self.delete("users/%s" % user_id)
File "/opt/stack/tempest/tempest/lib/common/rest_client.py", line 357, in delete return self.request('DELETE', url, extra_headers, headers, body)
File "/opt/stack/tempest/tempest/lib/common/rest_client.py", line 760, in request self._error_checker(resp, resp_body)
File "/opt/stack/tempest/tempest/lib/common/rest_client.py", line 870, in _error_checker raise exceptions.NotFound(resp_body, resp=resp) tempest.lib.exceptions.NotFound: Object not found Details: {'code': 404, 'message': 'Could not find user: b9078b0601ac4efa93bdcc390f3d1208.', 'title': 'Not Found'} : tempest.lib.exceptions.NotFound: Object not found
2024-05-28 12:58:58.839 98693 INFO tempest.lib.common.rest_client [req-98aeac45-b108-4ced-98b0-c7f6ecc82687 req-98aeac45-b108-4ced-98b0-c7f6ecc82687 ] Request (ServicesAdminTest:tearDownClass): 200 GET http://10.27.203.238:9696/networking/v2.0/security-groups?tenant_id=169e2bf0e6284c33bb6e8ba37eadf427&name=default 0.074s
2024-05-28 12:58:58.852 98695 INFO tempest.lib.common.rest_client [req-f4c11b83-3caa-426d-b256-38f1864669f9 req-f4c11b83-3caa-426d-b256-38f1864669f9 ] Request (SharesMetadataTest:tearDownClass): 404 DELETE http://10.27.203.238/identity/v3/users/567edee5a37f498e8a3f54a933728377 0.026s
2024-05-28 12:58:58.852 98695 ERROR manila_tempest_tests.tests.api.base [-] Suppressed cleanup error in Manila: Traceback (most recent call last): File "/opt/stack/manila-tempest-plugin/manila_tempest_tests/tests/api/base.py", line 1272, in clear_project_users cls.os_admin.creds_client.delete_user(user['id'])
File "/opt/stack/tempest/tempest/lib/common/cred_client.py", line 55, in delete_user self.users_client.delete_user(user_id)
File "/opt/stack/tempest/tempest/lib/services/identity/v3/users_client.py", line 104, in delete_user resp, body = self.delete("users/%s" % user_id)
File "/opt/stack/tempest/tempest/lib/common/rest_client.py", line 357, in delete return self.request('DELETE', url, extra_headers, headers, body)
File "/opt/stack/tempest/tempest/lib/common/rest_client.py", line 760, in request self._error_checker(resp, resp_body)
File "/opt/stack/tempest/tempest/lib/common/rest_client.py", line 870, in _error_checker raise exceptions.NotFound(resp_body, resp=resp) tempest.lib.exceptions.NotFound: Object not found Details: {'code': 404, 'message': 'Could not find user: 567edee5a37f498e8a3f54a933728377.', 'title': 'Not Found'} : tempest.lib.exceptions.NotFound: Object not found
2024-05-28 12:58:58.902 98689 INFO tempest.lib.common.rest_client [ req-0ff54ac4-b262-4846-9adc-bdeb391988b0 ] Request (PublicSharesTest:_run_cleanups): 202 DELETE http://10.27.203.238/share/v2/6d36e1eb1dbc449db6aca75b12a2ba18/shares/84e821d0-2b62-48db-80c7-259f61a14bac 0.133s
2024-05-28 12:58:58.927 98689 INFO tempest.lib.common.rest_client [ req-d42f0e7a-bc0e-4d38-828d-274c8447a1fa ] Request (PublicSharesTest:_run_cleanups): 200 GET http://10.27.203.238/share/v2/6d36e1eb1dbc449db6aca75b12a2ba18/shares/84e821d0-2b62-48db-80c7-259f61a14bac 0.025s
2024-05-28 12:58:58.940 98693 INFO tempest.lib.common.rest_client [req-af22e799-ad5d-42a5-a5d9-e664f5ab7ca3 req-af22e799-ad5d-42a5-a5d9-e664f5ab7ca3 ] Request (ServicesAdminTest:tearDownClass): 204 DELETE http://10.27.203.238/identity/v3/projects/169e2bf0e6284c33bb6e8ba37eadf427 0.100s
2024-05-28 12:58:58.941 98693 INFO tempest.test [-] raised in ShareGroupTypesTest.setUpClass. Invoking tearDownClass.
2024-05-28 12:58:58.943 98693 INFO tempest.test [-] raised in ManageCIFSShareNegativeTest.setUpClass. Invoking tearDownClass.
2024-05-28 12:58:58.944 98693 INFO tempest.test [-] raised in ManageNFSShareNegativeTest.setUpClass. Invoking tearDownClass.
2024-05-28 12:58:58.966 98695 INFO tempest.lib.common.rest_client [req-09a773e4-6ea7-429e-9b8b-cf825cc7ddcf req-09a773e4-6ea7-429e-9b8b-cf825cc7ddcf ] Request (SharesMetadataTest:tearDownClass): 204 DELETE http://10.27.203.238/identity/v3/users/e1f712aac7e94e429048f60f92a8a736 0.113s
2024-05-28 12:58:58.968 98693 INFO tempest.lib.common.rest_client [req-e728ee97-5d64-4be0-866a-f41723e851d6 req-e728ee97-5d64-4be0-866a-f41723e851d6 ] Request (ShareNetworkAdminTest:setUpClass): 201 POST http://10.27.203.238/identity/v3/auth/tokens 0.021s
2024-05-28 12:58:58.974 98691 INFO tempest.lib.common.rest_client [ req-d59f78aa-32ef-4905-a696-e32a3a33b261 ] Request (ShareIpRulesForNFSNegativeTest:_run_cleanups): 202 DELETE http://10.27.203.238/share/v2/7890e9d8a78c49a0bb9af26ec5dd4646/shares/5aa4e646-010d-48b4-8194-715d8ba7e33c 0.284s
2024-05-28 12:58:58.981 98695 INFO tempest.lib.common.rest_client [ req-c36dbfa7-b373-4f6f-a617-d62e3eff6616 ] Request (SharesMetadataTest:tearDownClass): 200 GET http://10.27.203.238/share/v2/698d6c02a1cc4bf2b16302eb8a31bc26/share-replicas/detail?share_id=9e24a210-9e96-45d9-b31c-f6f3377eb0e7 0.015s
2024-05-28 12:58:58.989 98691 INFO tempest.lib.common.rest_client [ req-ae647d44-b73b-4d1d-a3bb-640ad697d8cc ] Request (ShareIpRulesForNFSNegativeTest:_run_cleanups): 404 GET http://10.27.203.238/share/v2/7890e9d8a78c49a0bb9af26ec5dd4646/shares/5aa4e646-010d-48b4-8194-715d8ba7e33c 0.014s
2024-05-28 12:58:59.018 98693 INFO tempest.lib.common.rest_client [req-84dc6451-0fcf-434d-bbf8-116c678b1f17 req-84dc6451-0fcf-434d-bbf8-116c678b1f17 ] Request (ShareNetworkAdminTest:setUpClass): 201 POST http://10.27.203.238/identity/v3/auth/tokens 0.045s
2024-05-28 12:58:59.034 98691 INFO tempest.lib.common.rest_client [ req-aa0efbc6-a268-469b-9d47-5c763167d257 ] Request (ShareIpRulesForNFSNegativeTest:_run_cleanups): 202 DELETE http://10.27.203.238/share/v2/8f81d1d8d7c946e8aa46d6e3e510424c/types/a6882835-6452-4e9f-ae9f-1b59f9974de9 0.044s
2024-05-28 12:58:59.046 98693 INFO tempest.lib.common.rest_client [req-ad7f0eec-ce16-4918-a1c3-d7f614cebbf6 req-ad7f0eec-ce16-4918-a1c3-d7f614cebbf6 ] Request (ShareNetworkAdminTest:setUpClass): 200 GET http://10.27.203.238/identity/v3/domains?name=Default 0.028s
2024-05-28 12:58:59.046 98691 INFO tempest.lib.common.rest_client [ req-bea1c141-b504-48b0-9958-60205800ceb6 ] Request (ShareIpRulesForNFSNegativeTest:_run_cleanups): 404 GET http://10.27.203.238/share/v2/8f81d1d8d7c946e8aa46d6e3e510424c/types/a6882835-6452-4e9f-ae9f-1b59f9974de9 0.011s
2024-05-28 12:58:59.088 98693 INFO tempest.lib.common.rest_client [req-ccf063af-34b8-4a01-86fa-8d3b1c875207 req-ccf063af-34b8-4a01-86fa-8d3b1c875207 ] Request (ShareNetworkAdminTest:setUpClass): 201 POST http://10.27.203.238/identity/v3/projects 0.041s
2024-05-28 12:58:59.111 98695 INFO tempest.lib.common.rest_client [ req-e33a4def-e23e-4cb3-aa95-353e32ae4440 ] Request (SharesMetadataTest:tearDownClass): 202 DELETE http://10.27.203.238/share/v2/698d6c02a1cc4bf2b16302eb8a31bc26/shares/9e24a210-9e96-45d9-b31c-f6f3377eb0e7 0.129s
2024-05-28 12:58:59.137 98695 INFO tempest.lib.common.rest_client [ req-e812741b-b2e8-478c-b484-fa8ddbf6a256 ] Request (SharesMetadataTest:tearDownClass): 200 GET http://10.27.203.238/share/v2/698d6c02a1cc4bf2b16302eb8a31bc26/shares/9e24a210-9e96-45d9-b31c-f6f3377eb0e7 0.026s
2024-05-28 12:58:59.159 98693 INFO tempest.lib.common.rest_client [req-ef2cb468-358f-4af8-8630-d21442b7bd9a req-ef2cb468-358f-4af8-8630-d21442b7bd9a ] Request (ShareNetworkAdminTest:setUpClass): 201 POST http://10.27.203.238/identity/v3/users 0.070s
2024-05-28 12:58:59.178 98693 INFO tempest.lib.common.rest_client [req-0f688896-cd37-4234-89ae-6cb28725715f req-0f688896-cd37-4234-89ae-6cb28725715f ] Request (ShareNetworkAdminTest:setUpClass): 200 GET http://10.27.203.238/identity/v3/roles 0.018s
2024-05-28 12:58:59.196 98691 INFO tempest.lib.common.rest_client [ req-64b6b83c-689d-413b-b4f8-269942b89902 ] Request (ShareIpRulesForNFSNegativeTest:test_allow_access_multiple_visibility_locks_not_allowed): 200 POST http://10.27.203.238/share/v2/7890e9d8a78c49a0bb9af26ec5dd4646/shares/72db8769-ece7-42ff-af27-2e778292a9b4/action 0.148s
2024-05-28 12:58:59.214 98693 INFO tempest.lib.common.rest_client [req-713158ed-0e46-4a96-a761-86bc15fe731d req-713158ed-0e46-4a96-a761-86bc15fe731d ] Request (ShareNetworkAdminTest:setUpClass): 204 PUT http://10.27.203.238/identity/v3/projects/69c481a96f964f9d8120576a305a17b5/users/e98090c4a86b441897a7e520ff496299/roles/44620cad10ae407c90c91e2c296adb04 0.035s
2024-05-28 12:58:59.214 98693 INFO tempest.lib.common.dynamic_creds [-] Dynamic test user e98090c4a86b441897a7e520ff496299 is created with scope project and roles: ['member']
2024-05-28 12:58:59.215 98693 INFO tempest.lib.common.dynamic_creds [-] Acquired dynamic creds: credentials: Credentials: {'domain_id': 'default', 'domain_name': 'Default', 'username': 'tempest-ShareNetworkAdminTest-2146789644-project-member', 'project_domain_id': 'default', 'project_domain_name': 'Default', 'project_id': '69c481a96f964f9d8120576a305a17b5', 'project_name': 'tempest-ShareNetworkAdminTest-2146789644', 'tenant_id': '69c481a96f964f9d8120576a305a17b5', 'tenant_name': 'tempest-ShareNetworkAdminTest-2146789644', 'user_domain_id': 'default', 'user_domain_name': 'Default', 'user_id': 'e98090c4a86b441897a7e520ff496299', 'system': None}, Network: None, Subnet: None, Router: None
2024-05-28 12:58:59.215 98693 INFO tempest.lib.common.dynamic_creds [-] Created isolated network resources for: credentials: Credentials: {'domain_id': 'default', 'domain_name': 'Default', 'username': 'tempest-ShareNetworkAdminTest-2146789644-project-member', 'project_domain_id': 'default', 'project_domain_name': 'Default', 'project_id': '69c481a96f964f9d8120576a305a17b5', 'project_name': 'tempest-ShareNetworkAdminTest-2146789644', 'tenant_id': '69c481a96f964f9d8120576a305a17b5', 'tenant_name': 'tempest-ShareNetworkAdminTest-2146789644', 'user_domain_id': 'default', 'user_domain_name': 'Default', 'user_id': 'e98090c4a86b441897a7e520ff496299', 'system': None}, Network: None, Subnet: None, Router: None
2024-05-28 12:58:59.245 98691 INFO tempest.lib.common.rest_client [ req-75aee4f4-d49e-4f16-a841-dd99cdd0f609 ] Request (ShareIpRulesForNFSNegativeTest:test_allow_access_multiple_visibility_locks_not_allowed): 200 GET http://10.27.203.238/share/v2/7890e9d8a78c49a0bb9af26ec5dd4646/share-access-rules?share_id=72db8769-ece7-42ff-af27-2e778292a9b4 0.048s
2024-05-28 12:58:59.296 98693 INFO tempest.lib.common.rest_client [req-8a605dfc-a54d-48de-be30-cabfc409e016 req-8a605dfc-a54d-48de-be30-cabfc409e016 ] Request (ShareNetworkAdminTest:setUpClass): 201 POST http://10.27.203.238/identity/v3/auth/tokens 0.080s
2024-05-28 12:58:59.356 98693 INFO tempest.lib.common.rest_client [req-3753bc3a-bdf1-4dbb-8b1a-312d2fd8839b req-3753bc3a-bdf1-4dbb-8b1a-312d2fd8839b ] Request (ShareNetworkAdminTest:setUpClass): 201 POST http://10.27.203.238/identity/v3/projects 0.059s
2024-05-28 12:58:59.406 98693 INFO tempest.lib.common.rest_client [req-86c3da84-7bba-4117-8cdf-6235202d2ecf req-86c3da84-7bba-4117-8cdf-6235202d2ecf ] Request (ShareNetworkAdminTest:setUpClass): 201 POST http://10.27.203.238/identity/v3/users 0.049s
2024-05-28 12:58:59.425 98693 INFO tempest.lib.common.rest_client [req-f2ffe0f1-205c-48ba-9752-ce1fcfcfe146 req-f2ffe0f1-205c-48ba-9752-ce1fcfcfe146 ] Request (ShareNetworkAdminTest:setUpClass): 200 GET http://10.27.203.238/identity/v3/roles 0.018s
2024-05-28 12:58:59.460 98693 INFO tempest.lib.common.rest_client [req-1ad17166-14dd-4643-80be-1daf1b989407 req-1ad17166-14dd-4643-80be-1daf1b989407 ] Request (ShareNetworkAdminTest:setUpClass): 204 PUT http://10.27.203.238/identity/v3/projects/c694f53ff803405fbe02034b963b9cc0/users/d0b3622f91ca475dad45c7fc9915b63a/roles/44620cad10ae407c90c91e2c296adb04 0.034s
2024-05-28 12:58:59.460 98693 INFO tempest.lib.common.dynamic_creds [-] Dynamic test user d0b3622f91ca475dad45c7fc9915b63a is created with scope project and roles: ['member']
