2024-05-28 12:56:24.479 98693 INFO tempest.lib.common.rest_client [ req-33af43ff-9efc-4576-b4a5-046e28d76e7f ] Request (AdminActionsTest:setUpClass): 200 POST http://10.27.203.238/share/v2/a3499cb78849424db45e54caac01de92/types 1.587s
2024-05-28 12:56:24.520 98695 INFO tempest.lib.common.rest_client [ req-81462ad5-8035-4fde-8466-b168dd101681 ] Request (AdminActionsNegativeTest:setUpClass): 200 POST http://10.27.203.238/share/v2/7c36a466cc2a42b195f921474b0f4de5/types 0.427s
2024-05-28 12:56:24.559 98689 INFO tempest.lib.common.rest_client [ req-12ceea52-5200-4498-9ddc-21a857e33788 ] Request (ExportLocationsTest:setUpClass): 200 POST http://10.27.203.238/share/v2/87c113478e754c47aea49a8b703cd2f6/types 0.312s
2024-05-28 12:56:24.591 98687 INFO tempest.lib.common.rest_client [ req-bb0bb333-bed4-42d9-b60c-c80deadc5f39 ] Request (ExportLocationsAPIOnlyNegativeTest:test_get_export_locations_by_nonexistent_share_instance): 404 GET http://10.27.203.238/share/v2/8cf929567af24bf185c33b3a12b4533c/share_instances/fake-inexistent-share-instance-id/export_locations 0.243s
2024-05-28 12:56:24.594 98691 INFO tempest.lib.common.rest_client [ req-51789c80-8a98-4fff-b882-764c8c0a59ba ] Request (AdminActionsAPIOnlyNegativeTest:test_force_delete_nonexistent_share): 404 POST http://10.27.203.238/share/v2/e597e913ff9348f29791175d986c8a59/shares/fake/action 0.325s
2024-05-28 12:56:24.699 98687 INFO tempest.lib.common.rest_client [req-f8e6cb21-5e19-4c43-bb39-660ad562920f req-f8e6cb21-5e19-4c43-bb39-660ad562920f ] Request (ExportLocationsAPIOnlyNegativeTest:tearDownClass): 204 DELETE http://10.27.203.238/identity/v3/users/52e0c20c9fad483c8d05bec6f25acd61 0.107s
2024-05-28 12:56:24.700 98687 INFO tempest.lib.common.dynamic_creds [-] Deleting project and security group for project: 8cf929567af24bf185c33b3a12b4533c
2024-05-28 12:56:24.748 98687 INFO tempest.lib.common.rest_client [req-8f47bfa5-218e-4bf7-a89e-8e1db63eba9f req-8f47bfa5-218e-4bf7-a89e-8e1db63eba9f ] Request (ExportLocationsAPIOnlyNegativeTest:tearDownClass): 201 POST http://10.27.203.238/identity/v3/auth/tokens 0.048s
2024-05-28 12:56:24.826 98687 INFO tempest.lib.common.rest_client [req-701af86f-b505-4801-9808-1cb61dfd809f req-701af86f-b505-4801-9808-1cb61dfd809f ] Request (ExportLocationsAPIOnlyNegativeTest:tearDownClass): 200 GET http://10.27.203.238:9696/networking/v2.0/security-groups?tenant_id=8cf929567af24bf185c33b3a12b4533c&name=default 0.078s
2024-05-28 12:56:24.886 98693 INFO tempest.lib.common.rest_client [ req-3a47ce09-c8c0-4938-92e8-423050f78f81 ] Request (AdminActionsTest:setUpClass): 200 POST http://10.27.203.238/share/v2/a3499cb78849424db45e54caac01de92/shares 0.406s
2024-05-28 12:56:24.915 98687 INFO tempest.lib.common.rest_client [req-41916f5d-299c-435b-b4a3-45d51558a288 req-41916f5d-299c-435b-b4a3-45d51558a288 ] Request (ExportLocationsAPIOnlyNegativeTest:tearDownClass): 204 DELETE http://10.27.203.238/identity/v3/projects/8cf929567af24bf185c33b3a12b4533c 0.088s
2024-05-28 12:56:24.939 98687 INFO tempest.lib.common.rest_client [req-fc407cc0-2122-49a2-8bcf-e1c55cf2e8ea req-fc407cc0-2122-49a2-8bcf-e1c55cf2e8ea ] Request (MigrationCancelNFSTest:setUpClass): 201 POST http://10.27.203.238/identity/v3/auth/tokens 0.023s
2024-05-28 12:56:24.990 98687 INFO tempest.lib.common.rest_client [req-634822c6-b3bc-4191-905a-f9496faacabf req-634822c6-b3bc-4191-905a-f9496faacabf ] Request (MigrationCancelNFSTest:setUpClass): 201 POST http://10.27.203.238/identity/v3/auth/tokens 0.048s
2024-05-28 12:56:25.018 98687 INFO tempest.lib.common.rest_client [req-07b8df7e-9d57-4356-bba9-71b481480305 req-07b8df7e-9d57-4356-bba9-71b481480305 ] Request (MigrationCancelNFSTest:setUpClass): 200 GET http://10.27.203.238/identity/v3/domains?name=Default 0.027s
2024-05-28 12:56:25.062 98687 INFO tempest.lib.common.rest_client [req-1274ca2b-384d-4caf-abbd-3f3d3f9510bd req-1274ca2b-384d-4caf-abbd-3f3d3f9510bd ] Request (MigrationCancelNFSTest:setUpClass): 201 POST http://10.27.203.238/identity/v3/projects 0.044s
2024-05-28 12:56:25.089 98689 INFO tempest.lib.common.rest_client [ req-b0b36f71-852d-463a-b1c8-4066ce824def ] Request (ExportLocationsTest:setUpClass): 200 POST http://10.27.203.238/share/v2/87c113478e754c47aea49a8b703cd2f6/shares 0.529s
2024-05-28 12:56:25.104 98691 INFO tempest.lib.common.rest_client [ req-e071ab4a-7d48-4d08-9520-e4cd5618505e ] Request (AdminActionsAPIOnlyNegativeTest:test_force_delete_nonexistent_share_instance): 404 POST http://10.27.203.238/share/v2/e597e913ff9348f29791175d986c8a59/share_instances/fake/action 0.502s
2024-05-28 12:56:25.128 98687 INFO tempest.lib.common.rest_client [req-e39a4236-1648-45df-b2e2-c58646adfb67 req-e39a4236-1648-45df-b2e2-c58646adfb67 ] Request (MigrationCancelNFSTest:setUpClass): 201 POST http://10.27.203.238/identity/v3/users 0.065s
2024-05-28 12:56:25.149 98687 INFO tempest.lib.common.rest_client [req-c7580941-7e85-42dd-8665-e61457289969 req-c7580941-7e85-42dd-8665-e61457289969 ] Request (MigrationCancelNFSTest:setUpClass): 200 GET http://10.27.203.238/identity/v3/roles 0.020s
2024-05-28 12:56:25.190 98687 INFO tempest.lib.common.rest_client [req-5718289e-41d3-4cb3-886e-6d4a45357456 req-5718289e-41d3-4cb3-886e-6d4a45357456 ] Request (MigrationCancelNFSTest:setUpClass): 204 PUT http://10.27.203.238/identity/v3/projects/2bd1b57c2edf4e92abdd1caa7cd467b8/users/8d7bbb6785df4869bd2645ce98ef1595/roles/e7989893488f483baa107be56668c4f8 0.041s
2024-05-28 12:56:25.238 98693 INFO tempest.lib.common.rest_client [ req-6fc4c9fe-e117-41f1-9a0f-df2f051a6da1 ] Request (AdminActionsTest:setUpClass): 200 GET http://10.27.203.238/share/v2/a3499cb78849424db45e54caac01de92/shares/df0ea844-5fc1-4d04-8afb-5048ec5dc33f 0.352s
2024-05-28 12:56:25.241 98687 INFO tempest.lib.common.rest_client [req-ed70166c-e88a-4f6d-85bb-50417a85410e req-ed70166c-e88a-4f6d-85bb-50417a85410e ] Request (MigrationCancelNFSTest:setUpClass): 200 GET http://10.27.203.238/identity/v3/roles 0.050s
2024-05-28 12:56:25.266 98687 INFO tempest.lib.common.rest_client [req-99673f82-4ec0-4efb-be0a-82046d4d078a req-99673f82-4ec0-4efb-be0a-82046d4d078a ] Request (MigrationCancelNFSTest:setUpClass): 204 PUT http://10.27.203.238/identity/v3/projects/2bd1b57c2edf4e92abdd1caa7cd467b8/users/8d7bbb6785df4869bd2645ce98ef1595/roles/e7989893488f483baa107be56668c4f8 0.025s
2024-05-28 12:56:25.267 98687 INFO tempest.lib.common.dynamic_creds [-] Dynamic test user 8d7bbb6785df4869bd2645ce98ef1595 is created with scope project and roles: ['admin']
2024-05-28 12:56:25.267 98687 INFO tempest.lib.common.dynamic_creds [-] Acquired dynamic creds: credentials: Credentials: {'domain_id': 'default', 'domain_name': 'Default', 'username': 'tempest-MigrationCancelNFSTest-114202806-project-admin', 'project_domain_id': 'default', 'project_domain_name': 'Default', 'project_id': '2bd1b57c2edf4e92abdd1caa7cd467b8', 'project_name': 'tempest-MigrationCancelNFSTest-114202806', 'tenant_id': '2bd1b57c2edf4e92abdd1caa7cd467b8', 'tenant_name': 'tempest-MigrationCancelNFSTest-114202806', 'user_domain_id': 'default', 'user_domain_name': 'Default', 'user_id': '8d7bbb6785df4869bd2645ce98ef1595', 'system': None}, Network: None, Subnet: None, Router: None
2024-05-28 12:56:25.267 98687 INFO tempest.lib.common.dynamic_creds [-] Created isolated network resources for: credentials: Credentials: {'domain_id': 'default', 'domain_name': 'Default', 'username': 'tempest-MigrationCancelNFSTest-114202806-project-admin', 'project_domain_id': 'default', 'project_domain_name': 'Default', 'project_id': '2bd1b57c2edf4e92abdd1caa7cd467b8', 'project_name': 'tempest-MigrationCancelNFSTest-114202806', 'tenant_id': '2bd1b57c2edf4e92abdd1caa7cd467b8', 'tenant_name': 'tempest-MigrationCancelNFSTest-114202806', 'user_domain_id': 'default', 'user_domain_name': 'Default', 'user_id': '8d7bbb6785df4869bd2645ce98ef1595', 'system': None}, Network: None, Subnet: None, Router: None
2024-05-28 12:56:25.275 98689 INFO tempest.lib.common.rest_client [ req-14d9ecfd-df39-49b2-a90a-4ab748d701c9 ] Request (ExportLocationsTest:setUpClass): 200 GET http://10.27.203.238/share/v2/87c113478e754c47aea49a8b703cd2f6/shares/a96dff4b-6e98-4085-9f3b-45735d209546 0.186s
2024-05-28 12:56:25.309 98691 INFO tempest.lib.common.rest_client [ req-09de2944-f2ae-49aa-b1fa-de211fb69d13 ] Request (AdminActionsAPIOnlyNegativeTest:test_force_delete_nonexistent_snapshot): 404 POST http://10.27.203.238/share/v2/e597e913ff9348f29791175d986c8a59/snapshots/fake/action 0.204s
2024-05-28 12:56:25.349 98687 INFO tempest.lib.common.rest_client [req-5b4f1e25-58d8-4522-bdb4-5c475abaf361 req-5b4f1e25-58d8-4522-bdb4-5c475abaf361 ] Request (MigrationCancelNFSTest:setUpClass): 201 POST http://10.27.203.238/identity/v3/auth/tokens 0.080s
2024-05-28 12:56:25.350 98687 INFO tempest.test [-] raised in MigrationCancelNFSTest.setUpClass. Invoking tearDownClass.
2024-05-28 12:56:25.425 98691 INFO tempest.lib.common.rest_client [ req-8ad82e00-1c03-492a-ad5b-1b4608ecb63c ] Request (AdminActionsAPIOnlyNegativeTest:test_migration_API_invalid_microversion): 404 POST http://10.27.203.238/share/v2/cfaeb31ba56441e0b06355cc09ec1103/shares/fake_share/action 0.114s
2024-05-28 12:56:25.433 98691 INFO tempest.lib.common.rest_client [ req-04c9c305-88a3-44a2-b77a-5c2172d6d530 ] Request (AdminActionsAPIOnlyNegativeTest:test_migration_API_invalid_microversion): 404 POST http://10.27.203.238/share/v2/cfaeb31ba56441e0b06355cc09ec1103/shares/fake_share/action 0.007s
2024-05-28 12:56:25.442 98691 INFO tempest.lib.common.rest_client [ req-cc06ad48-54b7-44bd-a34f-49ec41781ff9 ] Request (AdminActionsAPIOnlyNegativeTest:test_migration_API_invalid_microversion): 404 POST http://10.27.203.238/share/v2/cfaeb31ba56441e0b06355cc09ec1103/shares/fake_share/action 0.007s
2024-05-28 12:56:25.451 98691 INFO tempest.lib.common.rest_client [ req-a645b40b-47a5-4980-a21b-e6c235c767e3 ] Request (AdminActionsAPIOnlyNegativeTest:test_migration_API_invalid_microversion): 404 POST http://10.27.203.238/share/v2/cfaeb31ba56441e0b06355cc09ec1103/shares/fake_share/action 0.007s
2024-05-28 12:56:25.459 98691 INFO tempest.lib.common.rest_client [ req-7e3f9868-4e6f-4fe2-a482-01995e1e0703 ] Request (AdminActionsAPIOnlyNegativeTest:test_migration_API_invalid_microversion): 404 POST http://10.27.203.238/share/v2/cfaeb31ba56441e0b06355cc09ec1103/shares/fake_share/action 0.007s
2024-05-28 12:56:25.475 98691 INFO tempest.lib.common.rest_client [ req-ed678b2b-5b65-4e6b-adf9-7c0136849b14 ] Request (AdminActionsAPIOnlyNegativeTest:test_reset_nonexistent_share_instance_state): 404 POST http://10.27.203.238/share/v2/e597e913ff9348f29791175d986c8a59/share_instances/fake/action 0.015s
2024-05-28 12:56:25.483 98687 INFO tempest.lib.common.rest_client [req-135474c8-4b19-4281-b97c-5107d893e742 req-135474c8-4b19-4281-b97c-5107d893e742 ] Request (MigrationCancelNFSTest:tearDownClass): 204 DELETE http://10.27.203.238/identity/v3/users/8d7bbb6785df4869bd2645ce98ef1595 0.132s
2024-05-28 12:56:25.483 98687 INFO tempest.lib.common.dynamic_creds [-] Deleting project and security group for project: 2bd1b57c2edf4e92abdd1caa7cd467b8
2024-05-28 12:56:25.490 98691 INFO tempest.lib.common.rest_client [ req-0caa20d0-f1ab-4a51-9ec5-a89d70026799 ] Request (AdminActionsAPIOnlyNegativeTest:test_reset_nonexistent_share_state): 404 POST http://10.27.203.238/share/v2/e597e913ff9348f29791175d986c8a59/shares/fake/action 0.013s
2024-05-28 12:56:25.516 98691 INFO tempest.lib.common.rest_client [ req-5d17a7bb-d983-4db0-97ee-48c7f9bfbf92 ] Request (AdminActionsAPIOnlyNegativeTest:test_reset_nonexistent_snapshot_state): 404 POST http://10.27.203.238/share/v2/e597e913ff9348f29791175d986c8a59/snapshots/fake/action 0.024s
2024-05-28 12:56:25.537 98687 INFO tempest.lib.common.rest_client [req-9d8b206b-5b5f-422f-8df3-87342c725b67 req-9d8b206b-5b5f-422f-8df3-87342c725b67 ] Request (MigrationCancelNFSTest:tearDownClass): 201 POST http://10.27.203.238/identity/v3/auth/tokens 0.053s
2024-05-28 12:56:25.541 98691 INFO tempest.lib.common.rest_client [ req-620bd19f-1744-4f85-9c47-7334991ca66b ] Request (AdminActionsAPIOnlyNegativeTest:test_reset_task_state_share_not_found): 404 POST http://10.27.203.238/share/v2/e597e913ff9348f29791175d986c8a59/shares/fake_share/action 0.023s
2024-05-28 12:56:25.551 98691 INFO tempest.lib.common.rest_client [ req-1581e5b8-5b2c-4fae-a8e1-2f96af2874fa ] Request (AdminActionsAPIOnlyNegativeTest:test_try_list_share_instance_with_member): 403 GET http://10.27.203.238/share/v2/cfaeb31ba56441e0b06355cc09ec1103/share_instances 0.008s
2024-05-28 12:56:25.616 98687 INFO tempest.lib.common.rest_client [req-e6397a97-ec31-4329-a443-a8a3c7a4e310 req-e6397a97-ec31-4329-a443-a8a3c7a4e310 ] Request (MigrationCancelNFSTest:tearDownClass): 200 GET http://10.27.203.238:9696/networking/v2.0/security-groups?tenant_id=2bd1b57c2edf4e92abdd1caa7cd467b8&name=default 0.079s
2024-05-28 12:56:25.709 98691 INFO tempest.lib.common.rest_client [req-c11c94cd-ca62-4164-aef4-6d10794e7c07 req-c11c94cd-ca62-4164-aef4-6d10794e7c07 ] Request (AdminActionsAPIOnlyNegativeTest:tearDownClass): 204 DELETE http://10.27.203.238/identity/v3/users/14783f4fbce14880b4db4a628827607e 0.156s
2024-05-28 12:56:25.716 98687 INFO tempest.lib.common.rest_client [req-4082bcd7-c7d5-4e34-ab00-ff02c92e4db8 req-4082bcd7-c7d5-4e34-ab00-ff02c92e4db8 ] Request (MigrationCancelNFSTest:tearDownClass): 204 DELETE http://10.27.203.238/identity/v3/projects/2bd1b57c2edf4e92abdd1caa7cd467b8 0.100s
2024-05-28 12:56:25.741 98687 INFO tempest.lib.common.rest_client [req-932bca20-ab3c-4af0-9cf4-8178672d9d1f req-932bca20-ab3c-4af0-9cf4-8178672d9d1f ] Request (MigrationTwoPhaseNFSTest:setUpClass): 201 POST http://10.27.203.238/identity/v3/auth/tokens 0.022s
2024-05-28 12:56:25.769 98687 INFO tempest.lib.common.rest_client [req-d6210962-2bac-48ae-a978-3a14c82e339f req-d6210962-2bac-48ae-a978-3a14c82e339f ] Request (MigrationTwoPhaseNFSTest:setUpClass): 201 POST http://10.27.203.238/identity/v3/auth/tokens 0.025s
2024-05-28 12:56:25.793 98687 INFO tempest.lib.common.rest_client [req-f9318e75-40d1-43f1-b751-e86779db9c01 req-f9318e75-40d1-43f1-b751-e86779db9c01 ] Request (MigrationTwoPhaseNFSTest:setUpClass): 200 GET http://10.27.203.238/identity/v3/domains?name=Default 0.023s
2024-05-28 12:56:25.852 98687 INFO tempest.lib.common.rest_client [req-15f585df-c394-4bae-9df2-5ba235476217 req-15f585df-c394-4bae-9df2-5ba235476217 ] Request (MigrationTwoPhaseNFSTest:setUpClass): 201 POST http://10.27.203.238/identity/v3/projects 0.058s
2024-05-28 12:56:25.865 98691 INFO tempest.lib.common.rest_client [req-a855132e-648f-416a-9cf8-c69489ce9f8a req-a855132e-648f-416a-9cf8-c69489ce9f8a ] Request (AdminActionsAPIOnlyNegativeTest:tearDownClass): 204 DELETE http://10.27.203.238/identity/v3/users/fc670cd52975471e86e32fd1f5a5229e 0.155s
2024-05-28 12:56:25.929 98695 INFO tempest.lib.common.rest_client [ req-fc403043-74e2-4b87-a388-18694293b445 ] Request (AdminActionsNegativeTest:setUpClass): 200 POST http://10.27.203.238/share/v2/7c36a466cc2a42b195f921474b0f4de5/shares 1.408s
2024-05-28 12:56:25.956 98687 INFO tempest.lib.common.rest_client [req-c3ca85f9-4878-4eed-9fbf-4db175316589 req-c3ca85f9-4878-4eed-9fbf-4db175316589 ] Request (MigrationTwoPhaseNFSTest:setUpClass): 201 POST http://10.27.203.238/identity/v3/users 0.103s
2024-05-28 12:56:25.959 98695 INFO tempest.lib.common.rest_client [ req-1b5c2b0f-ac79-4a1b-bc5f-fdca26e52edb ] Request (AdminActionsNegativeTest:setUpClass): 200 GET http://10.27.203.238/share/v2/7c36a466cc2a42b195f921474b0f4de5/shares/415272bd-25d1-465a-87fc-b0fdbc8c093c 0.029s
2024-05-28 12:56:25.998 98687 INFO tempest.lib.common.rest_client [req-ced3dd25-837b-4ec5-ae97-0b6c92203e2b req-ced3dd25-837b-4ec5-ae97-0b6c92203e2b ] Request (MigrationTwoPhaseNFSTest:setUpClass): 200 GET http://10.27.203.238/identity/v3/roles 0.042s
2024-05-28 12:56:26.002 98691 INFO tempest.lib.common.rest_client [req-eee3a40a-a46d-4114-884d-d6943aaea76e req-eee3a40a-a46d-4114-884d-d6943aaea76e ] Request (AdminActionsAPIOnlyNegativeTest:tearDownClass): 204 DELETE http://10.27.203.238/identity/v3/users/452d391264e944fa9af8299320217344 0.136s
2024-05-28 12:56:26.071 98687 INFO tempest.lib.common.rest_client [req-347c8e9d-f428-4fa7-bdff-c0813ca6130d req-347c8e9d-f428-4fa7-bdff-c0813ca6130d ] Request (MigrationTwoPhaseNFSTest:setUpClass): 204 PUT http://10.27.203.238/identity/v3/projects/d447f446627b49f099c61266fa885395/users/1f52ef3085674f5d89dd02e8ef064c08/roles/e7989893488f483baa107be56668c4f8 0.072s
2024-05-28 12:56:26.117 98691 INFO tempest.lib.common.rest_client [req-256299b2-3961-4661-90b6-ef9de9abe8fe req-256299b2-3961-4661-90b6-ef9de9abe8fe ] Request (AdminActionsAPIOnlyNegativeTest:tearDownClass): 204 DELETE http://10.27.203.238/identity/v3/users/34c3c14495e243028b5a760f7c1d86bd 0.115s
2024-05-28 12:56:26.117 98691 INFO tempest.lib.common.dynamic_creds [-] Deleting project and security group for project: cfaeb31ba56441e0b06355cc09ec1103
2024-05-28 12:56:26.132 98687 INFO tempest.lib.common.rest_client [req-ab9ab7db-a9e3-4ae8-ba29-7ccdc1df1da1 req-ab9ab7db-a9e3-4ae8-ba29-7ccdc1df1da1 ] Request (MigrationTwoPhaseNFSTest:setUpClass): 200 GET http://10.27.203.238/identity/v3/roles 0.061s
2024-05-28 12:56:26.161 98691 INFO tempest.lib.common.rest_client [req-3094dd4d-8fc5-458e-bb30-b69b40d92085 req-3094dd4d-8fc5-458e-bb30-b69b40d92085 ] Request (AdminActionsAPIOnlyNegativeTest:tearDownClass): 201 POST http://10.27.203.238/identity/v3/auth/tokens 0.043s
2024-05-28 12:56:26.181 98687 INFO tempest.lib.common.rest_client [req-a19ea9a8-bac1-4557-9057-4d8106e059e0 req-a19ea9a8-bac1-4557-9057-4d8106e059e0 ] Request (MigrationTwoPhaseNFSTest:setUpClass): 204 PUT http://10.27.203.238/identity/v3/projects/d447f446627b49f099c61266fa885395/users/1f52ef3085674f5d89dd02e8ef064c08/roles/e7989893488f483baa107be56668c4f8 0.049s
2024-05-28 12:56:26.182 98687 INFO tempest.lib.common.dynamic_creds [-] Dynamic test user 1f52ef3085674f5d89dd02e8ef064c08 is created with scope project and roles: ['admin']
2024-05-28 12:56:26.182 98687 INFO tempest.lib.common.dynamic_creds [-] Acquired dynamic creds: credentials: Credentials: {'domain_id': 'default', 'domain_name': 'Default', 'username': 'tempest-MigrationTwoPhaseNFSTest-1505088472-project-admin', 'project_domain_id': 'default', 'project_domain_name': 'Default', 'project_id': 'd447f446627b49f099c61266fa885395', 'project_name': 'tempest-MigrationTwoPhaseNFSTest-1505088472', 'tenant_id': 'd447f446627b49f099c61266fa885395', 'tenant_name': 'tempest-MigrationTwoPhaseNFSTest-1505088472', 'user_domain_id': 'default', 'user_domain_name': 'Default', 'user_id': '1f52ef3085674f5d89dd02e8ef064c08', 'system': None}, Network: None, Subnet: None, Router: None
2024-05-28 12:56:26.182 98687 INFO tempest.lib.common.dynamic_creds [-] Created isolated network resources for: credentials: Credentials: {'domain_id': 'default', 'domain_name': 'Default', 'username': 'tempest-MigrationTwoPhaseNFSTest-1505088472-project-admin', 'project_domain_id': 'default', 'project_domain_name': 'Default', 'project_id': 'd447f446627b49f099c61266fa885395', 'project_name': 'tempest-MigrationTwoPhaseNFSTest-1505088472', 'tenant_id': 'd447f446627b49f099c61266fa885395', 'tenant_name': 'tempest-MigrationTwoPhaseNFSTest-1505088472', 'user_domain_id': 'default', 'user_domain_name': 'Default', 'user_id': '1f52ef3085674f5d89dd02e8ef064c08', 'system': None}, Network: None, Subnet: None, Router: None
2024-05-28 12:56:26.267 98687 INFO tempest.lib.common.rest_client [req-d8039a7b-2f50-42fc-aaba-7a8d60b96179 req-d8039a7b-2f50-42fc-aaba-7a8d60b96179 ] Request (MigrationTwoPhaseNFSTest:setUpClass): 201 POST http://10.27.203.238/identity/v3/auth/tokens 0.084s
2024-05-28 12:56:26.268 98687 INFO tempest.test [-] raised in MigrationTwoPhaseNFSTest.setUpClass. Invoking tearDownClass.
2024-05-28 12:56:26.289 98691 INFO tempest.lib.common.rest_client [req-516cd091-4dff-403b-b93e-86657938ac2a req-516cd091-4dff-403b-b93e-86657938ac2a ] Request (AdminActionsAPIOnlyNegativeTest:tearDownClass): 200 GET http://10.27.203.238:9696/networking/v2.0/security-groups?tenant_id=cfaeb31ba56441e0b06355cc09ec1103&name=default 0.127s
2024-05-28 12:56:26.353 98687 INFO tempest.lib.common.rest_client [req-6fb82eef-58de-4428-8bba-a392fecd6a8c req-6fb82eef-58de-4428-8bba-a392fecd6a8c ] Request (MigrationTwoPhaseNFSTest:tearDownClass): 204 DELETE http://10.27.203.238/identity/v3/users/1f52ef3085674f5d89dd02e8ef064c08 0.085s
2024-05-28 12:56:26.353 98687 INFO tempest.lib.common.dynamic_creds [-] Deleting project and security group for project: d447f446627b49f099c61266fa885395
2024-05-28 12:56:26.386 98691 INFO tempest.lib.common.rest_client [req-8314e6b1-28d8-4112-9fb9-86e8156c19a3 req-8314e6b1-28d8-4112-9fb9-86e8156c19a3 ] Request (AdminActionsAPIOnlyNegativeTest:tearDownClass): 204 DELETE http://10.27.203.238/identity/v3/projects/cfaeb31ba56441e0b06355cc09ec1103 0.097s
2024-05-28 12:56:26.387 98691 INFO tempest.lib.common.dynamic_creds [-] Deleting project and security group for project: e597e913ff9348f29791175d986c8a59
2024-05-28 12:56:26.398 98691 INFO tempest.lib.common.rest_client [req-1391b7a3-e040-4296-814f-d87a8701a364 req-1391b7a3-e040-4296-814f-d87a8701a364 ] Request (AdminActionsAPIOnlyNegativeTest:tearDownClass): 200 GET http://10.27.203.238:9696/networking/v2.0/security-groups?tenant_id=e597e913ff9348f29791175d986c8a59&name=default 0.011s
2024-05-28 12:56:26.409 98687 INFO tempest.lib.common.rest_client [req-7d511e7e-7c5b-429b-9f65-0e0a02d03779 req-7d511e7e-7c5b-429b-9f65-0e0a02d03779 ] Request (MigrationTwoPhaseNFSTest:tearDownClass): 201 POST http://10.27.203.238/identity/v3/auth/tokens 0.055s
2024-05-28 12:56:26.484 98687 INFO tempest.lib.common.rest_client [req-2689eb08-898d-499e-af55-d91f6314e0df req-2689eb08-898d-499e-af55-d91f6314e0df ] Request (MigrationTwoPhaseNFSTest:tearDownClass): 200 GET http://10.27.203.238:9696/networking/v2.0/security-groups?tenant_id=d447f446627b49f099c61266fa885395&name=default 0.074s
2024-05-28 12:56:26.527 98691 INFO tempest.lib.common.rest_client [req-14b8748a-989a-40db-87de-2079da0bca08 req-14b8748a-989a-40db-87de-2079da0bca08 ] Request (AdminActionsAPIOnlyNegativeTest:tearDownClass): 204 DELETE http://10.27.203.238/identity/v3/projects/e597e913ff9348f29791175d986c8a59 0.129s
2024-05-28 12:56:26.528 98691 INFO tempest.lib.common.dynamic_creds [-] Deleting project and security group for project: 18b363e2f0074cd392cfa81c7fd69bb7
2024-05-28 12:56:26.539 98691 INFO tempest.lib.common.rest_client [req-4fde015c-ce8e-4b6d-b218-0a952f577770 req-4fde015c-ce8e-4b6d-b218-0a952f577770 ] Request (AdminActionsAPIOnlyNegativeTest:tearDownClass): 200 GET http://10.27.203.238:9696/networking/v2.0/security-groups?tenant_id=18b363e2f0074cd392cfa81c7fd69bb7&name=default 0.011s
2024-05-28 12:56:26.581 98687 INFO tempest.lib.common.rest_client [req-1cf3b80c-2e94-4027-adde-24d112d40dd0 req-1cf3b80c-2e94-4027-adde-24d112d40dd0 ] Request (MigrationTwoPhaseNFSTest:tearDownClass): 204 DELETE http://10.27.203.238/identity/v3/projects/d447f446627b49f099c61266fa885395 0.097s
2024-05-28 12:56:26.583 98687 INFO tempest.test [-] raised in ReplicaQuotasNegativeTest.setUpClass. Invoking tearDownClass.
2024-05-28 12:56:26.607 98687 INFO tempest.lib.common.rest_client [req-1d036959-5a08-4c7c-b90c-caf047d11d44 req-1d036959-5a08-4c7c-b90c-caf047d11d44 ] Request (SecurityServiceAdminTest:setUpClass): 201 POST http://10.27.203.238/identity/v3/auth/tokens 0.021s
2024-05-28 12:56:26.658 98691 INFO tempest.lib.common.rest_client [req-e831818b-49e0-416b-8ee2-b7f8a5612aa2 req-e831818b-49e0-416b-8ee2-b7f8a5612aa2 ] Request (AdminActionsAPIOnlyNegativeTest:tearDownClass): 204 DELETE http://10.27.203.238/identity/v3/projects/18b363e2f0074cd392cfa81c7fd69bb7 0.118s
2024-05-28 12:56:26.664 98687 INFO tempest.lib.common.rest_client [req-20aebdf7-def4-4d65-a909-c83aa58656af req-20aebdf7-def4-4d65-a909-c83aa58656af ] Request (SecurityServiceAdminTest:setUpClass): 201 POST http://10.27.203.238/identity/v3/auth/tokens 0.053s
2024-05-28 12:56:26.684 98691 INFO tempest.lib.common.rest_client [req-0aa0bc6c-2a3e-493c-84b8-75f9a439fe58 req-0aa0bc6c-2a3e-493c-84b8-75f9a439fe58 ] Request (MigrationWithShareExtendingNFSTest:setUpClass): 201 POST http://10.27.203.238/identity/v3/auth/tokens 0.023s
2024-05-28 12:56:26.691 98687 INFO tempest.lib.common.rest_client [req-79f356fc-861e-4460-a733-61e49a8c9ea2 req-79f356fc-861e-4460-a733-61e49a8c9ea2 ] Request (SecurityServiceAdminTest:setUpClass): 200 GET http://10.27.203.238/identity/v3/domains?name=Default 0.026s
2024-05-28 12:56:26.714 98691 INFO tempest.lib.common.rest_client [req-22b55ef4-fbf1-4bdd-8984-2e1be779d02c req-22b55ef4-fbf1-4bdd-8984-2e1be779d02c ] Request (MigrationWithShareExtendingNFSTest:setUpClass): 201 POST http://10.27.203.238/identity/v3/auth/tokens 0.026s
2024-05-28 12:56:26.736 98687 INFO tempest.lib.common.rest_client [req-f29e7f97-8e2b-44f6-9c0b-438d28f75988 req-f29e7f97-8e2b-44f6-9c0b-438d28f75988 ] Request (SecurityServiceAdminTest:setUpClass): 201 POST http://10.27.203.238/identity/v3/projects 0.043s
2024-05-28 12:56:26.742 98691 INFO tempest.lib.common.rest_client [req-cf87030a-8d9c-43f1-af3f-0554af813e4f req-cf87030a-8d9c-43f1-af3f-0554af813e4f ] Request (MigrationWithShareExtendingNFSTest:setUpClass): 200 GET http://10.27.203.238/identity/v3/domains?name=Default 0.028s
2024-05-28 12:56:26.807 98687 INFO tempest.lib.common.rest_client [req-9bba07cd-5a16-4fc3-9284-cfd7d768dfd7 req-9bba07cd-5a16-4fc3-9284-cfd7d768dfd7 ] Request (SecurityServiceAdminTest:setUpClass): 201 POST http://10.27.203.238/identity/v3/users 0.070s
2024-05-28 12:56:26.816 98691 INFO tempest.lib.common.rest_client [req-e73a0a28-98d9-466e-be67-ab4ac4f0fd16 req-e73a0a28-98d9-466e-be67-ab4ac4f0fd16 ] Request (MigrationWithShareExtendingNFSTest:setUpClass): 201 POST http://10.27.203.238/identity/v3/projects 0.073s
2024-05-28 12:56:26.853 98687 INFO tempest.lib.common.rest_client [req-0fd04ea1-1f39-4bfa-bb6f-2c3847551cb9 req-0fd04ea1-1f39-4bfa-bb6f-2c3847551cb9 ] Request (SecurityServiceAdminTest:setUpClass): 200 GET http://10.27.203.238/identity/v3/roles 0.045s
2024-05-28 12:56:26.876 98691 INFO tempest.lib.common.rest_client [req-99ebc135-c22e-4169-b5f2-4bed8c2dec1f req-99ebc135-c22e-4169-b5f2-4bed8c2dec1f ] Request (MigrationWithShareExtendingNFSTest:setUpClass): 201 POST http://10.27.203.238/identity/v3/users 0.059s
2024-05-28 12:56:26.894 98691 INFO tempest.lib.common.rest_client [req-26fc70bb-9e91-4a0b-a232-8abf7e0c8877 req-26fc70bb-9e91-4a0b-a232-8abf7e0c8877 ] Request (MigrationWithShareExtendingNFSTest:setUpClass): 200 GET http://10.27.203.238/identity/v3/roles 0.017s
2024-05-28 12:56:26.896 98687 INFO tempest.lib.common.rest_client [req-09af23dc-3c60-4e39-a070-1eb61b01827a req-09af23dc-3c60-4e39-a070-1eb61b01827a ] Request (SecurityServiceAdminTest:setUpClass): 204 PUT http://10.27.203.238/identity/v3/projects/aad888a9f2a84f389022db73cc1424a3/users/2a14b5073e084364801a58ca6689b9be/roles/e7989893488f483baa107be56668c4f8 0.043s
2024-05-28 12:56:26.938 98687 INFO tempest.lib.common.rest_client [req-e7ff0013-a705-46ee-b9e7-52a84f0f3ef0 req-e7ff0013-a705-46ee-b9e7-52a84f0f3ef0 ] Request (SecurityServiceAdminTest:setUpClass): 200 GET http://10.27.203.238/identity/v3/roles 0.041s
2024-05-28 12:56:26.960 98687 INFO tempest.lib.common.rest_client [req-1989d130-edf0-4a1d-84af-59af81605832 req-1989d130-edf0-4a1d-84af-59af81605832 ] Request (SecurityServiceAdminTest:setUpClass): 204 PUT http://10.27.203.238/identity/v3/projects/aad888a9f2a84f389022db73cc1424a3/users/2a14b5073e084364801a58ca6689b9be/roles/e7989893488f483baa107be56668c4f8 0.021s
2024-05-28 12:56:26.960 98687 INFO tempest.lib.common.dynamic_creds [-] Dynamic test user 2a14b5073e084364801a58ca6689b9be is created with scope project and roles: ['admin']
2024-05-28 12:56:26.960 98687 INFO tempest.lib.common.dynamic_creds [-] Acquired dynamic creds: credentials: Credentials: {'domain_id': 'default', 'domain_name': 'Default', 'username': 'tempest-SecurityServiceAdminTest-1059168241-project-admin', 'project_domain_id': 'default', 'project_domain_name': 'Default', 'project_id': 'aad888a9f2a84f389022db73cc1424a3', 'project_name': 'tempest-SecurityServiceAdminTest-1059168241', 'tenant_id': 'aad888a9f2a84f389022db73cc1424a3', 'tenant_name': 'tempest-SecurityServiceAdminTest-1059168241', 'user_domain_id': 'default', 'user_domain_name': 'Default', 'user_id': '2a14b5073e084364801a58ca6689b9be', 'system': None}, Network: None, Subnet: None, Router: None
2024-05-28 12:56:26.961 98687 INFO tempest.lib.common.dynamic_creds [-] Created isolated network resources for: credentials: Credentials: {'domain_id': 'default', 'domain_name': 'Default', 'username': 'tempest-SecurityServiceAdminTest-1059168241-project-admin', 'project_domain_id': 'default', 'project_domain_name': 'Default', 'project_id': 'aad888a9f2a84f389022db73cc1424a3', 'project_name': 'tempest-SecurityServiceAdminTest-1059168241', 'tenant_id': 'aad888a9f2a84f389022db73cc1424a3', 'tenant_name': 'tempest-SecurityServiceAdminTest-1059168241', 'user_domain_id': 'default', 'user_domain_name': 'Default', 'user_id': '2a14b5073e084364801a58ca6689b9be', 'system': None}, Network: None, Subnet: None, Router: None
2024-05-28 12:56:26.983 98691 INFO tempest.lib.common.rest_client [req-89ea9a07-07e8-4522-a811-21ff7f1ff37d req-89ea9a07-07e8-4522-a811-21ff7f1ff37d ] Request (MigrationWithShareExtendingNFSTest:setUpClass): 204 PUT http://10.27.203.238/identity/v3/projects/c2264365bbdd4560b06cc04deee5dbc4/users/43966c9b7c6046c98d943d31f23360b1/roles/e7989893488f483baa107be56668c4f8 0.088s
2024-05-28 12:56:27.028 98691 INFO tempest.lib.common.rest_client [req-13747c04-3b37-423e-9e4a-cdc108a4b588 req-13747c04-3b37-423e-9e4a-cdc108a4b588 ] Request (MigrationWithShareExtendingNFSTest:setUpClass): 200 GET http://10.27.203.238/identity/v3/roles 0.044s
2024-05-28 12:56:27.040 98687 INFO tempest.lib.common.rest_client [req-afbc7969-6e71-4231-9b89-5363e74c08cd req-afbc7969-6e71-4231-9b89-5363e74c08cd ] Request (SecurityServiceAdminTest:setUpClass): 201 POST http://10.27.203.238/identity/v3/auth/tokens 0.078s
2024-05-28 12:56:27.052 98691 INFO tempest.lib.common.rest_client [req-78208604-19e3-49d5-8c03-de1729816e22 req-78208604-19e3-49d5-8c03-de1729816e22 ] Request (MigrationWithShareExtendingNFSTest:setUpClass): 204 PUT http://10.27.203.238/identity/v3/projects/c2264365bbdd4560b06cc04deee5dbc4/users/43966c9b7c6046c98d943d31f23360b1/roles/e7989893488f483baa107be56668c4f8 0.024s
2024-05-28 12:56:27.052 98691 INFO tempest.lib.common.dynamic_creds [-] Dynamic test user 43966c9b7c6046c98d943d31f23360b1 is created with scope project and roles: ['admin']
2024-05-28 12:56:27.053 98691 INFO tempest.lib.common.dynamic_creds [-] Acquired dynamic creds: credentials: Credentials: {'domain_id': 'default', 'domain_name': 'Default', 'username': 'tempest-MigrationWithShareExtendingNFSTest-1228844422-project-admin', 'project_domain_id': 'default', 'project_domain_name': 'Default', 'project_id': 'c2264365bbdd4560b06cc04deee5dbc4', 'project_name': 'tempest-MigrationWithShareExtendingNFSTest-1228844422', 'tenant_id': 'c2264365bbdd4560b06cc04deee5dbc4', 'tenant_name': 'tempest-MigrationWithShareExtendingNFSTest-1228844422', 'user_domain_id': 'default', 'user_domain_name': 'Default', 'user_id': '43966c9b7c6046c98d943d31f23360b1', 'system': None}, Network: None, Subnet: None, Router: None
2024-05-28 12:56:27.053 98691 INFO tempest.lib.common.dynamic_creds [-] Created isolated network resources for: credentials: Credentials: {'domain_id': 'default', 'domain_name': 'Default', 'username': 'tempest-MigrationWithShareExtendingNFSTest-1228844422-project-admin', 'project_domain_id': 'default', 'project_domain_name': 'Default', 'project_id': 'c2264365bbdd4560b06cc04deee5dbc4', 'project_name': 'tempest-MigrationWithShareExtendingNFSTest-1228844422', 'tenant_id': 'c2264365bbdd4560b06cc04deee5dbc4', 'tenant_name': 'tempest-MigrationWithShareExtendingNFSTest-1228844422', 'user_domain_id': 'default', 'user_domain_name': 'Default', 'user_id': '43966c9b7c6046c98d943d31f23360b1', 'system': None}, Network: None, Subnet: None, Router: None
2024-05-28 12:56:27.130 98691 INFO tempest.lib.common.rest_client [req-5ba6043d-31de-4eb0-b488-16684594cbc9 req-5ba6043d-31de-4eb0-b488-16684594cbc9 ] Request (MigrationWithShareExtendingNFSTest:setUpClass): 201 POST http://10.27.203.238/identity/v3/auth/tokens 0.076s
2024-05-28 12:56:27.131 98691 INFO tempest.test [-] raised in MigrationWithShareExtendingNFSTest.setUpClass. Invoking tearDownClass.
2024-05-28 12:56:27.303 98691 INFO tempest.lib.common.rest_client [req-9fd741ec-cc23-4cac-b695-59b82105494a req-9fd741ec-cc23-4cac-b695-59b82105494a ] Request (MigrationWithShareExtendingNFSTest:tearDownClass): 204 DELETE http://10.27.203.238/identity/v3/users/43966c9b7c6046c98d943d31f23360b1 0.171s
2024-05-28 12:56:27.303 98691 INFO tempest.lib.common.dynamic_creds [-] Deleting project and security group for project: c2264365bbdd4560b06cc04deee5dbc4
2024-05-28 12:56:27.349 98691 INFO tempest.lib.common.rest_client [req-1d370a27-2cea-4c67-bb89-4ed0d8bdf854 req-1d370a27-2cea-4c67-bb89-4ed0d8bdf854 ] Request (MigrationWithShareExtendingNFSTest:tearDownClass): 201 POST http://10.27.203.238/identity/v3/auth/tokens 0.045s
2024-05-28 12:56:27.440 98691 INFO tempest.lib.common.rest_client [req-cd3287d9-6b1e-4966-8811-553aa03178a3 req-cd3287d9-6b1e-4966-8811-553aa03178a3 ] Request (MigrationWithShareExtendingNFSTest:tearDownClass): 200 GET http://10.27.203.238:9696/networking/v2.0/security-groups?tenant_id=c2264365bbdd4560b06cc04deee5dbc4&name=default 0.091s
2024-05-28 12:56:27.449 98687 INFO tempest.lib.common.rest_client [ req-5b301749-2f66-4b1c-acd6-5c25d5f53538 ] Request (SecurityServiceAdminTest:setUp): 200 POST http://10.27.203.238/share/v1/aad888a9f2a84f389022db73cc1424a3/security-services 0.408s
2024-05-28 12:56:27.578 98691 INFO tempest.lib.common.rest_client [req-5eed86b8-32f3-49c3-b96f-aa8ba98f06bb req-5eed86b8-32f3-49c3-b96f-aa8ba98f06bb ] Request (MigrationWithShareExtendingNFSTest:tearDownClass): 204 DELETE http://10.27.203.238/identity/v3/projects/c2264365bbdd4560b06cc04deee5dbc4 0.137s
2024-05-28 12:56:27.602 98691 INFO tempest.lib.common.rest_client [req-63054509-75ef-4a93-8b2a-6d90647caa1b req-63054509-75ef-4a93-8b2a-6d90647caa1b ] Request (MigrationWithShareShrinkingNFSTest:setUpClass): 201 POST http://10.27.203.238/identity/v3/auth/tokens 0.022s
2024-05-28 12:56:27.637 98687 INFO tempest.lib.common.rest_client [ req-17ec4757-1b28-4783-a903-a1da007b9343 ] Request (SecurityServiceAdminTest:setUp): 200 POST http://10.27.203.238/share/v1/aad888a9f2a84f389022db73cc1424a3/security-services 0.187s
2024-05-28 12:56:27.651 98691 INFO tempest.lib.common.rest_client [req-d6418676-43e5-4f27-bcd8-19bf7f4ca386 req-d6418676-43e5-4f27-bcd8-19bf7f4ca386 ] Request (MigrationWithShareShrinkingNFSTest:setUpClass): 201 POST http://10.27.203.238/identity/v3/auth/tokens 0.046s
2024-05-28 12:56:27.652 98687 INFO tempest.lib.common.rest_client [ req-b99e98d7-dbe7-4452-af5e-763a52b8750b ] Request (SecurityServiceAdminTest:test_list_security_services): 200 GET http://10.27.203.238/share/v1/aad888a9f2a84f389022db73cc1424a3/security-services 0.015s
2024-05-28 12:56:27.677 98691 INFO tempest.lib.common.rest_client [req-f58c2ab9-8dcd-4146-bd15-22f19cc4a0e4 req-f58c2ab9-8dcd-4146-bd15-22f19cc4a0e4 ] Request (MigrationWithShareShrinkingNFSTest:setUpClass): 200 GET http://10.27.203.238/identity/v3/domains?name=Default 0.025s
2024-05-28 12:56:27.700 98687 INFO tempest.lib.common.rest_client [ req-d83d8eae-3f27-4ad0-b383-78f0b676933c ] Request (SecurityServiceAdminTest:_run_cleanups): 202 DELETE http://10.27.203.238/share/v1/aad888a9f2a84f389022db73cc1424a3/security-services/2aec6c13-cc77-4ea0-8325-253f717d87a1 0.047s
2024-05-28 12:56:27.712 98687 INFO tempest.lib.common.rest_client [ req-ce85628e-2d72-4a90-87fa-1a04710ac332 ] Request (SecurityServiceAdminTest:_run_cleanups): 404 GET http://10.27.203.238/share/v1/aad888a9f2a84f389022db73cc1424a3/security-services/2aec6c13-cc77-4ea0-8325-253f717d87a1 0.012s
2024-05-28 12:56:27.715 98691 INFO tempest.lib.common.rest_client [req-b164ba6e-00f1-4cf9-ac7b-a7fa5d944bc7 req-b164ba6e-00f1-4cf9-ac7b-a7fa5d944bc7 ] Request (MigrationWithShareShrinkingNFSTest:setUpClass): 201 POST http://10.27.203.238/identity/v3/projects 0.038s
2024-05-28 12:56:27.747 98687 INFO tempest.lib.common.rest_client [ req-a0ebc208-c829-4d5f-95ad-bf5a2999e155 ] Request (SecurityServiceAdminTest:_run_cleanups): 202 DELETE http://10.27.203.238/share/v1/aad888a9f2a84f389022db73cc1424a3/security-services/f18fa27f-01af-4574-b730-b63fb70e3b8f 0.034s
2024-05-28 12:56:27.758 98687 INFO tempest.lib.common.rest_client [ req-ecd08217-09ee-4a79-8079-69abfb200d6e ] Request (SecurityServiceAdminTest:_run_cleanups): 404 GET http://10.27.203.238/share/v1/aad888a9f2a84f389022db73cc1424a3/security-services/f18fa27f-01af-4574-b730-b63fb70e3b8f 0.010s
2024-05-28 12:56:27.774 98691 INFO tempest.lib.common.rest_client [req-1f75e99b-cde4-4b91-a333-1f10882ec256 req-1f75e99b-cde4-4b91-a333-1f10882ec256 ] Request (MigrationWithShareShrinkingNFSTest:setUpClass): 201 POST http://10.27.203.238/identity/v3/users 0.058s
2024-05-28 12:56:27.780 98687 INFO tempest.lib.common.rest_client [ req-4200c555-b702-4bca-b505-0f9695325a30 ] Request (SecurityServiceAdminTest:setUp): 200 POST http://10.27.203.238/share/v1/aad888a9f2a84f389022db73cc1424a3/security-services 0.021s
2024-05-28 12:56:27.794 98691 INFO tempest.lib.common.rest_client [req-a4f400d4-10ef-4bcd-91f0-e5cc3fb3b991 req-a4f400d4-10ef-4bcd-91f0-e5cc3fb3b991 ] Request (MigrationWithShareShrinkingNFSTest:setUpClass): 200 GET http://10.27.203.238/identity/v3/roles 0.020s
2024-05-28 12:56:27.803 98687 INFO tempest.lib.common.rest_client [ req-b6071e65-a09a-4001-a3bc-f18f3733a045 ] Request (SecurityServiceAdminTest:setUp): 200 POST http://10.27.203.238/share/v1/aad888a9f2a84f389022db73cc1424a3/security-services 0.022s
2024-05-28 12:56:27.816 98687 INFO tempest.lib.common.rest_client [ req-69d480e9-e5fe-4e4b-bf9b-9eb621b52441 ] Request (SecurityServiceAdminTest:test_list_security_services_all_tenants): 200 GET http://10.27.203.238/share/v1/aad888a9f2a84f389022db73cc1424a3/security-services?all_tenants=1 0.013s
2024-05-28 12:56:27.838 98691 INFO tempest.lib.common.rest_client [req-c480bcb0-c20e-45bb-9cb7-3879525d1fdd req-c480bcb0-c20e-45bb-9cb7-3879525d1fdd ] Request (MigrationWithShareShrinkingNFSTest:setUpClass): 204 PUT http://10.27.203.238/identity/v3/projects/9a18b6f332ad4f09b5fcc66fa2715ca5/users/3dfc7bfaf8e1490faa53aed3f9e45fdf/roles/e7989893488f483baa107be56668c4f8 0.043s
2024-05-28 12:56:27.851 98687 INFO tempest.lib.common.rest_client [ req-9f3b2e4c-dccc-464a-ac22-8b30c1c8f24b ] Request (SecurityServiceAdminTest:_run_cleanups): 202 DELETE http://10.27.203.238/share/v1/aad888a9f2a84f389022db73cc1424a3/security-services/b96f9b99-f768-4b78-a295-6ca8873de397 0.034s
2024-05-28 12:56:27.862 98687 INFO tempest.lib.common.rest_client [ req-497258a1-03c7-47cd-b537-ce0e16120ead ] Request (SecurityServiceAdminTest:_run_cleanups): 404 GET http://10.27.203.238/share/v1/aad888a9f2a84f389022db73cc1424a3/security-services/b96f9b99-f768-4b78-a295-6ca8873de397 0.011s
2024-05-28 12:56:27.887 98691 INFO tempest.lib.common.rest_client [req-fbb589a6-8d9b-4f1c-ae65-a5282ade32dc req-fbb589a6-8d9b-4f1c-ae65-a5282ade32dc ] Request (MigrationWithShareShrinkingNFSTest:setUpClass): 200 GET http://10.27.203.238/identity/v3/roles 0.048s
2024-05-28 12:56:27.894 98687 INFO tempest.lib.common.rest_client [ req-9c6ce7e0-677c-4f49-a9ec-24ad0bd9b9e0 ] Request (SecurityServiceAdminTest:_run_cleanups): 202 DELETE http://10.27.203.238/share/v1/aad888a9f2a84f389022db73cc1424a3/security-services/6b50079e-2ec0-4eb5-b940-46784b41555f 0.031s
2024-05-28 12:56:27.906 98687 INFO tempest.lib.common.rest_client [ req-a8eef533-7820-417c-ac71-ece489a41178 ] Request (SecurityServiceAdminTest:_run_cleanups): 404 GET http://10.27.203.238/share/v1/aad888a9f2a84f389022db73cc1424a3/security-services/6b50079e-2ec0-4eb5-b940-46784b41555f 0.011s
2024-05-28 12:56:27.909 98691 INFO tempest.lib.common.rest_client [req-aacf92f6-560c-4f2f-985c-90312e8f9dd9 req-aacf92f6-560c-4f2f-985c-90312e8f9dd9 ] Request (MigrationWithShareShrinkingNFSTest:setUpClass): 204 PUT http://10.27.203.238/identity/v3/projects/9a18b6f332ad4f09b5fcc66fa2715ca5/users/3dfc7bfaf8e1490faa53aed3f9e45fdf/roles/e7989893488f483baa107be56668c4f8 0.021s
2024-05-28 12:56:27.910 98691 INFO tempest.lib.common.dynamic_creds [-] Dynamic test user 3dfc7bfaf8e1490faa53aed3f9e45fdf is created with scope project and roles: ['admin']
2024-05-28 12:56:27.910 98691 INFO tempest.lib.common.dynamic_creds [-] Acquired dynamic creds: credentials: Credentials: {'domain_id': 'default', 'domain_name': 'Default', 'username': 'tempest-MigrationWithShareShrinkingNFSTest-678232079-project-admin', 'project_domain_id': 'default', 'project_domain_name': 'Default', 'project_id': '9a18b6f332ad4f09b5fcc66fa2715ca5', 'project_name': 'tempest-MigrationWithShareShrinkingNFSTest-678232079', 'tenant_id': '9a18b6f332ad4f09b5fcc66fa2715ca5', 'tenant_name': 'tempest-MigrationWithShareShrinkingNFSTest-678232079', 'user_domain_id': 'default', 'user_domain_name': 'Default', 'user_id': '3dfc7bfaf8e1490faa53aed3f9e45fdf', 'system': None}, Network: None, Subnet: None, Router: None
2024-05-28 12:56:27.910 98691 INFO tempest.lib.common.dynamic_creds [-] Created isolated network resources for: credentials: Credentials: {'domain_id': 'default', 'domain_name': 'Default', 'username': 'tempest-MigrationWithShareShrinkingNFSTest-678232079-project-admin', 'project_domain_id': 'default', 'project_domain_name': 'Default', 'project_id': '9a18b6f332ad4f09b5fcc66fa2715ca5', 'project_name': 'tempest-MigrationWithShareShrinkingNFSTest-678232079', 'tenant_id': '9a18b6f332ad4f09b5fcc66fa2715ca5', 'tenant_name': 'tempest-MigrationWithShareShrinkingNFSTest-678232079', 'user_domain_id': 'default', 'user_domain_name': 'Default', 'user_id': '3dfc7bfaf8e1490faa53aed3f9e45fdf', 'system': None}, Network: None, Subnet: None, Router: None
2024-05-28 12:56:27.923 98687 INFO tempest.lib.common.rest_client [ req-c11eb4c8-35a2-49df-8a7f-429b09a9ba04 ] Request (SecurityServiceAdminTest:setUp): 200 POST http://10.27.203.238/share/v1/aad888a9f2a84f389022db73cc1424a3/security-services 0.016s
2024-05-28 12:56:27.942 98687 INFO tempest.lib.common.rest_client [ req-67abd489-82e3-4041-ab40-f657bca46d85 ] Request (SecurityServiceAdminTest:setUp): 200 POST http://10.27.203.238/share/v1/aad888a9f2a84f389022db73cc1424a3/security-services 0.018s
2024-05-28 12:56:27.958 98687 INFO tempest.lib.common.rest_client [ req-d26939ae-a935-444a-a459-6be5f07ec8df ] Request (SecurityServiceAdminTest:test_list_security_services_detailed_filter_by_ss_attributes): 200 GET http://10.27.203.238/share/v1/aad888a9f2a84f389022db73cc1424a3/security-services/detail?name=ss_ldap&type=ldap&user=fake_user&server=fake_server_1&dns_ip=1.1.1.1&domain=fake_domain_1 0.015s
2024-05-28 12:56:27.990 98691 INFO tempest.lib.common.rest_client [req-ad6dd4e5-3ebf-4334-a84c-2685a65ae535 req-ad6dd4e5-3ebf-4334-a84c-2685a65ae535 ] Request (MigrationWithShareShrinkingNFSTest:setUpClass): 201 POST http://10.27.203.238/identity/v3/auth/tokens 0.078s
2024-05-28 12:56:27.991 98687 INFO tempest.lib.common.rest_client [ req-67800c86-8c44-49a2-8314-def38f6590cc ] Request (SecurityServiceAdminTest:_run_cleanups): 202 DELETE http://10.27.203.238/share/v1/aad888a9f2a84f389022db73cc1424a3/security-services/76893ab6-b678-4aa1-b0c5-9340c97c7d25 0.032s
2024-05-28 12:56:27.991 98691 INFO tempest.test [-] raised in MigrationWithShareShrinkingNFSTest.setUpClass. Invoking tearDownClass.
2024-05-28 12:56:28.002 98687 INFO tempest.lib.common.rest_client [ req-ac3d9335-5be9-4e1d-a7bc-1e8459879595 ] Request (SecurityServiceAdminTest:_run_cleanups): 404 GET http://10.27.203.238/share/v1/aad888a9f2a84f389022db73cc1424a3/security-services/76893ab6-b678-4aa1-b0c5-9340c97c7d25 0.010s
2024-05-28 12:56:28.027 98687 INFO tempest.lib.common.rest_client [ req-7ef28392-481c-4f8d-b354-849e427e1e72 ] Request (SecurityServiceAdminTest:_run_cleanups): 202 DELETE http://10.27.203.238/share/v1/aad888a9f2a84f389022db73cc1424a3/security-services/299e1756-600e-4b91-99a4-40fc43e63acb 0.025s
2024-05-28 12:56:28.038 98687 INFO tempest.lib.common.rest_client [ req-39c9de18-4d29-4c66-b045-fd3fc3165b2f ] Request (SecurityServiceAdminTest:_run_cleanups): 404 GET http://10.27.203.238/share/v1/aad888a9f2a84f389022db73cc1424a3/security-services/299e1756-600e-4b91-99a4-40fc43e63acb 0.010s
2024-05-28 12:56:28.062 98687 INFO tempest.lib.common.rest_client [ req-dbca736b-d18e-4074-9166-ff01ccf804e7 ] Request (SecurityServiceAdminTest:setUp): 200 POST http://10.27.203.238/share/v1/aad888a9f2a84f389022db73cc1424a3/security-services 0.021s
2024-05-28 12:56:28.085 98687 INFO tempest.lib.common.rest_client [ req-0bc87fc2-4a90-49a6-b3fb-cc051ab48870 ] Request (SecurityServiceAdminTest:setUp): 200 POST http://10.27.203.238/share/v1/aad888a9f2a84f389022db73cc1424a3/security-services 0.022s
2024-05-28 12:56:28.097 98687 INFO tempest.lib.common.rest_client [ req-79724aa5-92ff-4faf-a0c0-e744583ec1f4 ] Request (SecurityServiceAdminTest:test_list_security_services_invalid_filters): 200 GET http://10.27.203.238/share/v1/aad888a9f2a84f389022db73cc1424a3/security-services?fake_opt=some_value 0.012s
2024-05-28 12:56:28.110 98691 INFO tempest.lib.common.rest_client [req-83e5b8f4-7b34-4db0-8913-efb74edb8343 req-83e5b8f4-7b34-4db0-8913-efb74edb8343 ] Request (MigrationWithShareShrinkingNFSTest:tearDownClass): 204 DELETE http://10.27.203.238/identity/v3/users/3dfc7bfaf8e1490faa53aed3f9e45fdf 0.118s
2024-05-28 12:56:28.110 98691 INFO tempest.lib.common.dynamic_creds [-] Deleting project and security group for project: 9a18b6f332ad4f09b5fcc66fa2715ca5
2024-05-28 12:56:28.122 98687 INFO tempest.lib.common.rest_client [ req-4d69dd4d-3fdb-4c66-8da1-c03269188b82 ] Request (SecurityServiceAdminTest:_run_cleanups): 202 DELETE http://10.27.203.238/share/v1/aad888a9f2a84f389022db73cc1424a3/security-services/bb922e9f-2a11-4f31-a3f4-5c665846fbdd 0.024s
2024-05-28 12:56:28.136 98687 INFO tempest.lib.common.rest_client [ req-8feec714-2250-40d9-a422-42206890dcd6 ] Request (SecurityServiceAdminTest:_run_cleanups): 404 GET http://10.27.203.238/share/v1/aad888a9f2a84f389022db73cc1424a3/security-services/bb922e9f-2a11-4f31-a3f4-5c665846fbdd 0.014s
2024-05-28 12:56:28.159 98691 INFO tempest.lib.common.rest_client [req-400dc74f-cd20-4c66-9a53-ef911ab05599 req-400dc74f-cd20-4c66-9a53-ef911ab05599 ] Request (MigrationWithShareShrinkingNFSTest:tearDownClass): 201 POST http://10.27.203.238/identity/v3/auth/tokens 0.049s
2024-05-28 12:56:28.160 98687 INFO tempest.lib.common.rest_client [ req-73edf76b-bd00-445a-aa29-d825f507b16a ] Request (SecurityServiceAdminTest:_run_cleanups): 202 DELETE http://10.27.203.238/share/v1/aad888a9f2a84f389022db73cc1424a3/security-services/f5ed17cf-0d5c-4eea-8c8c-6c85a6b0408e 0.024s
2024-05-28 12:56:28.172 98687 INFO tempest.lib.common.rest_client [ req-b55ba0b0-530f-4247-bb40-e37c1ae145a8 ] Request (SecurityServiceAdminTest:_run_cleanups): 404 GET http://10.27.203.238/share/v1/aad888a9f2a84f389022db73cc1424a3/security-services/f5ed17cf-0d5c-4eea-8c8c-6c85a6b0408e 0.011s
2024-05-28 12:56:28.198 98687 INFO tempest.lib.common.rest_client [ req-ee1d6e76-e3b3-4002-9a39-a633f90d3f1b ] Request (SecurityServiceAdminTest:setUp): 200 POST http://10.27.203.238/share/v1/aad888a9f2a84f389022db73cc1424a3/security-services 0.024s
2024-05-28 12:56:28.225 98687 INFO tempest.lib.common.rest_client [ req-fafc90ee-cf73-4395-8e38-2246763559dd ] Request (SecurityServiceAdminTest:setUp): 200 POST http://10.27.203.238/share/v1/aad888a9f2a84f389022db73cc1424a3/security-services 0.026s
2024-05-28 12:56:28.246 98691 INFO tempest.lib.common.rest_client [req-43cff959-7b26-48a0-8722-7299aa98dc6e req-43cff959-7b26-48a0-8722-7299aa98dc6e ] Request (MigrationWithShareShrinkingNFSTest:tearDownClass): 200 GET http://10.27.203.238:9696/networking/v2.0/security-groups?tenant_id=9a18b6f332ad4f09b5fcc66fa2715ca5&name=default 0.086s
2024-05-28 12:56:28.254 98687 INFO tempest.lib.common.rest_client [ req-c5a7034c-7c22-446c-bfa9-40c879c627ab ] Request (SecurityServiceAdminTest:_run_cleanups): 202 DELETE http://10.27.203.238/share/v1/aad888a9f2a84f389022db73cc1424a3/security-services/cee3ed96-9df7-4c79-96c0-cb9b7d3bc9e0 0.029s
2024-05-28 12:56:28.269 98687 INFO tempest.lib.common.rest_client [ req-a15bfc84-6d59-4d23-9fb0-74a9f0d64975 ] Request (SecurityServiceAdminTest:_run_cleanups): 404 GET http://10.27.203.238/share/v1/aad888a9f2a84f389022db73cc1424a3/security-services/cee3ed96-9df7-4c79-96c0-cb9b7d3bc9e0 0.014s
2024-05-28 12:56:28.276 98693 INFO tempest.lib.common.rest_client [ req-1268d53b-e22b-45b5-9f6d-eea7d9d0e0c6 ] Request (AdminActionsTest:setUpClass): 200 GET http://10.27.203.238/share/v2/a3499cb78849424db45e54caac01de92/shares/df0ea844-5fc1-4d04-8afb-5048ec5dc33f 0.036s
2024-05-28 12:56:28.303 98687 INFO tempest.lib.common.rest_client [ req-9c812d12-5362-4a95-8d10-db56fa93d436 ] Request (SecurityServiceAdminTest:_run_cleanups): 202 DELETE http://10.27.203.238/share/v1/aad888a9f2a84f389022db73cc1424a3/security-services/68ba56a6-ae5f-4f6f-9a79-319920dd7f48 0.033s
2024-05-28 12:56:28.309 98689 INFO tempest.lib.common.rest_client [ req-6ad7b621-c8e0-4922-bc46-2884741158f8 ] Request (ExportLocationsTest:setUpClass): 200 GET http://10.27.203.238/share/v2/87c113478e754c47aea49a8b703cd2f6/shares/a96dff4b-6e98-4085-9f3b-45735d209546 0.030s
2024-05-28 12:56:28.314 98687 INFO tempest.lib.common.rest_client [ req-d2d7b76a-98b5-4caf-a84c-ca907d40ea27 ] Request (SecurityServiceAdminTest:_run_cleanups): 404 GET http://10.27.203.238/share/v1/aad888a9f2a84f389022db73cc1424a3/security-services/68ba56a6-ae5f-4f6f-9a79-319920dd7f48 0.010s
