2024-05-28 12:58:19.800 98689 INFO tempest.lib.common.dynamic_creds [-] Created isolated network resources for: credentials: Credentials: {'domain_id': 'default', 'domain_name': 'Default', 'username': 'tempest-PublicSharesTest-1667420263-project-member', 'project_domain_id': 'default', 'project_domain_name': 'Default', 'project_id': '6d36e1eb1dbc449db6aca75b12a2ba18', 'project_name': 'tempest-PublicSharesTest-1667420263', 'tenant_id': '6d36e1eb1dbc449db6aca75b12a2ba18', 'tenant_name': 'tempest-PublicSharesTest-1667420263', 'user_domain_id': 'default', 'user_domain_name': 'Default', 'user_id': '672c4552229b4f82a12c9d2e0e77332f', 'system': None}, Network: None, Subnet: None, Router: None
2024-05-28 12:58:19.876 98689 INFO tempest.lib.common.rest_client [req-19ab5852-de46-487e-97c3-5d051ad3e7dd req-19ab5852-de46-487e-97c3-5d051ad3e7dd ] Request (PublicSharesTest:setUpClass): 201 POST http://10.27.203.238/identity/v3/auth/tokens 0.075s
2024-05-28 12:58:19.933 98689 INFO tempest.lib.common.rest_client [req-9155e44b-9140-427a-8b9d-3ca726c2d462 req-9155e44b-9140-427a-8b9d-3ca726c2d462 ] Request (PublicSharesTest:setUpClass): 201 POST http://10.27.203.238/identity/v3/projects 0.056s
2024-05-28 12:58:19.996 98689 INFO tempest.lib.common.rest_client [req-38b2c2e7-89a1-429e-aa44-51d767a1c388 req-38b2c2e7-89a1-429e-aa44-51d767a1c388 ] Request (PublicSharesTest:setUpClass): 201 POST http://10.27.203.238/identity/v3/users 0.062s
2024-05-28 12:58:20.015 98689 INFO tempest.lib.common.rest_client [req-0eb581bf-e6ef-4574-9d5e-b234c3818f80 req-0eb581bf-e6ef-4574-9d5e-b234c3818f80 ] Request (PublicSharesTest:setUpClass): 200 GET http://10.27.203.238/identity/v3/roles 0.018s
2024-05-28 12:58:20.054 98689 INFO tempest.lib.common.rest_client [req-27f0153a-e5ff-4c48-aba7-e20f733c1444 req-27f0153a-e5ff-4c48-aba7-e20f733c1444 ] Request (PublicSharesTest:setUpClass): 204 PUT http://10.27.203.238/identity/v3/projects/f72e4ec607ca4e899b33f8b656888e37/users/31e9148b59af4472aa527a955469124d/roles/44620cad10ae407c90c91e2c296adb04 0.038s
2024-05-28 12:58:20.054 98689 INFO tempest.lib.common.dynamic_creds [-] Dynamic test user 31e9148b59af4472aa527a955469124d is created with scope project and roles: ['member']
2024-05-28 12:58:20.054 98689 INFO tempest.lib.common.dynamic_creds [-] Acquired dynamic creds: credentials: Credentials: {'domain_id': 'default', 'domain_name': 'Default', 'username': 'tempest-PublicSharesTest-926778698-project-member', 'project_domain_id': 'default', 'project_domain_name': 'Default', 'project_id': 'f72e4ec607ca4e899b33f8b656888e37', 'project_name': 'tempest-PublicSharesTest-926778698', 'tenant_id': 'f72e4ec607ca4e899b33f8b656888e37', 'tenant_name': 'tempest-PublicSharesTest-926778698', 'user_domain_id': 'default', 'user_domain_name': 'Default', 'user_id': '31e9148b59af4472aa527a955469124d', 'system': None}, Network: None, Subnet: None, Router: None
2024-05-28 12:58:20.054 98689 INFO tempest.lib.common.dynamic_creds [-] Created isolated network resources for: credentials: Credentials: {'domain_id': 'default', 'domain_name': 'Default', 'username': 'tempest-PublicSharesTest-926778698-project-member', 'project_domain_id': 'default', 'project_domain_name': 'Default', 'project_id': 'f72e4ec607ca4e899b33f8b656888e37', 'project_name': 'tempest-PublicSharesTest-926778698', 'tenant_id': 'f72e4ec607ca4e899b33f8b656888e37', 'tenant_name': 'tempest-PublicSharesTest-926778698', 'user_domain_id': 'default', 'user_domain_name': 'Default', 'user_id': '31e9148b59af4472aa527a955469124d', 'system': None}, Network: None, Subnet: None, Router: None
2024-05-28 12:58:20.125 98689 INFO tempest.lib.common.rest_client [req-980dc6ea-429c-4364-bd55-cd25b414c75c req-980dc6ea-429c-4364-bd55-cd25b414c75c ] Request (PublicSharesTest:setUpClass): 201 POST http://10.27.203.238/identity/v3/auth/tokens 0.070s
2024-05-28 12:58:20.192 98689 INFO tempest.lib.common.rest_client [req-3a796db5-aad8-4d38-bba3-3c7ffd9afe1b req-3a796db5-aad8-4d38-bba3-3c7ffd9afe1b ] Request (PublicSharesTest:setUpClass): 201 POST http://10.27.203.238/identity/v3/projects 0.066s
2024-05-28 12:58:20.257 98689 INFO tempest.lib.common.rest_client [req-f8ffaf9c-886b-4885-b1bd-c1fb76f2df73 req-f8ffaf9c-886b-4885-b1bd-c1fb76f2df73 ] Request (PublicSharesTest:setUpClass): 201 POST http://10.27.203.238/identity/v3/users 0.064s
2024-05-28 12:58:20.278 98689 INFO tempest.lib.common.rest_client [req-854fb54a-2607-46f4-839e-6688fae73b5e req-854fb54a-2607-46f4-839e-6688fae73b5e ] Request (PublicSharesTest:setUpClass): 200 GET http://10.27.203.238/identity/v3/roles 0.020s
2024-05-28 12:58:20.319 98689 INFO tempest.lib.common.rest_client [req-3b9c1a2e-8e6f-4f87-9436-390536f343ad req-3b9c1a2e-8e6f-4f87-9436-390536f343ad ] Request (PublicSharesTest:setUpClass): 204 PUT http://10.27.203.238/identity/v3/projects/8ee1466a8fe242afa8e0d0378840bfc1/users/3bc1f1b24efd484493c1e18638340a25/roles/e7989893488f483baa107be56668c4f8 0.040s
2024-05-28 12:58:20.360 98689 INFO tempest.lib.common.rest_client [req-108221f6-31f0-449c-b53f-7662899b4fdc req-108221f6-31f0-449c-b53f-7662899b4fdc ] Request (PublicSharesTest:setUpClass): 200 GET http://10.27.203.238/identity/v3/roles 0.041s
2024-05-28 12:58:20.381 98689 INFO tempest.lib.common.rest_client [req-92ac9bd5-e7c3-4ade-aa36-aa90512947aa req-92ac9bd5-e7c3-4ade-aa36-aa90512947aa ] Request (PublicSharesTest:setUpClass): 204 PUT http://10.27.203.238/identity/v3/projects/8ee1466a8fe242afa8e0d0378840bfc1/users/3bc1f1b24efd484493c1e18638340a25/roles/e7989893488f483baa107be56668c4f8 0.020s
2024-05-28 12:58:20.382 98689 INFO tempest.lib.common.dynamic_creds [-] Dynamic test user 3bc1f1b24efd484493c1e18638340a25 is created with scope project and roles: ['admin']
2024-05-28 12:58:20.382 98689 INFO tempest.lib.common.dynamic_creds [-] Acquired dynamic creds: credentials: Credentials: {'domain_id': 'default', 'domain_name': 'Default', 'username': 'tempest-PublicSharesTest-118543418-project-admin', 'project_domain_id': 'default', 'project_domain_name': 'Default', 'project_id': '8ee1466a8fe242afa8e0d0378840bfc1', 'project_name': 'tempest-PublicSharesTest-118543418', 'tenant_id': '8ee1466a8fe242afa8e0d0378840bfc1', 'tenant_name': 'tempest-PublicSharesTest-118543418', 'user_domain_id': 'default', 'user_domain_name': 'Default', 'user_id': '3bc1f1b24efd484493c1e18638340a25', 'system': None}, Network: None, Subnet: None, Router: None
2024-05-28 12:58:20.382 98689 INFO tempest.lib.common.dynamic_creds [-] Created isolated network resources for: credentials: Credentials: {'domain_id': 'default', 'domain_name': 'Default', 'username': 'tempest-PublicSharesTest-118543418-project-admin', 'project_domain_id': 'default', 'project_domain_name': 'Default', 'project_id': '8ee1466a8fe242afa8e0d0378840bfc1', 'project_name': 'tempest-PublicSharesTest-118543418', 'tenant_id': '8ee1466a8fe242afa8e0d0378840bfc1', 'tenant_name': 'tempest-PublicSharesTest-118543418', 'user_domain_id': 'default', 'user_domain_name': 'Default', 'user_id': '3bc1f1b24efd484493c1e18638340a25', 'system': None}, Network: None, Subnet: None, Router: None
2024-05-28 12:58:20.459 98689 INFO tempest.lib.common.rest_client [req-61835747-890d-4717-8d7a-347cee7628e4 req-61835747-890d-4717-8d7a-347cee7628e4 ] Request (PublicSharesTest:setUpClass): 201 POST http://10.27.203.238/identity/v3/auth/tokens 0.076s
2024-05-28 12:58:20.487 98689 INFO tempest.lib.common.rest_client [req-cdcfb523-7075-460c-b750-570d541cea04 req-cdcfb523-7075-460c-b750-570d541cea04 ] Request (PublicSharesTest:setUpClass): 200 GET http://10.27.203.238/identity/v3/domains?name=Default 0.026s
2024-05-28 12:58:20.522 98689 INFO tempest.lib.common.rest_client [req-18f1c5bd-f7ee-43f6-a76a-a0787e4eddf1 req-18f1c5bd-f7ee-43f6-a76a-a0787e4eddf1 ] Request (PublicSharesTest:setUpClass): 201 POST http://10.27.203.238/identity/v3/users 0.034s
2024-05-28 12:58:20.542 98689 INFO tempest.lib.common.rest_client [req-71224d72-6a69-480f-9acd-7842f9411e23 req-71224d72-6a69-480f-9acd-7842f9411e23 ] Request (PublicSharesTest:setUpClass): 200 GET http://10.27.203.238/identity/v3/roles 0.019s
2024-05-28 12:58:20.580 98689 INFO tempest.lib.common.rest_client [req-a4fcdc8d-a2d0-46e0-ae31-31acd381d806 req-a4fcdc8d-a2d0-46e0-ae31-31acd381d806 ] Request (PublicSharesTest:setUpClass): 204 PUT http://10.27.203.238/identity/v3/projects/8ee1466a8fe242afa8e0d0378840bfc1/users/6886717a9cfb42a0a4142a0b982570ee/roles/44620cad10ae407c90c91e2c296adb04 0.038s
2024-05-28 12:58:20.729 98695 INFO tempest.lib.common.rest_client [ req-daa68adb-7f51-4915-9904-3df359bd73f0 ] Request (SharesMetadataTest:test_set_metadata_key_already_exist): 200 GET http://10.27.203.238/share/v2/698d6c02a1cc4bf2b16302eb8a31bc26/shares/dacdb3b4-4336-45fd-b002-1a5aa6ad9957 0.033s
2024-05-28 12:58:20.741 98689 INFO tempest.lib.common.rest_client [ req-564ca0a4-a769-432b-8d72-3cdf36cd6010 ] Request (PublicSharesTest:setUpClass): 200 POST http://10.27.203.238/share/v2/8ee1466a8fe242afa8e0d0378840bfc1/types 0.159s
2024-05-28 12:58:20.929 98689 INFO tempest.lib.common.rest_client [ req-0e1fea71-d8a0-4d61-a7a0-79654970cec5 ] Request (PublicSharesTest:test_list_shares_public_with_detail): 200 POST http://10.27.203.238/share/v2/8ee1466a8fe242afa8e0d0378840bfc1/shares 0.186s
2024-05-28 12:58:20.955 98689 INFO tempest.lib.common.rest_client [ req-0a693ae4-d907-4403-8bcd-c62e0276a787 ] Request (PublicSharesTest:test_list_shares_public_with_detail): 200 GET http://10.27.203.238/share/v2/8ee1466a8fe242afa8e0d0378840bfc1/shares/5a92a994-03f1-4598-b3f6-70280cf0a971 0.025s
2024-05-28 12:58:21.490 98687 INFO tempest.lib.common.rest_client [ req-deded916-14db-4b93-a68b-37bbf4c222a5 ] Request (ShareIpRulesForNFSTest:test_create_delete_access_rule_with_cidr): 200 GET http://10.27.203.238/share/v2/776f75906bc64f8f9316d5aab4b50bf1/share-access-rules?share_id=1ddadc17-cf10-4a42-8bbd-8335fb3520a1 0.045s
2024-05-28 12:58:21.655 98693 INFO tempest.lib.common.rest_client [ req-1cd8cbc0-31e0-4fe6-b605-6d3963cb2926 ] Request (AdminActionsTest:test_reset_snapshot_state): 200 GET http://10.27.203.238/share/v2/a3499cb78849424db45e54caac01de92/snapshots/7f8e9058-4b96-4983-9bc5-b81989653aee 0.040s
2024-05-28 12:58:21.666 98687 INFO tempest.lib.common.rest_client [ req-c8e727f7-de8d-4567-801e-7bb4c4ce75b9 ] Request (ShareIpRulesForNFSTest:_run_cleanups): 202 POST http://10.27.203.238/share/v2/776f75906bc64f8f9316d5aab4b50bf1/shares/1ddadc17-cf10-4a42-8bbd-8335fb3520a1/action 0.175s
2024-05-28 12:58:21.718 98687 INFO tempest.lib.common.rest_client [ req-395758c0-6cf9-4715-be18-eaed69e31ed2 ] Request (ShareIpRulesForNFSTest:_run_cleanups): 200 GET http://10.27.203.238/share/v2/776f75906bc64f8f9316d5aab4b50bf1/share-access-rules?share_id=1ddadc17-cf10-4a42-8bbd-8335fb3520a1 0.051s
2024-05-28 12:58:21.740 98693 INFO tempest.lib.common.rest_client [ req-5ada43af-3a32-4ea4-b9e9-38f95d37e143 ] Request (AdminActionsTest:test_reset_snapshot_state): 202 POST http://10.27.203.238/share/v2/a3499cb78849424db45e54caac01de92/snapshots/7f8e9058-4b96-4983-9bc5-b81989653aee/action 0.084s
2024-05-28 12:58:21.779 98693 INFO tempest.lib.common.rest_client [ req-10172f09-2f88-4fd4-bb68-0733d0a2d1c8 ] Request (AdminActionsTest:test_reset_snapshot_state): 200 GET http://10.27.203.238/share/v2/a3499cb78849424db45e54caac01de92/snapshots/7f8e9058-4b96-4983-9bc5-b81989653aee 0.038s
2024-05-28 12:58:21.867 98693 INFO tempest.lib.common.rest_client [ req-055f0dbf-367a-4c6a-8db9-49be03ae7235 ] Request (AdminActionsTest:_run_cleanups): 202 POST http://10.27.203.238/share/v2/a3499cb78849424db45e54caac01de92/snapshots/7f8e9058-4b96-4983-9bc5-b81989653aee/action 0.087s
2024-05-28 12:58:21.904 98693 INFO tempest.lib.common.rest_client [ req-4bc6d808-631d-4ebf-840c-a280d83ad4eb ] Request (AdminActionsTest:_run_cleanups): 200 GET http://10.27.203.238/share/v2/a3499cb78849424db45e54caac01de92/snapshots/7f8e9058-4b96-4983-9bc5-b81989653aee 0.037s
2024-05-28 12:58:21.971 98691 INFO tempest.lib.common.rest_client [ req-008263e8-4283-4a96-b588-d1ff3e5b1c4e ] Request (ResourceLockCRUTest:tearDownClass): 200 GET http://10.27.203.238/share/v2/82840ccb77144a4aa2d0bdce807ce686/shares/3f6b8420-fc46-47fc-b707-d08dfd01280f 0.031s
2024-05-28 12:58:22.013 98693 INFO tempest.lib.common.rest_client [ req-39da8787-9ead-4049-9976-d17b46af6834 ] Request (AdminActionsTest:tearDownClass): 202 DELETE http://10.27.203.238/share/v2/a3499cb78849424db45e54caac01de92/snapshots/7f8e9058-4b96-4983-9bc5-b81989653aee 0.106s
2024-05-28 12:58:22.052 98693 INFO tempest.lib.common.rest_client [ req-73871e5c-aeed-415e-82ac-5280b8d838fc ] Request (AdminActionsTest:tearDownClass): 200 GET http://10.27.203.238/share/v2/a3499cb78849424db45e54caac01de92/snapshots/7f8e9058-4b96-4983-9bc5-b81989653aee 0.038s
2024-05-28 12:58:23.762 98695 INFO tempest.lib.common.rest_client [ req-8862e40d-1b25-4f9d-b11d-fa176c596971 ] Request (SharesMetadataTest:test_set_metadata_key_already_exist): 200 GET http://10.27.203.238/share/v2/698d6c02a1cc4bf2b16302eb8a31bc26/shares/dacdb3b4-4336-45fd-b002-1a5aa6ad9957 0.029s
2024-05-28 12:58:23.861 98695 INFO tempest.lib.common.rest_client [ req-c349bc3c-0458-48fa-bd67-d384b69d8c45 ] Request (SharesMetadataTest:test_set_metadata_key_already_exist): 200 POST http://10.27.203.238/share/v2/698d6c02a1cc4bf2b16302eb8a31bc26/shares/dacdb3b4-4336-45fd-b002-1a5aa6ad9957/metadata 0.098s
2024-05-28 12:58:23.934 98695 INFO tempest.lib.common.rest_client [ req-903fd0f1-8109-4219-9efd-15e8c03bb511 ] Request (SharesMetadataTest:test_set_metadata_key_already_exist): 200 GET http://10.27.203.238/share/v2/698d6c02a1cc4bf2b16302eb8a31bc26/shares/dacdb3b4-4336-45fd-b002-1a5aa6ad9957/metadata/key9 0.073s
2024-05-28 12:58:23.984 98689 INFO tempest.lib.common.rest_client [ req-621ec63b-474e-4115-9492-827cfbce1319 ] Request (PublicSharesTest:test_list_shares_public_with_detail): 200 GET http://10.27.203.238/share/v2/8ee1466a8fe242afa8e0d0378840bfc1/shares/5a92a994-03f1-4598-b3f6-70280cf0a971 0.028s
2024-05-28 12:58:24.003 98695 INFO tempest.lib.common.rest_client [ req-c0920939-8f1b-40ab-bf5b-20c732a8f267 ] Request (SharesMetadataTest:test_set_metadata_key_already_exist): 200 GET http://10.27.203.238/share/v2/698d6c02a1cc4bf2b16302eb8a31bc26/shares/dacdb3b4-4336-45fd-b002-1a5aa6ad9957/metadata/key10 0.067s
2024-05-28 12:58:24.151 98695 INFO tempest.lib.common.rest_client [ req-707b5383-2f73-4843-8587-57da1722fd88 ] Request (SharesMetadataTest:test_set_metadata_key_already_exist): 200 POST http://10.27.203.238/share/v2/698d6c02a1cc4bf2b16302eb8a31bc26/shares/dacdb3b4-4336-45fd-b002-1a5aa6ad9957/metadata 0.147s
2024-05-28 12:58:24.216 98695 INFO tempest.lib.common.rest_client [ req-6a4326b9-7017-4f41-8e19-d616ccf4c001 ] Request (SharesMetadataTest:test_set_metadata_key_already_exist): 200 GET http://10.27.203.238/share/v2/698d6c02a1cc4bf2b16302eb8a31bc26/shares/dacdb3b4-4336-45fd-b002-1a5aa6ad9957/metadata/key9 0.065s
2024-05-28 12:58:24.288 98695 INFO tempest.lib.common.rest_client [ req-fd32f191-888e-43ee-81ee-5bb27bcfcc14 ] Request (SharesMetadataTest:test_set_metadata_key_already_exist): 200 GET http://10.27.203.238/share/v2/698d6c02a1cc4bf2b16302eb8a31bc26/shares/dacdb3b4-4336-45fd-b002-1a5aa6ad9957/metadata/key10 0.071s
2024-05-28 12:58:24.358 98695 INFO tempest.lib.common.rest_client [ req-bcb7cde5-a34d-401b-9da1-627e58b89b58 ] Request (SharesMetadataTest:test_set_metadata_key_already_exist): 200 GET http://10.27.203.238/share/v2/698d6c02a1cc4bf2b16302eb8a31bc26/shares/dacdb3b4-4336-45fd-b002-1a5aa6ad9957/metadata/key11 0.069s
2024-05-28 12:58:24.463 98695 INFO tempest.lib.common.rest_client [ req-6440fdd5-61e5-45fe-b7d1-2ce782900c6c ] Request (SharesMetadataTest:test_set_metadata_key_already_exist): 200 DELETE http://10.27.203.238/share/v2/698d6c02a1cc4bf2b16302eb8a31bc26/shares/dacdb3b4-4336-45fd-b002-1a5aa6ad9957/metadata/key9 0.104s
2024-05-28 12:58:24.557 98695 INFO tempest.lib.common.rest_client [ req-d4b8d51c-19c0-470b-956f-2ab75ad8786a ] Request (SharesMetadataTest:test_set_metadata_key_already_exist): 200 DELETE http://10.27.203.238/share/v2/698d6c02a1cc4bf2b16302eb8a31bc26/shares/dacdb3b4-4336-45fd-b002-1a5aa6ad9957/metadata/key10 0.093s
2024-05-28 12:58:24.654 98695 INFO tempest.lib.common.rest_client [ req-f8392234-6b6b-4ff0-a758-58d0df0b2658 ] Request (SharesMetadataTest:test_set_metadata_key_already_exist): 200 DELETE http://10.27.203.238/share/v2/698d6c02a1cc4bf2b16302eb8a31bc26/shares/dacdb3b4-4336-45fd-b002-1a5aa6ad9957/metadata/key11 0.096s
2024-05-28 12:58:24.713 98695 INFO tempest.lib.common.rest_client [ req-867d9162-0437-4afe-b47e-c5a36251f11a ] Request (SharesMetadataTest:test_set_metadata_key_already_exist): 200 GET http://10.27.203.238/share/v2/698d6c02a1cc4bf2b16302eb8a31bc26/shares/dacdb3b4-4336-45fd-b002-1a5aa6ad9957/metadata 0.058s
2024-05-28 12:58:24.730 98695 INFO tempest.lib.common.rest_client [ req-69b48bfe-8cef-437c-a739-c870b5819000 ] Request (SharesMetadataTest:_run_cleanups): 200 GET http://10.27.203.238/share/v2/698d6c02a1cc4bf2b16302eb8a31bc26/share-replicas/detail?share_id=dacdb3b4-4336-45fd-b002-1a5aa6ad9957 0.016s
2024-05-28 12:58:24.759 98687 INFO tempest.lib.common.rest_client [ req-bbf5c97d-47f3-4597-a71f-ae85c2729412 ] Request (ShareIpRulesForNFSTest:_run_cleanups): 200 GET http://10.27.203.238/share/v2/776f75906bc64f8f9316d5aab4b50bf1/share-access-rules?share_id=1ddadc17-cf10-4a42-8bbd-8335fb3520a1 0.039s
2024-05-28 12:58:24.888 98695 INFO tempest.lib.common.rest_client [ req-b955836e-3bcf-4f6f-a7c4-571eaa76539d ] Request (SharesMetadataTest:_run_cleanups): 202 DELETE http://10.27.203.238/share/v2/698d6c02a1cc4bf2b16302eb8a31bc26/shares/dacdb3b4-4336-45fd-b002-1a5aa6ad9957 0.157s
2024-05-28 12:58:24.912 98687 INFO tempest.lib.common.rest_client [ req-df1115ed-7421-4cf3-ab15-b143bf1cb0e0 ] Request (ShareIpRulesForNFSTest:test_create_delete_access_rules_with_one_ip): 200 POST http://10.27.203.238/share/v1/776f75906bc64f8f9316d5aab4b50bf1/shares/1ddadc17-cf10-4a42-8bbd-8335fb3520a1/action 0.151s
2024-05-28 12:58:24.919 98695 INFO tempest.lib.common.rest_client [ req-00c515aa-8f65-4b0b-bafc-d5d55cadb1fa ] Request (SharesMetadataTest:_run_cleanups): 200 GET http://10.27.203.238/share/v2/698d6c02a1cc4bf2b16302eb8a31bc26/shares/dacdb3b4-4336-45fd-b002-1a5aa6ad9957 0.030s
2024-05-28 12:58:24.974 98687 INFO tempest.lib.common.rest_client [ req-afd23407-104b-475f-8998-2c6c24a87ae1 ] Request (ShareIpRulesForNFSTest:test_create_delete_access_rules_with_one_ip): 200 POST http://10.27.203.238/share/v1/776f75906bc64f8f9316d5aab4b50bf1/shares/1ddadc17-cf10-4a42-8bbd-8335fb3520a1/action 0.061s
2024-05-28 12:58:24.988 98691 INFO tempest.lib.common.rest_client [ req-e1a1e9ee-ad27-48b5-844d-af2974e96e56 ] Request (ResourceLockCRUTest:tearDownClass): 404 GET http://10.27.203.238/share/v2/82840ccb77144a4aa2d0bdce807ce686/shares/3f6b8420-fc46-47fc-b707-d08dfd01280f 0.013s
2024-05-28 12:58:25.014 98691 INFO tempest.lib.common.rest_client [ req-f326039a-7460-4b36-9e03-e97198e579bf ] Request (ResourceLockCRUTest:tearDownClass): 204 DELETE http://10.27.203.238/share/v2/82840ccb77144a4aa2d0bdce807ce686/resource-locks/87ef736f-2afb-4d32-9520-592130b1715a 0.026s
2024-05-28 12:58:25.033 98691 INFO tempest.lib.common.rest_client [ req-2ae4e49b-7afd-4703-83a1-cc90b24a9a05 ] Request (ResourceLockCRUTest:tearDownClass): 200 GET http://10.27.203.238/share/v2/82840ccb77144a4aa2d0bdce807ce686/share-replicas/detail?share_id=071c2e61-b4b6-48bf-a1f2-c20b233560ed 0.018s
2024-05-28 12:58:25.072 98693 INFO tempest.lib.common.rest_client [ req-59fbce34-e232-45dc-a3e7-38b1bdcadc60 ] Request (AdminActionsTest:tearDownClass): 404 GET http://10.27.203.238/share/v2/a3499cb78849424db45e54caac01de92/snapshots/7f8e9058-4b96-4983-9bc5-b81989653aee 0.017s
2024-05-28 12:58:25.171 98691 INFO tempest.lib.common.rest_client [ req-e663225b-6477-401f-b391-71804dbaf246 ] Request (ResourceLockCRUTest:tearDownClass): 202 DELETE http://10.27.203.238/share/v2/82840ccb77144a4aa2d0bdce807ce686/shares/071c2e61-b4b6-48bf-a1f2-c20b233560ed 0.137s
2024-05-28 12:58:25.180 98693 INFO tempest.lib.common.rest_client [ req-7c3c936b-fb6a-4a9e-a8be-cc8742ddbf7d ] Request (AdminActionsTest:tearDownClass): 202 DELETE http://10.27.203.238/share/v2/a3499cb78849424db45e54caac01de92/snapshots/6ddf5f7a-7bad-4eea-9e2e-64307270ec88 0.107s
2024-05-28 12:58:25.210 98691 INFO tempest.lib.common.rest_client [ req-18f8049c-b93d-4d8f-b8bf-c74a31922257 ] Request (ResourceLockCRUTest:tearDownClass): 200 GET http://10.27.203.238/share/v2/82840ccb77144a4aa2d0bdce807ce686/shares/071c2e61-b4b6-48bf-a1f2-c20b233560ed 0.038s
2024-05-28 12:58:25.219 98693 INFO tempest.lib.common.rest_client [ req-3ee05d2f-af3c-4de3-a1fa-443b26bbf17e ] Request (AdminActionsTest:tearDownClass): 200 GET http://10.27.203.238/share/v2/a3499cb78849424db45e54caac01de92/snapshots/6ddf5f7a-7bad-4eea-9e2e-64307270ec88 0.039s
2024-05-28 12:58:27.015 98689 INFO tempest.lib.common.rest_client [ req-0d5ff04b-5e02-4451-8ba8-1fec58fe2a51 ] Request (PublicSharesTest:test_list_shares_public_with_detail): 200 GET http://10.27.203.238/share/v2/8ee1466a8fe242afa8e0d0378840bfc1/shares/5a92a994-03f1-4598-b3f6-70280cf0a971 0.027s
2024-05-28 12:58:27.295 98689 INFO tempest.lib.common.rest_client [ req-baa0060d-0a33-4293-9dac-8ca198bdb06c ] Request (PublicSharesTest:test_list_shares_public_with_detail): 200 POST http://10.27.203.238/share/v2/6d36e1eb1dbc449db6aca75b12a2ba18/shares 0.279s
2024-05-28 12:58:27.323 98689 INFO tempest.lib.common.rest_client [ req-c7f3ad17-c31b-41a1-a0c9-965c888220dc ] Request (PublicSharesTest:test_list_shares_public_with_detail): 200 GET http://10.27.203.238/share/v2/6d36e1eb1dbc449db6aca75b12a2ba18/shares/50dc60c2-08d1-4244-b4aa-f09b7789e32d 0.027s
2024-05-28 12:58:27.950 98695 INFO tempest.lib.common.rest_client [ req-36931cba-6bd6-4cd5-bfcb-29876de18923 ] Request (SharesMetadataTest:_run_cleanups): 200 GET http://10.27.203.238/share/v2/698d6c02a1cc4bf2b16302eb8a31bc26/shares/dacdb3b4-4336-45fd-b002-1a5aa6ad9957 0.027s
2024-05-28 12:58:28.038 98687 INFO tempest.lib.common.rest_client [ req-49a92f48-c965-4503-bc48-9ce7ffcb2ca8 ] Request (ShareIpRulesForNFSTest:test_create_delete_access_rules_with_one_ip): 200 POST http://10.27.203.238/share/v1/776f75906bc64f8f9316d5aab4b50bf1/shares/1ddadc17-cf10-4a42-8bbd-8335fb3520a1/action 0.060s
2024-05-28 12:58:28.233 98687 INFO tempest.lib.common.rest_client [ req-629833ea-7ec8-42b2-854f-8591cbabacba ] Request (ShareIpRulesForNFSTest:_run_cleanups): 202 POST http://10.27.203.238/share/v1/776f75906bc64f8f9316d5aab4b50bf1/shares/1ddadc17-cf10-4a42-8bbd-8335fb3520a1/action 0.195s
2024-05-28 12:58:28.242 98691 INFO tempest.lib.common.rest_client [ req-5f3de4a0-1a2e-454b-9dcc-3cb21895d972 ] Request (ResourceLockCRUTest:tearDownClass): 200 GET http://10.27.203.238/share/v2/82840ccb77144a4aa2d0bdce807ce686/shares/071c2e61-b4b6-48bf-a1f2-c20b233560ed 0.029s
2024-05-28 12:58:28.252 98693 INFO tempest.lib.common.rest_client [ req-6074c5b9-3dfb-42df-a57e-cbaa8b609985 ] Request (AdminActionsTest:tearDownClass): 404 GET http://10.27.203.238/share/v2/a3499cb78849424db45e54caac01de92/snapshots/6ddf5f7a-7bad-4eea-9e2e-64307270ec88 0.030s
2024-05-28 12:58:28.299 98687 INFO tempest.lib.common.rest_client [ req-4e3d607a-a68e-4aa6-9caf-36bc71392a84 ] Request (ShareIpRulesForNFSTest:_run_cleanups): 200 POST http://10.27.203.238/share/v1/776f75906bc64f8f9316d5aab4b50bf1/shares/1ddadc17-cf10-4a42-8bbd-8335fb3520a1/action 0.066s
2024-05-28 12:58:28.366 98693 INFO tempest.lib.common.rest_client [ req-ec0d6050-76b0-4308-a707-fd80874b2fc4 ] Request (AdminActionsTest:tearDownClass): 202 DELETE http://10.27.203.238/share/v2/a3499cb78849424db45e54caac01de92/snapshots/61a994a9-64ae-4c8f-9475-6c6a0b8e910b 0.113s
2024-05-28 12:58:28.408 98693 INFO tempest.lib.common.rest_client [ req-c6618d10-b525-41e3-84f2-458e63cb6131 ] Request (AdminActionsTest:tearDownClass): 200 GET http://10.27.203.238/share/v2/a3499cb78849424db45e54caac01de92/snapshots/61a994a9-64ae-4c8f-9475-6c6a0b8e910b 0.041s
2024-05-28 12:58:30.362 98689 INFO tempest.lib.common.rest_client [ req-70a29fc0-a1d3-4165-b687-b76dd2968c00 ] Request (PublicSharesTest:test_list_shares_public_with_detail): 200 GET http://10.27.203.238/share/v2/6d36e1eb1dbc449db6aca75b12a2ba18/shares/50dc60c2-08d1-4244-b4aa-f09b7789e32d 0.036s
2024-05-28 12:58:30.981 98695 INFO tempest.lib.common.rest_client [ req-b4f5c3a4-0e16-49c7-99da-4b822d064684 ] Request (SharesMetadataTest:_run_cleanups): 200 GET http://10.27.203.238/share/v2/698d6c02a1cc4bf2b16302eb8a31bc26/shares/dacdb3b4-4336-45fd-b002-1a5aa6ad9957 0.027s
2024-05-28 12:58:31.278 98691 INFO tempest.lib.common.rest_client [ req-02d0f3d9-dfc1-4300-9dea-a19ccf4ab9de ] Request (ResourceLockCRUTest:tearDownClass): 200 GET http://10.27.203.238/share/v2/82840ccb77144a4aa2d0bdce807ce686/shares/071c2e61-b4b6-48bf-a1f2-c20b233560ed 0.032s
2024-05-28 12:58:31.332 98687 INFO tempest.lib.common.rest_client [ req-091403ca-5530-4970-b627-3247848f1f9b ] Request (ShareIpRulesForNFSTest:_run_cleanups): 200 POST http://10.27.203.238/share/v1/776f75906bc64f8f9316d5aab4b50bf1/shares/1ddadc17-cf10-4a42-8bbd-8335fb3520a1/action 0.029s
2024-05-28 12:58:31.429 98693 INFO tempest.lib.common.rest_client [ req-b6a8d064-3f8b-48ed-b705-bcd2f1c9bb80 ] Request (AdminActionsTest:tearDownClass): 404 GET http://10.27.203.238/share/v2/a3499cb78849424db45e54caac01de92/snapshots/61a994a9-64ae-4c8f-9475-6c6a0b8e910b 0.016s
2024-05-28 12:58:31.465 98687 INFO tempest.lib.common.rest_client [ req-662582bd-4d82-4fee-8c1c-8f21c24f2b46 ] Request (ShareIpRulesForNFSTest:test_create_delete_access_rules_with_one_ip): 200 POST http://10.27.203.238/share/v1/776f75906bc64f8f9316d5aab4b50bf1/shares/1ddadc17-cf10-4a42-8bbd-8335fb3520a1/action 0.130s
2024-05-28 12:58:31.523 98687 INFO tempest.lib.common.rest_client [ req-cc19b058-4d9f-40d8-8d39-d54b308fdee5 ] Request (ShareIpRulesForNFSTest:test_create_delete_access_rules_with_one_ip): 200 POST http://10.27.203.238/share/v1/776f75906bc64f8f9316d5aab4b50bf1/shares/1ddadc17-cf10-4a42-8bbd-8335fb3520a1/action 0.056s
2024-05-28 12:58:31.528 98693 INFO tempest.lib.common.rest_client [ req-aaab4c98-5e24-4cf6-9d7c-22926dcc7409 ] Request (AdminActionsTest:tearDownClass): 202 DELETE http://10.27.203.238/share/v2/a3499cb78849424db45e54caac01de92/snapshots/b3972da7-eb1f-4370-abf4-b7f9402afb30 0.098s
2024-05-28 12:58:31.566 98693 INFO tempest.lib.common.rest_client [ req-42bb70f5-b6c3-40b0-b50b-053528acec55 ] Request (AdminActionsTest:tearDownClass): 200 GET http://10.27.203.238/share/v2/a3499cb78849424db45e54caac01de92/snapshots/b3972da7-eb1f-4370-abf4-b7f9402afb30 0.037s
2024-05-28 12:58:33.394 98689 INFO tempest.lib.common.rest_client [ req-a66e1f8f-e695-4dac-88b9-dc17cab91e6d ] Request (PublicSharesTest:test_list_shares_public_with_detail): 200 GET http://10.27.203.238/share/v2/6d36e1eb1dbc449db6aca75b12a2ba18/shares/50dc60c2-08d1-4244-b4aa-f09b7789e32d 0.028s
2024-05-28 12:58:33.509 98689 INFO tempest.lib.common.rest_client [ req-20eb3e2b-df74-4116-a03c-a52cbc04156b ] Request (PublicSharesTest:test_list_shares_public_with_detail): 200 GET http://10.27.203.238/share/v2/f72e4ec607ca4e899b33f8b656888e37/shares/detail?is_public=True 0.114s
2024-05-28 12:58:33.525 98689 INFO tempest.lib.common.rest_client [ req-924e153b-9962-4ec6-98ca-d36869358e56 ] Request (PublicSharesTest:_run_cleanups): 200 GET http://10.27.203.238/share/v2/6d36e1eb1dbc449db6aca75b12a2ba18/share-replicas/detail?share_id=50dc60c2-08d1-4244-b4aa-f09b7789e32d 0.015s
2024-05-28 12:58:33.647 98689 INFO tempest.lib.common.rest_client [ req-25d6cabe-430a-4a8c-97f9-866a8ed13460 ] Request (PublicSharesTest:_run_cleanups): 202 DELETE http://10.27.203.238/share/v2/6d36e1eb1dbc449db6aca75b12a2ba18/shares/50dc60c2-08d1-4244-b4aa-f09b7789e32d 0.121s
2024-05-28 12:58:33.677 98689 INFO tempest.lib.common.rest_client [ req-575d5ba5-8369-4213-8322-3d4acfefac1f ] Request (PublicSharesTest:_run_cleanups): 200 GET http://10.27.203.238/share/v2/6d36e1eb1dbc449db6aca75b12a2ba18/shares/50dc60c2-08d1-4244-b4aa-f09b7789e32d 0.029s
2024-05-28 12:58:34.017 98695 INFO tempest.lib.common.rest_client [ req-6507af6d-8a57-40bb-b759-7831d28924e4 ] Request (SharesMetadataTest:_run_cleanups): 200 GET http://10.27.203.238/share/v2/698d6c02a1cc4bf2b16302eb8a31bc26/shares/dacdb3b4-4336-45fd-b002-1a5aa6ad9957 0.032s
2024-05-28 12:58:34.313 98691 INFO tempest.lib.common.rest_client [ req-8477c237-a92a-40ea-9ce6-a0b81bb2a827 ] Request (ResourceLockCRUTest:tearDownClass): 200 GET http://10.27.203.238/share/v2/82840ccb77144a4aa2d0bdce807ce686/shares/071c2e61-b4b6-48bf-a1f2-c20b233560ed 0.031s
2024-05-28 12:58:34.584 98693 INFO tempest.lib.common.rest_client [ req-8e5c9d63-2d61-4362-9d07-d339b7704376 ] Request (AdminActionsTest:tearDownClass): 404 GET http://10.27.203.238/share/v2/a3499cb78849424db45e54caac01de92/snapshots/b3972da7-eb1f-4370-abf4-b7f9402afb30 0.017s
2024-05-28 12:58:34.585 98687 INFO tempest.lib.common.rest_client [ req-89868a2c-51f7-440e-86d3-0a58816f8fba ] Request (ShareIpRulesForNFSTest:test_create_delete_access_rules_with_one_ip): 200 POST http://10.27.203.238/share/v1/776f75906bc64f8f9316d5aab4b50bf1/shares/1ddadc17-cf10-4a42-8bbd-8335fb3520a1/action 0.059s
2024-05-28 12:58:34.689 98693 INFO tempest.lib.common.rest_client [ req-0cbf980c-5237-4af5-9666-5adf20ae8c91 ] Request (AdminActionsTest:tearDownClass): 202 DELETE http://10.27.203.238/share/v2/a3499cb78849424db45e54caac01de92/snapshots/461797f5-03b2-4e09-af96-9f13a9a2464e 0.105s
2024-05-28 12:58:34.727 98693 INFO tempest.lib.common.rest_client [ req-33d0b2c6-455b-444a-92cf-ce8d082028ac ] Request (AdminActionsTest:tearDownClass): 200 GET http://10.27.203.238/share/v2/a3499cb78849424db45e54caac01de92/snapshots/461797f5-03b2-4e09-af96-9f13a9a2464e 0.037s
2024-05-28 12:58:34.782 98687 INFO tempest.lib.common.rest_client [ req-35dd7ed9-05c1-4d2b-a810-d8595cfb283d ] Request (ShareIpRulesForNFSTest:_run_cleanups): 202 POST http://10.27.203.238/share/v1/776f75906bc64f8f9316d5aab4b50bf1/shares/1ddadc17-cf10-4a42-8bbd-8335fb3520a1/action 0.196s
2024-05-28 12:58:34.846 98687 INFO tempest.lib.common.rest_client [ req-ca18c4f2-8759-4798-831a-29b36c69c390 ] Request (ShareIpRulesForNFSTest:_run_cleanups): 200 POST http://10.27.203.238/share/v1/776f75906bc64f8f9316d5aab4b50bf1/shares/1ddadc17-cf10-4a42-8bbd-8335fb3520a1/action 0.063s
2024-05-28 12:58:36.707 98689 INFO tempest.lib.common.rest_client [ req-9a7bd4ad-8947-4198-a659-6862cf569bcf ] Request (PublicSharesTest:_run_cleanups): 200 GET http://10.27.203.238/share/v2/6d36e1eb1dbc449db6aca75b12a2ba18/shares/50dc60c2-08d1-4244-b4aa-f09b7789e32d 0.026s
2024-05-28 12:58:37.035 98695 INFO tempest.lib.common.rest_client [ req-28f8664f-6d5c-444b-b68b-d05fbae7209a ] Request (SharesMetadataTest:_run_cleanups): 404 GET http://10.27.203.238/share/v2/698d6c02a1cc4bf2b16302eb8a31bc26/shares/dacdb3b4-4336-45fd-b002-1a5aa6ad9957 0.014s
2024-05-28 12:58:37.117 98695 INFO tempest.lib.common.rest_client [ req-63d100ab-045d-4eb7-b631-e408f1448444 ] Request (SharesMetadataTest:test_set_metadata_max_size_key): 200 POST http://10.27.203.238/share/v2/698d6c02a1cc4bf2b16302eb8a31bc26/shares/9e24a210-9e96-45d9-b31c-f6f3377eb0e7/metadata 0.080s
2024-05-28 12:58:37.191 98695 INFO tempest.lib.common.rest_client [ req-ef487f01-59c8-4437-8832-f29c7713222b ] Request (SharesMetadataTest:test_set_metadata_max_size_key): 200 GET http://10.27.203.238/share/v2/698d6c02a1cc4bf2b16302eb8a31bc26/shares/9e24a210-9e96-45d9-b31c-f6f3377eb0e7/metadata 0.074s
2024-05-28 12:58:37.302 98695 INFO tempest.lib.common.rest_client [ req-f48e1bed-1ad0-4a84-9c5d-ebb084f7e284 ] Request (SharesMetadataTest:test_set_metadata_max_size_value): 200 POST http://10.27.203.238/share/v2/698d6c02a1cc4bf2b16302eb8a31bc26/shares/9e24a210-9e96-45d9-b31c-f6f3377eb0e7/metadata 0.109s
2024-05-28 12:58:37.330 98691 INFO tempest.lib.common.rest_client [ req-1bc248af-926d-4598-87cf-2f8b7236f10f ] Request (ResourceLockCRUTest:tearDownClass): 404 GET http://10.27.203.238/share/v2/82840ccb77144a4aa2d0bdce807ce686/shares/071c2e61-b4b6-48bf-a1f2-c20b233560ed 0.015s
2024-05-28 12:58:37.368 98695 INFO tempest.lib.common.rest_client [ req-50506dc9-9c49-46fc-95df-3caf1c115589 ] Request (SharesMetadataTest:test_set_metadata_max_size_value): 200 GET http://10.27.203.238/share/v2/698d6c02a1cc4bf2b16302eb8a31bc26/shares/9e24a210-9e96-45d9-b31c-f6f3377eb0e7/metadata 0.065s
2024-05-28 12:58:37.385 98691 INFO tempest.lib.common.rest_client [ req-11681121-dfd6-4aa5-9701-5954760c3854 ] Request (ResourceLockCRUTest:tearDownClass): 202 DELETE http://10.27.203.238/share/v2/6bcb84add5bc4d8cb675498201734b6d/types/2995b9a5-154c-4e23-8364-c4a157a7537f 0.054s
2024-05-28 12:58:37.400 98691 INFO tempest.lib.common.rest_client [ req-bb2cf8e6-717b-443c-93f1-9945102a64d0 ] Request (ResourceLockCRUTest:tearDownClass): 404 GET http://10.27.203.238/share/v2/6bcb84add5bc4d8cb675498201734b6d/types/2995b9a5-154c-4e23-8364-c4a157a7537f 0.015s
2024-05-28 12:58:37.517 98695 INFO tempest.lib.common.rest_client [ req-276d0e37-9e96-43ab-ae64-006119438509 ] Request (SharesMetadataTest:test_set_metadata_min_size_key): 200 POST http://10.27.203.238/share/v2/698d6c02a1cc4bf2b16302eb8a31bc26/shares/9e24a210-9e96-45d9-b31c-f6f3377eb0e7/metadata 0.147s
2024-05-28 12:58:37.534 98691 INFO tempest.lib.common.rest_client [req-7ccaa37c-4355-4034-9016-a67899879ac7 req-7ccaa37c-4355-4034-9016-a67899879ac7 ] Request (ResourceLockCRUTest:tearDownClass): 204 DELETE http://10.27.203.238/identity/v3/users/a5f62af60417483dbbe38e24cb57d83b 0.132s
2024-05-28 12:58:37.580 98695 INFO tempest.lib.common.rest_client [ req-8ca685d5-d723-4c3a-bc1d-4f078556dac9 ] Request (SharesMetadataTest:test_set_metadata_min_size_key): 200 GET http://10.27.203.238/share/v2/698d6c02a1cc4bf2b16302eb8a31bc26/shares/9e24a210-9e96-45d9-b31c-f6f3377eb0e7/metadata 0.062s
2024-05-28 12:58:37.656 98691 INFO tempest.lib.common.rest_client [req-c2daf266-fb12-48c8-b5bb-6b4489c990bf req-c2daf266-fb12-48c8-b5bb-6b4489c990bf ] Request (ResourceLockCRUTest:tearDownClass): 204 DELETE http://10.27.203.238/identity/v3/users/7a0db4d21f4c4b35b1f3c9b27af6cdb0 0.121s
2024-05-28 12:58:37.744 98693 INFO tempest.lib.common.rest_client [ req-b682bcf0-6fa6-4bad-a3d3-e1d00b4c0487 ] Request (AdminActionsTest:tearDownClass): 404 GET http://10.27.203.238/share/v2/a3499cb78849424db45e54caac01de92/snapshots/461797f5-03b2-4e09-af96-9f13a9a2464e 0.016s
2024-05-28 12:58:37.747 98695 INFO tempest.lib.common.rest_client [ req-c4188acf-7c03-4449-8817-e994c25e943d ] Request (SharesMetadataTest:test_set_metadata_min_size_value): 200 POST http://10.27.203.238/share/v2/698d6c02a1cc4bf2b16302eb8a31bc26/shares/9e24a210-9e96-45d9-b31c-f6f3377eb0e7/metadata 0.164s
2024-05-28 12:58:37.763 98693 INFO tempest.lib.common.rest_client [ req-9bfc7c7b-73c3-45af-b933-72a53c6cdba1 ] Request (AdminActionsTest:tearDownClass): 404 DELETE http://10.27.203.238/share/v2/a3499cb78849424db45e54caac01de92/snapshots/000474a6-de71-40da-a1b3-815af4e9bcdf 0.018s
2024-05-28 12:58:37.764 98693 ERROR manila_tempest_tests.tests.api.base [-] Suppressed cleanup error in Manila: Traceback (most recent call last): File "/opt/stack/manila-tempest-plugin/manila_tempest_tests/tests/api/base.py", line 915, in clear_resources client.delete_snapshot(res_id)
File "/opt/stack/manila-tempest-plugin/manila_tempest_tests/services/share/v2/json/shares_client.py", line 630, in delete_snapshot resp, body = self.delete("snapshots/%s" % snap_id, version=version)
File "/opt/stack/manila-tempest-plugin/manila_tempest_tests/services/share/v2/json/shares_client.py", line 85, in delete resp, body = super(SharesV2Client, self).delete(url, headers=headers,
File "/opt/stack/tempest/tempest/lib/common/rest_client.py", line 357, in delete return self.request('DELETE', url, extra_headers, headers, body)
File "/opt/stack/tempest/tempest/lib/common/rest_client.py", line 760, in request self._error_checker(resp, resp_body)
File "/opt/stack/tempest/tempest/lib/common/rest_client.py", line 870, in _error_checker raise exceptions.NotFound(resp_body, resp=resp) tempest.lib.exceptions.NotFound: Object not found Details: {'code': 404, 'message': 'The resource could not be found.'} : tempest.lib.exceptions.NotFound: Object not found
2024-05-28 12:58:37.778 98693 INFO tempest.lib.common.rest_client [ req-b1c9c2b7-200f-438a-a6c9-a4a0d6777464 ] Request (AdminActionsTest:tearDownClass): 200 GET http://10.27.203.238/share/v2/a3499cb78849424db45e54caac01de92/share-replicas/detail?share_id=c5d9b059-bdd0-4fae-9bd0-328d926e5694 0.014s
2024-05-28 12:58:37.789 98691 INFO tempest.lib.common.rest_client [req-7bece3b4-9e25-4273-ba26-d79214bcd2ee req-7bece3b4-9e25-4273-ba26-d79214bcd2ee ] Request (ResourceLockCRUTest:tearDownClass): 204 DELETE http://10.27.203.238/identity/v3/users/cacdef9ca5d04afb85fa43f2d0e57632 0.133s
2024-05-28 12:58:37.789 98691 INFO tempest.lib.common.dynamic_creds [-] Deleting project and security group for project: 6bcb84add5bc4d8cb675498201734b6d
2024-05-28 12:58:37.793 98693 INFO tempest.lib.common.rest_client [ req-82a54304-6c0f-4f6c-9a7a-fc3f687067ed ] Request (AdminActionsTest:tearDownClass): 404 DELETE http://10.27.203.238/share/v2/a3499cb78849424db45e54caac01de92/shares/c5d9b059-bdd0-4fae-9bd0-328d926e5694 0.014s
2024-05-28 12:58:37.794 98693 ERROR manila_tempest_tests.tests.api.base [-] Suppressed cleanup error in Manila: Traceback (most recent call last): File "/opt/stack/manila-tempest-plugin/manila_tempest_tests/tests/api/base.py", line 912, in clear_resources client.delete_share(res_id)
File "/opt/stack/manila-tempest-plugin/manila_tempest_tests/services/share/v2/json/shares_client.py", line 355, in delete_share resp, body = self.delete(uri, version=version)
File "/opt/stack/manila-tempest-plugin/manila_tempest_tests/services/share/v2/json/shares_client.py", line 85, in delete resp, body = super(SharesV2Client, self).delete(url, headers=headers,
File "/opt/stack/tempest/tempest/lib/common/rest_client.py", line 357, in delete return self.request('DELETE', url, extra_headers, headers, body)
File "/opt/stack/tempest/tempest/lib/common/rest_client.py", line 760, in request self._error_checker(resp, resp_body)
File "/opt/stack/tempest/tempest/lib/common/rest_client.py", line 870, in _error_checker raise exceptions.NotFound(resp_body, resp=resp) tempest.lib.exceptions.NotFound: Object not found Details: {'code': 404, 'message': 'The resource could not be found.'} : tempest.lib.exceptions.NotFound: Object not found
2024-05-28 12:58:37.811 98695 INFO tempest.lib.common.rest_client [ req-244728aa-529d-4dab-a9e3-8c8bfc2b1ab6 ] Request (SharesMetadataTest:test_set_metadata_min_size_value): 200 GET http://10.27.203.238/share/v2/698d6c02a1cc4bf2b16302eb8a31bc26/shares/9e24a210-9e96-45d9-b31c-f6f3377eb0e7/metadata 0.063s
2024-05-28 12:58:37.812 98693 INFO tempest.lib.common.rest_client [ req-d9c71898-ae8b-4d81-b64e-b8839c4b1da8 ] Request (AdminActionsTest:tearDownClass): 200 GET http://10.27.203.238/share/v2/a3499cb78849424db45e54caac01de92/share-replicas/detail?share_id=df0ea844-5fc1-4d04-8afb-5048ec5dc33f 0.018s
2024-05-28 12:58:37.843 98691 INFO tempest.lib.common.rest_client [req-e951b606-9c9f-4ec4-96f0-8f1e54cb93a2 req-e951b606-9c9f-4ec4-96f0-8f1e54cb93a2 ] Request (ResourceLockCRUTest:tearDownClass): 201 POST http://10.27.203.238/identity/v3/auth/tokens 0.053s
2024-05-28 12:58:37.920 98691 INFO tempest.lib.common.rest_client [req-aebc911c-8887-49f6-884a-94bacff6e144 req-aebc911c-8887-49f6-884a-94bacff6e144 ] Request (ResourceLockCRUTest:tearDownClass): 200 GET http://10.27.203.238:9696/networking/v2.0/security-groups?tenant_id=6bcb84add5bc4d8cb675498201734b6d&name=default 0.077s
2024-05-28 12:58:37.944 98693 INFO tempest.lib.common.rest_client [ req-a8945c45-d985-4f91-9885-702590ff88f8 ] Request (AdminActionsTest:tearDownClass): 202 DELETE http://10.27.203.238/share/v2/a3499cb78849424db45e54caac01de92/shares/df0ea844-5fc1-4d04-8afb-5048ec5dc33f 0.131s
2024-05-28 12:58:37.975 98687 INFO tempest.lib.common.rest_client [ req-9fdb8304-409a-4fc7-a194-82da3da1e257 ] Request (ShareIpRulesForNFSTest:_run_cleanups): 200 POST http://10.27.203.238/share/v1/776f75906bc64f8f9316d5aab4b50bf1/shares/1ddadc17-cf10-4a42-8bbd-8335fb3520a1/action 0.128s
2024-05-28 12:58:38.004 98693 INFO tempest.lib.common.rest_client [ req-cd477031-436f-494f-947f-ae0eddb4916b ] Request (AdminActionsTest:tearDownClass): 200 GET http://10.27.203.238/share/v2/a3499cb78849424db45e54caac01de92/shares/df0ea844-5fc1-4d04-8afb-5048ec5dc33f 0.059s
2024-05-28 12:58:38.024 98695 INFO tempest.lib.common.rest_client [ req-f703c79a-94d0-4ade-b68a-65da0c803a9e ] Request (SharesMetadataTest:test_set_metadata_not_delete_pre_metadata): 200 POST http://10.27.203.238/share/v2/698d6c02a1cc4bf2b16302eb8a31bc26/shares 0.211s
2024-05-28 12:58:38.025 98691 INFO tempest.lib.common.rest_client [req-0979c135-ba10-453e-ae0e-073914b48bca req-0979c135-ba10-453e-ae0e-073914b48bca ] Request (ResourceLockCRUTest:tearDownClass): 204 DELETE http://10.27.203.238/identity/v3/projects/6bcb84add5bc4d8cb675498201734b6d 0.104s
2024-05-28 12:58:38.025 98691 INFO tempest.lib.common.dynamic_creds [-] Deleting project and security group for project: be51d6e321244991ac955863ae123a81
2024-05-28 12:58:38.037 98691 INFO tempest.lib.common.rest_client [req-a2e811fb-9122-4aa0-815d-1b75dcb59561 req-a2e811fb-9122-4aa0-815d-1b75dcb59561 ] Request (ResourceLockCRUTest:tearDownClass): 200 GET http://10.27.203.238:9696/networking/v2.0/security-groups?tenant_id=be51d6e321244991ac955863ae123a81&name=default 0.011s
2024-05-28 12:58:38.054 98695 INFO tempest.lib.common.rest_client [ req-e7d58bee-ae07-405f-b584-511478c30906 ] Request (SharesMetadataTest:test_set_metadata_not_delete_pre_metadata): 200 GET http://10.27.203.238/share/v2/698d6c02a1cc4bf2b16302eb8a31bc26/shares/0e9e1ee3-c7cc-4239-bc5b-cace9d44e641 0.029s
2024-05-28 12:58:38.121 98687 INFO tempest.lib.common.rest_client [ req-c201f561-82f3-4ada-8743-f2d6a7e1cc6e ] Request (ShareIpRulesForNFSTest:test_create_delete_access_rules_with_one_ip): 200 POST http://10.27.203.238/share/v2/776f75906bc64f8f9316d5aab4b50bf1/shares/1ddadc17-cf10-4a42-8bbd-8335fb3520a1/action 0.143s
2024-05-28 12:58:38.148 98691 INFO tempest.lib.common.rest_client [req-601a634e-085c-4fe8-8de3-c7df6a1bf82d req-601a634e-085c-4fe8-8de3-c7df6a1bf82d ] Request (ResourceLockCRUTest:tearDownClass): 204 DELETE http://10.27.203.238/identity/v3/projects/be51d6e321244991ac955863ae123a81 0.110s
2024-05-28 12:58:38.148 98691 INFO tempest.lib.common.dynamic_creds [-] Deleting project and security group for project: 82840ccb77144a4aa2d0bdce807ce686
2024-05-28 12:58:38.161 98691 INFO tempest.lib.common.rest_client [req-b8663301-be56-4391-956d-ff553dffa2aa req-b8663301-be56-4391-956d-ff553dffa2aa ] Request (ResourceLockCRUTest:tearDownClass): 200 GET http://10.27.203.238:9696/networking/v2.0/security-groups?tenant_id=82840ccb77144a4aa2d0bdce807ce686&name=default 0.012s
2024-05-28 12:58:38.171 98687 INFO tempest.lib.common.rest_client [ req-c6b6d35b-83cb-4e5b-a3d1-bc9636a5fb15 ] Request (ShareIpRulesForNFSTest:test_create_delete_access_rules_with_one_ip): 200 POST http://10.27.203.238/share/v2/776f75906bc64f8f9316d5aab4b50bf1/shares/1ddadc17-cf10-4a42-8bbd-8335fb3520a1/action 0.050s
2024-05-28 12:58:38.293 98691 INFO tempest.lib.common.rest_client [req-724f4e02-70c4-4017-b2a4-355e047bdaf5 req-724f4e02-70c4-4017-b2a4-355e047bdaf5 ] Request (ResourceLockCRUTest:tearDownClass): 204 DELETE http://10.27.203.238/identity/v3/projects/82840ccb77144a4aa2d0bdce807ce686 0.132s
2024-05-28 12:58:38.318 98691 INFO tempest.lib.common.rest_client [req-c6c91855-9144-4c65-850f-b52082c71ef5 req-c6c91855-9144-4c65-850f-b52082c71ef5 ] Request (ShareCephxRulesForCephFSNegativeTest:setUpClass): 201 POST http://10.27.203.238/identity/v3/auth/tokens 0.023s
2024-05-28 12:58:38.370 98691 INFO tempest.lib.common.rest_client [req-ca15bce3-ad10-49f7-a7da-1eee7657a849 req-ca15bce3-ad10-49f7-a7da-1eee7657a849 ] Request (ShareCephxRulesForCephFSNegativeTest:setUpClass): 201 POST http://10.27.203.238/identity/v3/auth/tokens 0.048s
2024-05-28 12:58:38.407 98691 INFO tempest.lib.common.rest_client [req-3c11cbb8-c607-4ebb-a101-9a92d2b805bd req-3c11cbb8-c607-4ebb-a101-9a92d2b805bd ] Request (ShareCephxRulesForCephFSNegativeTest:setUpClass): 200 GET http://10.27.203.238/identity/v3/domains?name=Default 0.036s
2024-05-28 12:58:38.447 98691 INFO tempest.lib.common.rest_client [req-2b54e0ad-8e7d-487e-bcc8-10cb104303c1 req-2b54e0ad-8e7d-487e-bcc8-10cb104303c1 ] Request (ShareCephxRulesForCephFSNegativeTest:setUpClass): 201 POST http://10.27.203.238/identity/v3/projects 0.040s
2024-05-28 12:58:38.507 98691 INFO tempest.lib.common.rest_client [req-516b0820-8ce8-467e-9d77-700c8e18b71e req-516b0820-8ce8-467e-9d77-700c8e18b71e ] Request (ShareCephxRulesForCephFSNegativeTest:setUpClass): 201 POST http://10.27.203.238/identity/v3/users 0.059s
2024-05-28 12:58:38.528 98691 INFO tempest.lib.common.rest_client [req-57e5ffd6-64e8-444a-975b-0f3a61eb120a req-57e5ffd6-64e8-444a-975b-0f3a61eb120a ] Request (ShareCephxRulesForCephFSNegativeTest:setUpClass): 200 GET http://10.27.203.238/identity/v3/roles 0.020s
2024-05-28 12:58:38.567 98691 INFO tempest.lib.common.rest_client [req-7594c2d0-822e-46fa-9d45-4348c22c822e req-7594c2d0-822e-46fa-9d45-4348c22c822e ] Request (ShareCephxRulesForCephFSNegativeTest:setUpClass): 204 PUT http://10.27.203.238/identity/v3/projects/a7bb97bbf59e4210bf09d9f3fb3183bb/users/d357b32489a64877881655e37d5890c6/roles/44620cad10ae407c90c91e2c296adb04 0.038s
2024-05-28 12:58:38.567 98691 INFO tempest.lib.common.dynamic_creds [-] Dynamic test user d357b32489a64877881655e37d5890c6 is created with scope project and roles: ['member']
2024-05-28 12:58:38.568 98691 INFO tempest.lib.common.dynamic_creds [-] Acquired dynamic creds: credentials: Credentials: {'domain_id': 'default', 'domain_name': 'Default', 'username': 'tempest-ShareCephxRulesForCephFSNegativeTest-888518389-project-member', 'project_domain_id': 'default', 'project_domain_name': 'Default', 'project_id': 'a7bb97bbf59e4210bf09d9f3fb3183bb', 'project_name': 'tempest-ShareCephxRulesForCephFSNegativeTest-888518389', 'tenant_id': 'a7bb97bbf59e4210bf09d9f3fb3183bb', 'tenant_name': 'tempest-ShareCephxRulesForCephFSNegativeTest-888518389', 'user_domain_id': 'default', 'user_domain_name': 'Default', 'user_id': 'd357b32489a64877881655e37d5890c6', 'system': None}, Network: None, Subnet: None, Router: None
2024-05-28 12:58:38.568 98691 INFO tempest.lib.common.dynamic_creds [-] Created isolated network resources for: credentials: Credentials: {'domain_id': 'default', 'domain_name': 'Default', 'username': 'tempest-ShareCephxRulesForCephFSNegativeTest-888518389-project-member', 'project_domain_id': 'default', 'project_domain_name': 'Default', 'project_id': 'a7bb97bbf59e4210bf09d9f3fb3183bb', 'project_name': 'tempest-ShareCephxRulesForCephFSNegativeTest-888518389', 'tenant_id': 'a7bb97bbf59e4210bf09d9f3fb3183bb', 'tenant_name': 'tempest-ShareCephxRulesForCephFSNegativeTest-888518389', 'user_domain_id': 'default', 'user_domain_name': 'Default', 'user_id': 'd357b32489a64877881655e37d5890c6', 'system': None}, Network: None, Subnet: None, Router: None
2024-05-28 12:58:38.647 98691 INFO tempest.lib.common.rest_client [req-90be72bc-d366-4bb7-91dd-a8e8d7aa55ee req-90be72bc-d366-4bb7-91dd-a8e8d7aa55ee ] Request (ShareCephxRulesForCephFSNegativeTest:setUpClass): 201 POST http://10.27.203.238/identity/v3/auth/tokens 0.077s
2024-05-28 12:58:38.710 98691 INFO tempest.lib.common.rest_client [req-be5d32d9-9d23-4db4-a2cc-440e15c93e48 req-be5d32d9-9d23-4db4-a2cc-440e15c93e48 ] Request (ShareCephxRulesForCephFSNegativeTest:setUpClass): 201 POST http://10.27.203.238/identity/v3/projects 0.062s
2024-05-28 12:58:38.768 98691 INFO tempest.lib.common.rest_client [req-b3fc1ce3-fcf7-4c79-b250-d4d5b656dcc1 req-b3fc1ce3-fcf7-4c79-b250-d4d5b656dcc1 ] Request (ShareCephxRulesForCephFSNegativeTest:setUpClass): 201 POST http://10.27.203.238/identity/v3/users 0.057s
2024-05-28 12:58:38.791 98691 INFO tempest.lib.common.rest_client [req-22ca1c69-1b3d-4d14-b7d4-2b66ddcb0dc7 req-22ca1c69-1b3d-4d14-b7d4-2b66ddcb0dc7 ] Request (ShareCephxRulesForCephFSNegativeTest:setUpClass): 200 GET http://10.27.203.238/identity/v3/roles 0.022s
2024-05-28 12:58:38.831 98691 INFO tempest.lib.common.rest_client [req-fa493b9e-d065-4a7f-ab1d-f30485569d75 req-fa493b9e-d065-4a7f-ab1d-f30485569d75 ] Request (ShareCephxRulesForCephFSNegativeTest:setUpClass): 204 PUT http://10.27.203.238/identity/v3/projects/c68833028e534be787b6190315807f3c/users/258f6dfafbbd41dfbe6203b1e09b1c49/roles/44620cad10ae407c90c91e2c296adb04 0.040s
2024-05-28 12:58:38.832 98691 INFO tempest.lib.common.dynamic_creds [-] Dynamic test user 258f6dfafbbd41dfbe6203b1e09b1c49 is created with scope project and roles: ['member']
2024-05-28 12:58:38.832 98691 INFO tempest.lib.common.dynamic_creds [-] Acquired dynamic creds: credentials: Credentials: {'domain_id': 'default', 'domain_name': 'Default', 'username': 'tempest-ShareCephxRulesForCephFSNegativeTest-903922189-project-member', 'project_domain_id': 'default', 'project_domain_name': 'Default', 'project_id': 'c68833028e534be787b6190315807f3c', 'project_name': 'tempest-ShareCephxRulesForCephFSNegativeTest-903922189', 'tenant_id': 'c68833028e534be787b6190315807f3c', 'tenant_name': 'tempest-ShareCephxRulesForCephFSNegativeTest-903922189', 'user_domain_id': 'default', 'user_domain_name': 'Default', 'user_id': '258f6dfafbbd41dfbe6203b1e09b1c49', 'system': None}, Network: None, Subnet: None, Router: None
