2024-05-28 12:57:44.941 98689 INFO tempest.lib.common.rest_client [req-924ad440-c56e-433e-9be3-ad51b4d03d5c req-924ad440-c56e-433e-9be3-ad51b4d03d5c ] Request (SnapshotInstancesNegativeNoResourceTest:setUpClass): 201 POST http://10.27.203.238/identity/v3/projects 0.040s
2024-05-28 12:57:44.998 98689 INFO tempest.lib.common.rest_client [req-fa74a27d-0198-44a1-b621-400063f618c9 req-fa74a27d-0198-44a1-b621-400063f618c9 ] Request (SnapshotInstancesNegativeNoResourceTest:setUpClass): 201 POST http://10.27.203.238/identity/v3/users 0.057s
2024-05-28 12:57:45.019 98689 INFO tempest.lib.common.rest_client [req-ed243a9f-5498-49ba-9739-79dfd8b3edca req-ed243a9f-5498-49ba-9739-79dfd8b3edca ] Request (SnapshotInstancesNegativeNoResourceTest:setUpClass): 200 GET http://10.27.203.238/identity/v3/roles 0.020s
2024-05-28 12:57:45.062 98689 INFO tempest.lib.common.rest_client [req-bdf1986a-5c39-459b-b433-99d5d2cfe046 req-bdf1986a-5c39-459b-b433-99d5d2cfe046 ] Request (SnapshotInstancesNegativeNoResourceTest:setUpClass): 204 PUT http://10.27.203.238/identity/v3/projects/f84351e3119949b78e742aaf4bf970bf/users/3a064c27328349069060d9e9ebb49aed/roles/44620cad10ae407c90c91e2c296adb04 0.042s
2024-05-28 12:57:45.062 98689 INFO tempest.lib.common.dynamic_creds [-] Dynamic test user 3a064c27328349069060d9e9ebb49aed is created with scope project and roles: ['member']
2024-05-28 12:57:45.062 98689 INFO tempest.lib.common.dynamic_creds [-] Acquired dynamic creds: credentials: Credentials: {'domain_id': 'default', 'domain_name': 'Default', 'username': 'tempest-SnapshotInstancesNegativeNoResourceTest-2009069633-project-member', 'project_domain_id': 'default', 'project_domain_name': 'Default', 'project_id': 'f84351e3119949b78e742aaf4bf970bf', 'project_name': 'tempest-SnapshotInstancesNegativeNoResourceTest-2009069633', 'tenant_id': 'f84351e3119949b78e742aaf4bf970bf', 'tenant_name': 'tempest-SnapshotInstancesNegativeNoResourceTest-2009069633', 'user_domain_id': 'default', 'user_domain_name': 'Default', 'user_id': '3a064c27328349069060d9e9ebb49aed', 'system': None}, Network: None, Subnet: None, Router: None
2024-05-28 12:57:45.063 98689 INFO tempest.lib.common.dynamic_creds [-] Created isolated network resources for: credentials: Credentials: {'domain_id': 'default', 'domain_name': 'Default', 'username': 'tempest-SnapshotInstancesNegativeNoResourceTest-2009069633-project-member', 'project_domain_id': 'default', 'project_domain_name': 'Default', 'project_id': 'f84351e3119949b78e742aaf4bf970bf', 'project_name': 'tempest-SnapshotInstancesNegativeNoResourceTest-2009069633', 'tenant_id': 'f84351e3119949b78e742aaf4bf970bf', 'tenant_name': 'tempest-SnapshotInstancesNegativeNoResourceTest-2009069633', 'user_domain_id': 'default', 'user_domain_name': 'Default', 'user_id': '3a064c27328349069060d9e9ebb49aed', 'system': None}, Network: None, Subnet: None, Router: None
2024-05-28 12:57:45.157 98689 INFO tempest.lib.common.rest_client [req-5b1f3927-b98b-4798-b3ed-b4b2a77724d6 req-5b1f3927-b98b-4798-b3ed-b4b2a77724d6 ] Request (SnapshotInstancesNegativeNoResourceTest:setUpClass): 201 POST http://10.27.203.238/identity/v3/auth/tokens 0.092s
2024-05-28 12:57:45.217 98689 INFO tempest.lib.common.rest_client [req-b13bda30-8a5f-4fbd-bc46-d9dd2b1e49fc req-b13bda30-8a5f-4fbd-bc46-d9dd2b1e49fc ] Request (SnapshotInstancesNegativeNoResourceTest:setUpClass): 201 POST http://10.27.203.238/identity/v3/projects 0.059s
2024-05-28 12:57:45.279 98689 INFO tempest.lib.common.rest_client [req-34a2146a-615d-4556-b008-ec980c81abd3 req-34a2146a-615d-4556-b008-ec980c81abd3 ] Request (SnapshotInstancesNegativeNoResourceTest:setUpClass): 201 POST http://10.27.203.238/identity/v3/users 0.061s
2024-05-28 12:57:45.299 98689 INFO tempest.lib.common.rest_client [req-12de47f9-1207-46e2-9251-a2d16b13a7c0 req-12de47f9-1207-46e2-9251-a2d16b13a7c0 ] Request (SnapshotInstancesNegativeNoResourceTest:setUpClass): 200 GET http://10.27.203.238/identity/v3/roles 0.020s
2024-05-28 12:57:45.342 98689 INFO tempest.lib.common.rest_client [req-0895a8f9-53d2-4cd2-a338-68fc7e2206cf req-0895a8f9-53d2-4cd2-a338-68fc7e2206cf ] Request (SnapshotInstancesNegativeNoResourceTest:setUpClass): 204 PUT http://10.27.203.238/identity/v3/projects/79c22d93ef6a4115a5b0066f1b85b888/users/05edbb51061048028aa360253ec8d71f/roles/44620cad10ae407c90c91e2c296adb04 0.042s
2024-05-28 12:57:45.342 98689 INFO tempest.lib.common.dynamic_creds [-] Dynamic test user 05edbb51061048028aa360253ec8d71f is created with scope project and roles: ['member']
2024-05-28 12:57:45.342 98689 INFO tempest.lib.common.dynamic_creds [-] Acquired dynamic creds: credentials: Credentials: {'domain_id': 'default', 'domain_name': 'Default', 'username': 'tempest-SnapshotInstancesNegativeNoResourceTest-1981507149-project-member', 'project_domain_id': 'default', 'project_domain_name': 'Default', 'project_id': '79c22d93ef6a4115a5b0066f1b85b888', 'project_name': 'tempest-SnapshotInstancesNegativeNoResourceTest-1981507149', 'tenant_id': '79c22d93ef6a4115a5b0066f1b85b888', 'tenant_name': 'tempest-SnapshotInstancesNegativeNoResourceTest-1981507149', 'user_domain_id': 'default', 'user_domain_name': 'Default', 'user_id': '05edbb51061048028aa360253ec8d71f', 'system': None}, Network: None, Subnet: None, Router: None
2024-05-28 12:57:45.342 98689 INFO tempest.lib.common.dynamic_creds [-] Created isolated network resources for: credentials: Credentials: {'domain_id': 'default', 'domain_name': 'Default', 'username': 'tempest-SnapshotInstancesNegativeNoResourceTest-1981507149-project-member', 'project_domain_id': 'default', 'project_domain_name': 'Default', 'project_id': '79c22d93ef6a4115a5b0066f1b85b888', 'project_name': 'tempest-SnapshotInstancesNegativeNoResourceTest-1981507149', 'tenant_id': '79c22d93ef6a4115a5b0066f1b85b888', 'tenant_name': 'tempest-SnapshotInstancesNegativeNoResourceTest-1981507149', 'user_domain_id': 'default', 'user_domain_name': 'Default', 'user_id': '05edbb51061048028aa360253ec8d71f', 'system': None}, Network: None, Subnet: None, Router: None
2024-05-28 12:57:45.419 98689 INFO tempest.lib.common.rest_client [req-88dbe7ec-44f8-43b9-98d6-f0e540a70d6e req-88dbe7ec-44f8-43b9-98d6-f0e540a70d6e ] Request (SnapshotInstancesNegativeNoResourceTest:setUpClass): 201 POST http://10.27.203.238/identity/v3/auth/tokens 0.075s
2024-05-28 12:57:45.481 98689 INFO tempest.lib.common.rest_client [req-9c9a4a49-a4d9-4610-ad53-e8c8d342e1bd req-9c9a4a49-a4d9-4610-ad53-e8c8d342e1bd ] Request (SnapshotInstancesNegativeNoResourceTest:setUpClass): 201 POST http://10.27.203.238/identity/v3/projects 0.061s
2024-05-28 12:57:45.538 98689 INFO tempest.lib.common.rest_client [req-2af3be91-29dc-4ca8-82b8-3cd8b0597a09 req-2af3be91-29dc-4ca8-82b8-3cd8b0597a09 ] Request (SnapshotInstancesNegativeNoResourceTest:setUpClass): 201 POST http://10.27.203.238/identity/v3/users 0.057s
2024-05-28 12:57:45.558 98689 INFO tempest.lib.common.rest_client [req-e605afc9-aec6-4b48-b6a5-c41644cdb930 req-e605afc9-aec6-4b48-b6a5-c41644cdb930 ] Request (SnapshotInstancesNegativeNoResourceTest:setUpClass): 200 GET http://10.27.203.238/identity/v3/roles 0.019s
2024-05-28 12:57:45.607 98689 INFO tempest.lib.common.rest_client [req-27cd3e03-59c2-4bb9-aea9-8d66529bd51b req-27cd3e03-59c2-4bb9-aea9-8d66529bd51b ] Request (SnapshotInstancesNegativeNoResourceTest:setUpClass): 204 PUT http://10.27.203.238/identity/v3/projects/6bd48af9e1aa4ddf993b915112d9430d/users/f11da789b819461c9bddb10be1712ee9/roles/e7989893488f483baa107be56668c4f8 0.049s
2024-05-28 12:57:45.637 98687 INFO tempest.lib.common.rest_client [ req-47fa3561-dd13-4c45-9889-2e333b54e950 ] Request (ShareIpRulesForNFSTest:setUpClass): 200 GET http://10.27.203.238/share/v2/776f75906bc64f8f9316d5aab4b50bf1/shares/1ddadc17-cf10-4a42-8bbd-8335fb3520a1 0.028s
2024-05-28 12:57:45.649 98689 INFO tempest.lib.common.rest_client [req-1c3490fd-bf4c-4a59-9c21-5df1564d459b req-1c3490fd-bf4c-4a59-9c21-5df1564d459b ] Request (SnapshotInstancesNegativeNoResourceTest:setUpClass): 200 GET http://10.27.203.238/identity/v3/roles 0.041s
2024-05-28 12:57:45.673 98689 INFO tempest.lib.common.rest_client [req-84a1c939-8654-4e56-b29c-26cc82f0da25 req-84a1c939-8654-4e56-b29c-26cc82f0da25 ] Request (SnapshotInstancesNegativeNoResourceTest:setUpClass): 204 PUT http://10.27.203.238/identity/v3/projects/6bd48af9e1aa4ddf993b915112d9430d/users/f11da789b819461c9bddb10be1712ee9/roles/e7989893488f483baa107be56668c4f8 0.023s
2024-05-28 12:57:45.673 98689 INFO tempest.lib.common.dynamic_creds [-] Dynamic test user f11da789b819461c9bddb10be1712ee9 is created with scope project and roles: ['admin']
2024-05-28 12:57:45.673 98689 INFO tempest.lib.common.dynamic_creds [-] Acquired dynamic creds: credentials: Credentials: {'domain_id': 'default', 'domain_name': 'Default', 'username': 'tempest-SnapshotInstancesNegativeNoResourceTest-5019251-project-admin', 'project_domain_id': 'default', 'project_domain_name': 'Default', 'project_id': '6bd48af9e1aa4ddf993b915112d9430d', 'project_name': 'tempest-SnapshotInstancesNegativeNoResourceTest-5019251', 'tenant_id': '6bd48af9e1aa4ddf993b915112d9430d', 'tenant_name': 'tempest-SnapshotInstancesNegativeNoResourceTest-5019251', 'user_domain_id': 'default', 'user_domain_name': 'Default', 'user_id': 'f11da789b819461c9bddb10be1712ee9', 'system': None}, Network: None, Subnet: None, Router: None
2024-05-28 12:57:45.673 98689 INFO tempest.lib.common.dynamic_creds [-] Created isolated network resources for: credentials: Credentials: {'domain_id': 'default', 'domain_name': 'Default', 'username': 'tempest-SnapshotInstancesNegativeNoResourceTest-5019251-project-admin', 'project_domain_id': 'default', 'project_domain_name': 'Default', 'project_id': '6bd48af9e1aa4ddf993b915112d9430d', 'project_name': 'tempest-SnapshotInstancesNegativeNoResourceTest-5019251', 'tenant_id': '6bd48af9e1aa4ddf993b915112d9430d', 'tenant_name': 'tempest-SnapshotInstancesNegativeNoResourceTest-5019251', 'user_domain_id': 'default', 'user_domain_name': 'Default', 'user_id': 'f11da789b819461c9bddb10be1712ee9', 'system': None}, Network: None, Subnet: None, Router: None
2024-05-28 12:57:45.720 98695 INFO tempest.lib.common.rest_client [ req-03b84c9e-5549-4e30-8170-3789d24411ba ] Request (SharesMetadataTest:test_set_get_delete_metadata): 200 GET http://10.27.203.238/share/v2/698d6c02a1cc4bf2b16302eb8a31bc26/shares/da7ec0a1-db21-42c6-b842-6f87b3c5843d 0.031s
2024-05-28 12:57:45.756 98689 INFO tempest.lib.common.rest_client [req-bcaf3afe-1b72-4a01-aeb5-2778870ab4db req-bcaf3afe-1b72-4a01-aeb5-2778870ab4db ] Request (SnapshotInstancesNegativeNoResourceTest:setUpClass): 201 POST http://10.27.203.238/identity/v3/auth/tokens 0.082s
2024-05-28 12:57:45.784 98687 INFO tempest.lib.common.rest_client [ req-9b2a0955-73fa-4cdd-9d93-42a7023f7cc8 ] Request (ShareIpRulesForNFSTest:test_create_delete_access_rule_with_cidr): 200 POST http://10.27.203.238/share/v1/776f75906bc64f8f9316d5aab4b50bf1/shares/1ddadc17-cf10-4a42-8bbd-8335fb3520a1/action 0.145s
2024-05-28 12:57:45.788 98689 INFO tempest.lib.common.rest_client [req-a24abd48-4f9f-449b-9dc9-a45f9ed7542b req-a24abd48-4f9f-449b-9dc9-a45f9ed7542b ] Request (SnapshotInstancesNegativeNoResourceTest:setUpClass): 200 GET http://10.27.203.238/identity/v3/domains?name=Default 0.030s
2024-05-28 12:57:45.825 98689 INFO tempest.lib.common.rest_client [req-72f549ef-abe8-48ad-b3cd-8d487f0f94b4 req-72f549ef-abe8-48ad-b3cd-8d487f0f94b4 ] Request (SnapshotInstancesNegativeNoResourceTest:setUpClass): 201 POST http://10.27.203.238/identity/v3/users 0.036s
2024-05-28 12:57:45.843 98687 INFO tempest.lib.common.rest_client [ req-69cafe2f-f60c-4841-88e2-0a8794a67ac6 ] Request (ShareIpRulesForNFSTest:test_create_delete_access_rule_with_cidr): 200 POST http://10.27.203.238/share/v1/776f75906bc64f8f9316d5aab4b50bf1/shares/1ddadc17-cf10-4a42-8bbd-8335fb3520a1/action 0.059s
2024-05-28 12:57:45.848 98689 INFO tempest.lib.common.rest_client [req-85180972-e2e7-4c1f-a4b3-b16fd1c36b2b req-85180972-e2e7-4c1f-a4b3-b16fd1c36b2b ] Request (SnapshotInstancesNegativeNoResourceTest:setUpClass): 200 GET http://10.27.203.238/identity/v3/roles 0.023s
2024-05-28 12:57:45.885 98689 INFO tempest.lib.common.rest_client [req-105e356f-afc9-41ce-aa91-ab095c12eb31 req-105e356f-afc9-41ce-aa91-ab095c12eb31 ] Request (SnapshotInstancesNegativeNoResourceTest:setUpClass): 204 PUT http://10.27.203.238/identity/v3/projects/6bd48af9e1aa4ddf993b915112d9430d/users/c2ac6ca3ea5a4ae498df6d12bb7caadc/roles/44620cad10ae407c90c91e2c296adb04 0.036s
2024-05-28 12:57:46.039 98689 INFO tempest.lib.common.rest_client [ req-69a93940-cb73-41b2-bcd8-04c60353be1b ] Request (SnapshotInstancesNegativeNoResourceTest:test_get_snapshot_instance_with_non_existent_instance): 404 GET http://10.27.203.238/share/v2/6bd48af9e1aa4ddf993b915112d9430d/snapshot-instances/nonexistent_instance 0.152s
2024-05-28 12:57:46.116 98689 INFO tempest.lib.common.rest_client [ req-4ded7e8e-e6ab-42d5-b858-f83883458258 ] Request (SnapshotInstancesNegativeNoResourceTest:test_list_snapshot_instances_by_non_admin): 403 GET http://10.27.203.238/share/v2/f84351e3119949b78e742aaf4bf970bf/snapshot-instances 0.074s
2024-05-28 12:57:46.147 98689 INFO tempest.lib.common.rest_client [req-3902367f-e389-4cc7-bb3a-7086075a559e req-3902367f-e389-4cc7-bb3a-7086075a559e ] Request (SnapshotInstancesNegativeNoResourceTest:tearDownClass): 404 DELETE http://10.27.203.238/identity/v3/users/8688f80695814f34bfb56342c4e54028 0.029s
2024-05-28 12:57:46.148 98689 ERROR manila_tempest_tests.tests.api.base [-] Suppressed cleanup error in Manila: Traceback (most recent call last): File "/opt/stack/manila-tempest-plugin/manila_tempest_tests/tests/api/base.py", line 1272, in clear_project_users cls.os_admin.creds_client.delete_user(user['id'])
File "/opt/stack/tempest/tempest/lib/common/cred_client.py", line 55, in delete_user self.users_client.delete_user(user_id)
File "/opt/stack/tempest/tempest/lib/services/identity/v3/users_client.py", line 104, in delete_user resp, body = self.delete("users/%s" % user_id)
File "/opt/stack/tempest/tempest/lib/common/rest_client.py", line 357, in delete return self.request('DELETE', url, extra_headers, headers, body)
File "/opt/stack/tempest/tempest/lib/common/rest_client.py", line 760, in request self._error_checker(resp, resp_body)
File "/opt/stack/tempest/tempest/lib/common/rest_client.py", line 870, in _error_checker raise exceptions.NotFound(resp_body, resp=resp) tempest.lib.exceptions.NotFound: Object not found Details: {'code': 404, 'message': 'Could not find user: 8688f80695814f34bfb56342c4e54028.', 'title': 'Not Found'} : tempest.lib.exceptions.NotFound: Object not found
2024-05-28 12:57:46.181 98689 INFO tempest.lib.common.rest_client [req-2f6ec992-3059-48ca-9c8e-4454ece94a87 req-2f6ec992-3059-48ca-9c8e-4454ece94a87 ] Request (SnapshotInstancesNegativeNoResourceTest:tearDownClass): 404 DELETE http://10.27.203.238/identity/v3/users/108a25e436e9452a9a865957dcea1fc5 0.033s
2024-05-28 12:57:46.182 98689 ERROR manila_tempest_tests.tests.api.base [-] Suppressed cleanup error in Manila: Traceback (most recent call last): File "/opt/stack/manila-tempest-plugin/manila_tempest_tests/tests/api/base.py", line 1272, in clear_project_users cls.os_admin.creds_client.delete_user(user['id'])
File "/opt/stack/tempest/tempest/lib/common/cred_client.py", line 55, in delete_user self.users_client.delete_user(user_id)
File "/opt/stack/tempest/tempest/lib/services/identity/v3/users_client.py", line 104, in delete_user resp, body = self.delete("users/%s" % user_id)
File "/opt/stack/tempest/tempest/lib/common/rest_client.py", line 357, in delete return self.request('DELETE', url, extra_headers, headers, body)
File "/opt/stack/tempest/tempest/lib/common/rest_client.py", line 760, in request self._error_checker(resp, resp_body)
File "/opt/stack/tempest/tempest/lib/common/rest_client.py", line 870, in _error_checker raise exceptions.NotFound(resp_body, resp=resp) tempest.lib.exceptions.NotFound: Object not found Details: {'code': 404, 'message': 'Could not find user: 108a25e436e9452a9a865957dcea1fc5.', 'title': 'Not Found'} : tempest.lib.exceptions.NotFound: Object not found
2024-05-28 12:57:46.213 98689 INFO tempest.lib.common.rest_client [req-c605c77b-7040-4e0e-aaaf-d35074bc15c9 req-c605c77b-7040-4e0e-aaaf-d35074bc15c9 ] Request (SnapshotInstancesNegativeNoResourceTest:tearDownClass): 404 DELETE http://10.27.203.238/identity/v3/users/5ae5cb1db3504baaba1df93dc154a004 0.030s
2024-05-28 12:57:46.213 98689 ERROR manila_tempest_tests.tests.api.base [-] Suppressed cleanup error in Manila: Traceback (most recent call last): File "/opt/stack/manila-tempest-plugin/manila_tempest_tests/tests/api/base.py", line 1272, in clear_project_users cls.os_admin.creds_client.delete_user(user['id'])
File "/opt/stack/tempest/tempest/lib/common/cred_client.py", line 55, in delete_user self.users_client.delete_user(user_id)
File "/opt/stack/tempest/tempest/lib/services/identity/v3/users_client.py", line 104, in delete_user resp, body = self.delete("users/%s" % user_id)
File "/opt/stack/tempest/tempest/lib/common/rest_client.py", line 357, in delete return self.request('DELETE', url, extra_headers, headers, body)
File "/opt/stack/tempest/tempest/lib/common/rest_client.py", line 760, in request self._error_checker(resp, resp_body)
File "/opt/stack/tempest/tempest/lib/common/rest_client.py", line 870, in _error_checker raise exceptions.NotFound(resp_body, resp=resp) tempest.lib.exceptions.NotFound: Object not found Details: {'code': 404, 'message': 'Could not find user: 5ae5cb1db3504baaba1df93dc154a004.', 'title': 'Not Found'} : tempest.lib.exceptions.NotFound: Object not found
2024-05-28 12:57:46.323 98689 INFO tempest.lib.common.rest_client [req-0336dc95-add9-4d2b-a633-c53ed0dcaae7 req-0336dc95-add9-4d2b-a633-c53ed0dcaae7 ] Request (SnapshotInstancesNegativeNoResourceTest:tearDownClass): 204 DELETE http://10.27.203.238/identity/v3/users/c2ac6ca3ea5a4ae498df6d12bb7caadc 0.109s
2024-05-28 12:57:46.371 98693 INFO tempest.lib.common.rest_client [ req-df370c0e-7336-4b1d-aa8e-78d594fb501a ] Request (AdminActionsTest:test_force_delete_share_instance): 200 GET http://10.27.203.238/share/v2/a3499cb78849424db45e54caac01de92/share_instances/724bc53b-1c28-4ab1-b3c8-ab90f868473d 0.032s
2024-05-28 12:57:46.430 98691 INFO tempest.lib.common.rest_client [ req-cb229325-1f1a-4128-bd7b-89c4063b7fd9 ] Request (SharesMetadataNegativeTest:setUpClass): 200 GET http://10.27.203.238/share/v2/5e5bc0c8fb8b46d598b0621999301112/shares/12970599-4f96-41ce-abd8-18371bc51a8c 0.031s
2024-05-28 12:57:46.471 98689 INFO tempest.lib.common.rest_client [req-873902e9-3a2f-4465-85df-9f7961641346 req-873902e9-3a2f-4465-85df-9f7961641346 ] Request (SnapshotInstancesNegativeNoResourceTest:tearDownClass): 204 DELETE http://10.27.203.238/identity/v3/users/3a064c27328349069060d9e9ebb49aed 0.147s
2024-05-28 12:57:46.582 98689 INFO tempest.lib.common.rest_client [req-a0b31a91-31d1-4f5e-af66-79ae9831a420 req-a0b31a91-31d1-4f5e-af66-79ae9831a420 ] Request (SnapshotInstancesNegativeNoResourceTest:tearDownClass): 204 DELETE http://10.27.203.238/identity/v3/users/05edbb51061048028aa360253ec8d71f 0.110s
2024-05-28 12:57:46.688 98689 INFO tempest.lib.common.rest_client [req-6e14f5ab-f5a6-4341-80bf-87bc2959b463 req-6e14f5ab-f5a6-4341-80bf-87bc2959b463 ] Request (SnapshotInstancesNegativeNoResourceTest:tearDownClass): 204 DELETE http://10.27.203.238/identity/v3/users/f11da789b819461c9bddb10be1712ee9 0.105s
2024-05-28 12:57:46.688 98689 INFO tempest.lib.common.dynamic_creds [-] Deleting project and security group for project: f84351e3119949b78e742aaf4bf970bf
2024-05-28 12:57:46.732 98689 INFO tempest.lib.common.rest_client [req-873f0c20-34b7-424c-9bf3-f9463f91b405 req-873f0c20-34b7-424c-9bf3-f9463f91b405 ] Request (SnapshotInstancesNegativeNoResourceTest:tearDownClass): 201 POST http://10.27.203.238/identity/v3/auth/tokens 0.044s
2024-05-28 12:57:46.812 98689 INFO tempest.lib.common.rest_client [req-8fa728b8-0428-4f0c-a341-f0605e074f98 req-8fa728b8-0428-4f0c-a341-f0605e074f98 ] Request (SnapshotInstancesNegativeNoResourceTest:tearDownClass): 200 GET http://10.27.203.238:9696/networking/v2.0/security-groups?tenant_id=f84351e3119949b78e742aaf4bf970bf&name=default 0.079s
2024-05-28 12:57:46.904 98689 INFO tempest.lib.common.rest_client [req-ba57afd7-3c3d-4e54-ab88-d8c62dc2d8be req-ba57afd7-3c3d-4e54-ab88-d8c62dc2d8be ] Request (SnapshotInstancesNegativeNoResourceTest:tearDownClass): 204 DELETE http://10.27.203.238/identity/v3/projects/f84351e3119949b78e742aaf4bf970bf 0.092s
2024-05-28 12:57:46.904 98689 INFO tempest.lib.common.dynamic_creds [-] Deleting project and security group for project: 6bd48af9e1aa4ddf993b915112d9430d
2024-05-28 12:57:46.921 98689 INFO tempest.lib.common.rest_client [req-f5a74bd1-a993-40b4-a8a3-ef9708f518f9 req-f5a74bd1-a993-40b4-a8a3-ef9708f518f9 ] Request (SnapshotInstancesNegativeNoResourceTest:tearDownClass): 200 GET http://10.27.203.238:9696/networking/v2.0/security-groups?tenant_id=6bd48af9e1aa4ddf993b915112d9430d&name=default 0.017s
2024-05-28 12:57:47.020 98689 INFO tempest.lib.common.rest_client [req-c91488e4-3e37-438d-aeb8-ae4153898824 req-c91488e4-3e37-438d-aeb8-ae4153898824 ] Request (SnapshotInstancesNegativeNoResourceTest:tearDownClass): 204 DELETE http://10.27.203.238/identity/v3/projects/6bd48af9e1aa4ddf993b915112d9430d 0.098s
2024-05-28 12:57:47.020 98689 INFO tempest.lib.common.dynamic_creds [-] Deleting project and security group for project: 79c22d93ef6a4115a5b0066f1b85b888
2024-05-28 12:57:47.033 98689 INFO tempest.lib.common.rest_client [req-6b220ee0-2964-40ff-b405-eb82f603a1c1 req-6b220ee0-2964-40ff-b405-eb82f603a1c1 ] Request (SnapshotInstancesNegativeNoResourceTest:tearDownClass): 200 GET http://10.27.203.238:9696/networking/v2.0/security-groups?tenant_id=79c22d93ef6a4115a5b0066f1b85b888&name=default 0.013s
2024-05-28 12:57:47.149 98689 INFO tempest.lib.common.rest_client [req-6ce5588c-88d3-48a3-baeb-f6c5d09a402f req-6ce5588c-88d3-48a3-baeb-f6c5d09a402f ] Request (SnapshotInstancesNegativeNoResourceTest:tearDownClass): 204 DELETE http://10.27.203.238/identity/v3/projects/79c22d93ef6a4115a5b0066f1b85b888 0.115s
2024-05-28 12:57:47.173 98689 INFO tempest.lib.common.rest_client [req-b35e1263-a1cb-4a76-9890-dc8639c64d0f req-b35e1263-a1cb-4a76-9890-dc8639c64d0f ] Request (SnapshotInstancesNegativeTest:setUpClass): 201 POST http://10.27.203.238/identity/v3/auth/tokens 0.021s
2024-05-28 12:57:47.223 98689 INFO tempest.lib.common.rest_client [req-05d59413-c010-4820-a97f-f793dc34c38b req-05d59413-c010-4820-a97f-f793dc34c38b ] Request (SnapshotInstancesNegativeTest:setUpClass): 201 POST http://10.27.203.238/identity/v3/auth/tokens 0.046s
2024-05-28 12:57:47.250 98689 INFO tempest.lib.common.rest_client [req-c4054418-3132-4537-bad2-d4789f3cce8b req-c4054418-3132-4537-bad2-d4789f3cce8b ] Request (SnapshotInstancesNegativeTest:setUpClass): 200 GET http://10.27.203.238/identity/v3/domains?name=Default 0.027s
2024-05-28 12:57:47.295 98689 INFO tempest.lib.common.rest_client [req-93cd8de5-d89e-4c5d-b4fd-691402d2367f req-93cd8de5-d89e-4c5d-b4fd-691402d2367f ] Request (SnapshotInstancesNegativeTest:setUpClass): 201 POST http://10.27.203.238/identity/v3/projects 0.043s
2024-05-28 12:57:47.354 98689 INFO tempest.lib.common.rest_client [req-4385fd32-422e-4f9b-8f59-c2565e7f61c2 req-4385fd32-422e-4f9b-8f59-c2565e7f61c2 ] Request (SnapshotInstancesNegativeTest:setUpClass): 201 POST http://10.27.203.238/identity/v3/users 0.059s
2024-05-28 12:57:47.374 98689 INFO tempest.lib.common.rest_client [req-5673df2a-4065-4ef7-9f91-870400e2b0fa req-5673df2a-4065-4ef7-9f91-870400e2b0fa ] Request (SnapshotInstancesNegativeTest:setUpClass): 200 GET http://10.27.203.238/identity/v3/roles 0.019s
2024-05-28 12:57:47.416 98689 INFO tempest.lib.common.rest_client [req-1d1abe54-a883-4ba3-a328-b4d2d602330d req-1d1abe54-a883-4ba3-a328-b4d2d602330d ] Request (SnapshotInstancesNegativeTest:setUpClass): 204 PUT http://10.27.203.238/identity/v3/projects/ed0a0bf2490645089c21203bbbe1c291/users/f3cb6c53a51049ff8cbf29dc9067534a/roles/44620cad10ae407c90c91e2c296adb04 0.040s
2024-05-28 12:57:47.416 98689 INFO tempest.lib.common.dynamic_creds [-] Dynamic test user f3cb6c53a51049ff8cbf29dc9067534a is created with scope project and roles: ['member']
2024-05-28 12:57:47.417 98689 INFO tempest.lib.common.dynamic_creds [-] Acquired dynamic creds: credentials: Credentials: {'domain_id': 'default', 'domain_name': 'Default', 'username': 'tempest-SnapshotInstancesNegativeTest-1897954514-project-member', 'project_domain_id': 'default', 'project_domain_name': 'Default', 'project_id': 'ed0a0bf2490645089c21203bbbe1c291', 'project_name': 'tempest-SnapshotInstancesNegativeTest-1897954514', 'tenant_id': 'ed0a0bf2490645089c21203bbbe1c291', 'tenant_name': 'tempest-SnapshotInstancesNegativeTest-1897954514', 'user_domain_id': 'default', 'user_domain_name': 'Default', 'user_id': 'f3cb6c53a51049ff8cbf29dc9067534a', 'system': None}, Network: None, Subnet: None, Router: None
2024-05-28 12:57:47.417 98689 INFO tempest.lib.common.dynamic_creds [-] Created isolated network resources for: credentials: Credentials: {'domain_id': 'default', 'domain_name': 'Default', 'username': 'tempest-SnapshotInstancesNegativeTest-1897954514-project-member', 'project_domain_id': 'default', 'project_domain_name': 'Default', 'project_id': 'ed0a0bf2490645089c21203bbbe1c291', 'project_name': 'tempest-SnapshotInstancesNegativeTest-1897954514', 'tenant_id': 'ed0a0bf2490645089c21203bbbe1c291', 'tenant_name': 'tempest-SnapshotInstancesNegativeTest-1897954514', 'user_domain_id': 'default', 'user_domain_name': 'Default', 'user_id': 'f3cb6c53a51049ff8cbf29dc9067534a', 'system': None}, Network: None, Subnet: None, Router: None
2024-05-28 12:57:47.496 98689 INFO tempest.lib.common.rest_client [req-e72903ca-1608-43e7-b15e-c9c9cbb2a923 req-e72903ca-1608-43e7-b15e-c9c9cbb2a923 ] Request (SnapshotInstancesNegativeTest:setUpClass): 201 POST http://10.27.203.238/identity/v3/auth/tokens 0.077s
2024-05-28 12:57:47.558 98689 INFO tempest.lib.common.rest_client [req-3d607869-c17b-4c34-bb5b-86f504d90865 req-3d607869-c17b-4c34-bb5b-86f504d90865 ] Request (SnapshotInstancesNegativeTest:setUpClass): 201 POST http://10.27.203.238/identity/v3/projects 0.061s
2024-05-28 12:57:47.629 98689 INFO tempest.lib.common.rest_client [req-5f2bd9e1-c6d9-4e96-9993-129003984294 req-5f2bd9e1-c6d9-4e96-9993-129003984294 ] Request (SnapshotInstancesNegativeTest:setUpClass): 201 POST http://10.27.203.238/identity/v3/users 0.069s
2024-05-28 12:57:47.650 98689 INFO tempest.lib.common.rest_client [req-07074279-1e11-4184-969a-231565705abd req-07074279-1e11-4184-969a-231565705abd ] Request (SnapshotInstancesNegativeTest:setUpClass): 200 GET http://10.27.203.238/identity/v3/roles 0.021s
2024-05-28 12:57:47.690 98689 INFO tempest.lib.common.rest_client [req-8e6b4be6-c3ce-4662-9eff-ee213d17cf7f req-8e6b4be6-c3ce-4662-9eff-ee213d17cf7f ] Request (SnapshotInstancesNegativeTest:setUpClass): 204 PUT http://10.27.203.238/identity/v3/projects/744044ad65fb482da4d2ebaa13a84bf8/users/2bcd797659f0461f9b2ee5e5258371fa/roles/44620cad10ae407c90c91e2c296adb04 0.038s
2024-05-28 12:57:47.691 98689 INFO tempest.lib.common.dynamic_creds [-] Dynamic test user 2bcd797659f0461f9b2ee5e5258371fa is created with scope project and roles: ['member']
2024-05-28 12:57:47.691 98689 INFO tempest.lib.common.dynamic_creds [-] Acquired dynamic creds: credentials: Credentials: {'domain_id': 'default', 'domain_name': 'Default', 'username': 'tempest-SnapshotInstancesNegativeTest-818334207-project-member', 'project_domain_id': 'default', 'project_domain_name': 'Default', 'project_id': '744044ad65fb482da4d2ebaa13a84bf8', 'project_name': 'tempest-SnapshotInstancesNegativeTest-818334207', 'tenant_id': '744044ad65fb482da4d2ebaa13a84bf8', 'tenant_name': 'tempest-SnapshotInstancesNegativeTest-818334207', 'user_domain_id': 'default', 'user_domain_name': 'Default', 'user_id': '2bcd797659f0461f9b2ee5e5258371fa', 'system': None}, Network: None, Subnet: None, Router: None
2024-05-28 12:57:47.691 98689 INFO tempest.lib.common.dynamic_creds [-] Created isolated network resources for: credentials: Credentials: {'domain_id': 'default', 'domain_name': 'Default', 'username': 'tempest-SnapshotInstancesNegativeTest-818334207-project-member', 'project_domain_id': 'default', 'project_domain_name': 'Default', 'project_id': '744044ad65fb482da4d2ebaa13a84bf8', 'project_name': 'tempest-SnapshotInstancesNegativeTest-818334207', 'tenant_id': '744044ad65fb482da4d2ebaa13a84bf8', 'tenant_name': 'tempest-SnapshotInstancesNegativeTest-818334207', 'user_domain_id': 'default', 'user_domain_name': 'Default', 'user_id': '2bcd797659f0461f9b2ee5e5258371fa', 'system': None}, Network: None, Subnet: None, Router: None
2024-05-28 12:57:47.771 98689 INFO tempest.lib.common.rest_client [req-1aa0f6b3-53e2-4e9b-86bd-dc4007582419 req-1aa0f6b3-53e2-4e9b-86bd-dc4007582419 ] Request (SnapshotInstancesNegativeTest:setUpClass): 201 POST http://10.27.203.238/identity/v3/auth/tokens 0.077s
2024-05-28 12:57:47.830 98689 INFO tempest.lib.common.rest_client [req-3dd36811-44d9-4e98-beef-2e771e820c43 req-3dd36811-44d9-4e98-beef-2e771e820c43 ] Request (SnapshotInstancesNegativeTest:setUpClass): 201 POST http://10.27.203.238/identity/v3/projects 0.058s
2024-05-28 12:57:47.893 98689 INFO tempest.lib.common.rest_client [req-dd949d88-8ad7-4576-aaa6-d53cb9cac2fe req-dd949d88-8ad7-4576-aaa6-d53cb9cac2fe ] Request (SnapshotInstancesNegativeTest:setUpClass): 201 POST http://10.27.203.238/identity/v3/users 0.061s
2024-05-28 12:57:47.914 98689 INFO tempest.lib.common.rest_client [req-5e0ce84a-7ee6-4809-90e2-8115159bad3a req-5e0ce84a-7ee6-4809-90e2-8115159bad3a ] Request (SnapshotInstancesNegativeTest:setUpClass): 200 GET http://10.27.203.238/identity/v3/roles 0.020s
2024-05-28 12:57:47.965 98689 INFO tempest.lib.common.rest_client [req-bf569b51-352c-4660-b5c1-f59e6d337beb req-bf569b51-352c-4660-b5c1-f59e6d337beb ] Request (SnapshotInstancesNegativeTest:setUpClass): 204 PUT http://10.27.203.238/identity/v3/projects/c9cc76ecb4e343a6a51bf36da01debf8/users/0b4f232c985e4c7eafeef302f4eaa647/roles/e7989893488f483baa107be56668c4f8 0.050s
2024-05-28 12:57:48.008 98689 INFO tempest.lib.common.rest_client [req-f0d6cb4f-ea28-4e01-bd3c-64aef5e7802b req-f0d6cb4f-ea28-4e01-bd3c-64aef5e7802b ] Request (SnapshotInstancesNegativeTest:setUpClass): 200 GET http://10.27.203.238/identity/v3/roles 0.042s
2024-05-28 12:57:48.032 98689 INFO tempest.lib.common.rest_client [req-89595540-6baa-4d57-9c83-3346b5d177e2 req-89595540-6baa-4d57-9c83-3346b5d177e2 ] Request (SnapshotInstancesNegativeTest:setUpClass): 204 PUT http://10.27.203.238/identity/v3/projects/c9cc76ecb4e343a6a51bf36da01debf8/users/0b4f232c985e4c7eafeef302f4eaa647/roles/e7989893488f483baa107be56668c4f8 0.022s
2024-05-28 12:57:48.032 98689 INFO tempest.lib.common.dynamic_creds [-] Dynamic test user 0b4f232c985e4c7eafeef302f4eaa647 is created with scope project and roles: ['admin']
2024-05-28 12:57:48.033 98689 INFO tempest.lib.common.dynamic_creds [-] Acquired dynamic creds: credentials: Credentials: {'domain_id': 'default', 'domain_name': 'Default', 'username': 'tempest-SnapshotInstancesNegativeTest-1396485679-project-admin', 'project_domain_id': 'default', 'project_domain_name': 'Default', 'project_id': 'c9cc76ecb4e343a6a51bf36da01debf8', 'project_name': 'tempest-SnapshotInstancesNegativeTest-1396485679', 'tenant_id': 'c9cc76ecb4e343a6a51bf36da01debf8', 'tenant_name': 'tempest-SnapshotInstancesNegativeTest-1396485679', 'user_domain_id': 'default', 'user_domain_name': 'Default', 'user_id': '0b4f232c985e4c7eafeef302f4eaa647', 'system': None}, Network: None, Subnet: None, Router: None
2024-05-28 12:57:48.033 98689 INFO tempest.lib.common.dynamic_creds [-] Created isolated network resources for: credentials: Credentials: {'domain_id': 'default', 'domain_name': 'Default', 'username': 'tempest-SnapshotInstancesNegativeTest-1396485679-project-admin', 'project_domain_id': 'default', 'project_domain_name': 'Default', 'project_id': 'c9cc76ecb4e343a6a51bf36da01debf8', 'project_name': 'tempest-SnapshotInstancesNegativeTest-1396485679', 'tenant_id': 'c9cc76ecb4e343a6a51bf36da01debf8', 'tenant_name': 'tempest-SnapshotInstancesNegativeTest-1396485679', 'user_domain_id': 'default', 'user_domain_name': 'Default', 'user_id': '0b4f232c985e4c7eafeef302f4eaa647', 'system': None}, Network: None, Subnet: None, Router: None
2024-05-28 12:57:48.112 98689 INFO tempest.lib.common.rest_client [req-8022875c-cf53-433f-a7de-ec94b94512db req-8022875c-cf53-433f-a7de-ec94b94512db ] Request (SnapshotInstancesNegativeTest:setUpClass): 201 POST http://10.27.203.238/identity/v3/auth/tokens 0.077s
2024-05-28 12:57:48.140 98689 INFO tempest.lib.common.rest_client [req-00952de4-95ba-4edf-b1b8-819ccdc0acb1 req-00952de4-95ba-4edf-b1b8-819ccdc0acb1 ] Request (SnapshotInstancesNegativeTest:setUpClass): 200 GET http://10.27.203.238/identity/v3/domains?name=Default 0.026s
2024-05-28 12:57:48.176 98689 INFO tempest.lib.common.rest_client [req-3519ed55-35cf-453f-af94-c8375d22c005 req-3519ed55-35cf-453f-af94-c8375d22c005 ] Request (SnapshotInstancesNegativeTest:setUpClass): 201 POST http://10.27.203.238/identity/v3/users 0.035s
2024-05-28 12:57:48.196 98689 INFO tempest.lib.common.rest_client [req-e2b4a89d-b5cc-4400-bf4c-81aa102f2a70 req-e2b4a89d-b5cc-4400-bf4c-81aa102f2a70 ] Request (SnapshotInstancesNegativeTest:setUpClass): 200 GET http://10.27.203.238/identity/v3/roles 0.019s
2024-05-28 12:57:48.253 98689 INFO tempest.lib.common.rest_client [req-f5b0b6df-b968-496b-a346-8569dc413e07 req-f5b0b6df-b968-496b-a346-8569dc413e07 ] Request (SnapshotInstancesNegativeTest:setUpClass): 204 PUT http://10.27.203.238/identity/v3/projects/c9cc76ecb4e343a6a51bf36da01debf8/users/f89f851af36d480ab7d10d3506c60899/roles/44620cad10ae407c90c91e2c296adb04 0.057s
2024-05-28 12:57:48.413 98689 INFO tempest.lib.common.rest_client [ req-c42af9b6-0dc0-4ac7-a2eb-0c7ba36dfb16 ] Request (SnapshotInstancesNegativeTest:setUpClass): 200 POST http://10.27.203.238/share/v2/c9cc76ecb4e343a6a51bf36da01debf8/types 0.157s
2024-05-28 12:57:48.609 98689 INFO tempest.lib.common.rest_client [ req-c54b76c6-953a-466d-88d3-498d6f9bf52b ] Request (SnapshotInstancesNegativeTest:setUpClass): 200 POST http://10.27.203.238/share/v2/c9cc76ecb4e343a6a51bf36da01debf8/shares 0.194s
2024-05-28 12:57:48.647 98689 INFO tempest.lib.common.rest_client [ req-8aa52c09-5985-47a8-bf2e-ec0c7d581482 ] Request (SnapshotInstancesNegativeTest:setUpClass): 200 GET http://10.27.203.238/share/v2/c9cc76ecb4e343a6a51bf36da01debf8/shares/59371a98-d4b3-4967-9846-4759c0b33bb2 0.038s
2024-05-28 12:57:48.752 98695 INFO tempest.lib.common.rest_client [ req-0690c217-ae64-45e8-a696-db2c6c85942d ] Request (SharesMetadataTest:test_set_get_delete_metadata): 200 GET http://10.27.203.238/share/v2/698d6c02a1cc4bf2b16302eb8a31bc26/shares/da7ec0a1-db21-42c6-b842-6f87b3c5843d 0.028s
2024-05-28 12:57:48.863 98695 INFO tempest.lib.common.rest_client [ req-37101074-d3de-454e-b3ec-b21871b1042c ] Request (SharesMetadataTest:test_set_get_delete_metadata): 200 POST http://10.27.203.238/share/v2/698d6c02a1cc4bf2b16302eb8a31bc26/shares/da7ec0a1-db21-42c6-b842-6f87b3c5843d/metadata 0.110s
2024-05-28 12:57:48.906 98687 INFO tempest.lib.common.rest_client [ req-d9bbbaa2-21ce-4117-93ad-19a2a61a0b89 ] Request (ShareIpRulesForNFSTest:test_create_delete_access_rule_with_cidr): 200 POST http://10.27.203.238/share/v1/776f75906bc64f8f9316d5aab4b50bf1/shares/1ddadc17-cf10-4a42-8bbd-8335fb3520a1/action 0.060s
2024-05-28 12:57:48.926 98695 INFO tempest.lib.common.rest_client [ req-2c21ef5d-04e6-49b9-9f16-38c7b2daa4d3 ] Request (SharesMetadataTest:test_set_get_delete_metadata): 200 GET http://10.27.203.238/share/v2/698d6c02a1cc4bf2b16302eb8a31bc26/shares/da7ec0a1-db21-42c6-b842-6f87b3c5843d/metadata/key3 0.062s
2024-05-28 12:57:48.987 98695 INFO tempest.lib.common.rest_client [ req-d763caed-0487-4288-afb8-e6336b874082 ] Request (SharesMetadataTest:test_set_get_delete_metadata): 200 GET http://10.27.203.238/share/v2/698d6c02a1cc4bf2b16302eb8a31bc26/shares/da7ec0a1-db21-42c6-b842-6f87b3c5843d/metadata/key4 0.060s
2024-05-28 12:57:49.051 98695 INFO tempest.lib.common.rest_client [ req-413db9e1-162e-480d-8d8a-54b53327115a ] Request (SharesMetadataTest:test_set_get_delete_metadata): 200 GET http://10.27.203.238/share/v2/698d6c02a1cc4bf2b16302eb8a31bc26/shares/da7ec0a1-db21-42c6-b842-6f87b3c5843d/metadata/key.5.1 0.063s
2024-05-28 12:57:49.082 98687 INFO tempest.lib.common.rest_client [ req-ebc4c1d7-8988-445f-8dc5-eef00e82a23a ] Request (ShareIpRulesForNFSTest:_run_cleanups): 202 POST http://10.27.203.238/share/v1/776f75906bc64f8f9316d5aab4b50bf1/shares/1ddadc17-cf10-4a42-8bbd-8335fb3520a1/action 0.175s
2024-05-28 12:57:49.139 98687 INFO tempest.lib.common.rest_client [ req-76c93adb-c379-409c-9b26-197a7d847a69 ] Request (ShareIpRulesForNFSTest:_run_cleanups): 200 POST http://10.27.203.238/share/v1/776f75906bc64f8f9316d5aab4b50bf1/shares/1ddadc17-cf10-4a42-8bbd-8335fb3520a1/action 0.056s
2024-05-28 12:57:49.145 98695 INFO tempest.lib.common.rest_client [ req-ca7c448b-32b5-45de-8ff1-b5f2be16d360 ] Request (SharesMetadataTest:test_set_get_delete_metadata): 200 DELETE http://10.27.203.238/share/v2/698d6c02a1cc4bf2b16302eb8a31bc26/shares/da7ec0a1-db21-42c6-b842-6f87b3c5843d/metadata/key3 0.094s
2024-05-28 12:57:49.244 98695 INFO tempest.lib.common.rest_client [ req-077e08e1-589b-4714-af31-d4edf600890e ] Request (SharesMetadataTest:test_set_get_delete_metadata): 200 DELETE http://10.27.203.238/share/v2/698d6c02a1cc4bf2b16302eb8a31bc26/shares/da7ec0a1-db21-42c6-b842-6f87b3c5843d/metadata/key4 0.098s
2024-05-28 12:57:49.337 98695 INFO tempest.lib.common.rest_client [ req-4722b684-d31d-4dfd-8737-66ae7525ad3b ] Request (SharesMetadataTest:test_set_get_delete_metadata): 200 DELETE http://10.27.203.238/share/v2/698d6c02a1cc4bf2b16302eb8a31bc26/shares/da7ec0a1-db21-42c6-b842-6f87b3c5843d/metadata/key.5.1 0.092s
2024-05-28 12:57:49.387 98695 INFO tempest.lib.common.rest_client [ req-54413b56-5bbf-4f4a-8076-d6d051965c8a ] Request (SharesMetadataTest:test_set_get_delete_metadata): 200 GET http://10.27.203.238/share/v2/698d6c02a1cc4bf2b16302eb8a31bc26/shares/da7ec0a1-db21-42c6-b842-6f87b3c5843d/metadata 0.050s
2024-05-28 12:57:49.390 98693 INFO tempest.lib.common.rest_client [ req-0321eaba-99dc-4a85-8ac1-a96c120c060e ] Request (AdminActionsTest:test_force_delete_share_instance): 404 GET http://10.27.203.238/share/v2/a3499cb78849424db45e54caac01de92/share_instances/724bc53b-1c28-4ab1-b3c8-ab90f868473d 0.016s
2024-05-28 12:57:49.404 98695 INFO tempest.lib.common.rest_client [ req-0c91febd-d412-4e8f-a8a2-4b3c8f041838 ] Request (SharesMetadataTest:_run_cleanups): 200 GET http://10.27.203.238/share/v2/698d6c02a1cc4bf2b16302eb8a31bc26/share-replicas/detail?share_id=da7ec0a1-db21-42c6-b842-6f87b3c5843d 0.016s
2024-05-28 12:57:49.406 98693 INFO tempest.lib.common.rest_client [ req-d224c120-5f6d-46a0-8c00-f68a72dfb7be ] Request (AdminActionsTest:test_force_delete_share_instance): 404 GET http://10.27.203.238/share/v2/a3499cb78849424db45e54caac01de92/shares/0e109bad-1de4-4ba0-a890-7011220b44eb 0.015s
2024-05-28 12:57:49.422 98693 INFO tempest.lib.common.rest_client [ req-145e64b2-f45a-4237-b8d1-c4923a8c868f ] Request (AdminActionsTest:_run_cleanups): 200 GET http://10.27.203.238/share/v2/a3499cb78849424db45e54caac01de92/share-replicas/detail?share_id=0e109bad-1de4-4ba0-a890-7011220b44eb 0.015s
2024-05-28 12:57:49.441 98693 INFO tempest.lib.common.rest_client [ req-7cf7d557-5a03-4c21-8b15-cd74fc6d3b93 ] Request (AdminActionsTest:_run_cleanups): 404 DELETE http://10.27.203.238/share/v2/a3499cb78849424db45e54caac01de92/shares/0e109bad-1de4-4ba0-a890-7011220b44eb 0.018s
2024-05-28 12:57:49.442 98693 ERROR manila_tempest_tests.tests.api.base [-] Suppressed cleanup error in Manila: Traceback (most recent call last): File "/opt/stack/manila-tempest-plugin/manila_tempest_tests/tests/api/base.py", line 912, in clear_resources client.delete_share(res_id)
File "/opt/stack/manila-tempest-plugin/manila_tempest_tests/services/share/v2/json/shares_client.py", line 355, in delete_share resp, body = self.delete(uri, version=version)
File "/opt/stack/manila-tempest-plugin/manila_tempest_tests/services/share/v2/json/shares_client.py", line 85, in delete resp, body = super(SharesV2Client, self).delete(url, headers=headers,
File "/opt/stack/tempest/tempest/lib/common/rest_client.py", line 357, in delete return self.request('DELETE', url, extra_headers, headers, body)
File "/opt/stack/tempest/tempest/lib/common/rest_client.py", line 760, in request self._error_checker(resp, resp_body)
File "/opt/stack/tempest/tempest/lib/common/rest_client.py", line 870, in _error_checker raise exceptions.NotFound(resp_body, resp=resp) tempest.lib.exceptions.NotFound: Object not found Details: {'code': 404, 'message': 'The resource could not be found.'} : tempest.lib.exceptions.NotFound: Object not found
2024-05-28 12:57:49.471 98691 INFO tempest.lib.common.rest_client [ req-78b4a1ec-a791-45a2-bdd1-f66e63436eea ] Request (SharesMetadataNegativeTest:setUpClass): 200 GET http://10.27.203.238/share/v2/5e5bc0c8fb8b46d598b0621999301112/shares/12970599-4f96-41ce-abd8-18371bc51a8c 0.041s
2024-05-28 12:57:49.533 98695 INFO tempest.lib.common.rest_client [ req-76972c49-a34a-4521-9461-6779c9626726 ] Request (SharesMetadataTest:_run_cleanups): 202 DELETE http://10.27.203.238/share/v2/698d6c02a1cc4bf2b16302eb8a31bc26/shares/da7ec0a1-db21-42c6-b842-6f87b3c5843d 0.128s
2024-05-28 12:57:49.587 98691 INFO tempest.lib.common.rest_client [ req-f53be7ba-2818-4f64-ac6c-8f02484406cc ] Request (SharesMetadataNegativeTest:test_try_delete_unexisting_metadata): 404 DELETE http://10.27.203.238/share/v2/5e5bc0c8fb8b46d598b0621999301112/shares/12970599-4f96-41ce-abd8-18371bc51a8c/metadata/wrong_key 0.115s
2024-05-28 12:57:49.617 98695 INFO tempest.lib.common.rest_client [ req-3147a300-ef89-4daa-b736-a2e06e0bf578 ] Request (SharesMetadataTest:_run_cleanups): 200 GET http://10.27.203.238/share/v2/698d6c02a1cc4bf2b16302eb8a31bc26/shares/da7ec0a1-db21-42c6-b842-6f87b3c5843d 0.084s
2024-05-28 12:57:49.647 98691 INFO tempest.lib.common.rest_client [ req-7fe643cd-d53a-439b-8358-852a6af63173 ] Request (SharesMetadataNegativeTest:test_try_set_metadata_with_empty_key): 400 POST http://10.27.203.238/share/v2/5e5bc0c8fb8b46d598b0621999301112/shares/12970599-4f96-41ce-abd8-18371bc51a8c/metadata 0.056s
2024-05-28 12:57:49.673 98693 INFO tempest.lib.common.rest_client [ req-330cdbff-2694-43ae-b35e-04258c7a46e6 ] Request (AdminActionsTest:test_force_delete_snapshot): 202 POST http://10.27.203.238/share/v2/a3499cb78849424db45e54caac01de92/snapshots 0.229s
2024-05-28 12:57:49.685 98691 INFO tempest.lib.common.rest_client [ req-ba10fb4b-e737-468c-9eb1-07a990e075e8 ] Request (SharesMetadataNegativeTest:test_try_set_metadata_with_too_big_key): 400 POST http://10.27.203.238/share/v2/5e5bc0c8fb8b46d598b0621999301112/shares/12970599-4f96-41ce-abd8-18371bc51a8c/metadata 0.036s
2024-05-28 12:57:49.714 98693 INFO tempest.lib.common.rest_client [ req-7ab9b51e-6985-48ca-aff1-081b0f63479e ] Request (AdminActionsTest:test_force_delete_snapshot): 200 GET http://10.27.203.238/share/v2/a3499cb78849424db45e54caac01de92/snapshots/000474a6-de71-40da-a1b3-815af4e9bcdf 0.040s
2024-05-28 12:57:49.720 98691 INFO tempest.lib.common.rest_client [ req-485b2d72-4218-4dc0-bcbd-5c35c761f860 ] Request (SharesMetadataNegativeTest:test_try_set_metadata_with_too_big_value): 400 POST http://10.27.203.238/share/v2/5e5bc0c8fb8b46d598b0621999301112/shares/12970599-4f96-41ce-abd8-18371bc51a8c/metadata 0.033s
2024-05-28 12:57:49.759 98691 INFO tempest.lib.common.rest_client [ req-2a8ddd7a-e23b-49ff-9a25-fb1a24634cf1 ] Request (SharesMetadataNegativeTest:test_try_update_metadata_with_empty_key): 400 PUT http://10.27.203.238/share/v2/5e5bc0c8fb8b46d598b0621999301112/shares/12970599-4f96-41ce-abd8-18371bc51a8c/metadata 0.037s
2024-05-28 12:57:49.792 98691 INFO tempest.lib.common.rest_client [ req-b926558d-5ed8-460b-9ad3-3261d4ef935a ] Request (SharesMetadataNegativeTest:test_try_update_metadata_with_too_big_key): 400 PUT http://10.27.203.238/share/v2/5e5bc0c8fb8b46d598b0621999301112/shares/12970599-4f96-41ce-abd8-18371bc51a8c/metadata 0.032s
2024-05-28 12:57:49.828 98691 INFO tempest.lib.common.rest_client [ req-287d14bc-b8b5-4d69-b5fd-e4ea518a7f39 ] Request (SharesMetadataNegativeTest:test_try_update_metadata_with_too_big_value): 400 PUT http://10.27.203.238/share/v2/5e5bc0c8fb8b46d598b0621999301112/shares/12970599-4f96-41ce-abd8-18371bc51a8c/metadata 0.034s
2024-05-28 12:57:49.911 98691 INFO tempest.lib.common.rest_client [req-c83a593f-d717-418f-8252-0ce19c680846 req-c83a593f-d717-418f-8252-0ce19c680846 ] Request (SharesMetadataNegativeTest:tearDownClass): 404 DELETE http://10.27.203.238/identity/v3/users/14783f4fbce14880b4db4a628827607e 0.080s
2024-05-28 12:57:49.912 98691 ERROR manila_tempest_tests.tests.api.base [-] Suppressed cleanup error in Manila: Traceback (most recent call last): File "/opt/stack/manila-tempest-plugin/manila_tempest_tests/tests/api/base.py", line 1272, in clear_project_users cls.os_admin.creds_client.delete_user(user['id'])
File "/opt/stack/tempest/tempest/lib/common/cred_client.py", line 55, in delete_user self.users_client.delete_user(user_id)
File "/opt/stack/tempest/tempest/lib/services/identity/v3/users_client.py", line 104, in delete_user resp, body = self.delete("users/%s" % user_id)
File "/opt/stack/tempest/tempest/lib/common/rest_client.py", line 357, in delete return self.request('DELETE', url, extra_headers, headers, body)
File "/opt/stack/tempest/tempest/lib/common/rest_client.py", line 760, in request self._error_checker(resp, resp_body)
File "/opt/stack/tempest/tempest/lib/common/rest_client.py", line 870, in _error_checker raise exceptions.NotFound(resp_body, resp=resp) tempest.lib.exceptions.NotFound: Object not found Details: {'code': 404, 'message': 'Could not find user: 14783f4fbce14880b4db4a628827607e.', 'title': 'Not Found'} : tempest.lib.exceptions.NotFound: Object not found
2024-05-28 12:57:50.002 98691 INFO tempest.lib.common.rest_client [req-a9a11e3b-770c-4c99-a993-80e9399dd48f req-a9a11e3b-770c-4c99-a993-80e9399dd48f ] Request (SharesMetadataNegativeTest:tearDownClass): 204 DELETE http://10.27.203.238/identity/v3/users/9eca355145fd413390b5efe7a0d95465 0.089s
2024-05-28 12:57:50.021 98691 INFO tempest.lib.common.rest_client [ req-76fe387f-fd02-4227-b546-0666bcf40d07 ] Request (SharesMetadataNegativeTest:tearDownClass): 200 GET http://10.27.203.238/share/v2/5e5bc0c8fb8b46d598b0621999301112/share-replicas/detail?share_id=12970599-4f96-41ce-abd8-18371bc51a8c 0.019s
2024-05-28 12:57:50.366 98691 INFO tempest.lib.common.rest_client [ req-c5d3c5e1-db68-40f3-b16b-4a24d7dc03e1 ] Request (SharesMetadataNegativeTest:tearDownClass): 202 DELETE http://10.27.203.238/share/v2/5e5bc0c8fb8b46d598b0621999301112/shares/12970599-4f96-41ce-abd8-18371bc51a8c 0.344s
2024-05-28 12:57:50.397 98691 INFO tempest.lib.common.rest_client [ req-c813d477-d7f9-4d95-98d6-c9d18540fb8d ] Request (SharesMetadataNegativeTest:tearDownClass): 200 GET http://10.27.203.238/share/v2/5e5bc0c8fb8b46d598b0621999301112/shares/12970599-4f96-41ce-abd8-18371bc51a8c 0.031s
2024-05-28 12:57:51.679 98689 INFO tempest.lib.common.rest_client [ req-e4568fa9-5429-41a1-9f66-600836973d31 ] Request (SnapshotInstancesNegativeTest:setUpClass): 200 GET http://10.27.203.238/share/v2/c9cc76ecb4e343a6a51bf36da01debf8/shares/59371a98-d4b3-4967-9846-4759c0b33bb2 0.028s
2024-05-28 12:57:52.177 98687 INFO tempest.lib.common.rest_client [ req-2a404978-92c0-4c82-ba5b-6968a7480f82 ] Request (ShareIpRulesForNFSTest:_run_cleanups): 200 POST http://10.27.203.238/share/v1/776f75906bc64f8f9316d5aab4b50bf1/shares/1ddadc17-cf10-4a42-8bbd-8335fb3520a1/action 0.034s
2024-05-28 12:57:52.319 98687 INFO tempest.lib.common.rest_client [ req-d1d78bde-b42d-4875-9bb4-8cbd8b67b21d ] Request (ShareIpRulesForNFSTest:test_create_delete_access_rule_with_cidr): 200 POST http://10.27.203.238/share/v1/776f75906bc64f8f9316d5aab4b50bf1/shares/1ddadc17-cf10-4a42-8bbd-8335fb3520a1/action 0.140s
2024-05-28 12:57:52.381 98687 INFO tempest.lib.common.rest_client [ req-2b9bb886-2ab1-468e-be9b-8c908e4d8c4a ] Request (ShareIpRulesForNFSTest:test_create_delete_access_rule_with_cidr): 200 POST http://10.27.203.238/share/v1/776f75906bc64f8f9316d5aab4b50bf1/shares/1ddadc17-cf10-4a42-8bbd-8335fb3520a1/action 0.062s
2024-05-28 12:57:52.647 98695 INFO tempest.lib.common.rest_client [ req-43ac3eb4-485d-4fca-970e-28f118a454ff ] Request (SharesMetadataTest:_run_cleanups): 200 GET http://10.27.203.238/share/v2/698d6c02a1cc4bf2b16302eb8a31bc26/shares/da7ec0a1-db21-42c6-b842-6f87b3c5843d 0.026s
2024-05-28 12:57:52.759 98693 INFO tempest.lib.common.rest_client [ req-1ecc230c-3f48-47a9-91a6-d42a684cb0b4 ] Request (AdminActionsTest:test_force_delete_snapshot): 200 GET http://10.27.203.238/share/v2/a3499cb78849424db45e54caac01de92/snapshots/000474a6-de71-40da-a1b3-815af4e9bcdf 0.041s
2024-05-28 12:57:52.832 98693 INFO tempest.lib.common.rest_client [ req-e198b6f9-409e-478c-ad48-975514b59232 ] Request (AdminActionsTest:test_force_delete_snapshot): 202 POST http://10.27.203.238/share/v2/a3499cb78849424db45e54caac01de92/snapshots/000474a6-de71-40da-a1b3-815af4e9bcdf/action 0.072s
2024-05-28 12:57:53.055 98693 INFO tempest.lib.common.rest_client [ req-2a739ac0-7178-414d-806c-72e90a92d42c ] Request (AdminActionsTest:test_force_delete_snapshot): 200 GET http://10.27.203.238/share/v2/a3499cb78849424db45e54caac01de92/snapshots/000474a6-de71-40da-a1b3-815af4e9bcdf 0.222s
2024-05-28 12:57:53.153 98693 INFO tempest.lib.common.rest_client [ req-058a48ab-1d9c-41ec-9074-ebfe49f00362 ] Request (AdminActionsTest:test_force_delete_snapshot): 202 POST http://10.27.203.238/share/v2/a3499cb78849424db45e54caac01de92/snapshots/000474a6-de71-40da-a1b3-815af4e9bcdf/action 0.098s
