2024-05-28 12:57:07.187 98689 INFO tempest.lib.common.rest_client [ req-c57e37bf-c6e3-4210-8b7c-e41861e4a39a ] Request (ExportLocationsNegativeTest:tearDownClass): 404 GET http://10.27.203.238/share/v2/df93a973373644ccaf8ecf54774a4ced/types/bbf19685-42b8-43ec-aa54-786683e9d11d 0.012s
2024-05-28 12:57:07.320 98689 INFO tempest.lib.common.rest_client [req-cc794236-593e-4c9d-8564-52a8bd91994c req-cc794236-593e-4c9d-8564-52a8bd91994c ] Request (ExportLocationsNegativeTest:tearDownClass): 204 DELETE http://10.27.203.238/identity/v3/users/48db8b9e3da84d74857c401303968b55 0.132s
2024-05-28 12:57:07.443 98689 INFO tempest.lib.common.rest_client [req-b5e20423-215c-4d40-be6a-f91f2c36360f req-b5e20423-215c-4d40-be6a-f91f2c36360f ] Request (ExportLocationsNegativeTest:tearDownClass): 204 DELETE http://10.27.203.238/identity/v3/users/4718d0ee9a4a4d93bbd3f60f5cc1b4af 0.123s
2024-05-28 12:57:07.562 98689 INFO tempest.lib.common.rest_client [req-9362b985-41e8-46f0-8036-1509e411be51 req-9362b985-41e8-46f0-8036-1509e411be51 ] Request (ExportLocationsNegativeTest:tearDownClass): 204 DELETE http://10.27.203.238/identity/v3/users/f047e790f5704d6c9c05ddd053c2c71c 0.119s
2024-05-28 12:57:07.563 98689 INFO tempest.lib.common.dynamic_creds [-] Deleting project and security group for project: 8122411d892242d0963cf4b8e8fa5bb2
2024-05-28 12:57:07.607 98689 INFO tempest.lib.common.rest_client [req-6fda5b71-1c74-4d40-8968-e24d4a03a404 req-6fda5b71-1c74-4d40-8968-e24d4a03a404 ] Request (ExportLocationsNegativeTest:tearDownClass): 201 POST http://10.27.203.238/identity/v3/auth/tokens 0.044s
2024-05-28 12:57:07.680 98689 INFO tempest.lib.common.rest_client [req-f5766a9f-b88d-4f3f-a016-e33c1fc98bd9 req-f5766a9f-b88d-4f3f-a016-e33c1fc98bd9 ] Request (ExportLocationsNegativeTest:tearDownClass): 200 GET http://10.27.203.238:9696/networking/v2.0/security-groups?tenant_id=8122411d892242d0963cf4b8e8fa5bb2&name=default 0.072s
2024-05-28 12:57:07.768 98689 INFO tempest.lib.common.rest_client [req-6b14cc5c-3562-4318-98ab-cd9733e73a2a req-6b14cc5c-3562-4318-98ab-cd9733e73a2a ] Request (ExportLocationsNegativeTest:tearDownClass): 204 DELETE http://10.27.203.238/identity/v3/projects/8122411d892242d0963cf4b8e8fa5bb2 0.087s
2024-05-28 12:57:07.768 98689 INFO tempest.lib.common.dynamic_creds [-] Deleting project and security group for project: 7abca1415fa0479a90ff899b30fb3735
2024-05-28 12:57:07.779 98689 INFO tempest.lib.common.rest_client [req-7c2bc875-b1ec-45d7-8fb8-2ddd63b9879c req-7c2bc875-b1ec-45d7-8fb8-2ddd63b9879c ] Request (ExportLocationsNegativeTest:tearDownClass): 200 GET http://10.27.203.238:9696/networking/v2.0/security-groups?tenant_id=7abca1415fa0479a90ff899b30fb3735&name=default 0.010s
2024-05-28 12:57:07.875 98689 INFO tempest.lib.common.rest_client [req-84279d7c-2c61-4cec-9d61-7720a0eded66 req-84279d7c-2c61-4cec-9d61-7720a0eded66 ] Request (ExportLocationsNegativeTest:tearDownClass): 204 DELETE http://10.27.203.238/identity/v3/projects/7abca1415fa0479a90ff899b30fb3735 0.095s
2024-05-28 12:57:07.875 98689 INFO tempest.lib.common.dynamic_creds [-] Deleting project and security group for project: df93a973373644ccaf8ecf54774a4ced
2024-05-28 12:57:07.886 98689 INFO tempest.lib.common.rest_client [req-8d9e22be-c12d-4cee-a272-1c6724ebca92 req-8d9e22be-c12d-4cee-a272-1c6724ebca92 ] Request (ExportLocationsNegativeTest:tearDownClass): 200 GET http://10.27.203.238:9696/networking/v2.0/security-groups?tenant_id=df93a973373644ccaf8ecf54774a4ced&name=default 0.010s
2024-05-28 12:57:08.022 98689 INFO tempest.lib.common.rest_client [req-233cfe85-6215-4ed0-a7bc-ccc5ebe8bed7 req-233cfe85-6215-4ed0-a7bc-ccc5ebe8bed7 ] Request (ExportLocationsNegativeTest:tearDownClass): 204 DELETE http://10.27.203.238/identity/v3/projects/df93a973373644ccaf8ecf54774a4ced 0.136s
2024-05-28 12:57:08.047 98689 INFO tempest.lib.common.rest_client [req-4e9b68d6-cda1-4e0e-b715-c0d6f018ef8c req-4e9b68d6-cda1-4e0e-b715-c0d6f018ef8c ] Request (ShareMultiBackendTest:setUpClass): 201 POST http://10.27.203.238/identity/v3/auth/tokens 0.023s
2024-05-28 12:57:08.099 98689 INFO tempest.lib.common.rest_client [req-b64c3cd8-8711-4a45-95fc-c472a13d837d req-b64c3cd8-8711-4a45-95fc-c472a13d837d ] Request (ShareMultiBackendTest:setUpClass): 201 POST http://10.27.203.238/identity/v3/auth/tokens 0.049s
2024-05-28 12:57:08.113 98695 INFO tempest.lib.common.rest_client [ req-8b208877-efa2-44f0-be30-00225a53e8d5 ] Request (ShareInstancesNegativeTest:tearDownClass): 200 GET http://10.27.203.238/share/v2/bb8f0d37fc204d24b8146108f63a1922/shares/6b055a82-f6ad-4af2-8b38-137b3cc99cc1 0.027s
2024-05-28 12:57:08.127 98689 INFO tempest.lib.common.rest_client [req-f02e4a49-273a-4fea-9814-01e7880d083d req-f02e4a49-273a-4fea-9814-01e7880d083d ] Request (ShareMultiBackendTest:setUpClass): 200 GET http://10.27.203.238/identity/v3/domains?name=Default 0.027s
2024-05-28 12:57:08.168 98689 INFO tempest.lib.common.rest_client [req-484b845f-f374-4e94-949c-4d3bf53cac47 req-484b845f-f374-4e94-949c-4d3bf53cac47 ] Request (ShareMultiBackendTest:setUpClass): 201 POST http://10.27.203.238/identity/v3/projects 0.041s
2024-05-28 12:57:08.232 98689 INFO tempest.lib.common.rest_client [req-7592030e-349a-46c2-94eb-eca0adcd3bd2 req-7592030e-349a-46c2-94eb-eca0adcd3bd2 ] Request (ShareMultiBackendTest:setUpClass): 201 POST http://10.27.203.238/identity/v3/users 0.063s
2024-05-28 12:57:08.252 98689 INFO tempest.lib.common.rest_client [req-97746fbd-ae60-41ce-bd5d-331e27a51295 req-97746fbd-ae60-41ce-bd5d-331e27a51295 ] Request (ShareMultiBackendTest:setUpClass): 200 GET http://10.27.203.238/identity/v3/roles 0.019s
2024-05-28 12:57:08.328 98689 INFO tempest.lib.common.rest_client [req-9eccff1d-00a5-4bef-8d5c-ec3765a65228 req-9eccff1d-00a5-4bef-8d5c-ec3765a65228 ] Request (ShareMultiBackendTest:setUpClass): 204 PUT http://10.27.203.238/identity/v3/projects/c4e1c40722d448388acafcd2f58af36b/users/ecb7bc4086304a2ebf3c392fd1c208fa/roles/e7989893488f483baa107be56668c4f8 0.075s
2024-05-28 12:57:08.370 98689 INFO tempest.lib.common.rest_client [req-32ae218b-5011-4f69-9adf-65d1d0fd18e1 req-32ae218b-5011-4f69-9adf-65d1d0fd18e1 ] Request (ShareMultiBackendTest:setUpClass): 200 GET http://10.27.203.238/identity/v3/roles 0.042s
2024-05-28 12:57:08.392 98689 INFO tempest.lib.common.rest_client [req-0e6e5f7c-562c-4ab6-b5bc-12587dc20a55 req-0e6e5f7c-562c-4ab6-b5bc-12587dc20a55 ] Request (ShareMultiBackendTest:setUpClass): 204 PUT http://10.27.203.238/identity/v3/projects/c4e1c40722d448388acafcd2f58af36b/users/ecb7bc4086304a2ebf3c392fd1c208fa/roles/e7989893488f483baa107be56668c4f8 0.021s
2024-05-28 12:57:08.392 98689 INFO tempest.lib.common.dynamic_creds [-] Dynamic test user ecb7bc4086304a2ebf3c392fd1c208fa is created with scope project and roles: ['admin']
2024-05-28 12:57:08.392 98689 INFO tempest.lib.common.dynamic_creds [-] Acquired dynamic creds: credentials: Credentials: {'domain_id': 'default', 'domain_name': 'Default', 'username': 'tempest-ShareMultiBackendTest-2056870112-project-admin', 'project_domain_id': 'default', 'project_domain_name': 'Default', 'project_id': 'c4e1c40722d448388acafcd2f58af36b', 'project_name': 'tempest-ShareMultiBackendTest-2056870112', 'tenant_id': 'c4e1c40722d448388acafcd2f58af36b', 'tenant_name': 'tempest-ShareMultiBackendTest-2056870112', 'user_domain_id': 'default', 'user_domain_name': 'Default', 'user_id': 'ecb7bc4086304a2ebf3c392fd1c208fa', 'system': None}, Network: None, Subnet: None, Router: None
2024-05-28 12:57:08.393 98689 INFO tempest.lib.common.dynamic_creds [-] Created isolated network resources for: credentials: Credentials: {'domain_id': 'default', 'domain_name': 'Default', 'username': 'tempest-ShareMultiBackendTest-2056870112-project-admin', 'project_domain_id': 'default', 'project_domain_name': 'Default', 'project_id': 'c4e1c40722d448388acafcd2f58af36b', 'project_name': 'tempest-ShareMultiBackendTest-2056870112', 'tenant_id': 'c4e1c40722d448388acafcd2f58af36b', 'tenant_name': 'tempest-ShareMultiBackendTest-2056870112', 'user_domain_id': 'default', 'user_domain_name': 'Default', 'user_id': 'ecb7bc4086304a2ebf3c392fd1c208fa', 'system': None}, Network: None, Subnet: None, Router: None
2024-05-28 12:57:08.471 98689 INFO tempest.lib.common.rest_client [req-27b75874-5610-4846-8d2c-ea8427a02c2b req-27b75874-5610-4846-8d2c-ea8427a02c2b ] Request (ShareMultiBackendTest:setUpClass): 201 POST http://10.27.203.238/identity/v3/auth/tokens 0.077s
2024-05-28 12:57:08.472 98689 INFO tempest.test [-] raised in ShareMultiBackendTest.setUpClass. Invoking tearDownClass.
2024-05-28 12:57:08.574 98689 INFO tempest.lib.common.rest_client [req-d7f01663-44c6-476d-9d05-c128bd74bd34 req-d7f01663-44c6-476d-9d05-c128bd74bd34 ] Request (ShareMultiBackendTest:tearDownClass): 204 DELETE http://10.27.203.238/identity/v3/users/ecb7bc4086304a2ebf3c392fd1c208fa 0.102s
2024-05-28 12:57:08.574 98689 INFO tempest.lib.common.dynamic_creds [-] Deleting project and security group for project: c4e1c40722d448388acafcd2f58af36b
2024-05-28 12:57:08.597 98691 INFO tempest.lib.common.rest_client [ req-5b2d6ff3-2631-46b8-ac9c-63c4d24e018c ] Request (ShareTypesAdminTest:tearDownClass): 200 GET http://10.27.203.238/share/v2/35d84ed7cf164123a87b8b906a836985/shares/8e00d6e4-a018-4e71-b71c-831e546cb6e6 0.026s
2024-05-28 12:57:08.620 98689 INFO tempest.lib.common.rest_client [req-669c2973-6cf8-411e-b5cb-92c8a8bdbdd1 req-669c2973-6cf8-411e-b5cb-92c8a8bdbdd1 ] Request (ShareMultiBackendTest:tearDownClass): 201 POST http://10.27.203.238/identity/v3/auth/tokens 0.045s
2024-05-28 12:57:08.694 98689 INFO tempest.lib.common.rest_client [req-58ff64e2-2066-477f-9197-9e29dc817913 req-58ff64e2-2066-477f-9197-9e29dc817913 ] Request (ShareMultiBackendTest:tearDownClass): 200 GET http://10.27.203.238:9696/networking/v2.0/security-groups?tenant_id=c4e1c40722d448388acafcd2f58af36b&name=default 0.073s
2024-05-28 12:57:08.788 98689 INFO tempest.lib.common.rest_client [req-ce207a31-3a7a-42e7-b90e-d65441effc74 req-ce207a31-3a7a-42e7-b90e-d65441effc74 ] Request (ShareMultiBackendTest:tearDownClass): 204 DELETE http://10.27.203.238/identity/v3/projects/c4e1c40722d448388acafcd2f58af36b 0.094s
2024-05-28 12:57:08.821 98689 INFO tempest.lib.common.rest_client [req-0af1dc68-0d33-4cdc-8ff5-d4da00842786 req-0af1dc68-0d33-4cdc-8ff5-d4da00842786 ] Request (ServicesAdminNegativeTest:setUpClass): 201 POST http://10.27.203.238/identity/v3/auth/tokens 0.029s
2024-05-28 12:57:08.870 98689 INFO tempest.lib.common.rest_client [req-f938c0c0-0aff-4b63-837f-fca381a8c00b req-f938c0c0-0aff-4b63-837f-fca381a8c00b ] Request (ServicesAdminNegativeTest:setUpClass): 201 POST http://10.27.203.238/identity/v3/auth/tokens 0.047s
2024-05-28 12:57:08.907 98689 INFO tempest.lib.common.rest_client [req-8f657686-3be8-4e64-97e2-798f5c3b804a req-8f657686-3be8-4e64-97e2-798f5c3b804a ] Request (ServicesAdminNegativeTest:setUpClass): 200 GET http://10.27.203.238/identity/v3/domains?name=Default 0.036s
2024-05-28 12:57:08.952 98689 INFO tempest.lib.common.rest_client [req-bc9757f2-660e-4031-b3ac-823a15e394c9 req-bc9757f2-660e-4031-b3ac-823a15e394c9 ] Request (ServicesAdminNegativeTest:setUpClass): 201 POST http://10.27.203.238/identity/v3/projects 0.044s
2024-05-28 12:57:09.022 98689 INFO tempest.lib.common.rest_client [req-ccb1d66c-abfe-43bb-9402-2e20356fd688 req-ccb1d66c-abfe-43bb-9402-2e20356fd688 ] Request (ServicesAdminNegativeTest:setUpClass): 201 POST http://10.27.203.238/identity/v3/users 0.070s
2024-05-28 12:57:09.042 98689 INFO tempest.lib.common.rest_client [req-6e22adfc-e19b-48e9-a387-7b434ca7a1f1 req-6e22adfc-e19b-48e9-a387-7b434ca7a1f1 ] Request (ServicesAdminNegativeTest:setUpClass): 200 GET http://10.27.203.238/identity/v3/roles 0.019s
2024-05-28 12:57:09.082 98693 INFO tempest.lib.common.rest_client [ req-3403f35e-a42d-4c6e-a853-bf8de8f5c80f ] Request (AdminActionsTest:_run_cleanups): 200 GET http://10.27.203.238/share/v2/a3499cb78849424db45e54caac01de92/shares/9be3b244-34ab-4002-b1e1-427af2ab8545 0.027s
2024-05-28 12:57:09.082 98689 INFO tempest.lib.common.rest_client [req-5c786df5-3098-4b1f-a285-8ca853bc1b43 req-5c786df5-3098-4b1f-a285-8ca853bc1b43 ] Request (ServicesAdminNegativeTest:setUpClass): 204 PUT http://10.27.203.238/identity/v3/projects/733abeb6b7f14d85930dd7d4da7587f5/users/1088ed2b050844799c3ae6a6d5cc28c8/roles/44620cad10ae407c90c91e2c296adb04 0.039s
2024-05-28 12:57:09.082 98689 INFO tempest.lib.common.dynamic_creds [-] Dynamic test user 1088ed2b050844799c3ae6a6d5cc28c8 is created with scope project and roles: ['member']
2024-05-28 12:57:09.082 98689 INFO tempest.lib.common.dynamic_creds [-] Acquired dynamic creds: credentials: Credentials: {'domain_id': 'default', 'domain_name': 'Default', 'username': 'tempest-ServicesAdminNegativeTest-1564772150-project-member', 'project_domain_id': 'default', 'project_domain_name': 'Default', 'project_id': '733abeb6b7f14d85930dd7d4da7587f5', 'project_name': 'tempest-ServicesAdminNegativeTest-1564772150', 'tenant_id': '733abeb6b7f14d85930dd7d4da7587f5', 'tenant_name': 'tempest-ServicesAdminNegativeTest-1564772150', 'user_domain_id': 'default', 'user_domain_name': 'Default', 'user_id': '1088ed2b050844799c3ae6a6d5cc28c8', 'system': None}, Network: None, Subnet: None, Router: None
2024-05-28 12:57:09.083 98689 INFO tempest.lib.common.dynamic_creds [-] Created isolated network resources for: credentials: Credentials: {'domain_id': 'default', 'domain_name': 'Default', 'username': 'tempest-ServicesAdminNegativeTest-1564772150-project-member', 'project_domain_id': 'default', 'project_domain_name': 'Default', 'project_id': '733abeb6b7f14d85930dd7d4da7587f5', 'project_name': 'tempest-ServicesAdminNegativeTest-1564772150', 'tenant_id': '733abeb6b7f14d85930dd7d4da7587f5', 'tenant_name': 'tempest-ServicesAdminNegativeTest-1564772150', 'user_domain_id': 'default', 'user_domain_name': 'Default', 'user_id': '1088ed2b050844799c3ae6a6d5cc28c8', 'system': None}, Network: None, Subnet: None, Router: None
2024-05-28 12:57:09.154 98689 INFO tempest.lib.common.rest_client [req-7abb9110-2898-4f4b-a3d2-b19a899047f4 req-7abb9110-2898-4f4b-a3d2-b19a899047f4 ] Request (ServicesAdminNegativeTest:setUpClass): 201 POST http://10.27.203.238/identity/v3/auth/tokens 0.070s
2024-05-28 12:57:09.214 98689 INFO tempest.lib.common.rest_client [req-58bf99a1-10fb-469e-b345-f70ea3b25188 req-58bf99a1-10fb-469e-b345-f70ea3b25188 ] Request (ServicesAdminNegativeTest:setUpClass): 201 POST http://10.27.203.238/identity/v3/projects 0.059s
2024-05-28 12:57:09.281 98689 INFO tempest.lib.common.rest_client [req-6672fa4f-0aa6-4849-b1b5-1146335ff3fe req-6672fa4f-0aa6-4849-b1b5-1146335ff3fe ] Request (ServicesAdminNegativeTest:setUpClass): 201 POST http://10.27.203.238/identity/v3/users 0.066s
2024-05-28 12:57:09.310 98689 INFO tempest.lib.common.rest_client [req-d18c5188-740e-43cd-a47c-ce646805175d req-d18c5188-740e-43cd-a47c-ce646805175d ] Request (ServicesAdminNegativeTest:setUpClass): 200 GET http://10.27.203.238/identity/v3/roles 0.028s
2024-05-28 12:57:09.357 98689 INFO tempest.lib.common.rest_client [req-f978e7de-d667-4594-ada1-7ee38e1cd679 req-f978e7de-d667-4594-ada1-7ee38e1cd679 ] Request (ServicesAdminNegativeTest:setUpClass): 204 PUT http://10.27.203.238/identity/v3/projects/989392199c1c4c7ca95fcdecce7ed757/users/d1c265944d944e65bb8d3eb50a476c3d/roles/44620cad10ae407c90c91e2c296adb04 0.046s
2024-05-28 12:57:09.357 98689 INFO tempest.lib.common.dynamic_creds [-] Dynamic test user d1c265944d944e65bb8d3eb50a476c3d is created with scope project and roles: ['member']
2024-05-28 12:57:09.357 98689 INFO tempest.lib.common.dynamic_creds [-] Acquired dynamic creds: credentials: Credentials: {'domain_id': 'default', 'domain_name': 'Default', 'username': 'tempest-ServicesAdminNegativeTest-925255302-project-member', 'project_domain_id': 'default', 'project_domain_name': 'Default', 'project_id': '989392199c1c4c7ca95fcdecce7ed757', 'project_name': 'tempest-ServicesAdminNegativeTest-925255302', 'tenant_id': '989392199c1c4c7ca95fcdecce7ed757', 'tenant_name': 'tempest-ServicesAdminNegativeTest-925255302', 'user_domain_id': 'default', 'user_domain_name': 'Default', 'user_id': 'd1c265944d944e65bb8d3eb50a476c3d', 'system': None}, Network: None, Subnet: None, Router: None
2024-05-28 12:57:09.357 98689 INFO tempest.lib.common.dynamic_creds [-] Created isolated network resources for: credentials: Credentials: {'domain_id': 'default', 'domain_name': 'Default', 'username': 'tempest-ServicesAdminNegativeTest-925255302-project-member', 'project_domain_id': 'default', 'project_domain_name': 'Default', 'project_id': '989392199c1c4c7ca95fcdecce7ed757', 'project_name': 'tempest-ServicesAdminNegativeTest-925255302', 'tenant_id': '989392199c1c4c7ca95fcdecce7ed757', 'tenant_name': 'tempest-ServicesAdminNegativeTest-925255302', 'user_domain_id': 'default', 'user_domain_name': 'Default', 'user_id': 'd1c265944d944e65bb8d3eb50a476c3d', 'system': None}, Network: None, Subnet: None, Router: None
2024-05-28 12:57:09.514 98689 INFO tempest.lib.common.rest_client [req-efd07670-69ce-45dd-8129-9e868b9dc763 req-efd07670-69ce-45dd-8129-9e868b9dc763 ] Request (ServicesAdminNegativeTest:setUpClass): 201 POST http://10.27.203.238/identity/v3/auth/tokens 0.154s
2024-05-28 12:57:09.583 98689 INFO tempest.lib.common.rest_client [req-659b2d1b-75a7-442b-b0af-28d650122e07 req-659b2d1b-75a7-442b-b0af-28d650122e07 ] Request (ServicesAdminNegativeTest:setUpClass): 201 POST http://10.27.203.238/identity/v3/projects 0.068s
2024-05-28 12:57:09.647 98689 INFO tempest.lib.common.rest_client [req-3838714a-dea9-4977-b8bc-e52028a23588 req-3838714a-dea9-4977-b8bc-e52028a23588 ] Request (ServicesAdminNegativeTest:setUpClass): 201 POST http://10.27.203.238/identity/v3/users 0.063s
2024-05-28 12:57:09.668 98689 INFO tempest.lib.common.rest_client [req-c3489bc6-7bfd-4de4-b8fb-9d2bf1d88002 req-c3489bc6-7bfd-4de4-b8fb-9d2bf1d88002 ] Request (ServicesAdminNegativeTest:setUpClass): 200 GET http://10.27.203.238/identity/v3/roles 0.020s
2024-05-28 12:57:09.725 98689 INFO tempest.lib.common.rest_client [req-efdb131d-b674-49f4-972a-2302bcd2ad4a req-efdb131d-b674-49f4-972a-2302bcd2ad4a ] Request (ServicesAdminNegativeTest:setUpClass): 204 PUT http://10.27.203.238/identity/v3/projects/5f95b12aeb9c4909b2f41b65f6661d09/users/12120209f6fe4bd29179faf1b6c6719a/roles/e7989893488f483baa107be56668c4f8 0.057s
2024-05-28 12:57:09.746 98687 INFO tempest.lib.common.rest_client [ req-af904e76-a421-4ea9-be70-0fa2f2399c7a ] Request (AccessRulesMetadataTest:tearDownClass): 200 GET http://10.27.203.238/share/v2/1643901550e140118fc2d2e92b82cd0b/shares/b92fc06b-76d7-40f9-adef-74a07ace1027 0.031s
2024-05-28 12:57:09.772 98689 INFO tempest.lib.common.rest_client [req-a16320bb-d09d-4e23-85e8-fede2c8e1b48 req-a16320bb-d09d-4e23-85e8-fede2c8e1b48 ] Request (ServicesAdminNegativeTest:setUpClass): 200 GET http://10.27.203.238/identity/v3/roles 0.046s
2024-05-28 12:57:09.794 98689 INFO tempest.lib.common.rest_client [req-8cd35b76-2c82-4b86-b8d6-f200af9fffc3 req-8cd35b76-2c82-4b86-b8d6-f200af9fffc3 ] Request (ServicesAdminNegativeTest:setUpClass): 204 PUT http://10.27.203.238/identity/v3/projects/5f95b12aeb9c4909b2f41b65f6661d09/users/12120209f6fe4bd29179faf1b6c6719a/roles/e7989893488f483baa107be56668c4f8 0.021s
2024-05-28 12:57:09.795 98689 INFO tempest.lib.common.dynamic_creds [-] Dynamic test user 12120209f6fe4bd29179faf1b6c6719a is created with scope project and roles: ['admin']
2024-05-28 12:57:09.795 98689 INFO tempest.lib.common.dynamic_creds [-] Acquired dynamic creds: credentials: Credentials: {'domain_id': 'default', 'domain_name': 'Default', 'username': 'tempest-ServicesAdminNegativeTest-26282853-project-admin', 'project_domain_id': 'default', 'project_domain_name': 'Default', 'project_id': '5f95b12aeb9c4909b2f41b65f6661d09', 'project_name': 'tempest-ServicesAdminNegativeTest-26282853', 'tenant_id': '5f95b12aeb9c4909b2f41b65f6661d09', 'tenant_name': 'tempest-ServicesAdminNegativeTest-26282853', 'user_domain_id': 'default', 'user_domain_name': 'Default', 'user_id': '12120209f6fe4bd29179faf1b6c6719a', 'system': None}, Network: None, Subnet: None, Router: None
2024-05-28 12:57:09.795 98689 INFO tempest.lib.common.dynamic_creds [-] Created isolated network resources for: credentials: Credentials: {'domain_id': 'default', 'domain_name': 'Default', 'username': 'tempest-ServicesAdminNegativeTest-26282853-project-admin', 'project_domain_id': 'default', 'project_domain_name': 'Default', 'project_id': '5f95b12aeb9c4909b2f41b65f6661d09', 'project_name': 'tempest-ServicesAdminNegativeTest-26282853', 'tenant_id': '5f95b12aeb9c4909b2f41b65f6661d09', 'tenant_name': 'tempest-ServicesAdminNegativeTest-26282853', 'user_domain_id': 'default', 'user_domain_name': 'Default', 'user_id': '12120209f6fe4bd29179faf1b6c6719a', 'system': None}, Network: None, Subnet: None, Router: None
2024-05-28 12:57:09.891 98689 INFO tempest.lib.common.rest_client [req-bc7ae164-301e-4a76-b49d-47aa0506dfa2 req-bc7ae164-301e-4a76-b49d-47aa0506dfa2 ] Request (ServicesAdminNegativeTest:setUpClass): 201 POST http://10.27.203.238/identity/v3/auth/tokens 0.094s
2024-05-28 12:57:09.921 98689 INFO tempest.lib.common.rest_client [req-47d1018f-9092-4624-93ec-ee4a9c0c15ed req-47d1018f-9092-4624-93ec-ee4a9c0c15ed ] Request (ServicesAdminNegativeTest:setUpClass): 200 GET http://10.27.203.238/identity/v3/domains?name=Default 0.029s
2024-05-28 12:57:09.960 98689 INFO tempest.lib.common.rest_client [req-c631720c-43bb-464b-a8e3-c54759af41eb req-c631720c-43bb-464b-a8e3-c54759af41eb ] Request (ServicesAdminNegativeTest:setUpClass): 201 POST http://10.27.203.238/identity/v3/users 0.038s
2024-05-28 12:57:09.981 98689 INFO tempest.lib.common.rest_client [req-dc850360-065a-4ede-9820-b154d4e3f400 req-dc850360-065a-4ede-9820-b154d4e3f400 ] Request (ServicesAdminNegativeTest:setUpClass): 200 GET http://10.27.203.238/identity/v3/roles 0.021s
2024-05-28 12:57:10.026 98689 INFO tempest.lib.common.rest_client [req-59744f98-abe9-4096-a52e-98c251e111c5 req-59744f98-abe9-4096-a52e-98c251e111c5 ] Request (ServicesAdminNegativeTest:setUpClass): 204 PUT http://10.27.203.238/identity/v3/projects/5f95b12aeb9c4909b2f41b65f6661d09/users/5ae5cb1db3504baaba1df93dc154a004/roles/44620cad10ae407c90c91e2c296adb04 0.044s
2024-05-28 12:57:10.186 98689 INFO tempest.lib.common.rest_client [ req-077a3542-373f-458b-b881-776a2ec99c36 ] Request (ServicesAdminNegativeTest:test_get_service_by_invalid_binary): 200 GET http://10.27.203.238/share/v2/5f95b12aeb9c4909b2f41b65f6661d09/services?binary=fake_binary 0.158s
2024-05-28 12:57:10.209 98689 INFO tempest.lib.common.rest_client [ req-06a9678a-92a1-4be5-a5e4-a30e6ecc0e25 ] Request (ServicesAdminNegativeTest:test_get_service_by_invalid_host): 200 GET http://10.27.203.238/share/v2/5f95b12aeb9c4909b2f41b65f6661d09/services?host=fake_host 0.022s
2024-05-28 12:57:10.229 98689 INFO tempest.lib.common.rest_client [ req-43c3ae38-1bd9-4154-b372-141141c5d986 ] Request (ServicesAdminNegativeTest:test_get_service_by_invalid_params): 200 GET http://10.27.203.238/share/v2/5f95b12aeb9c4909b2f41b65f6661d09/services 0.018s
2024-05-28 12:57:10.248 98689 INFO tempest.lib.common.rest_client [ req-f42e7cd2-a307-4f93-9370-97a2ac673faa ] Request (ServicesAdminNegativeTest:test_get_service_by_invalid_params): 200 GET http://10.27.203.238/share/v2/5f95b12aeb9c4909b2f41b65f6661d09/services?fake_param=fake_param_value 0.018s
2024-05-28 12:57:10.268 98689 INFO tempest.lib.common.rest_client [ req-9cc8ca5a-d94d-4d6f-88b2-9ae6b57d7850 ] Request (ServicesAdminNegativeTest:test_get_service_by_invalid_state): 200 GET http://10.27.203.238/share/v2/5f95b12aeb9c4909b2f41b65f6661d09/services?state=fake_state 0.018s
2024-05-28 12:57:10.288 98689 INFO tempest.lib.common.rest_client [ req-c885d704-d786-45ac-8118-08674621750a ] Request (ServicesAdminNegativeTest:test_get_service_by_invalid_status): 200 GET http://10.27.203.238/share/v2/5f95b12aeb9c4909b2f41b65f6661d09/services?status=fake_status 0.017s
2024-05-28 12:57:10.307 98689 INFO tempest.lib.common.rest_client [ req-22982021-e98e-47d6-81ae-ec1a85c82b0b ] Request (ServicesAdminNegativeTest:test_get_service_by_invalid_zone): 200 GET http://10.27.203.238/share/v2/5f95b12aeb9c4909b2f41b65f6661d09/services?zone=fake_zone 0.017s
2024-05-28 12:57:10.379 98689 INFO tempest.lib.common.rest_client [ req-90ee3fbd-b93c-4968-b75e-c700822a0f54 ] Request (ServicesAdminNegativeTest:test_list_services_with_non_admin_user): 403 GET http://10.27.203.238/share/v2/733abeb6b7f14d85930dd7d4da7587f5/services 0.071s
2024-05-28 12:57:10.387 98689 INFO tempest.lib.common.rest_client [ req-1f5cf3e5-b72f-4a1e-a453-c9f581c5bd2f ] Request (ServicesAdminNegativeTest:test_list_services_with_wrong_versions): 404 GET http://10.27.203.238/share/v2/5f95b12aeb9c4909b2f41b65f6661d09/os-services 0.007s
2024-05-28 12:57:10.395 98689 INFO tempest.lib.common.rest_client [ req-70be753a-89b0-4c42-a5fc-b27c2567742a ] Request (ServicesAdminNegativeTest:test_list_services_with_wrong_versions): 404 GET http://10.27.203.238/share/v2/5f95b12aeb9c4909b2f41b65f6661d09/services 0.006s
2024-05-28 12:57:10.403 98689 INFO tempest.lib.common.rest_client [ req-03c7f1d9-3077-4e31-8b7f-9f6718eec533 ] Request (ServicesAdminNegativeTest:test_list_services_with_wrong_versions): 404 GET http://10.27.203.238/share/v2/5f95b12aeb9c4909b2f41b65f6661d09/services 0.006s
2024-05-28 12:57:10.433 98689 INFO tempest.lib.common.rest_client [req-16d25526-3017-4616-b0d5-0d251654347e req-16d25526-3017-4616-b0d5-0d251654347e ] Request (ServicesAdminNegativeTest:tearDownClass): 404 DELETE http://10.27.203.238/identity/v3/users/8688f80695814f34bfb56342c4e54028 0.028s
2024-05-28 12:57:10.433 98689 ERROR manila_tempest_tests.tests.api.base [-] Suppressed cleanup error in Manila: Traceback (most recent call last): File "/opt/stack/manila-tempest-plugin/manila_tempest_tests/tests/api/base.py", line 1272, in clear_project_users cls.os_admin.creds_client.delete_user(user['id'])
File "/opt/stack/tempest/tempest/lib/common/cred_client.py", line 55, in delete_user self.users_client.delete_user(user_id)
File "/opt/stack/tempest/tempest/lib/services/identity/v3/users_client.py", line 104, in delete_user resp, body = self.delete("users/%s" % user_id)
File "/opt/stack/tempest/tempest/lib/common/rest_client.py", line 357, in delete return self.request('DELETE', url, extra_headers, headers, body)
File "/opt/stack/tempest/tempest/lib/common/rest_client.py", line 760, in request self._error_checker(resp, resp_body)
File "/opt/stack/tempest/tempest/lib/common/rest_client.py", line 870, in _error_checker raise exceptions.NotFound(resp_body, resp=resp) tempest.lib.exceptions.NotFound: Object not found Details: {'code': 404, 'message': 'Could not find user: 8688f80695814f34bfb56342c4e54028.', 'title': 'Not Found'} : tempest.lib.exceptions.NotFound: Object not found
2024-05-28 12:57:10.460 98689 INFO tempest.lib.common.rest_client [req-2be3771d-70a7-42a1-8131-0fd522aede05 req-2be3771d-70a7-42a1-8131-0fd522aede05 ] Request (ServicesAdminNegativeTest:tearDownClass): 404 DELETE http://10.27.203.238/identity/v3/users/108a25e436e9452a9a865957dcea1fc5 0.027s
2024-05-28 12:57:10.461 98689 ERROR manila_tempest_tests.tests.api.base [-] Suppressed cleanup error in Manila: Traceback (most recent call last): File "/opt/stack/manila-tempest-plugin/manila_tempest_tests/tests/api/base.py", line 1272, in clear_project_users cls.os_admin.creds_client.delete_user(user['id'])
File "/opt/stack/tempest/tempest/lib/common/cred_client.py", line 55, in delete_user self.users_client.delete_user(user_id)
File "/opt/stack/tempest/tempest/lib/services/identity/v3/users_client.py", line 104, in delete_user resp, body = self.delete("users/%s" % user_id)
File "/opt/stack/tempest/tempest/lib/common/rest_client.py", line 357, in delete return self.request('DELETE', url, extra_headers, headers, body)
File "/opt/stack/tempest/tempest/lib/common/rest_client.py", line 760, in request self._error_checker(resp, resp_body)
File "/opt/stack/tempest/tempest/lib/common/rest_client.py", line 870, in _error_checker raise exceptions.NotFound(resp_body, resp=resp) tempest.lib.exceptions.NotFound: Object not found Details: {'code': 404, 'message': 'Could not find user: 108a25e436e9452a9a865957dcea1fc5.', 'title': 'Not Found'} : tempest.lib.exceptions.NotFound: Object not found
2024-05-28 12:57:10.554 98689 INFO tempest.lib.common.rest_client [req-848d06cf-a5ba-4fc0-bbc3-f7f186e2399a req-848d06cf-a5ba-4fc0-bbc3-f7f186e2399a ] Request (ServicesAdminNegativeTest:tearDownClass): 204 DELETE http://10.27.203.238/identity/v3/users/5ae5cb1db3504baaba1df93dc154a004 0.093s
2024-05-28 12:57:10.686 98689 INFO tempest.lib.common.rest_client [req-c0a4df9c-38a9-4b6e-999a-e65c71533dd8 req-c0a4df9c-38a9-4b6e-999a-e65c71533dd8 ] Request (ServicesAdminNegativeTest:tearDownClass): 204 DELETE http://10.27.203.238/identity/v3/users/1088ed2b050844799c3ae6a6d5cc28c8 0.131s
2024-05-28 12:57:10.809 98689 INFO tempest.lib.common.rest_client [req-69e237d5-2989-4d45-adfa-d453a0aa1a9b req-69e237d5-2989-4d45-adfa-d453a0aa1a9b ] Request (ServicesAdminNegativeTest:tearDownClass): 204 DELETE http://10.27.203.238/identity/v3/users/d1c265944d944e65bb8d3eb50a476c3d 0.123s
2024-05-28 12:57:10.936 98689 INFO tempest.lib.common.rest_client [req-ff2393f5-473b-475c-b8c8-acd4709fb08a req-ff2393f5-473b-475c-b8c8-acd4709fb08a ] Request (ServicesAdminNegativeTest:tearDownClass): 204 DELETE http://10.27.203.238/identity/v3/users/12120209f6fe4bd29179faf1b6c6719a 0.126s
2024-05-28 12:57:10.936 98689 INFO tempest.lib.common.dynamic_creds [-] Deleting project and security group for project: 733abeb6b7f14d85930dd7d4da7587f5
2024-05-28 12:57:10.993 98689 INFO tempest.lib.common.rest_client [req-dd70b0dc-98f8-4a66-997d-acef05aaaf8a req-dd70b0dc-98f8-4a66-997d-acef05aaaf8a ] Request (ServicesAdminNegativeTest:tearDownClass): 201 POST http://10.27.203.238/identity/v3/auth/tokens 0.056s
2024-05-28 12:57:11.070 98689 INFO tempest.lib.common.rest_client [req-ecc1c13b-8ed1-4f0d-b35b-d76aa8d32f1c req-ecc1c13b-8ed1-4f0d-b35b-d76aa8d32f1c ] Request (ServicesAdminNegativeTest:tearDownClass): 200 GET http://10.27.203.238:9696/networking/v2.0/security-groups?tenant_id=733abeb6b7f14d85930dd7d4da7587f5&name=default 0.076s
2024-05-28 12:57:11.131 98695 INFO tempest.lib.common.rest_client [ req-c357155d-baf2-4dcd-9653-06e61ced25e2 ] Request (ShareInstancesNegativeTest:tearDownClass): 404 GET http://10.27.203.238/share/v2/bb8f0d37fc204d24b8146108f63a1922/shares/6b055a82-f6ad-4af2-8b38-137b3cc99cc1 0.014s
2024-05-28 12:57:11.164 98689 INFO tempest.lib.common.rest_client [req-283dea2a-d507-4288-8681-508a9d8668ae req-283dea2a-d507-4288-8681-508a9d8668ae ] Request (ServicesAdminNegativeTest:tearDownClass): 204 DELETE http://10.27.203.238/identity/v3/projects/733abeb6b7f14d85930dd7d4da7587f5 0.094s
2024-05-28 12:57:11.164 98689 INFO tempest.lib.common.dynamic_creds [-] Deleting project and security group for project: 989392199c1c4c7ca95fcdecce7ed757
2024-05-28 12:57:11.176 98689 INFO tempest.lib.common.rest_client [req-4a6bb6d3-6833-4ba2-a778-f528adae3cb9 req-4a6bb6d3-6833-4ba2-a778-f528adae3cb9 ] Request (ServicesAdminNegativeTest:tearDownClass): 200 GET http://10.27.203.238:9696/networking/v2.0/security-groups?tenant_id=989392199c1c4c7ca95fcdecce7ed757&name=default 0.011s
2024-05-28 12:57:11.182 98695 INFO tempest.lib.common.rest_client [ req-05180418-14be-47d3-93db-a1a5da2ac928 ] Request (ShareInstancesNegativeTest:tearDownClass): 202 DELETE http://10.27.203.238/share/v2/bb8f0d37fc204d24b8146108f63a1922/types/cebb6aed-3720-45a4-84fe-d21cb838f20a 0.051s
2024-05-28 12:57:11.195 98695 INFO tempest.lib.common.rest_client [ req-97533012-84f4-41dd-a578-19dbfdcd6fa3 ] Request (ShareInstancesNegativeTest:tearDownClass): 404 GET http://10.27.203.238/share/v2/bb8f0d37fc204d24b8146108f63a1922/types/cebb6aed-3720-45a4-84fe-d21cb838f20a 0.012s
2024-05-28 12:57:11.301 98689 INFO tempest.lib.common.rest_client [req-a773a657-3dc3-434b-8984-d53396364ac1 req-a773a657-3dc3-434b-8984-d53396364ac1 ] Request (ServicesAdminNegativeTest:tearDownClass): 204 DELETE http://10.27.203.238/identity/v3/projects/989392199c1c4c7ca95fcdecce7ed757 0.124s
2024-05-28 12:57:11.301 98689 INFO tempest.lib.common.dynamic_creds [-] Deleting project and security group for project: 5f95b12aeb9c4909b2f41b65f6661d09
2024-05-28 12:57:11.312 98689 INFO tempest.lib.common.rest_client [req-622e2cb5-94c9-40c3-a87f-4a09b6ee1483 req-622e2cb5-94c9-40c3-a87f-4a09b6ee1483 ] Request (ServicesAdminNegativeTest:tearDownClass): 200 GET http://10.27.203.238:9696/networking/v2.0/security-groups?tenant_id=5f95b12aeb9c4909b2f41b65f6661d09&name=default 0.011s
2024-05-28 12:57:11.380 98695 INFO tempest.lib.common.rest_client [req-760908f6-2af0-4402-a9c7-b9ba44e90820 req-760908f6-2af0-4402-a9c7-b9ba44e90820 ] Request (ShareInstancesNegativeTest:tearDownClass): 204 DELETE http://10.27.203.238/identity/v3/users/2e437fa55aef49da85172b192169da34 0.185s
2024-05-28 12:57:11.381 98695 INFO tempest.lib.common.dynamic_creds [-] Deleting project and security group for project: bb8f0d37fc204d24b8146108f63a1922
2024-05-28 12:57:11.428 98695 INFO tempest.lib.common.rest_client [req-3e783a2b-e26a-4327-9ee7-4f3e981916b6 req-3e783a2b-e26a-4327-9ee7-4f3e981916b6 ] Request (ShareInstancesNegativeTest:tearDownClass): 201 POST http://10.27.203.238/identity/v3/auth/tokens 0.047s
2024-05-28 12:57:11.451 98689 INFO tempest.lib.common.rest_client [req-0baed745-887c-48cd-9aa0-bf99705916ed req-0baed745-887c-48cd-9aa0-bf99705916ed ] Request (ServicesAdminNegativeTest:tearDownClass): 204 DELETE http://10.27.203.238/identity/v3/projects/5f95b12aeb9c4909b2f41b65f6661d09 0.138s
2024-05-28 12:57:11.452 98689 INFO tempest.test [-] raised in ShareGroupsNegativeTest.setUpClass. Invoking tearDownClass.
2024-05-28 12:57:11.453 98689 INFO tempest.test [-] raised in ManageHDFSShareNegativeTest.setUpClass. Invoking tearDownClass.
2024-05-28 12:57:11.455 98689 INFO tempest.test [-] raised in ManageShareServersNegativeTest.setUpClass. Invoking tearDownClass.
2024-05-28 12:57:11.456 98689 INFO tempest.test [-] raised in ShareServerMigrationBasicNFS.setUpClass. Invoking tearDownClass.
2024-05-28 12:57:11.457 98689 INFO tempest.test [-] raised in ShareServerErrorStatusOperationCIFS.setUpClass. Invoking tearDownClass.
2024-05-28 12:57:11.458 98689 INFO tempest.test [-] raised in ShareServerMigrationInvalidParametersCIFS.setUpClass. Invoking tearDownClass.
2024-05-28 12:57:11.459 98689 INFO tempest.test [-] raised in ShareServerMigrationInvalidParametersNFS.setUpClass. Invoking tearDownClass.
2024-05-28 12:57:11.488 98689 INFO tempest.lib.common.rest_client [req-163e2f99-14ae-46c8-8710-5e6f102b88b8 req-163e2f99-14ae-46c8-8710-5e6f102b88b8 ] Request (ShareSnapshotInstancesTest:setUpClass): 201 POST http://10.27.203.238/identity/v3/auth/tokens 0.027s
2024-05-28 12:57:11.549 98689 INFO tempest.lib.common.rest_client [req-b9ce7c03-6fbf-40ba-a330-9bbb77cef903 req-b9ce7c03-6fbf-40ba-a330-9bbb77cef903 ] Request (ShareSnapshotInstancesTest:setUpClass): 201 POST http://10.27.203.238/identity/v3/auth/tokens 0.058s
2024-05-28 12:57:11.582 98689 INFO tempest.lib.common.rest_client [req-1e789c99-d237-4ba1-830f-cf98a768365c req-1e789c99-d237-4ba1-830f-cf98a768365c ] Request (ShareSnapshotInstancesTest:setUpClass): 200 GET http://10.27.203.238/identity/v3/domains?name=Default 0.032s
2024-05-28 12:57:11.591 98695 INFO tempest.lib.common.rest_client [req-f194bc7e-5093-4418-97d3-3e72b2ea7d75 req-f194bc7e-5093-4418-97d3-3e72b2ea7d75 ] Request (ShareInstancesNegativeTest:tearDownClass): 200 GET http://10.27.203.238:9696/networking/v2.0/security-groups?tenant_id=bb8f0d37fc204d24b8146108f63a1922&name=default 0.162s
2024-05-28 12:57:11.614 98691 INFO tempest.lib.common.rest_client [ req-6721862e-8933-4a9c-9f6f-69565ec9cb4c ] Request (ShareTypesAdminTest:tearDownClass): 404 GET http://10.27.203.238/share/v2/35d84ed7cf164123a87b8b906a836985/shares/8e00d6e4-a018-4e71-b71c-831e546cb6e6 0.014s
2024-05-28 12:57:11.632 98689 INFO tempest.lib.common.rest_client [req-4815b006-41bd-4fa0-b72f-910fde7e5954 req-4815b006-41bd-4fa0-b72f-910fde7e5954 ] Request (ShareSnapshotInstancesTest:setUpClass): 201 POST http://10.27.203.238/identity/v3/projects 0.049s
2024-05-28 12:57:11.687 98691 INFO tempest.lib.common.rest_client [ req-7964f0d4-5379-4fb9-a731-161ca842afb9 ] Request (ShareTypesAdminTest:tearDownClass): 202 DELETE http://10.27.203.238/share/v2/35d84ed7cf164123a87b8b906a836985/types/044c5a62-3559-453b-9207-1b3393b6012f 0.073s
2024-05-28 12:57:11.700 98691 INFO tempest.lib.common.rest_client [ req-6b00e937-a733-4c40-a202-c1d05e9f29b1 ] Request (ShareTypesAdminTest:tearDownClass): 404 GET http://10.27.203.238/share/v2/35d84ed7cf164123a87b8b906a836985/types/044c5a62-3559-453b-9207-1b3393b6012f 0.012s
2024-05-28 12:57:11.702 98695 INFO tempest.lib.common.rest_client [req-2dbc263c-6549-4936-b468-ae66c6e61c6c req-2dbc263c-6549-4936-b468-ae66c6e61c6c ] Request (ShareInstancesNegativeTest:tearDownClass): 204 DELETE http://10.27.203.238/identity/v3/projects/bb8f0d37fc204d24b8146108f63a1922 0.110s
2024-05-28 12:57:11.703 98695 INFO tempest.test [-] raised in ManageCephFSShareNegativeTest.setUpClass. Invoking tearDownClass.
2024-05-28 12:57:11.705 98695 INFO tempest.test [-] raised in ShareServerMigrationStartInvalidStatesNFS.setUpClass. Invoking tearDownClass.
2024-05-28 12:57:11.719 98689 INFO tempest.lib.common.rest_client [req-331a69fa-102a-4e5e-9766-fedc4a594def req-331a69fa-102a-4e5e-9766-fedc4a594def ] Request (ShareSnapshotInstancesTest:setUpClass): 201 POST http://10.27.203.238/identity/v3/users 0.087s
2024-05-28 12:57:11.748 98695 INFO tempest.lib.common.rest_client [req-0c5877c6-85d7-4598-9a5c-89a5df1f44e2 req-0c5877c6-85d7-4598-9a5c-89a5df1f44e2 ] Request (ExtraSpecsAdminNegativeTest:setUpClass): 201 POST http://10.27.203.238/identity/v3/auth/tokens 0.040s
2024-05-28 12:57:11.784 98689 INFO tempest.lib.common.rest_client [req-a78eae2c-c259-4f25-9c06-bb036e9fe7de req-a78eae2c-c259-4f25-9c06-bb036e9fe7de ] Request (ShareSnapshotInstancesTest:setUpClass): 200 GET http://10.27.203.238/identity/v3/roles 0.064s
2024-05-28 12:57:11.827 98691 INFO tempest.lib.common.rest_client [req-09fb38c1-4526-4e70-92bc-40c470136000 req-09fb38c1-4526-4e70-92bc-40c470136000 ] Request (ShareTypesAdminTest:tearDownClass): 204 DELETE http://10.27.203.238/identity/v3/users/2c2540fe25994249acab1b6e8656e2a1 0.126s
2024-05-28 12:57:11.828 98691 INFO tempest.lib.common.dynamic_creds [-] Deleting project and security group for project: 35d84ed7cf164123a87b8b906a836985
2024-05-28 12:57:11.855 98689 INFO tempest.lib.common.rest_client [req-23750b9e-00ae-4497-934a-6980169cfd75 req-23750b9e-00ae-4497-934a-6980169cfd75 ] Request (ShareSnapshotInstancesTest:setUpClass): 204 PUT http://10.27.203.238/identity/v3/projects/f4f7702aa04c467288cc6b142f61ec37/users/38f9868304a34b56bebf6e47a61b2d46/roles/e7989893488f483baa107be56668c4f8 0.070s
2024-05-28 12:57:11.879 98691 INFO tempest.lib.common.rest_client [req-d3f82817-ee1e-467c-8e8e-446f9b7449c0 req-d3f82817-ee1e-467c-8e8e-446f9b7449c0 ] Request (ShareTypesAdminTest:tearDownClass): 201 POST http://10.27.203.238/identity/v3/auth/tokens 0.051s
2024-05-28 12:57:11.881 98695 INFO tempest.lib.common.rest_client [req-083c40c0-721f-444b-b2aa-95213181029e req-083c40c0-721f-444b-b2aa-95213181029e ] Request (ExtraSpecsAdminNegativeTest:setUpClass): 201 POST http://10.27.203.238/identity/v3/auth/tokens 0.045s
2024-05-28 12:57:11.905 98689 INFO tempest.lib.common.rest_client [req-e2c8c99e-a78f-4e0a-a04b-c5a4c37716de req-e2c8c99e-a78f-4e0a-a04b-c5a4c37716de ] Request (ShareSnapshotInstancesTest:setUpClass): 200 GET http://10.27.203.238/identity/v3/roles 0.049s
2024-05-28 12:57:11.905 98695 INFO tempest.lib.common.rest_client [req-5b294bd8-71d3-48a0-bba0-c4f27be3b3e5 req-5b294bd8-71d3-48a0-bba0-c4f27be3b3e5 ] Request (ExtraSpecsAdminNegativeTest:setUpClass): 200 GET http://10.27.203.238/identity/v3/domains?name=Default 0.024s
2024-05-28 12:57:11.946 98695 INFO tempest.lib.common.rest_client [req-bf733db2-b730-4871-841a-5f324316455b req-bf733db2-b730-4871-841a-5f324316455b ] Request (ExtraSpecsAdminNegativeTest:setUpClass): 201 POST http://10.27.203.238/identity/v3/projects 0.040s
2024-05-28 12:57:11.988 98689 INFO tempest.lib.common.rest_client [req-bf0b0395-7af7-4d24-a37b-fa287fb3db09 req-bf0b0395-7af7-4d24-a37b-fa287fb3db09 ] Request (ShareSnapshotInstancesTest:setUpClass): 204 PUT http://10.27.203.238/identity/v3/projects/f4f7702aa04c467288cc6b142f61ec37/users/38f9868304a34b56bebf6e47a61b2d46/roles/e7989893488f483baa107be56668c4f8 0.082s
2024-05-28 12:57:11.988 98689 INFO tempest.lib.common.dynamic_creds [-] Dynamic test user 38f9868304a34b56bebf6e47a61b2d46 is created with scope project and roles: ['admin']
2024-05-28 12:57:11.989 98689 INFO tempest.lib.common.dynamic_creds [-] Acquired dynamic creds: credentials: Credentials: {'domain_id': 'default', 'domain_name': 'Default', 'username': 'tempest-ShareSnapshotInstancesTest-843694899-project-admin', 'project_domain_id': 'default', 'project_domain_name': 'Default', 'project_id': 'f4f7702aa04c467288cc6b142f61ec37', 'project_name': 'tempest-ShareSnapshotInstancesTest-843694899', 'tenant_id': 'f4f7702aa04c467288cc6b142f61ec37', 'tenant_name': 'tempest-ShareSnapshotInstancesTest-843694899', 'user_domain_id': 'default', 'user_domain_name': 'Default', 'user_id': '38f9868304a34b56bebf6e47a61b2d46', 'system': None}, Network: None, Subnet: None, Router: None
2024-05-28 12:57:11.989 98689 INFO tempest.lib.common.dynamic_creds [-] Created isolated network resources for: credentials: Credentials: {'domain_id': 'default', 'domain_name': 'Default', 'username': 'tempest-ShareSnapshotInstancesTest-843694899-project-admin', 'project_domain_id': 'default', 'project_domain_name': 'Default', 'project_id': 'f4f7702aa04c467288cc6b142f61ec37', 'project_name': 'tempest-ShareSnapshotInstancesTest-843694899', 'tenant_id': 'f4f7702aa04c467288cc6b142f61ec37', 'tenant_name': 'tempest-ShareSnapshotInstancesTest-843694899', 'user_domain_id': 'default', 'user_domain_name': 'Default', 'user_id': '38f9868304a34b56bebf6e47a61b2d46', 'system': None}, Network: None, Subnet: None, Router: None
2024-05-28 12:57:12.006 98691 INFO tempest.lib.common.rest_client [req-0c27b66c-3491-490e-b992-1534dd27ab42 req-0c27b66c-3491-490e-b992-1534dd27ab42 ] Request (ShareTypesAdminTest:tearDownClass): 200 GET http://10.27.203.238:9696/networking/v2.0/security-groups?tenant_id=35d84ed7cf164123a87b8b906a836985&name=default 0.127s
2024-05-28 12:57:12.046 98695 INFO tempest.lib.common.rest_client [req-e3a5f3cc-a06a-4847-886a-fbe113b3ac7b req-e3a5f3cc-a06a-4847-886a-fbe113b3ac7b ] Request (ExtraSpecsAdminNegativeTest:setUpClass): 201 POST http://10.27.203.238/identity/v3/users 0.099s
2024-05-28 12:57:12.069 98689 INFO tempest.lib.common.rest_client [req-c3947f6d-1490-4450-a59b-a641bb875573 req-c3947f6d-1490-4450-a59b-a641bb875573 ] Request (ShareSnapshotInstancesTest:setUpClass): 201 POST http://10.27.203.238/identity/v3/auth/tokens 0.077s
2024-05-28 12:57:12.084 98695 INFO tempest.lib.common.rest_client [req-9bfc816f-a99f-41ff-934b-821ffff11635 req-9bfc816f-a99f-41ff-934b-821ffff11635 ] Request (ExtraSpecsAdminNegativeTest:setUpClass): 200 GET http://10.27.203.238/identity/v3/roles 0.038s
2024-05-28 12:57:12.118 98693 INFO tempest.lib.common.rest_client [ req-230a1377-8864-4dc4-aa45-0cd2f1c769f1 ] Request (AdminActionsTest:_run_cleanups): 200 GET http://10.27.203.238/share/v2/a3499cb78849424db45e54caac01de92/shares/9be3b244-34ab-4002-b1e1-427af2ab8545 0.036s
2024-05-28 12:57:12.138 98691 INFO tempest.lib.common.rest_client [req-76bc9c9e-3bf3-4c8d-bfb5-8cc680ca6c67 req-76bc9c9e-3bf3-4c8d-bfb5-8cc680ca6c67 ] Request (ShareTypesAdminTest:tearDownClass): 204 DELETE http://10.27.203.238/identity/v3/projects/35d84ed7cf164123a87b8b906a836985 0.132s
2024-05-28 12:57:12.218 98695 INFO tempest.lib.common.rest_client [req-3569b1e7-eb32-4b44-bbb6-c849634e6b44 req-3569b1e7-eb32-4b44-bbb6-c849634e6b44 ] Request (ExtraSpecsAdminNegativeTest:setUpClass): 204 PUT http://10.27.203.238/identity/v3/projects/b459b0ac20ef4f348e8ff53468c5c935/users/7365146fcc404c988e9841963a43be27/roles/44620cad10ae407c90c91e2c296adb04 0.133s
2024-05-28 12:57:12.218 98695 INFO tempest.lib.common.dynamic_creds [-] Dynamic test user 7365146fcc404c988e9841963a43be27 is created with scope project and roles: ['member']
2024-05-28 12:57:12.218 98695 INFO tempest.lib.common.dynamic_creds [-] Acquired dynamic creds: credentials: Credentials: {'domain_id': 'default', 'domain_name': 'Default', 'username': 'tempest-ExtraSpecsAdminNegativeTest-773939988-project-member', 'project_domain_id': 'default', 'project_domain_name': 'Default', 'project_id': 'b459b0ac20ef4f348e8ff53468c5c935', 'project_name': 'tempest-ExtraSpecsAdminNegativeTest-773939988', 'tenant_id': 'b459b0ac20ef4f348e8ff53468c5c935', 'tenant_name': 'tempest-ExtraSpecsAdminNegativeTest-773939988', 'user_domain_id': 'default', 'user_domain_name': 'Default', 'user_id': '7365146fcc404c988e9841963a43be27', 'system': None}, Network: None, Subnet: None, Router: None
2024-05-28 12:57:12.219 98695 INFO tempest.lib.common.dynamic_creds [-] Created isolated network resources for: credentials: Credentials: {'domain_id': 'default', 'domain_name': 'Default', 'username': 'tempest-ExtraSpecsAdminNegativeTest-773939988-project-member', 'project_domain_id': 'default', 'project_domain_name': 'Default', 'project_id': 'b459b0ac20ef4f348e8ff53468c5c935', 'project_name': 'tempest-ExtraSpecsAdminNegativeTest-773939988', 'tenant_id': 'b459b0ac20ef4f348e8ff53468c5c935', 'tenant_name': 'tempest-ExtraSpecsAdminNegativeTest-773939988', 'user_domain_id': 'default', 'user_domain_name': 'Default', 'user_id': '7365146fcc404c988e9841963a43be27', 'system': None}, Network: None, Subnet: None, Router: None
2024-05-28 12:57:12.230 98691 INFO tempest.lib.common.rest_client [req-59bb131d-fce0-4ef8-981d-da24e7ca8b21 req-59bb131d-fce0-4ef8-981d-da24e7ca8b21 ] Request (ExtraSpecsReadAdminTest:setUpClass): 201 POST http://10.27.203.238/identity/v3/auth/tokens 0.089s
2024-05-28 12:57:12.253 98689 INFO tempest.lib.common.rest_client [ req-131a0407-3bc1-4e3e-823f-deb6c616c1f1 ] Request (ShareSnapshotInstancesTest:setUpClass): 200 POST http://10.27.203.238/share/v2/f4f7702aa04c467288cc6b142f61ec37/types 0.183s
2024-05-28 12:57:12.278 98691 INFO tempest.lib.common.rest_client [req-5a985cbe-fc26-418d-874f-3dbc3f7c3c97 req-5a985cbe-fc26-418d-874f-3dbc3f7c3c97 ] Request (ExtraSpecsReadAdminTest:setUpClass): 201 POST http://10.27.203.238/identity/v3/auth/tokens 0.045s
2024-05-28 12:57:12.303 98691 INFO tempest.lib.common.rest_client [req-8d0871c6-80ca-45db-b9e8-2dd836562cb3 req-8d0871c6-80ca-45db-b9e8-2dd836562cb3 ] Request (ExtraSpecsReadAdminTest:setUpClass): 200 GET http://10.27.203.238/identity/v3/domains?name=Default 0.025s
2024-05-28 12:57:12.310 98695 INFO tempest.lib.common.rest_client [req-a0ab1403-f06d-46a7-b3a5-ae35db7d15aa req-a0ab1403-f06d-46a7-b3a5-ae35db7d15aa ] Request (ExtraSpecsAdminNegativeTest:setUpClass): 201 POST http://10.27.203.238/identity/v3/auth/tokens 0.090s
2024-05-28 12:57:12.353 98691 INFO tempest.lib.common.rest_client [req-b9e2f948-115b-496b-9a07-d82e1a92e31d req-b9e2f948-115b-496b-9a07-d82e1a92e31d ] Request (ExtraSpecsReadAdminTest:setUpClass): 201 POST http://10.27.203.238/identity/v3/projects 0.049s
2024-05-28 12:57:12.371 98695 INFO tempest.lib.common.rest_client [req-15a065cc-68db-4666-a412-08bffa357f93 req-15a065cc-68db-4666-a412-08bffa357f93 ] Request (ExtraSpecsAdminNegativeTest:setUpClass): 201 POST http://10.27.203.238/identity/v3/projects 0.061s
2024-05-28 12:57:12.436 98695 INFO tempest.lib.common.rest_client [req-4c414401-4b13-4353-940f-743deb2631b7 req-4c414401-4b13-4353-940f-743deb2631b7 ] Request (ExtraSpecsAdminNegativeTest:setUpClass): 201 POST http://10.27.203.238/identity/v3/users 0.064s
2024-05-28 12:57:12.439 98691 INFO tempest.lib.common.rest_client [req-519594f1-38b6-4da4-ba8f-0537907e8b8d req-519594f1-38b6-4da4-ba8f-0537907e8b8d ] Request (ExtraSpecsReadAdminTest:setUpClass): 201 POST http://10.27.203.238/identity/v3/users 0.085s
2024-05-28 12:57:12.456 98695 INFO tempest.lib.common.rest_client [req-ed3fc905-b7cb-414f-a120-86375727ada8 req-ed3fc905-b7cb-414f-a120-86375727ada8 ] Request (ExtraSpecsAdminNegativeTest:setUpClass): 200 GET http://10.27.203.238/identity/v3/roles 0.019s
2024-05-28 12:57:12.459 98691 INFO tempest.lib.common.rest_client [req-74355e66-6d11-4df2-b8dc-96da27f28110 req-74355e66-6d11-4df2-b8dc-96da27f28110 ] Request (ExtraSpecsReadAdminTest:setUpClass): 200 GET http://10.27.203.238/identity/v3/roles 0.019s
2024-05-28 12:57:12.470 98689 INFO tempest.lib.common.rest_client [ req-01a2ae14-f15d-4183-924e-4ad9803a3801 ] Request (ShareSnapshotInstancesTest:setUpClass): 200 POST http://10.27.203.238/share/v2/f4f7702aa04c467288cc6b142f61ec37/shares 0.216s
2024-05-28 12:57:12.497 98695 INFO tempest.lib.common.rest_client [req-baa4450c-9ae8-40d0-b62b-82188480cb3e req-baa4450c-9ae8-40d0-b62b-82188480cb3e ] Request (ExtraSpecsAdminNegativeTest:setUpClass): 204 PUT http://10.27.203.238/identity/v3/projects/1f12d119bc9a46e9b391ca37a6d3847a/users/165270b3c7594f98ad74df5e973f36b6/roles/44620cad10ae407c90c91e2c296adb04 0.041s
2024-05-28 12:57:12.498 98695 INFO tempest.lib.common.dynamic_creds [-] Dynamic test user 165270b3c7594f98ad74df5e973f36b6 is created with scope project and roles: ['member']
