2024-05-28 12:58:04.694 98693 INFO tempest.lib.common.rest_client [ req-6529de3a-021a-4df1-b0d8-831d5e7dcb94 ] Request (AdminActionsTest:_run_cleanups): 200 GET http://10.27.203.238/share/v2/a3499cb78849424db45e54caac01de92/snapshots/461797f5-03b2-4e09-af96-9f13a9a2464e 0.040s
2024-05-28 12:58:04.810 98689 INFO tempest.lib.common.rest_client [ req-c6945b0a-5f43-478b-ab3a-c1fe10c98bc6 ] Request (SnapshotInstancesNegativeTest:tearDownClass): 202 DELETE http://10.27.203.238/share/v2/c9cc76ecb4e343a6a51bf36da01debf8/shares/59371a98-d4b3-4967-9846-4759c0b33bb2 0.136s
2024-05-28 12:58:04.839 98689 INFO tempest.lib.common.rest_client [ req-c546dd13-2dfa-4237-ab96-e987805c763d ] Request (SnapshotInstancesNegativeTest:tearDownClass): 200 GET http://10.27.203.238/share/v2/c9cc76ecb4e343a6a51bf36da01debf8/shares/59371a98-d4b3-4967-9846-4759c0b33bb2 0.028s
2024-05-28 12:58:04.865 98693 INFO tempest.lib.common.rest_client [ req-e83d93d7-61fc-499c-aada-ef8cfc584125 ] Request (AdminActionsTest:test_reset_snapshot_state): 202 POST http://10.27.203.238/share/v2/a3499cb78849424db45e54caac01de92/snapshots 0.169s
2024-05-28 12:58:04.908 98693 INFO tempest.lib.common.rest_client [ req-dd2d3218-68eb-41d1-aacf-e16200e34c06 ] Request (AdminActionsTest:test_reset_snapshot_state): 200 GET http://10.27.203.238/share/v2/a3499cb78849424db45e54caac01de92/snapshots/b3972da7-eb1f-4370-abf4-b7f9402afb30 0.043s
2024-05-28 12:58:04.931 98691 INFO tempest.lib.common.rest_client [ req-9a604324-501b-40ed-a411-301fd55603e2 ] Request (ResourceLockCRUTest:setUpClass): 200 GET http://10.27.203.238/share/v2/82840ccb77144a4aa2d0bdce807ce686/shares/071c2e61-b4b6-48bf-a1f2-c20b233560ed 0.026s
2024-05-28 12:58:05.006 98695 INFO tempest.lib.common.rest_client [ req-ffa833a7-873a-4e8a-b238-359a648e5e67 ] Request (SharesMetadataTest:test_set_metadata_in_share_creation): 200 GET http://10.27.203.238/share/v2/698d6c02a1cc4bf2b16302eb8a31bc26/shares/c485966a-3cd7-4de5-903f-4b379a6cb450 0.029s
2024-05-28 12:58:05.074 98695 INFO tempest.lib.common.rest_client [ req-c6d65c24-eafc-4b17-a5bb-260a619d6c02 ] Request (SharesMetadataTest:test_set_metadata_in_share_creation): 200 GET http://10.27.203.238/share/v2/698d6c02a1cc4bf2b16302eb8a31bc26/shares/c485966a-3cd7-4de5-903f-4b379a6cb450/metadata/key1 0.067s
2024-05-28 12:58:05.134 98695 INFO tempest.lib.common.rest_client [ req-ed660aaa-f56d-4f03-8afa-8fd2046db56c ] Request (SharesMetadataTest:test_set_metadata_in_share_creation): 200 GET http://10.27.203.238/share/v2/698d6c02a1cc4bf2b16302eb8a31bc26/shares/c485966a-3cd7-4de5-903f-4b379a6cb450/metadata/key2 0.059s
2024-05-28 12:58:05.150 98695 INFO tempest.lib.common.rest_client [ req-30dcc345-0964-4e1d-a861-80cd68390913 ] Request (SharesMetadataTest:_run_cleanups): 200 GET http://10.27.203.238/share/v2/698d6c02a1cc4bf2b16302eb8a31bc26/share-replicas/detail?share_id=c485966a-3cd7-4de5-903f-4b379a6cb450 0.015s
2024-05-28 12:58:05.193 98687 INFO tempest.lib.common.rest_client [ req-20eeaba2-beb1-4309-bc04-c965f58f3d9d ] Request (ShareIpRulesForNFSTest:_run_cleanups): 200 GET http://10.27.203.238/share/v2/776f75906bc64f8f9316d5aab4b50bf1/share-access-rules?share_id=1ddadc17-cf10-4a42-8bbd-8335fb3520a1 0.036s
2024-05-28 12:58:05.293 98695 INFO tempest.lib.common.rest_client [ req-56e811af-e796-4a9d-8605-933cf433f535 ] Request (SharesMetadataTest:_run_cleanups): 202 DELETE http://10.27.203.238/share/v2/698d6c02a1cc4bf2b16302eb8a31bc26/shares/c485966a-3cd7-4de5-903f-4b379a6cb450 0.143s
2024-05-28 12:58:05.323 98687 INFO tempest.lib.common.rest_client [ req-abaf1bed-55d9-4414-800b-59840cf6c994 ] Request (ShareIpRulesForNFSTest:test_create_delete_access_rule_with_cidr): 200 POST http://10.27.203.238/share/v2/776f75906bc64f8f9316d5aab4b50bf1/shares/1ddadc17-cf10-4a42-8bbd-8335fb3520a1/action 0.127s
2024-05-28 12:58:05.338 98695 INFO tempest.lib.common.rest_client [ req-ca58fd06-e626-4de3-97aa-195d59c9bb53 ] Request (SharesMetadataTest:_run_cleanups): 200 GET http://10.27.203.238/share/v2/698d6c02a1cc4bf2b16302eb8a31bc26/shares/c485966a-3cd7-4de5-903f-4b379a6cb450 0.045s
2024-05-28 12:58:05.372 98687 INFO tempest.lib.common.rest_client [ req-0a66f774-e4e3-4766-a90d-b1671916d0cb ] Request (ShareIpRulesForNFSTest:test_create_delete_access_rule_with_cidr): 200 GET http://10.27.203.238/share/v2/776f75906bc64f8f9316d5aab4b50bf1/share-access-rules?share_id=1ddadc17-cf10-4a42-8bbd-8335fb3520a1 0.048s
2024-05-28 12:58:07.877 98689 INFO tempest.lib.common.rest_client [ req-3dc0a065-7d9f-40f1-82a3-f2937e78c85e ] Request (SnapshotInstancesNegativeTest:tearDownClass): 200 GET http://10.27.203.238/share/v2/c9cc76ecb4e343a6a51bf36da01debf8/shares/59371a98-d4b3-4967-9846-4759c0b33bb2 0.034s
2024-05-28 12:58:07.953 98693 INFO tempest.lib.common.rest_client [ req-7371952d-dda7-4013-b522-0e1531fc99a4 ] Request (AdminActionsTest:test_reset_snapshot_state): 200 GET http://10.27.203.238/share/v2/a3499cb78849424db45e54caac01de92/snapshots/b3972da7-eb1f-4370-abf4-b7f9402afb30 0.041s
2024-05-28 12:58:07.969 98691 INFO tempest.lib.common.rest_client [ req-2d9ec46f-0c2b-4939-b5f3-f1f98aa40096 ] Request (ResourceLockCRUTest:setUpClass): 200 GET http://10.27.203.238/share/v2/82840ccb77144a4aa2d0bdce807ce686/shares/071c2e61-b4b6-48bf-a1f2-c20b233560ed 0.034s
2024-05-28 12:58:08.011 98691 INFO tempest.lib.common.rest_client [ req-bcaedc6e-0357-429f-91b9-c392c9e61b6f ] Request (ResourceLockCRUTest:setUpClass): 200 POST http://10.27.203.238/share/v2/82840ccb77144a4aa2d0bdce807ce686/resource-locks 0.042s
2024-05-28 12:58:08.028 98693 INFO tempest.lib.common.rest_client [ req-f074c106-819a-4ea4-8996-c97d6ea1418b ] Request (AdminActionsTest:test_reset_snapshot_state): 202 POST http://10.27.203.238/share/v2/a3499cb78849424db45e54caac01de92/snapshots/b3972da7-eb1f-4370-abf4-b7f9402afb30/action 0.074s
2024-05-28 12:58:08.032 98691 INFO tempest.lib.common.rest_client [req-44ed080c-0302-402b-bc91-9ff2746a3660 req-44ed080c-0302-402b-bc91-9ff2746a3660 ] Request (ResourceLockCRUTest:test_create_resource_lock): 200 GET http://10.27.203.238/identity/v3/projects/82840ccb77144a4aa2d0bdce807ce686 0.020s
2024-05-28 12:58:08.059 98691 INFO tempest.lib.common.rest_client [req-fb8e7ab3-e6ee-4e2a-b3a4-694bcc28accb req-fb8e7ab3-e6ee-4e2a-b3a4-694bcc28accb ] Request (ResourceLockCRUTest:test_create_resource_lock): 200 GET http://10.27.203.238/identity/v3/domains?name=Default 0.026s
2024-05-28 12:58:08.070 98693 INFO tempest.lib.common.rest_client [ req-710d7001-1e89-494a-869b-a81004ec54b5 ] Request (AdminActionsTest:test_reset_snapshot_state): 200 GET http://10.27.203.238/share/v2/a3499cb78849424db45e54caac01de92/snapshots/b3972da7-eb1f-4370-abf4-b7f9402afb30 0.042s
2024-05-28 12:58:08.096 98691 INFO tempest.lib.common.rest_client [req-bbaa9279-8547-4bec-8932-fe6dc11bb622 req-bbaa9279-8547-4bec-8932-fe6dc11bb622 ] Request (ResourceLockCRUTest:test_create_resource_lock): 201 POST http://10.27.203.238/identity/v3/users 0.037s
2024-05-28 12:58:08.118 98691 INFO tempest.lib.common.rest_client [req-bccafb6a-9ab7-4612-8959-4302a8318b68 req-bccafb6a-9ab7-4612-8959-4302a8318b68 ] Request (ResourceLockCRUTest:test_create_resource_lock): 200 GET http://10.27.203.238/identity/v3/roles 0.021s
2024-05-28 12:58:08.142 98693 INFO tempest.lib.common.rest_client [ req-af866734-93a2-4e76-8b23-c6304303dacf ] Request (AdminActionsTest:_run_cleanups): 202 POST http://10.27.203.238/share/v2/a3499cb78849424db45e54caac01de92/snapshots/b3972da7-eb1f-4370-abf4-b7f9402afb30/action 0.071s
2024-05-28 12:58:08.161 98691 INFO tempest.lib.common.rest_client [req-713b97dc-e747-4539-a60a-1da0656203e3 req-713b97dc-e747-4539-a60a-1da0656203e3 ] Request (ResourceLockCRUTest:test_create_resource_lock): 204 PUT http://10.27.203.238/identity/v3/projects/82840ccb77144a4aa2d0bdce807ce686/users/2889a927897c49bd92a0d1cfdf27e7f5/roles/44620cad10ae407c90c91e2c296adb04 0.042s
2024-05-28 12:58:08.182 98693 INFO tempest.lib.common.rest_client [ req-ef59f99b-8799-4744-b37a-24e20408ceda ] Request (AdminActionsTest:_run_cleanups): 200 GET http://10.27.203.238/share/v2/a3499cb78849424db45e54caac01de92/snapshots/b3972da7-eb1f-4370-abf4-b7f9402afb30 0.039s
2024-05-28 12:58:08.246 98691 INFO tempest.lib.common.rest_client [req-8efa86ca-4497-4343-bfd3-8571f2c56e62 req-8efa86ca-4497-4343-bfd3-8571f2c56e62 ] Request (ResourceLockCRUTest:test_create_resource_lock): 201 POST http://10.27.203.238/identity/v3/auth/tokens 0.083s
2024-05-28 12:58:08.366 98691 INFO tempest.lib.common.rest_client [ req-ce24d7ae-55e9-4a27-9c2e-eb5c349f0141 ] Request (ResourceLockCRUTest:test_create_resource_lock): 200 POST http://10.27.203.238/share/v2/82840ccb77144a4aa2d0bdce807ce686/resource-locks 0.119s
2024-05-28 12:58:08.392 98695 INFO tempest.lib.common.rest_client [ req-6291e3f1-7b23-485f-a63c-e16ce5c691da ] Request (SharesMetadataTest:_run_cleanups): 200 GET http://10.27.203.238/share/v2/698d6c02a1cc4bf2b16302eb8a31bc26/shares/c485966a-3cd7-4de5-903f-4b379a6cb450 0.050s
2024-05-28 12:58:08.403 98693 INFO tempest.lib.common.rest_client [ req-75fa9c04-51ee-441f-b48c-45fd253a49a3 ] Request (AdminActionsTest:test_reset_snapshot_state): 202 POST http://10.27.203.238/share/v2/a3499cb78849424db45e54caac01de92/snapshots 0.220s
2024-05-28 12:58:08.441 98691 INFO tempest.lib.common.rest_client [ req-371a10d5-6c75-463e-9619-32980cc221d0 ] Request (ResourceLockCRUTest:test_create_resource_lock): 200 POST http://10.27.203.238/share/v2/6bcb84add5bc4d8cb675498201734b6d/resource-locks 0.074s
2024-05-28 12:58:08.448 98687 INFO tempest.lib.common.rest_client [ req-bd705bbc-9edc-478f-9ca8-50b6b54d601e ] Request (ShareIpRulesForNFSTest:test_create_delete_access_rule_with_cidr): 200 GET http://10.27.203.238/share/v2/776f75906bc64f8f9316d5aab4b50bf1/share-access-rules?share_id=1ddadc17-cf10-4a42-8bbd-8335fb3520a1 0.073s
2024-05-28 12:58:08.475 98691 INFO tempest.lib.common.rest_client [ req-c3c3d506-69ca-4038-8e85-aaa60b5d5199 ] Request (ResourceLockCRUTest:_run_cleanups): 204 DELETE http://10.27.203.238/share/v2/6bcb84add5bc4d8cb675498201734b6d/resource-locks/774de095-4624-404a-ba65-e86b52ba219a 0.033s
2024-05-28 12:58:08.478 98693 INFO tempest.lib.common.rest_client [ req-19080b16-781e-46e8-88cb-cf22fbe557c3 ] Request (AdminActionsTest:test_reset_snapshot_state): 200 GET http://10.27.203.238/share/v2/a3499cb78849424db45e54caac01de92/snapshots/61a994a9-64ae-4c8f-9475-6c6a0b8e910b 0.074s
2024-05-28 12:58:08.499 98691 INFO tempest.lib.common.rest_client [ req-f5cdc4c2-f6ed-43db-93d8-6c17f4dfaacd ] Request (ResourceLockCRUTest:_run_cleanups): 204 DELETE http://10.27.203.238/share/v2/82840ccb77144a4aa2d0bdce807ce686/resource-locks/e303af80-4c99-46cb-ad14-ee77a1dd96ef 0.024s
2024-05-28 12:58:08.513 98691 INFO tempest.lib.common.rest_client [ req-af1bc79d-fc20-4a89-bba3-fd867771d713 ] Request (ResourceLockCRUTest:test_get_resource_lock): 200 GET http://10.27.203.238/share/v2/82840ccb77144a4aa2d0bdce807ce686/resource-locks/87ef736f-2afb-4d32-9520-592130b1715a 0.012s
2024-05-28 12:58:08.528 98691 INFO tempest.lib.common.rest_client [ req-4113b921-90a3-4098-a232-c0c5baa57122 ] Request (ResourceLockCRUTest:test_list_resource_locks): 200 GET http://10.27.203.238/share/v2/82840ccb77144a4aa2d0bdce807ce686/resource-locks 0.013s
2024-05-28 12:58:08.697 98687 INFO tempest.lib.common.rest_client [ req-09e64b6a-6daa-4f52-9ebe-fca4517715d9 ] Request (ShareIpRulesForNFSTest:_run_cleanups): 202 POST http://10.27.203.238/share/v2/776f75906bc64f8f9316d5aab4b50bf1/shares/1ddadc17-cf10-4a42-8bbd-8335fb3520a1/action 0.247s
2024-05-28 12:58:08.726 98691 INFO tempest.lib.common.rest_client [ req-64aafb71-9d54-476b-bca7-bc167293b7b0 ] Request (ResourceLockCRUTest:test_list_resource_locks_filtered): 200 POST http://10.27.203.238/share/v2/82840ccb77144a4aa2d0bdce807ce686/shares 0.196s
2024-05-28 12:58:08.748 98687 INFO tempest.lib.common.rest_client [ req-5603d2e4-4d73-47e6-8ecf-393414e9ecc3 ] Request (ShareIpRulesForNFSTest:_run_cleanups): 200 GET http://10.27.203.238/share/v2/776f75906bc64f8f9316d5aab4b50bf1/share-access-rules?share_id=1ddadc17-cf10-4a42-8bbd-8335fb3520a1 0.050s
2024-05-28 12:58:08.760 98691 INFO tempest.lib.common.rest_client [ req-c9ee6852-b9db-4da1-b806-f307298df209 ] Request (ResourceLockCRUTest:test_list_resource_locks_filtered): 200 GET http://10.27.203.238/share/v2/82840ccb77144a4aa2d0bdce807ce686/shares/3f6b8420-fc46-47fc-b707-d08dfd01280f 0.032s
2024-05-28 12:58:10.911 98689 INFO tempest.lib.common.rest_client [ req-08759b57-9b21-47f4-87ce-1725a1d0e07d ] Request (SnapshotInstancesNegativeTest:tearDownClass): 200 GET http://10.27.203.238/share/v2/c9cc76ecb4e343a6a51bf36da01debf8/shares/59371a98-d4b3-4967-9846-4759c0b33bb2 0.031s
2024-05-28 12:58:11.423 98695 INFO tempest.lib.common.rest_client [ req-c052d77f-a9e1-4d42-88ed-642b0e885f54 ] Request (SharesMetadataTest:_run_cleanups): 200 GET http://10.27.203.238/share/v2/698d6c02a1cc4bf2b16302eb8a31bc26/shares/c485966a-3cd7-4de5-903f-4b379a6cb450 0.028s
2024-05-28 12:58:11.516 98693 INFO tempest.lib.common.rest_client [ req-883c8000-f356-43f9-a502-ef534f3317b1 ] Request (AdminActionsTest:test_reset_snapshot_state): 200 GET http://10.27.203.238/share/v2/a3499cb78849424db45e54caac01de92/snapshots/61a994a9-64ae-4c8f-9475-6c6a0b8e910b 0.037s
2024-05-28 12:58:11.785 98687 INFO tempest.lib.common.rest_client [ req-2028d9aa-dc39-4874-a530-a1a43ee4f2e1 ] Request (ShareIpRulesForNFSTest:_run_cleanups): 200 GET http://10.27.203.238/share/v2/776f75906bc64f8f9316d5aab4b50bf1/share-access-rules?share_id=1ddadc17-cf10-4a42-8bbd-8335fb3520a1 0.033s
2024-05-28 12:58:11.790 98691 INFO tempest.lib.common.rest_client [ req-8233f854-9095-4a64-8f38-7c19dabd4932 ] Request (ResourceLockCRUTest:test_list_resource_locks_filtered): 200 GET http://10.27.203.238/share/v2/82840ccb77144a4aa2d0bdce807ce686/shares/3f6b8420-fc46-47fc-b707-d08dfd01280f 0.027s
2024-05-28 12:58:11.897 98687 INFO tempest.lib.common.rest_client [ req-ebd8be77-6f2d-47fa-8553-c13b27a9dabe ] Request (ShareIpRulesForNFSTest:test_create_delete_access_rule_with_cidr): 200 POST http://10.27.203.238/share/v2/776f75906bc64f8f9316d5aab4b50bf1/shares/1ddadc17-cf10-4a42-8bbd-8335fb3520a1/action 0.111s
2024-05-28 12:58:11.945 98687 INFO tempest.lib.common.rest_client [ req-9881368a-34f8-45ba-96a3-c22600d2f9a2 ] Request (ShareIpRulesForNFSTest:test_create_delete_access_rule_with_cidr): 200 POST http://10.27.203.238/share/v2/776f75906bc64f8f9316d5aab4b50bf1/shares/1ddadc17-cf10-4a42-8bbd-8335fb3520a1/action 0.046s
2024-05-28 12:58:13.945 98689 INFO tempest.lib.common.rest_client [ req-1b9f2f8c-411c-480d-abf3-533ee4c46309 ] Request (SnapshotInstancesNegativeTest:tearDownClass): 200 GET http://10.27.203.238/share/v2/c9cc76ecb4e343a6a51bf36da01debf8/shares/59371a98-d4b3-4967-9846-4759c0b33bb2 0.029s
2024-05-28 12:58:14.464 98695 INFO tempest.lib.common.rest_client [ req-51f8266b-9418-47b2-b768-124c0dca758e ] Request (SharesMetadataTest:_run_cleanups): 200 GET http://10.27.203.238/share/v2/698d6c02a1cc4bf2b16302eb8a31bc26/shares/c485966a-3cd7-4de5-903f-4b379a6cb450 0.037s
2024-05-28 12:58:14.559 98693 INFO tempest.lib.common.rest_client [ req-24b271d6-9786-4346-8f2b-ad5cd05c7f53 ] Request (AdminActionsTest:test_reset_snapshot_state): 200 GET http://10.27.203.238/share/v2/a3499cb78849424db45e54caac01de92/snapshots/61a994a9-64ae-4c8f-9475-6c6a0b8e910b 0.039s
2024-05-28 12:58:14.662 98693 INFO tempest.lib.common.rest_client [ req-f14443d2-1a07-4723-a9ee-e3026e94da00 ] Request (AdminActionsTest:test_reset_snapshot_state): 202 POST http://10.27.203.238/share/v2/a3499cb78849424db45e54caac01de92/snapshots/61a994a9-64ae-4c8f-9475-6c6a0b8e910b/action 0.102s
2024-05-28 12:58:14.709 98693 INFO tempest.lib.common.rest_client [ req-13e8971a-b004-452c-890c-9fb60c8ea518 ] Request (AdminActionsTest:test_reset_snapshot_state): 200 GET http://10.27.203.238/share/v2/a3499cb78849424db45e54caac01de92/snapshots/61a994a9-64ae-4c8f-9475-6c6a0b8e910b 0.046s
2024-05-28 12:58:14.818 98693 INFO tempest.lib.common.rest_client [ req-1d83defc-8f3a-41ac-af01-f638662c1444 ] Request (AdminActionsTest:_run_cleanups): 202 POST http://10.27.203.238/share/v2/a3499cb78849424db45e54caac01de92/snapshots/61a994a9-64ae-4c8f-9475-6c6a0b8e910b/action 0.109s
2024-05-28 12:58:14.822 98691 INFO tempest.lib.common.rest_client [ req-27a30ccf-61ca-49ac-997b-3c3cfe7f0285 ] Request (ResourceLockCRUTest:test_list_resource_locks_filtered): 200 GET http://10.27.203.238/share/v2/82840ccb77144a4aa2d0bdce807ce686/shares/3f6b8420-fc46-47fc-b707-d08dfd01280f 0.030s
2024-05-28 12:58:14.865 98691 INFO tempest.lib.common.rest_client [ req-7ef25264-edb1-437e-95f6-9de580d263f4 ] Request (ResourceLockCRUTest:test_list_resource_locks_filtered): 200 POST http://10.27.203.238/share/v2/82840ccb77144a4aa2d0bdce807ce686/resource-locks 0.043s
2024-05-28 12:58:14.872 98693 INFO tempest.lib.common.rest_client [ req-35ac5d5c-ab40-455d-a00b-d13154c597bc ] Request (AdminActionsTest:_run_cleanups): 200 GET http://10.27.203.238/share/v2/a3499cb78849424db45e54caac01de92/snapshots/61a994a9-64ae-4c8f-9475-6c6a0b8e910b 0.053s
2024-05-28 12:58:14.901 98691 INFO tempest.lib.common.rest_client [ req-4040e88f-4bd4-442b-9f51-700d4581d2ad ] Request (ResourceLockCRUTest:test_list_resource_locks_filtered): 200 POST http://10.27.203.238/share/v2/82840ccb77144a4aa2d0bdce807ce686/resource-locks 0.035s
2024-05-28 12:58:14.916 98691 INFO tempest.lib.common.rest_client [ req-3a6ccd0a-67d8-4bba-8480-7c1830aadf48 ] Request (ResourceLockCRUTest:test_list_resource_locks_filtered): 200 GET http://10.27.203.238/share/v2/82840ccb77144a4aa2d0bdce807ce686/resource-locks?resource_type=share 0.015s
2024-05-28 12:58:14.930 98691 INFO tempest.lib.common.rest_client [ req-8735eca3-8d04-46b1-8af8-3deac8461303 ] Request (ResourceLockCRUTest:test_list_resource_locks_filtered): 200 GET http://10.27.203.238/share/v2/82840ccb77144a4aa2d0bdce807ce686/resource-locks?resource_id=071c2e61-b4b6-48bf-a1f2-c20b233560ed 0.013s
2024-05-28 12:58:14.946 98691 INFO tempest.lib.common.rest_client [ req-7014935d-b1d2-4940-85f8-d6ae74d63aed ] Request (ResourceLockCRUTest:test_list_resource_locks_filtered): 200 GET http://10.27.203.238/share/v2/82840ccb77144a4aa2d0bdce807ce686/resource-locks?lock_reason~=clemson 0.015s
2024-05-28 12:58:14.986 98687 INFO tempest.lib.common.rest_client [ req-aec9508f-fcdf-429a-86f7-26d7e1df0b88 ] Request (ShareIpRulesForNFSTest:test_create_delete_access_rule_with_cidr): 200 POST http://10.27.203.238/share/v2/776f75906bc64f8f9316d5aab4b50bf1/shares/1ddadc17-cf10-4a42-8bbd-8335fb3520a1/action 0.039s
2024-05-28 12:58:14.998 98691 INFO tempest.lib.common.rest_client [ req-746a09ef-4a2f-49c6-8777-6a1612af224b ] Request (ResourceLockCRUTest:test_list_resource_locks_filtered): 200 GET http://10.27.203.238/share/v2/82840ccb77144a4aa2d0bdce807ce686/resource-locks?created_since=2024-05-28+12%3A58%3A06.998500 0.050s
2024-05-28 12:58:15.059 98693 INFO tempest.lib.common.rest_client [ req-957b621e-5200-4efb-82a9-ec05e4454fd7 ] Request (AdminActionsTest:test_reset_snapshot_state): 202 POST http://10.27.203.238/share/v2/a3499cb78849424db45e54caac01de92/snapshots 0.185s
2024-05-28 12:58:15.071 98691 INFO tempest.lib.common.rest_client [ req-d09944ce-ad14-458d-869d-1f629c258a23 ] Request (ResourceLockCRUTest:test_list_resource_locks_filtered): 200 GET http://10.27.203.238/share/v2/82840ccb77144a4aa2d0bdce807ce686/resource-locks?created_since=2024-05-28+12%3A58%3A06.998500&created_before=2024-05-28+12%3A58%3A14.892018 0.072s
2024-05-28 12:58:15.111 98693 INFO tempest.lib.common.rest_client [ req-878725c6-daa1-4a96-8b52-c83d03a8d1d1 ] Request (AdminActionsTest:test_reset_snapshot_state): 200 GET http://10.27.203.238/share/v2/a3499cb78849424db45e54caac01de92/snapshots/6ddf5f7a-7bad-4eea-9e2e-64307270ec88 0.051s
2024-05-28 12:58:15.155 98691 INFO tempest.lib.common.rest_client [ req-925d0393-1dd5-4525-8a1a-30c8d2091941 ] Request (ResourceLockCRUTest:_run_cleanups): 204 DELETE http://10.27.203.238/share/v2/82840ccb77144a4aa2d0bdce807ce686/resource-locks/c7fe711e-83e8-4175-bee3-96c48ff07008 0.082s
2024-05-28 12:58:15.179 98691 INFO tempest.lib.common.rest_client [ req-d2dc9697-8989-4851-9280-97b6ff8304b6 ] Request (ResourceLockCRUTest:_run_cleanups): 204 DELETE http://10.27.203.238/share/v2/82840ccb77144a4aa2d0bdce807ce686/resource-locks/3f4aabb4-a7d9-4c2b-985c-bcbdbe8034d6 0.024s
2024-05-28 12:58:15.186 98687 INFO tempest.lib.common.rest_client [ req-fc7786ae-8cb0-4e33-a1fe-ca532efa61e3 ] Request (ShareIpRulesForNFSTest:_run_cleanups): 202 POST http://10.27.203.238/share/v2/776f75906bc64f8f9316d5aab4b50bf1/shares/1ddadc17-cf10-4a42-8bbd-8335fb3520a1/action 0.199s
2024-05-28 12:58:15.231 98691 INFO tempest.lib.common.rest_client [ req-e1af55c5-efc4-4128-9cfb-e51372600e74 ] Request (ResourceLockCRUTest:test_list_resource_locks_sorted_and_paginated): 200 POST http://10.27.203.238/share/v2/82840ccb77144a4aa2d0bdce807ce686/resource-locks 0.051s
2024-05-28 12:58:15.244 98687 INFO tempest.lib.common.rest_client [ req-582e52e2-dd27-4936-b41a-c57c69600c9b ] Request (ShareIpRulesForNFSTest:_run_cleanups): 200 GET http://10.27.203.238/share/v2/776f75906bc64f8f9316d5aab4b50bf1/share-access-rules?share_id=1ddadc17-cf10-4a42-8bbd-8335fb3520a1 0.058s
2024-05-28 12:58:15.278 98691 INFO tempest.lib.common.rest_client [ req-9bc85dcf-bea4-4c68-8454-fa2e61fe017f ] Request (ResourceLockCRUTest:test_list_resource_locks_sorted_and_paginated): 200 POST http://10.27.203.238/share/v2/82840ccb77144a4aa2d0bdce807ce686/resource-locks 0.046s
2024-05-28 12:58:15.294 98691 INFO tempest.lib.common.rest_client [ req-fc1b6229-9d9a-48f1-881c-cbb6a0ed7d7b ] Request (ResourceLockCRUTest:test_list_resource_locks_sorted_and_paginated): 200 GET http://10.27.203.238/share/v2/82840ccb77144a4aa2d0bdce807ce686/resource-locks?sort_key=created_at&sort_dir=asc&limit=2 0.015s
2024-05-28 12:58:15.319 98691 INFO tempest.lib.common.rest_client [ req-4def5fef-8390-4806-b69e-7dac07bc3cbe ] Request (ResourceLockCRUTest:_run_cleanups): 204 DELETE http://10.27.203.238/share/v2/82840ccb77144a4aa2d0bdce807ce686/resource-locks/17e9c957-3448-4102-be6b-b75b459cf6c3 0.024s
2024-05-28 12:58:15.345 98691 INFO tempest.lib.common.rest_client [ req-fbcdff72-c555-419b-a099-896e01c0653b ] Request (ResourceLockCRUTest:_run_cleanups): 204 DELETE http://10.27.203.238/share/v2/82840ccb77144a4aa2d0bdce807ce686/resource-locks/5854762c-6c57-47f0-954e-edec81ae1f44 0.025s
2024-05-28 12:58:15.376 98691 INFO tempest.lib.common.rest_client [ req-3b62a7cb-9b92-4cd4-aecb-e07e96baafe6 ] Request (ResourceLockCRUTest:test_update_resource_lock): 200 PUT http://10.27.203.238/share/v2/82840ccb77144a4aa2d0bdce807ce686/resource-locks/87ef736f-2afb-4d32-9520-592130b1715a 0.029s
2024-05-28 12:58:15.389 98691 INFO tempest.lib.common.rest_client [ req-852d5e78-9f75-41d9-a4b0-43476ab90028 ] Request (ResourceLockCRUTest:test_update_resource_lock): 200 GET http://10.27.203.238/share/v2/82840ccb77144a4aa2d0bdce807ce686/resource-locks/87ef736f-2afb-4d32-9520-592130b1715a 0.013s
2024-05-28 12:58:15.458 98691 INFO tempest.lib.common.rest_client [req-e69096ef-3f8a-48d8-b7e8-fd40824e4206 req-e69096ef-3f8a-48d8-b7e8-fd40824e4206 ] Request (ResourceLockCRUTest:tearDownClass): 404 DELETE http://10.27.203.238/identity/v3/users/14783f4fbce14880b4db4a628827607e 0.067s
2024-05-28 12:58:15.459 98691 ERROR manila_tempest_tests.tests.api.base [-] Suppressed cleanup error in Manila: Traceback (most recent call last): File "/opt/stack/manila-tempest-plugin/manila_tempest_tests/tests/api/base.py", line 1272, in clear_project_users cls.os_admin.creds_client.delete_user(user['id'])
File "/opt/stack/tempest/tempest/lib/common/cred_client.py", line 55, in delete_user self.users_client.delete_user(user_id)
File "/opt/stack/tempest/tempest/lib/services/identity/v3/users_client.py", line 104, in delete_user resp, body = self.delete("users/%s" % user_id)
File "/opt/stack/tempest/tempest/lib/common/rest_client.py", line 357, in delete return self.request('DELETE', url, extra_headers, headers, body)
File "/opt/stack/tempest/tempest/lib/common/rest_client.py", line 760, in request self._error_checker(resp, resp_body)
File "/opt/stack/tempest/tempest/lib/common/rest_client.py", line 870, in _error_checker raise exceptions.NotFound(resp_body, resp=resp) tempest.lib.exceptions.NotFound: Object not found Details: {'code': 404, 'message': 'Could not find user: 14783f4fbce14880b4db4a628827607e.', 'title': 'Not Found'} : tempest.lib.exceptions.NotFound: Object not found
2024-05-28 12:58:15.487 98691 INFO tempest.lib.common.rest_client [req-42f09383-0213-4847-ab96-cf141b110a6b req-42f09383-0213-4847-ab96-cf141b110a6b ] Request (ResourceLockCRUTest:tearDownClass): 404 DELETE http://10.27.203.238/identity/v3/users/9eca355145fd413390b5efe7a0d95465 0.028s
2024-05-28 12:58:15.488 98691 ERROR manila_tempest_tests.tests.api.base [-] Suppressed cleanup error in Manila: Traceback (most recent call last): File "/opt/stack/manila-tempest-plugin/manila_tempest_tests/tests/api/base.py", line 1272, in clear_project_users cls.os_admin.creds_client.delete_user(user['id'])
File "/opt/stack/tempest/tempest/lib/common/cred_client.py", line 55, in delete_user self.users_client.delete_user(user_id)
File "/opt/stack/tempest/tempest/lib/services/identity/v3/users_client.py", line 104, in delete_user resp, body = self.delete("users/%s" % user_id)
File "/opt/stack/tempest/tempest/lib/common/rest_client.py", line 357, in delete return self.request('DELETE', url, extra_headers, headers, body)
File "/opt/stack/tempest/tempest/lib/common/rest_client.py", line 760, in request self._error_checker(resp, resp_body)
File "/opt/stack/tempest/tempest/lib/common/rest_client.py", line 870, in _error_checker raise exceptions.NotFound(resp_body, resp=resp) tempest.lib.exceptions.NotFound: Object not found Details: {'code': 404, 'message': 'Could not find user: 9eca355145fd413390b5efe7a0d95465.', 'title': 'Not Found'} : tempest.lib.exceptions.NotFound: Object not found
2024-05-28 12:58:15.578 98691 INFO tempest.lib.common.rest_client [req-d2678019-a6de-48e0-95ac-6ba28fd60811 req-d2678019-a6de-48e0-95ac-6ba28fd60811 ] Request (ResourceLockCRUTest:tearDownClass): 204 DELETE http://10.27.203.238/identity/v3/users/91ab54ee09854b549923fb7671247f5c 0.090s
2024-05-28 12:58:15.724 98691 INFO tempest.lib.common.rest_client [req-60fab27c-dd61-4ad8-9cce-c2e6ce19eb16 req-60fab27c-dd61-4ad8-9cce-c2e6ce19eb16 ] Request (ResourceLockCRUTest:tearDownClass): 204 DELETE http://10.27.203.238/identity/v3/users/2889a927897c49bd92a0d1cfdf27e7f5 0.145s
2024-05-28 12:58:15.742 98691 INFO tempest.lib.common.rest_client [ req-e3c020b4-eead-4de1-a3f4-a86ce727b603 ] Request (ResourceLockCRUTest:tearDownClass): 200 GET http://10.27.203.238/share/v2/82840ccb77144a4aa2d0bdce807ce686/share-replicas/detail?share_id=3f6b8420-fc46-47fc-b707-d08dfd01280f 0.017s
2024-05-28 12:58:15.876 98691 INFO tempest.lib.common.rest_client [ req-e4d1993b-6bf2-4567-84a9-36aee9246ffa ] Request (ResourceLockCRUTest:tearDownClass): 202 DELETE http://10.27.203.238/share/v2/82840ccb77144a4aa2d0bdce807ce686/shares/3f6b8420-fc46-47fc-b707-d08dfd01280f 0.133s
2024-05-28 12:58:15.903 98691 INFO tempest.lib.common.rest_client [ req-279f5299-c346-4c2e-9b8d-1f831756b5ae ] Request (ResourceLockCRUTest:tearDownClass): 200 GET http://10.27.203.238/share/v2/82840ccb77144a4aa2d0bdce807ce686/shares/3f6b8420-fc46-47fc-b707-d08dfd01280f 0.027s
2024-05-28 12:58:16.962 98689 INFO tempest.lib.common.rest_client [ req-e840db5b-a372-4322-a9f5-08c4c7cb058a ] Request (SnapshotInstancesNegativeTest:tearDownClass): 404 GET http://10.27.203.238/share/v2/c9cc76ecb4e343a6a51bf36da01debf8/shares/59371a98-d4b3-4967-9846-4759c0b33bb2 0.014s
2024-05-28 12:58:17.009 98689 INFO tempest.lib.common.rest_client [ req-6554fa03-3009-4dce-a080-2ab2825102a7 ] Request (SnapshotInstancesNegativeTest:tearDownClass): 202 DELETE http://10.27.203.238/share/v2/c9cc76ecb4e343a6a51bf36da01debf8/types/a7fa0024-941d-4278-af42-a90075e4eab8 0.047s
2024-05-28 12:58:17.023 98689 INFO tempest.lib.common.rest_client [ req-93d1236e-66e3-4964-98b2-dc9656ab56cb ] Request (SnapshotInstancesNegativeTest:tearDownClass): 404 GET http://10.27.203.238/share/v2/c9cc76ecb4e343a6a51bf36da01debf8/types/a7fa0024-941d-4278-af42-a90075e4eab8 0.013s
2024-05-28 12:58:17.155 98689 INFO tempest.lib.common.rest_client [req-9d816067-c26f-4aaa-a513-0b89681658b2 req-9d816067-c26f-4aaa-a513-0b89681658b2 ] Request (SnapshotInstancesNegativeTest:tearDownClass): 204 DELETE http://10.27.203.238/identity/v3/users/f3cb6c53a51049ff8cbf29dc9067534a 0.132s
2024-05-28 12:58:17.274 98689 INFO tempest.lib.common.rest_client [req-38ac3b26-4827-4440-a3df-8a0a0782d546 req-38ac3b26-4827-4440-a3df-8a0a0782d546 ] Request (SnapshotInstancesNegativeTest:tearDownClass): 204 DELETE http://10.27.203.238/identity/v3/users/2bcd797659f0461f9b2ee5e5258371fa 0.118s
2024-05-28 12:58:17.385 98689 INFO tempest.lib.common.rest_client [req-3ad637c6-0227-43df-9fa8-7a7b0680e3dc req-3ad637c6-0227-43df-9fa8-7a7b0680e3dc ] Request (SnapshotInstancesNegativeTest:tearDownClass): 204 DELETE http://10.27.203.238/identity/v3/users/0b4f232c985e4c7eafeef302f4eaa647 0.110s
2024-05-28 12:58:17.385 98689 INFO tempest.lib.common.dynamic_creds [-] Deleting project and security group for project: c9cc76ecb4e343a6a51bf36da01debf8
2024-05-28 12:58:17.431 98689 INFO tempest.lib.common.rest_client [req-1918d16a-bd2a-467d-8034-ac8d321d3023 req-1918d16a-bd2a-467d-8034-ac8d321d3023 ] Request (SnapshotInstancesNegativeTest:tearDownClass): 201 POST http://10.27.203.238/identity/v3/auth/tokens 0.045s
2024-05-28 12:58:17.481 98695 INFO tempest.lib.common.rest_client [ req-d68586f6-f1a9-4dd1-b43b-c846f6b6d6d6 ] Request (SharesMetadataTest:_run_cleanups): 404 GET http://10.27.203.238/share/v2/698d6c02a1cc4bf2b16302eb8a31bc26/shares/c485966a-3cd7-4de5-903f-4b379a6cb450 0.014s
2024-05-28 12:58:17.504 98689 INFO tempest.lib.common.rest_client [req-c63af433-09da-4dbb-a037-70f7ca2c033d req-c63af433-09da-4dbb-a037-70f7ca2c033d ] Request (SnapshotInstancesNegativeTest:tearDownClass): 200 GET http://10.27.203.238:9696/networking/v2.0/security-groups?tenant_id=c9cc76ecb4e343a6a51bf36da01debf8&name=default 0.072s
2024-05-28 12:58:17.666 98695 INFO tempest.lib.common.rest_client [ req-d26fdd02-decd-405f-8c00-5f1d70a43412 ] Request (SharesMetadataTest:test_set_metadata_key_already_exist): 200 POST http://10.27.203.238/share/v2/698d6c02a1cc4bf2b16302eb8a31bc26/shares 0.182s
2024-05-28 12:58:17.692 98695 INFO tempest.lib.common.rest_client [ req-15dda4fb-d6ff-4669-800c-6cd8d3c51859 ] Request (SharesMetadataTest:test_set_metadata_key_already_exist): 200 GET http://10.27.203.238/share/v2/698d6c02a1cc4bf2b16302eb8a31bc26/shares/dacdb3b4-4336-45fd-b002-1a5aa6ad9957 0.025s
2024-05-28 12:58:17.719 98689 INFO tempest.lib.common.rest_client [req-80d4963a-7f96-419e-bd4b-ade524120faa req-80d4963a-7f96-419e-bd4b-ade524120faa ] Request (SnapshotInstancesNegativeTest:tearDownClass): 204 DELETE http://10.27.203.238/identity/v3/projects/c9cc76ecb4e343a6a51bf36da01debf8 0.215s
2024-05-28 12:58:17.720 98689 INFO tempest.lib.common.dynamic_creds [-] Deleting project and security group for project: 744044ad65fb482da4d2ebaa13a84bf8
2024-05-28 12:58:17.731 98689 INFO tempest.lib.common.rest_client [req-27179868-893d-45d5-a98b-aaacc64bc695 req-27179868-893d-45d5-a98b-aaacc64bc695 ] Request (SnapshotInstancesNegativeTest:tearDownClass): 200 GET http://10.27.203.238:9696/networking/v2.0/security-groups?tenant_id=744044ad65fb482da4d2ebaa13a84bf8&name=default 0.011s
2024-05-28 12:58:17.845 98689 INFO tempest.lib.common.rest_client [req-c13da0e8-d083-4097-aee5-2e378fcf5cf9 req-c13da0e8-d083-4097-aee5-2e378fcf5cf9 ] Request (SnapshotInstancesNegativeTest:tearDownClass): 204 DELETE http://10.27.203.238/identity/v3/projects/744044ad65fb482da4d2ebaa13a84bf8 0.113s
2024-05-28 12:58:17.845 98689 INFO tempest.lib.common.dynamic_creds [-] Deleting project and security group for project: ed0a0bf2490645089c21203bbbe1c291
2024-05-28 12:58:17.857 98689 INFO tempest.lib.common.rest_client [req-1d484d14-8e61-454b-a904-701c600cc3f6 req-1d484d14-8e61-454b-a904-701c600cc3f6 ] Request (SnapshotInstancesNegativeTest:tearDownClass): 200 GET http://10.27.203.238:9696/networking/v2.0/security-groups?tenant_id=ed0a0bf2490645089c21203bbbe1c291&name=default 0.011s
2024-05-28 12:58:17.964 98689 INFO tempest.lib.common.rest_client [req-50048bb7-80e4-4f50-9572-9ec9bd76ed78 req-50048bb7-80e4-4f50-9572-9ec9bd76ed78 ] Request (SnapshotInstancesNegativeTest:tearDownClass): 204 DELETE http://10.27.203.238/identity/v3/projects/ed0a0bf2490645089c21203bbbe1c291 0.107s
2024-05-28 12:58:17.965 98689 INFO tempest.test [-] raised in ManageGLUSTERFSSnapshotTest.setUpClass. Invoking tearDownClass.
2024-05-28 12:58:17.989 98689 INFO tempest.lib.common.rest_client [req-ec2c9074-b576-43f4-ac6f-199212218a2a req-ec2c9074-b576-43f4-ac6f-199212218a2a ] Request (ManageNFSSnapshotNegativeTest:setUpClass): 201 POST http://10.27.203.238/identity/v3/auth/tokens 0.022s
2024-05-28 12:58:18.042 98689 INFO tempest.lib.common.rest_client [req-50b77960-f0b0-4d0e-8373-8c8cb70524fb req-50b77960-f0b0-4d0e-8373-8c8cb70524fb ] Request (ManageNFSSnapshotNegativeTest:setUpClass): 201 POST http://10.27.203.238/identity/v3/auth/tokens 0.049s
2024-05-28 12:58:18.070 98689 INFO tempest.lib.common.rest_client [req-e53f808c-519b-4d25-a491-5cfe243c22cb req-e53f808c-519b-4d25-a491-5cfe243c22cb ] Request (ManageNFSSnapshotNegativeTest:setUpClass): 200 GET http://10.27.203.238/identity/v3/domains?name=Default 0.028s
2024-05-28 12:58:18.115 98689 INFO tempest.lib.common.rest_client [req-599b37f8-6cd4-4627-9271-5db63945fcac req-599b37f8-6cd4-4627-9271-5db63945fcac ] Request (ManageNFSSnapshotNegativeTest:setUpClass): 201 POST http://10.27.203.238/identity/v3/projects 0.044s
2024-05-28 12:58:18.153 98693 INFO tempest.lib.common.rest_client [ req-e58b8d2c-8147-48ea-b285-2a241aea3840 ] Request (AdminActionsTest:test_reset_snapshot_state): 200 GET http://10.27.203.238/share/v2/a3499cb78849424db45e54caac01de92/snapshots/6ddf5f7a-7bad-4eea-9e2e-64307270ec88 0.038s
2024-05-28 12:58:18.179 98689 INFO tempest.lib.common.rest_client [req-c8a3d5ae-38e2-40f1-9fcd-c29623b2d6e8 req-c8a3d5ae-38e2-40f1-9fcd-c29623b2d6e8 ] Request (ManageNFSSnapshotNegativeTest:setUpClass): 201 POST http://10.27.203.238/identity/v3/users 0.062s
2024-05-28 12:58:18.200 98689 INFO tempest.lib.common.rest_client [req-7febd60c-1c8f-4a77-ab9a-485b9439c205 req-7febd60c-1c8f-4a77-ab9a-485b9439c205 ] Request (ManageNFSSnapshotNegativeTest:setUpClass): 200 GET http://10.27.203.238/identity/v3/roles 0.021s
2024-05-28 12:58:18.231 98693 INFO tempest.lib.common.rest_client [ req-b7d72aa4-b758-40d2-81c2-2ae0eec1ea9a ] Request (AdminActionsTest:test_reset_snapshot_state): 202 POST http://10.27.203.238/share/v2/a3499cb78849424db45e54caac01de92/snapshots/6ddf5f7a-7bad-4eea-9e2e-64307270ec88/action 0.077s
2024-05-28 12:58:18.267 98689 INFO tempest.lib.common.rest_client [req-a3d2e662-c714-4a79-a501-6ac2c6b0ec6e req-a3d2e662-c714-4a79-a501-6ac2c6b0ec6e ] Request (ManageNFSSnapshotNegativeTest:setUpClass): 204 PUT http://10.27.203.238/identity/v3/projects/0a0f51e7150545b9a25bf6f47942ebc7/users/9e23f6715857452e892241c9927d5510/roles/e7989893488f483baa107be56668c4f8 0.066s
2024-05-28 12:58:18.269 98693 INFO tempest.lib.common.rest_client [ req-5b7f6ad6-8da9-4c6c-9f29-e2b3ccb51bd8 ] Request (AdminActionsTest:test_reset_snapshot_state): 200 GET http://10.27.203.238/share/v2/a3499cb78849424db45e54caac01de92/snapshots/6ddf5f7a-7bad-4eea-9e2e-64307270ec88 0.038s
2024-05-28 12:58:18.278 98687 INFO tempest.lib.common.rest_client [ req-26a3750b-2308-482c-bf4c-aa3ab03c9e58 ] Request (ShareIpRulesForNFSTest:_run_cleanups): 200 GET http://10.27.203.238/share/v2/776f75906bc64f8f9316d5aab4b50bf1/share-access-rules?share_id=1ddadc17-cf10-4a42-8bbd-8335fb3520a1 0.031s
2024-05-28 12:58:18.319 98689 INFO tempest.lib.common.rest_client [req-bb5a6960-7a9c-4270-a125-6c5827cbb35b req-bb5a6960-7a9c-4270-a125-6c5827cbb35b ] Request (ManageNFSSnapshotNegativeTest:setUpClass): 200 GET http://10.27.203.238/identity/v3/roles 0.051s
2024-05-28 12:58:18.350 98689 INFO tempest.lib.common.rest_client [req-6dc9c7ec-078d-41af-b4d9-238d2876571b req-6dc9c7ec-078d-41af-b4d9-238d2876571b ] Request (ManageNFSSnapshotNegativeTest:setUpClass): 204 PUT http://10.27.203.238/identity/v3/projects/0a0f51e7150545b9a25bf6f47942ebc7/users/9e23f6715857452e892241c9927d5510/roles/e7989893488f483baa107be56668c4f8 0.031s
2024-05-28 12:58:18.350 98689 INFO tempest.lib.common.dynamic_creds [-] Dynamic test user 9e23f6715857452e892241c9927d5510 is created with scope project and roles: ['admin']
2024-05-28 12:58:18.350 98693 INFO tempest.lib.common.rest_client [ req-659d4eab-4126-4a1b-bcb4-951900e5a27e ] Request (AdminActionsTest:_run_cleanups): 202 POST http://10.27.203.238/share/v2/a3499cb78849424db45e54caac01de92/snapshots/6ddf5f7a-7bad-4eea-9e2e-64307270ec88/action 0.081s
2024-05-28 12:58:18.351 98689 INFO tempest.lib.common.dynamic_creds [-] Acquired dynamic creds: credentials: Credentials: {'domain_id': 'default', 'domain_name': 'Default', 'username': 'tempest-ManageNFSSnapshotNegativeTest-1208210370-project-admin', 'project_domain_id': 'default', 'project_domain_name': 'Default', 'project_id': '0a0f51e7150545b9a25bf6f47942ebc7', 'project_name': 'tempest-ManageNFSSnapshotNegativeTest-1208210370', 'tenant_id': '0a0f51e7150545b9a25bf6f47942ebc7', 'tenant_name': 'tempest-ManageNFSSnapshotNegativeTest-1208210370', 'user_domain_id': 'default', 'user_domain_name': 'Default', 'user_id': '9e23f6715857452e892241c9927d5510', 'system': None}, Network: None, Subnet: None, Router: None
2024-05-28 12:58:18.351 98689 INFO tempest.lib.common.dynamic_creds [-] Created isolated network resources for: credentials: Credentials: {'domain_id': 'default', 'domain_name': 'Default', 'username': 'tempest-ManageNFSSnapshotNegativeTest-1208210370-project-admin', 'project_domain_id': 'default', 'project_domain_name': 'Default', 'project_id': '0a0f51e7150545b9a25bf6f47942ebc7', 'project_name': 'tempest-ManageNFSSnapshotNegativeTest-1208210370', 'tenant_id': '0a0f51e7150545b9a25bf6f47942ebc7', 'tenant_name': 'tempest-ManageNFSSnapshotNegativeTest-1208210370', 'user_domain_id': 'default', 'user_domain_name': 'Default', 'user_id': '9e23f6715857452e892241c9927d5510', 'system': None}, Network: None, Subnet: None, Router: None
2024-05-28 12:58:18.390 98693 INFO tempest.lib.common.rest_client [ req-26824cfa-82dd-467b-a13b-9d324c9af104 ] Request (AdminActionsTest:_run_cleanups): 200 GET http://10.27.203.238/share/v2/a3499cb78849424db45e54caac01de92/snapshots/6ddf5f7a-7bad-4eea-9e2e-64307270ec88 0.039s
2024-05-28 12:58:18.394 98687 INFO tempest.lib.common.rest_client [ req-b0acc4f8-c2b5-4700-8fb1-ecf04149d275 ] Request (ShareIpRulesForNFSTest:test_create_delete_access_rule_with_cidr): 200 POST http://10.27.203.238/share/v2/776f75906bc64f8f9316d5aab4b50bf1/shares/1ddadc17-cf10-4a42-8bbd-8335fb3520a1/action 0.113s
2024-05-28 12:58:18.436 98689 INFO tempest.lib.common.rest_client [req-ec5f05d1-6918-46e9-9233-a80a8fdc282c req-ec5f05d1-6918-46e9-9233-a80a8fdc282c ] Request (ManageNFSSnapshotNegativeTest:setUpClass): 201 POST http://10.27.203.238/identity/v3/auth/tokens 0.083s
2024-05-28 12:58:18.436 98689 INFO tempest.test [-] raised in ManageNFSSnapshotNegativeTest.setUpClass. Invoking tearDownClass.
2024-05-28 12:58:18.441 98687 INFO tempest.lib.common.rest_client [ req-c55d25a7-e7f3-4164-8897-49edfc5aa812 ] Request (ShareIpRulesForNFSTest:test_create_delete_access_rule_with_cidr): 200 GET http://10.27.203.238/share/v2/776f75906bc64f8f9316d5aab4b50bf1/share-access-rules?share_id=1ddadc17-cf10-4a42-8bbd-8335fb3520a1 0.047s
2024-05-28 12:58:18.573 98693 INFO tempest.lib.common.rest_client [ req-bf30714a-ad04-4dc9-bf7b-6788b02e4540 ] Request (AdminActionsTest:test_reset_snapshot_state): 202 POST http://10.27.203.238/share/v2/a3499cb78849424db45e54caac01de92/snapshots 0.181s
2024-05-28 12:58:18.594 98689 INFO tempest.lib.common.rest_client [req-19c69a22-7665-4587-ab3d-1473f00c296c req-19c69a22-7665-4587-ab3d-1473f00c296c ] Request (ManageNFSSnapshotNegativeTest:tearDownClass): 204 DELETE http://10.27.203.238/identity/v3/users/9e23f6715857452e892241c9927d5510 0.157s
2024-05-28 12:58:18.594 98689 INFO tempest.lib.common.dynamic_creds [-] Deleting project and security group for project: 0a0f51e7150545b9a25bf6f47942ebc7
2024-05-28 12:58:18.611 98693 INFO tempest.lib.common.rest_client [ req-f9db7b69-0d63-491e-9afc-0e0f55b820cd ] Request (AdminActionsTest:test_reset_snapshot_state): 200 GET http://10.27.203.238/share/v2/a3499cb78849424db45e54caac01de92/snapshots/7f8e9058-4b96-4983-9bc5-b81989653aee 0.037s
2024-05-28 12:58:18.642 98689 INFO tempest.lib.common.rest_client [req-8228762e-d5f8-42c8-91e8-48f49ca2829c req-8228762e-d5f8-42c8-91e8-48f49ca2829c ] Request (ManageNFSSnapshotNegativeTest:tearDownClass): 201 POST http://10.27.203.238/identity/v3/auth/tokens 0.047s
2024-05-28 12:58:18.717 98689 INFO tempest.lib.common.rest_client [req-868660a7-15a0-4674-9809-012b3f025b04 req-868660a7-15a0-4674-9809-012b3f025b04 ] Request (ManageNFSSnapshotNegativeTest:tearDownClass): 200 GET http://10.27.203.238:9696/networking/v2.0/security-groups?tenant_id=0a0f51e7150545b9a25bf6f47942ebc7&name=default 0.075s
2024-05-28 12:58:18.799 98689 INFO tempest.lib.common.rest_client [req-a59a30bd-3ec5-47c6-8744-2751f6d3276e req-a59a30bd-3ec5-47c6-8744-2751f6d3276e ] Request (ManageNFSSnapshotNegativeTest:tearDownClass): 204 DELETE http://10.27.203.238/identity/v3/projects/0a0f51e7150545b9a25bf6f47942ebc7 0.081s
2024-05-28 12:58:18.824 98689 INFO tempest.lib.common.rest_client [req-048b159b-cbb1-4dae-b4c0-c3e9bb12ed12 req-048b159b-cbb1-4dae-b4c0-c3e9bb12ed12 ] Request (ShareLimitsTest:setUpClass): 201 POST http://10.27.203.238/identity/v3/auth/tokens 0.022s
2024-05-28 12:58:18.872 98689 INFO tempest.lib.common.rest_client [req-0513d46d-a9e6-45fa-b269-9fbf9ff61d89 req-0513d46d-a9e6-45fa-b269-9fbf9ff61d89 ] Request (ShareLimitsTest:setUpClass): 201 POST http://10.27.203.238/identity/v3/auth/tokens 0.044s
2024-05-28 12:58:18.898 98689 INFO tempest.lib.common.rest_client [req-c67e620d-7352-4383-98dd-9c4fd06640f8 req-c67e620d-7352-4383-98dd-9c4fd06640f8 ] Request (ShareLimitsTest:setUpClass): 200 GET http://10.27.203.238/identity/v3/domains?name=Default 0.025s
2024-05-28 12:58:18.935 98689 INFO tempest.lib.common.rest_client [req-a4d9da0d-6f66-48e6-b302-0afa4c5e4c8f req-a4d9da0d-6f66-48e6-b302-0afa4c5e4c8f ] Request (ShareLimitsTest:setUpClass): 201 POST http://10.27.203.238/identity/v3/projects 0.036s
2024-05-28 12:58:18.936 98691 INFO tempest.lib.common.rest_client [ req-187e5171-1f29-4db9-98cb-3460f512c9b4 ] Request (ResourceLockCRUTest:tearDownClass): 200 GET http://10.27.203.238/share/v2/82840ccb77144a4aa2d0bdce807ce686/shares/3f6b8420-fc46-47fc-b707-d08dfd01280f 0.029s
2024-05-28 12:58:18.991 98689 INFO tempest.lib.common.rest_client [req-3e59fdb9-54af-4e12-ab5f-e18bf5ed5c79 req-3e59fdb9-54af-4e12-ab5f-e18bf5ed5c79 ] Request (ShareLimitsTest:setUpClass): 201 POST http://10.27.203.238/identity/v3/users 0.056s
2024-05-28 12:58:19.011 98689 INFO tempest.lib.common.rest_client [req-67c6f42c-723b-493e-9658-42eb8e93b41d req-67c6f42c-723b-493e-9658-42eb8e93b41d ] Request (ShareLimitsTest:setUpClass): 200 GET http://10.27.203.238/identity/v3/roles 0.020s
2024-05-28 12:58:19.053 98689 INFO tempest.lib.common.rest_client [req-7d676be0-7553-496e-83bc-5d9555002970 req-7d676be0-7553-496e-83bc-5d9555002970 ] Request (ShareLimitsTest:setUpClass): 204 PUT http://10.27.203.238/identity/v3/projects/7fddfcac22784ad6ba56f0209c4fd7a2/users/595f83b25b8744429daa0125a8d2fab7/roles/44620cad10ae407c90c91e2c296adb04 0.040s
2024-05-28 12:58:19.053 98689 INFO tempest.lib.common.dynamic_creds [-] Dynamic test user 595f83b25b8744429daa0125a8d2fab7 is created with scope project and roles: ['member']
2024-05-28 12:58:19.053 98689 INFO tempest.lib.common.dynamic_creds [-] Acquired dynamic creds: credentials: Credentials: {'domain_id': 'default', 'domain_name': 'Default', 'username': 'tempest-ShareLimitsTest-308397042-project-member', 'project_domain_id': 'default', 'project_domain_name': 'Default', 'project_id': '7fddfcac22784ad6ba56f0209c4fd7a2', 'project_name': 'tempest-ShareLimitsTest-308397042', 'tenant_id': '7fddfcac22784ad6ba56f0209c4fd7a2', 'tenant_name': 'tempest-ShareLimitsTest-308397042', 'user_domain_id': 'default', 'user_domain_name': 'Default', 'user_id': '595f83b25b8744429daa0125a8d2fab7', 'system': None}, Network: None, Subnet: None, Router: None
2024-05-28 12:58:19.053 98689 INFO tempest.lib.common.dynamic_creds [-] Created isolated network resources for: credentials: Credentials: {'domain_id': 'default', 'domain_name': 'Default', 'username': 'tempest-ShareLimitsTest-308397042-project-member', 'project_domain_id': 'default', 'project_domain_name': 'Default', 'project_id': '7fddfcac22784ad6ba56f0209c4fd7a2', 'project_name': 'tempest-ShareLimitsTest-308397042', 'tenant_id': '7fddfcac22784ad6ba56f0209c4fd7a2', 'tenant_name': 'tempest-ShareLimitsTest-308397042', 'user_domain_id': 'default', 'user_domain_name': 'Default', 'user_id': '595f83b25b8744429daa0125a8d2fab7', 'system': None}, Network: None, Subnet: None, Router: None
2024-05-28 12:58:19.127 98689 INFO tempest.lib.common.rest_client [req-fc0e7d9d-aacb-421f-b92c-55a8562b1cc4 req-fc0e7d9d-aacb-421f-b92c-55a8562b1cc4 ] Request (ShareLimitsTest:setUpClass): 201 POST http://10.27.203.238/identity/v3/auth/tokens 0.073s
2024-05-28 12:58:19.213 98689 INFO tempest.lib.common.rest_client [ req-bc213b53-e20b-4111-a94a-4327255c3275 ] Request (ShareLimitsTest:test_limits_keys): 200 GET http://10.27.203.238/share/v1/7fddfcac22784ad6ba56f0209c4fd7a2/limits 0.084s
2024-05-28 12:58:19.233 98689 INFO tempest.lib.common.rest_client [ req-11bc7c0c-9095-40b5-ac23-e944433130c4 ] Request (ShareLimitsTest:test_limits_values): 200 GET http://10.27.203.238/share/v1/7fddfcac22784ad6ba56f0209c4fd7a2/limits 0.016s
2024-05-28 12:58:19.340 98689 INFO tempest.lib.common.rest_client [req-bf7d91c1-29e7-4893-943c-183a94bdc219 req-bf7d91c1-29e7-4893-943c-183a94bdc219 ] Request (ShareLimitsTest:tearDownClass): 204 DELETE http://10.27.203.238/identity/v3/users/595f83b25b8744429daa0125a8d2fab7 0.105s
2024-05-28 12:58:19.340 98689 INFO tempest.lib.common.dynamic_creds [-] Deleting project and security group for project: 7fddfcac22784ad6ba56f0209c4fd7a2
2024-05-28 12:58:19.385 98689 INFO tempest.lib.common.rest_client [req-7d59d879-d741-46a9-921a-3beac80534dd req-7d59d879-d741-46a9-921a-3beac80534dd ] Request (ShareLimitsTest:tearDownClass): 201 POST http://10.27.203.238/identity/v3/auth/tokens 0.045s
2024-05-28 12:58:19.458 98689 INFO tempest.lib.common.rest_client [req-70d84988-4350-48d9-aae6-885e096df39b req-70d84988-4350-48d9-aae6-885e096df39b ] Request (ShareLimitsTest:tearDownClass): 200 GET http://10.27.203.238:9696/networking/v2.0/security-groups?tenant_id=7fddfcac22784ad6ba56f0209c4fd7a2&name=default 0.072s
2024-05-28 12:58:19.544 98689 INFO tempest.lib.common.rest_client [req-19338982-603a-4224-bc6a-9a700de8e768 req-19338982-603a-4224-bc6a-9a700de8e768 ] Request (ShareLimitsTest:tearDownClass): 204 DELETE http://10.27.203.238/identity/v3/projects/7fddfcac22784ad6ba56f0209c4fd7a2 0.086s
2024-05-28 12:58:19.567 98689 INFO tempest.lib.common.rest_client [req-11f2f656-cf0a-44a9-a4be-0841a1dd6375 req-11f2f656-cf0a-44a9-a4be-0841a1dd6375 ] Request (PublicSharesTest:setUpClass): 201 POST http://10.27.203.238/identity/v3/auth/tokens 0.021s
2024-05-28 12:58:19.621 98689 INFO tempest.lib.common.rest_client [req-05c47a86-49b0-4847-8dab-158936ee0236 req-05c47a86-49b0-4847-8dab-158936ee0236 ] Request (PublicSharesTest:setUpClass): 201 POST http://10.27.203.238/identity/v3/auth/tokens 0.050s
2024-05-28 12:58:19.646 98689 INFO tempest.lib.common.rest_client [req-328afc53-61b8-44ac-96e1-b6298b71f340 req-328afc53-61b8-44ac-96e1-b6298b71f340 ] Request (PublicSharesTest:setUpClass): 200 GET http://10.27.203.238/identity/v3/domains?name=Default 0.024s
2024-05-28 12:58:19.684 98689 INFO tempest.lib.common.rest_client [req-c43d3cac-c8eb-45e2-8839-6fac9fc5124b req-c43d3cac-c8eb-45e2-8839-6fac9fc5124b ] Request (PublicSharesTest:setUpClass): 201 POST http://10.27.203.238/identity/v3/projects 0.037s
2024-05-28 12:58:19.739 98689 INFO tempest.lib.common.rest_client [req-37b597d6-de77-4cb6-8930-de556e8b9b28 req-37b597d6-de77-4cb6-8930-de556e8b9b28 ] Request (PublicSharesTest:setUpClass): 201 POST http://10.27.203.238/identity/v3/users 0.054s
2024-05-28 12:58:19.760 98689 INFO tempest.lib.common.rest_client [req-94a06f6f-cff7-4ba3-9409-36c05f73a384 req-94a06f6f-cff7-4ba3-9409-36c05f73a384 ] Request (PublicSharesTest:setUpClass): 200 GET http://10.27.203.238/identity/v3/roles 0.020s
2024-05-28 12:58:19.799 98689 INFO tempest.lib.common.rest_client [req-3cf2f6c0-477b-405e-b1b8-8e929e9ad505 req-3cf2f6c0-477b-405e-b1b8-8e929e9ad505 ] Request (PublicSharesTest:setUpClass): 204 PUT http://10.27.203.238/identity/v3/projects/6d36e1eb1dbc449db6aca75b12a2ba18/users/672c4552229b4f82a12c9d2e0e77332f/roles/44620cad10ae407c90c91e2c296adb04 0.039s
2024-05-28 12:58:19.799 98689 INFO tempest.lib.common.dynamic_creds [-] Dynamic test user 672c4552229b4f82a12c9d2e0e77332f is created with scope project and roles: ['member']
2024-05-28 12:58:19.800 98689 INFO tempest.lib.common.dynamic_creds [-] Acquired dynamic creds: credentials: Credentials: {'domain_id': 'default', 'domain_name': 'Default', 'username': 'tempest-PublicSharesTest-1667420263-project-member', 'project_domain_id': 'default', 'project_domain_name': 'Default', 'project_id': '6d36e1eb1dbc449db6aca75b12a2ba18', 'project_name': 'tempest-PublicSharesTest-1667420263', 'tenant_id': '6d36e1eb1dbc449db6aca75b12a2ba18', 'tenant_name': 'tempest-PublicSharesTest-1667420263', 'user_domain_id': 'default', 'user_domain_name': 'Default', 'user_id': '672c4552229b4f82a12c9d2e0e77332f', 'system': None}, Network: None, Subnet: None, Router: None
