2024-05-28 12:57:12.498 98695 INFO tempest.lib.common.dynamic_creds [-] Acquired dynamic creds: credentials: Credentials: {'domain_id': 'default', 'domain_name': 'Default', 'username': 'tempest-ExtraSpecsAdminNegativeTest-1311513613-project-member', 'project_domain_id': 'default', 'project_domain_name': 'Default', 'project_id': '1f12d119bc9a46e9b391ca37a6d3847a', 'project_name': 'tempest-ExtraSpecsAdminNegativeTest-1311513613', 'tenant_id': '1f12d119bc9a46e9b391ca37a6d3847a', 'tenant_name': 'tempest-ExtraSpecsAdminNegativeTest-1311513613', 'user_domain_id': 'default', 'user_domain_name': 'Default', 'user_id': '165270b3c7594f98ad74df5e973f36b6', 'system': None}, Network: None, Subnet: None, Router: None
2024-05-28 12:57:12.498 98695 INFO tempest.lib.common.dynamic_creds [-] Created isolated network resources for: credentials: Credentials: {'domain_id': 'default', 'domain_name': 'Default', 'username': 'tempest-ExtraSpecsAdminNegativeTest-1311513613-project-member', 'project_domain_id': 'default', 'project_domain_name': 'Default', 'project_id': '1f12d119bc9a46e9b391ca37a6d3847a', 'project_name': 'tempest-ExtraSpecsAdminNegativeTest-1311513613', 'tenant_id': '1f12d119bc9a46e9b391ca37a6d3847a', 'tenant_name': 'tempest-ExtraSpecsAdminNegativeTest-1311513613', 'user_domain_id': 'default', 'user_domain_name': 'Default', 'user_id': '165270b3c7594f98ad74df5e973f36b6', 'system': None}, Network: None, Subnet: None, Router: None
2024-05-28 12:57:12.506 98691 INFO tempest.lib.common.rest_client [req-8f0d54c1-c537-4b0f-804b-22ed0f356b28 req-8f0d54c1-c537-4b0f-804b-22ed0f356b28 ] Request (ExtraSpecsReadAdminTest:setUpClass): 204 PUT http://10.27.203.238/identity/v3/projects/366171b6e44f4129bbd7dae20def74e5/users/330379bfc1e8469981f6265eca405f7b/roles/e7989893488f483baa107be56668c4f8 0.047s
2024-05-28 12:57:12.507 98689 INFO tempest.lib.common.rest_client [ req-813222f8-00e1-4c23-943a-58883fe587f6 ] Request (ShareSnapshotInstancesTest:setUpClass): 200 GET http://10.27.203.238/share/v2/f4f7702aa04c467288cc6b142f61ec37/shares/b235c40f-7437-4e0c-b44e-321d8e8b1457 0.036s
2024-05-28 12:57:12.547 98691 INFO tempest.lib.common.rest_client [req-0fddfc6a-779e-474d-9f26-14a69405677c req-0fddfc6a-779e-474d-9f26-14a69405677c ] Request (ExtraSpecsReadAdminTest:setUpClass): 200 GET http://10.27.203.238/identity/v3/roles 0.040s
2024-05-28 12:57:12.567 98691 INFO tempest.lib.common.rest_client [req-171f77f7-fa65-418b-936f-b6c5ceac93d9 req-171f77f7-fa65-418b-936f-b6c5ceac93d9 ] Request (ExtraSpecsReadAdminTest:setUpClass): 204 PUT http://10.27.203.238/identity/v3/projects/366171b6e44f4129bbd7dae20def74e5/users/330379bfc1e8469981f6265eca405f7b/roles/e7989893488f483baa107be56668c4f8 0.020s
2024-05-28 12:57:12.567 98691 INFO tempest.lib.common.dynamic_creds [-] Dynamic test user 330379bfc1e8469981f6265eca405f7b is created with scope project and roles: ['admin']
2024-05-28 12:57:12.568 98691 INFO tempest.lib.common.dynamic_creds [-] Acquired dynamic creds: credentials: Credentials: {'domain_id': 'default', 'domain_name': 'Default', 'username': 'tempest-ExtraSpecsReadAdminTest-352063724-project-admin', 'project_domain_id': 'default', 'project_domain_name': 'Default', 'project_id': '366171b6e44f4129bbd7dae20def74e5', 'project_name': 'tempest-ExtraSpecsReadAdminTest-352063724', 'tenant_id': '366171b6e44f4129bbd7dae20def74e5', 'tenant_name': 'tempest-ExtraSpecsReadAdminTest-352063724', 'user_domain_id': 'default', 'user_domain_name': 'Default', 'user_id': '330379bfc1e8469981f6265eca405f7b', 'system': None}, Network: None, Subnet: None, Router: None
2024-05-28 12:57:12.568 98691 INFO tempest.lib.common.dynamic_creds [-] Created isolated network resources for: credentials: Credentials: {'domain_id': 'default', 'domain_name': 'Default', 'username': 'tempest-ExtraSpecsReadAdminTest-352063724-project-admin', 'project_domain_id': 'default', 'project_domain_name': 'Default', 'project_id': '366171b6e44f4129bbd7dae20def74e5', 'project_name': 'tempest-ExtraSpecsReadAdminTest-352063724', 'tenant_id': '366171b6e44f4129bbd7dae20def74e5', 'tenant_name': 'tempest-ExtraSpecsReadAdminTest-352063724', 'user_domain_id': 'default', 'user_domain_name': 'Default', 'user_id': '330379bfc1e8469981f6265eca405f7b', 'system': None}, Network: None, Subnet: None, Router: None
2024-05-28 12:57:12.574 98695 INFO tempest.lib.common.rest_client [req-518b2182-69e8-474f-9582-f355d117610b req-518b2182-69e8-474f-9582-f355d117610b ] Request (ExtraSpecsAdminNegativeTest:setUpClass): 201 POST http://10.27.203.238/identity/v3/auth/tokens 0.074s
2024-05-28 12:57:12.634 98695 INFO tempest.lib.common.rest_client [req-d8a7c03c-6a13-4b89-9029-cb3a6d6a8e23 req-d8a7c03c-6a13-4b89-9029-cb3a6d6a8e23 ] Request (ExtraSpecsAdminNegativeTest:setUpClass): 201 POST http://10.27.203.238/identity/v3/projects 0.059s
2024-05-28 12:57:12.649 98691 INFO tempest.lib.common.rest_client [req-b216905b-3320-474d-9240-bd9c1129de13 req-b216905b-3320-474d-9240-bd9c1129de13 ] Request (ExtraSpecsReadAdminTest:setUpClass): 201 POST http://10.27.203.238/identity/v3/auth/tokens 0.079s
2024-05-28 12:57:12.692 98695 INFO tempest.lib.common.rest_client [req-bb4797be-0c26-472e-8fe3-4f052ddf6bc8 req-bb4797be-0c26-472e-8fe3-4f052ddf6bc8 ] Request (ExtraSpecsAdminNegativeTest:setUpClass): 201 POST http://10.27.203.238/identity/v3/users 0.058s
2024-05-28 12:57:12.710 98695 INFO tempest.lib.common.rest_client [req-a6099331-bef7-47b1-a511-5ffef91aa62d req-a6099331-bef7-47b1-a511-5ffef91aa62d ] Request (ExtraSpecsAdminNegativeTest:setUpClass): 200 GET http://10.27.203.238/identity/v3/roles 0.017s
2024-05-28 12:57:12.745 98695 INFO tempest.lib.common.rest_client [req-f1a4b03c-b28a-4278-a9ff-ff666a5ca64e req-f1a4b03c-b28a-4278-a9ff-ff666a5ca64e ] Request (ExtraSpecsAdminNegativeTest:setUpClass): 204 PUT http://10.27.203.238/identity/v3/projects/1ae8e27013bc48228edf3022159a9c1f/users/be38ad37856445168a42a6912c87bc8b/roles/e7989893488f483baa107be56668c4f8 0.034s
2024-05-28 12:57:12.763 98687 INFO tempest.lib.common.rest_client [ req-bf304d63-f520-42c4-9575-3268ca5e3ec5 ] Request (AccessRulesMetadataTest:tearDownClass): 404 GET http://10.27.203.238/share/v2/1643901550e140118fc2d2e92b82cd0b/shares/b92fc06b-76d7-40f9-adef-74a07ace1027 0.014s
2024-05-28 12:57:12.784 98695 INFO tempest.lib.common.rest_client [req-6a8bc9a3-b70f-4542-aaa7-6fdff1d29ddc req-6a8bc9a3-b70f-4542-aaa7-6fdff1d29ddc ] Request (ExtraSpecsAdminNegativeTest:setUpClass): 200 GET http://10.27.203.238/identity/v3/roles 0.039s
2024-05-28 12:57:12.805 98695 INFO tempest.lib.common.rest_client [req-503f52b0-1c72-45ed-a859-febb89b27fc8 req-503f52b0-1c72-45ed-a859-febb89b27fc8 ] Request (ExtraSpecsAdminNegativeTest:setUpClass): 204 PUT http://10.27.203.238/identity/v3/projects/1ae8e27013bc48228edf3022159a9c1f/users/be38ad37856445168a42a6912c87bc8b/roles/e7989893488f483baa107be56668c4f8 0.020s
2024-05-28 12:57:12.805 98695 INFO tempest.lib.common.dynamic_creds [-] Dynamic test user be38ad37856445168a42a6912c87bc8b is created with scope project and roles: ['admin']
2024-05-28 12:57:12.805 98695 INFO tempest.lib.common.dynamic_creds [-] Acquired dynamic creds: credentials: Credentials: {'domain_id': 'default', 'domain_name': 'Default', 'username': 'tempest-ExtraSpecsAdminNegativeTest-1493698056-project-admin', 'project_domain_id': 'default', 'project_domain_name': 'Default', 'project_id': '1ae8e27013bc48228edf3022159a9c1f', 'project_name': 'tempest-ExtraSpecsAdminNegativeTest-1493698056', 'tenant_id': '1ae8e27013bc48228edf3022159a9c1f', 'tenant_name': 'tempest-ExtraSpecsAdminNegativeTest-1493698056', 'user_domain_id': 'default', 'user_domain_name': 'Default', 'user_id': 'be38ad37856445168a42a6912c87bc8b', 'system': None}, Network: None, Subnet: None, Router: None
2024-05-28 12:57:12.806 98695 INFO tempest.lib.common.dynamic_creds [-] Created isolated network resources for: credentials: Credentials: {'domain_id': 'default', 'domain_name': 'Default', 'username': 'tempest-ExtraSpecsAdminNegativeTest-1493698056-project-admin', 'project_domain_id': 'default', 'project_domain_name': 'Default', 'project_id': '1ae8e27013bc48228edf3022159a9c1f', 'project_name': 'tempest-ExtraSpecsAdminNegativeTest-1493698056', 'tenant_id': '1ae8e27013bc48228edf3022159a9c1f', 'tenant_name': 'tempest-ExtraSpecsAdminNegativeTest-1493698056', 'user_domain_id': 'default', 'user_domain_name': 'Default', 'user_id': 'be38ad37856445168a42a6912c87bc8b', 'system': None}, Network: None, Subnet: None, Router: None
2024-05-28 12:57:12.807 98691 INFO tempest.lib.common.rest_client [ req-71bc0248-ad34-4c00-9b81-56d3b6ed4afd ] Request (ExtraSpecsReadAdminTest:setUpClass): 200 POST http://10.27.203.238/share/v2/366171b6e44f4129bbd7dae20def74e5/types 0.157s
2024-05-28 12:57:12.838 98691 INFO tempest.lib.common.rest_client [ req-21b48d89-20ab-48ef-9537-e9f14e14ffab ] Request (ExtraSpecsReadAdminTest:setUpClass): 200 POST http://10.27.203.238/share/v1/366171b6e44f4129bbd7dae20def74e5/types/fa0865a5-bbf6-4939-ba42-07804ff949da/extra_specs 0.030s
2024-05-28 12:57:12.853 98691 INFO tempest.lib.common.rest_client [ req-2afdb45e-8e99-4f49-b9e7-8a03dfa3f9f8 ] Request (ExtraSpecsReadAdminTest:test_get_all_share_type_extra_specs): 200 GET http://10.27.203.238/share/v1/366171b6e44f4129bbd7dae20def74e5/types/fa0865a5-bbf6-4939-ba42-07804ff949da/extra_specs 0.014s
2024-05-28 12:57:12.869 98691 INFO tempest.lib.common.rest_client [ req-7ff46e7a-c4ae-4e95-9fa7-7bc37bd52df1 ] Request (ExtraSpecsReadAdminTest:test_get_one_share_type_extra_spec): 200 GET http://10.27.203.238/share/v1/366171b6e44f4129bbd7dae20def74e5/types/fa0865a5-bbf6-4939-ba42-07804ff949da/extra_specs/key1 0.014s
2024-05-28 12:57:12.887 98695 INFO tempest.lib.common.rest_client [req-481b773e-86f7-4cde-b4c4-10a7c7f8f9ff req-481b773e-86f7-4cde-b4c4-10a7c7f8f9ff ] Request (ExtraSpecsAdminNegativeTest:setUpClass): 201 POST http://10.27.203.238/identity/v3/auth/tokens 0.080s
2024-05-28 12:57:12.914 98691 INFO tempest.lib.common.rest_client [ req-8cb7444c-e69d-4c17-9413-424877fa816e ] Request (ExtraSpecsReadAdminTest:tearDownClass): 202 DELETE http://10.27.203.238/share/v2/366171b6e44f4129bbd7dae20def74e5/types/fa0865a5-bbf6-4939-ba42-07804ff949da 0.044s
2024-05-28 12:57:12.918 98695 INFO tempest.lib.common.rest_client [req-cf4694a4-865f-4522-9780-37c5b9cb2207 req-cf4694a4-865f-4522-9780-37c5b9cb2207 ] Request (ExtraSpecsAdminNegativeTest:setUpClass): 200 GET http://10.27.203.238/identity/v3/domains?name=Default 0.030s
2024-05-28 12:57:12.927 98691 INFO tempest.lib.common.rest_client [ req-63e2c0c8-0238-465b-8959-961815e84a2d ] Request (ExtraSpecsReadAdminTest:tearDownClass): 404 GET http://10.27.203.238/share/v2/366171b6e44f4129bbd7dae20def74e5/types/fa0865a5-bbf6-4939-ba42-07804ff949da 0.012s
2024-05-28 12:57:12.952 98695 INFO tempest.lib.common.rest_client [req-a4361a87-7cd4-482a-866a-9fdfb4014585 req-a4361a87-7cd4-482a-866a-9fdfb4014585 ] Request (ExtraSpecsAdminNegativeTest:setUpClass): 201 POST http://10.27.203.238/identity/v3/users 0.034s
2024-05-28 12:57:12.974 98695 INFO tempest.lib.common.rest_client [req-b9ec21be-9819-4ea8-9e54-b37a38288c07 req-b9ec21be-9819-4ea8-9e54-b37a38288c07 ] Request (ExtraSpecsAdminNegativeTest:setUpClass): 200 GET http://10.27.203.238/identity/v3/roles 0.021s
2024-05-28 12:57:12.982 98687 INFO tempest.lib.common.rest_client [ req-6681e8da-3f71-4cba-8292-fb6a4f62b625 ] Request (AccessRulesMetadataTest:tearDownClass): 202 DELETE http://10.27.203.238/share/v2/43ff8cffa80748308f619a3e52a285f2/types/1071aa1e-8bcd-482c-909b-1df990558c3a 0.218s
2024-05-28 12:57:12.997 98687 INFO tempest.lib.common.rest_client [ req-2fe987c2-ab86-4e1f-a2af-04e73252881d ] Request (AccessRulesMetadataTest:tearDownClass): 404 GET http://10.27.203.238/share/v2/43ff8cffa80748308f619a3e52a285f2/types/1071aa1e-8bcd-482c-909b-1df990558c3a 0.014s
2024-05-28 12:57:13.014 98695 INFO tempest.lib.common.rest_client [req-047f653c-fd26-4040-850c-cf275d8f1f98 req-047f653c-fd26-4040-850c-cf275d8f1f98 ] Request (ExtraSpecsAdminNegativeTest:setUpClass): 204 PUT http://10.27.203.238/identity/v3/projects/1ae8e27013bc48228edf3022159a9c1f/users/567edee5a37f498e8a3f54a933728377/roles/44620cad10ae407c90c91e2c296adb04 0.040s
2024-05-28 12:57:13.039 98691 INFO tempest.lib.common.rest_client [req-5eebb530-cb42-4569-bf56-a97b31b0aac7 req-5eebb530-cb42-4569-bf56-a97b31b0aac7 ] Request (ExtraSpecsReadAdminTest:tearDownClass): 204 DELETE http://10.27.203.238/identity/v3/users/330379bfc1e8469981f6265eca405f7b 0.111s
2024-05-28 12:57:13.040 98691 INFO tempest.lib.common.dynamic_creds [-] Deleting project and security group for project: 366171b6e44f4129bbd7dae20def74e5
2024-05-28 12:57:13.138 98695 INFO tempest.lib.common.rest_client [-] Request (ExtraSpecsAdminNegativeTest:test_try_create_es_with_empty_shr_type_id): 404 POST http://10.27.203.238/share/v2/1ae8e27013bc48228edf3022159a9c1f/types/extra_specs 0.122s
2024-05-28 12:57:13.165 98695 INFO tempest.lib.common.rest_client [ req-d2b3131a-4d35-428a-83a7-9ee39dc97344 ] Request (ExtraSpecsAdminNegativeTest:test_try_create_es_with_empty_specs): 200 POST http://10.27.203.238/share/v2/1ae8e27013bc48228edf3022159a9c1f/types 0.024s
2024-05-28 12:57:13.173 98691 INFO tempest.lib.common.rest_client [req-b906501a-3366-4320-970a-2d6f539a171f req-b906501a-3366-4320-970a-2d6f539a171f ] Request (ExtraSpecsReadAdminTest:tearDownClass): 201 POST http://10.27.203.238/identity/v3/auth/tokens 0.133s
2024-05-28 12:57:13.174 98695 INFO tempest.lib.common.rest_client [ req-02a512a7-83cd-4e06-9740-3ba558ccc4ad ] Request (ExtraSpecsAdminNegativeTest:test_try_create_es_with_empty_specs): 400 POST http://10.27.203.238/share/v2/1ae8e27013bc48228edf3022159a9c1f/types/91a21269-ee12-4daa-82dd-9acbd2740926/extra_specs 0.008s
2024-05-28 12:57:13.186 98695 INFO tempest.lib.common.rest_client [ req-177e8284-9ac9-4723-9d0f-043b03f96cf3 ] Request (ExtraSpecsAdminNegativeTest:test_try_create_es_with_invalid_shr_type_id): 404 POST http://10.27.203.238/share/v2/1ae8e27013bc48228edf3022159a9c1f/types/tempest-fake-606689747/extra_specs 0.011s
2024-05-28 12:57:13.195 98687 INFO tempest.lib.common.rest_client [req-2725cfc0-d104-4ec6-ada2-cac49fefbf98 req-2725cfc0-d104-4ec6-ada2-cac49fefbf98 ] Request (AccessRulesMetadataTest:tearDownClass): 204 DELETE http://10.27.203.238/identity/v3/users/d9c1ce8296ce4c059b93e7cfa130b326 0.197s
2024-05-28 12:57:13.219 98695 INFO tempest.lib.common.rest_client [ req-2e6c98d3-e5af-417c-8c21-ef0b2b3cae6c ] Request (ExtraSpecsAdminNegativeTest:test_try_create_es_with_invalid_specs): 200 POST http://10.27.203.238/share/v2/1ae8e27013bc48228edf3022159a9c1f/types 0.031s
2024-05-28 12:57:13.233 98695 INFO tempest.lib.common.rest_client [ req-6f5ad776-8eae-4371-8786-d18559085c8e ] Request (ExtraSpecsAdminNegativeTest:test_try_create_es_with_invalid_specs): 400 POST http://10.27.203.238/share/v2/1ae8e27013bc48228edf3022159a9c1f/types/a7d3ef8e-a59b-4a67-a67e-d09569da9eef/extra_specs 0.013s
2024-05-28 12:57:13.272 98695 INFO tempest.lib.common.rest_client [ req-591ba593-75df-48a2-8493-678e70c61353 ] Request (ExtraSpecsAdminNegativeTest:test_try_create_extra_specs_with_user): 200 POST http://10.27.203.238/share/v2/1ae8e27013bc48228edf3022159a9c1f/types 0.037s
2024-05-28 12:57:13.309 98691 INFO tempest.lib.common.rest_client [req-edc4b2ef-1cc2-469d-bd93-3daafb346e03 req-edc4b2ef-1cc2-469d-bd93-3daafb346e03 ] Request (ExtraSpecsReadAdminTest:tearDownClass): 200 GET http://10.27.203.238:9696/networking/v2.0/security-groups?tenant_id=366171b6e44f4129bbd7dae20def74e5&name=default 0.135s
2024-05-28 12:57:13.354 98687 INFO tempest.lib.common.rest_client [req-1c99c7f5-1015-4f06-bded-265bffda5c68 req-1c99c7f5-1015-4f06-bded-265bffda5c68 ] Request (AccessRulesMetadataTest:tearDownClass): 204 DELETE http://10.27.203.238/identity/v3/users/57329ed828864df2acbb7817c1a45fbc 0.159s
2024-05-28 12:57:13.431 98695 INFO tempest.lib.common.rest_client [ req-4c31724e-8dc4-44a1-902a-6a00d72032fd ] Request (ExtraSpecsAdminNegativeTest:test_try_create_extra_specs_with_user): 403 POST http://10.27.203.238/share/v2/b459b0ac20ef4f348e8ff53468c5c935/types/763fbbc2-6098-48ca-99b0-54d1e100d3da/extra_specs 0.158s
2024-05-28 12:57:13.438 98695 INFO tempest.lib.common.rest_client [-] Request (ExtraSpecsAdminNegativeTest:test_try_delete_es_key_with_empty_shr_type_id): 404 DELETE http://10.27.203.238/share/v2/1ae8e27013bc48228edf3022159a9c1f/types/extra_specs/key 0.005s
2024-05-28 12:57:13.455 98695 INFO tempest.lib.common.rest_client [ req-8622a0e4-86f7-419c-a5b5-c93df6597a15 ] Request (ExtraSpecsAdminNegativeTest:test_try_delete_es_key_with_invalid_shr_type_id): 404 DELETE http://10.27.203.238/share/v2/1ae8e27013bc48228edf3022159a9c1f/types/tempest-fake-308974077/extra_specs/key 0.015s
2024-05-28 12:57:13.469 98691 INFO tempest.lib.common.rest_client [req-cf36714c-df27-40eb-856f-69c16dc139a4 req-cf36714c-df27-40eb-856f-69c16dc139a4 ] Request (ExtraSpecsReadAdminTest:tearDownClass): 204 DELETE http://10.27.203.238/identity/v3/projects/366171b6e44f4129bbd7dae20def74e5 0.160s
2024-05-28 12:57:13.489 98695 INFO tempest.lib.common.rest_client [ req-8faa6160-99cd-4c9e-a779-1855b905fc82 ] Request (ExtraSpecsAdminNegativeTest:test_try_delete_extra_specs_with_user): 200 POST http://10.27.203.238/share/v2/1ae8e27013bc48228edf3022159a9c1f/types 0.032s
2024-05-28 12:57:13.495 98691 INFO tempest.lib.common.rest_client [req-52095504-8a54-416e-999a-091c08c9be2c req-52095504-8a54-416e-999a-091c08c9be2c ] Request (SharesActionsAdminTest:setUpClass): 201 POST http://10.27.203.238/identity/v3/auth/tokens 0.024s
2024-05-28 12:57:13.500 98695 INFO tempest.lib.common.rest_client [ req-1c41144d-78dd-47a1-a3c7-f594ef26016e ] Request (ExtraSpecsAdminNegativeTest:test_try_delete_extra_specs_with_user): 403 DELETE http://10.27.203.238/share/v2/b459b0ac20ef4f348e8ff53468c5c935/types/b16f901c-4082-4810-ba14-aa2086f1fcd7/extra_specs/key 0.009s
2024-05-28 12:57:13.524 98691 INFO tempest.lib.common.rest_client [req-ca25ec23-905b-48f4-88c5-cd7aa3ed84ba req-ca25ec23-905b-48f4-88c5-cd7aa3ed84ba ] Request (SharesActionsAdminTest:setUpClass): 201 POST http://10.27.203.238/identity/v3/auth/tokens 0.026s
2024-05-28 12:57:13.533 98695 INFO tempest.lib.common.rest_client [ req-cfc2994a-2d2e-4cec-80d7-f65c5bb38eeb ] Request (ExtraSpecsAdminNegativeTest:test_try_delete_required_spec_snapshot_support_version): 200 POST http://10.27.203.238/share/v2/1ae8e27013bc48228edf3022159a9c1f/types 0.031s
2024-05-28 12:57:13.547 98695 INFO tempest.lib.common.rest_client [ req-1642c152-8add-4c9b-ba4d-17ff155ac45b ] Request (ExtraSpecsAdminNegativeTest:test_try_delete_required_spec_snapshot_support_version): 403 DELETE http://10.27.203.238/share/v2/1ae8e27013bc48228edf3022159a9c1f/types/f676a13a-d273-434b-bc78-bec5e62f86f8/extra_specs/snapshot_support 0.012s
2024-05-28 12:57:13.563 98687 INFO tempest.lib.common.rest_client [req-38cbfae7-cabf-47a9-98aa-8d5e348a27ac req-38cbfae7-cabf-47a9-98aa-8d5e348a27ac ] Request (AccessRulesMetadataTest:tearDownClass): 204 DELETE http://10.27.203.238/identity/v3/users/521b52cb8ba745709f1904fcb99154d4 0.208s
2024-05-28 12:57:13.563 98687 INFO tempest.lib.common.dynamic_creds [-] Deleting project and security group for project: 1643901550e140118fc2d2e92b82cd0b
2024-05-28 12:57:13.573 98695 INFO tempest.lib.common.rest_client [ req-6f5f5af0-03b3-4444-8ebd-31763a753fe4 ] Request (ExtraSpecsAdminNegativeTest:test_try_delete_required_spec_snapshot_support_version): 200 POST http://10.27.203.238/share/v2/1ae8e27013bc48228edf3022159a9c1f/types 0.025s
2024-05-28 12:57:13.578 98691 INFO tempest.lib.common.rest_client [req-a605197c-d0f8-4c3c-8de3-0406b5fd0284 req-a605197c-d0f8-4c3c-8de3-0406b5fd0284 ] Request (SharesActionsAdminTest:setUpClass): 200 GET http://10.27.203.238/identity/v3/domains?name=Default 0.053s
2024-05-28 12:57:13.587 98695 INFO tempest.lib.common.rest_client [ req-881c4e3a-cd72-4298-a18d-a5a7e68699ec ] Request (ExtraSpecsAdminNegativeTest:test_try_delete_required_spec_snapshot_support_version): 403 DELETE http://10.27.203.238/share/v2/1ae8e27013bc48228edf3022159a9c1f/types/43cd736a-2620-4e48-9f39-83c7df9b380a/extra_specs/snapshot_support 0.013s
2024-05-28 12:57:13.609 98687 INFO tempest.lib.common.rest_client [req-a383a087-9f94-4a4e-aa00-61a8d4a2f8d1 req-a383a087-9f94-4a4e-aa00-61a8d4a2f8d1 ] Request (AccessRulesMetadataTest:tearDownClass): 201 POST http://10.27.203.238/identity/v3/auth/tokens 0.045s
2024-05-28 12:57:13.613 98695 INFO tempest.lib.common.rest_client [ req-362b4f3f-e7e1-46be-955e-b76cf1655f49 ] Request (ExtraSpecsAdminNegativeTest:test_try_delete_spec_driver_handles_share_servers): 200 POST http://10.27.203.238/share/v2/1ae8e27013bc48228edf3022159a9c1f/types 0.024s
2024-05-28 12:57:13.630 98695 INFO tempest.lib.common.rest_client [ req-e1c784b2-8666-4641-bab8-2c8c25dfb00f ] Request (ExtraSpecsAdminNegativeTest:test_try_delete_spec_driver_handles_share_servers): 403 DELETE http://10.27.203.238/share/v2/1ae8e27013bc48228edf3022159a9c1f/types/c4597038-c3af-42d2-afd3-74055597cc77/extra_specs/driver_handles_share_servers 0.016s
2024-05-28 12:57:13.661 98691 INFO tempest.lib.common.rest_client [req-d348f852-7b29-4b39-9237-3e9d4cb9b8be req-d348f852-7b29-4b39-9237-3e9d4cb9b8be ] Request (SharesActionsAdminTest:setUpClass): 201 POST http://10.27.203.238/identity/v3/projects 0.082s
2024-05-28 12:57:13.669 98695 INFO tempest.lib.common.rest_client [ req-e52e8617-0e9e-4c18-a35a-9457b67e3465 ] Request (ExtraSpecsAdminNegativeTest:test_try_delete_with_invalid_key): 200 POST http://10.27.203.238/share/v2/1ae8e27013bc48228edf3022159a9c1f/types 0.036s
2024-05-28 12:57:13.684 98687 INFO tempest.lib.common.rest_client [req-ef3ab995-5444-421b-919e-68b6f27dce7d req-ef3ab995-5444-421b-919e-68b6f27dce7d ] Request (AccessRulesMetadataTest:tearDownClass): 200 GET http://10.27.203.238:9696/networking/v2.0/security-groups?tenant_id=1643901550e140118fc2d2e92b82cd0b&name=default 0.074s
2024-05-28 12:57:13.687 98695 INFO tempest.lib.common.rest_client [ req-283e9e6b-ba82-4dc3-9ffd-2d37ce348d19 ] Request (ExtraSpecsAdminNegativeTest:test_try_delete_with_invalid_key): 404 DELETE http://10.27.203.238/share/v2/1ae8e27013bc48228edf3022159a9c1f/types/dae41377-0474-4f8a-beda-3839c98cb123/extra_specs/tempest-fake-317870168 0.017s
2024-05-28 12:57:13.716 98695 INFO tempest.lib.common.rest_client [ req-4a5bfe77-acd8-4305-a89e-efcfa3a58c07 ] Request (ExtraSpecsAdminNegativeTest:test_try_get_extra_spec_with_empty_key): 200 POST http://10.27.203.238/share/v2/1ae8e27013bc48228edf3022159a9c1f/types 0.027s
2024-05-28 12:57:13.723 98695 INFO tempest.lib.common.rest_client [-] Request (ExtraSpecsAdminNegativeTest:test_try_get_extra_spec_with_empty_key): 404 GET http://10.27.203.238/share/v2/1ae8e27013bc48228edf3022159a9c1f/types/cc30bac1-e8e3-4e53-b660-f80ce32ddfe0/extra_specs/ 0.005s
2024-05-28 12:57:13.731 98691 INFO tempest.lib.common.rest_client [req-7a39ad69-144a-491d-bc8d-16c8d6af2411 req-7a39ad69-144a-491d-bc8d-16c8d6af2411 ] Request (SharesActionsAdminTest:setUpClass): 201 POST http://10.27.203.238/identity/v3/users 0.069s
2024-05-28 12:57:13.751 98691 INFO tempest.lib.common.rest_client [req-b534a858-1377-4c2f-88bf-07926beade34 req-b534a858-1377-4c2f-88bf-07926beade34 ] Request (SharesActionsAdminTest:setUpClass): 200 GET http://10.27.203.238/identity/v3/roles 0.020s
2024-05-28 12:57:13.770 98695 INFO tempest.lib.common.rest_client [ req-c13bac75-f891-4dc1-9d26-6489d4357e01 ] Request (ExtraSpecsAdminNegativeTest:test_try_get_extra_spec_with_invalid_key): 200 POST http://10.27.203.238/share/v2/1ae8e27013bc48228edf3022159a9c1f/types 0.045s
2024-05-28 12:57:13.777 98687 INFO tempest.lib.common.rest_client [req-85424416-d8b1-439a-9cba-9298114c9416 req-85424416-d8b1-439a-9cba-9298114c9416 ] Request (AccessRulesMetadataTest:tearDownClass): 204 DELETE http://10.27.203.238/identity/v3/projects/1643901550e140118fc2d2e92b82cd0b 0.092s
2024-05-28 12:57:13.777 98687 INFO tempest.lib.common.dynamic_creds [-] Deleting project and security group for project: 43ff8cffa80748308f619a3e52a285f2
2024-05-28 12:57:13.790 98695 INFO tempest.lib.common.rest_client [ req-23278454-3a57-4835-85b1-e96a9bf752be ] Request (ExtraSpecsAdminNegativeTest:test_try_get_extra_spec_with_invalid_key): 404 GET http://10.27.203.238/share/v2/1ae8e27013bc48228edf3022159a9c1f/types/b8a59a8f-0fff-470a-ae19-f374dbf8ab3b/extra_specs/tempest-fake-894542240 0.018s
2024-05-28 12:57:13.790 98687 INFO tempest.lib.common.rest_client [req-9e44f72c-54c1-49c5-9b15-ef6905ea279c req-9e44f72c-54c1-49c5-9b15-ef6905ea279c ] Request (AccessRulesMetadataTest:tearDownClass): 200 GET http://10.27.203.238:9696/networking/v2.0/security-groups?tenant_id=43ff8cffa80748308f619a3e52a285f2&name=default 0.012s
2024-05-28 12:57:13.816 98691 INFO tempest.lib.common.rest_client [req-61736489-90de-4a6f-b23a-097094a2c1c5 req-61736489-90de-4a6f-b23a-097094a2c1c5 ] Request (SharesActionsAdminTest:setUpClass): 204 PUT http://10.27.203.238/identity/v3/projects/fe54df7c653849ab8ec7523262c597cf/users/ec5a2b103a70407ba8e53c1f28a98ae9/roles/e7989893488f483baa107be56668c4f8 0.064s
2024-05-28 12:57:13.823 98695 INFO tempest.lib.common.rest_client [ req-38bf71ae-d825-47ad-85fb-629e1871937d ] Request (ExtraSpecsAdminNegativeTest:test_try_get_extra_spec_with_user): 200 POST http://10.27.203.238/share/v2/1ae8e27013bc48228edf3022159a9c1f/types 0.031s
2024-05-28 12:57:13.833 98695 INFO tempest.lib.common.rest_client [ req-cce0ac4a-323e-4bff-93e7-b8b53ab7c6fe ] Request (ExtraSpecsAdminNegativeTest:test_try_get_extra_spec_with_user): 403 GET http://10.27.203.238/share/v2/b459b0ac20ef4f348e8ff53468c5c935/types/8ac7167e-4ee5-4626-84c9-f4018be08764/extra_specs/key 0.010s
2024-05-28 12:57:13.851 98695 INFO tempest.lib.common.rest_client [ req-bdf48da2-fbd6-4321-842e-86416c4719c8 ] Request (ExtraSpecsAdminNegativeTest:test_try_get_extra_specs_with_empty_shr_type_id): 404 GET http://10.27.203.238/share/v2/1ae8e27013bc48228edf3022159a9c1f/types/extra_specs 0.016s
2024-05-28 12:57:13.867 98695 INFO tempest.lib.common.rest_client [ req-9d9c6e00-fdaa-417e-910d-86291b7dd3b5 ] Request (ExtraSpecsAdminNegativeTest:test_try_get_extra_specs_with_invalid_shr_type_id): 404 GET http://10.27.203.238/share/v2/1ae8e27013bc48228edf3022159a9c1f/types/tempest-fake-163769860/extra_specs 0.014s
2024-05-28 12:57:13.876 98687 INFO tempest.lib.common.rest_client [req-d3217971-227d-44f2-ae1b-4d78b358a82c req-d3217971-227d-44f2-ae1b-4d78b358a82c ] Request (AccessRulesMetadataTest:tearDownClass): 204 DELETE http://10.27.203.238/identity/v3/projects/43ff8cffa80748308f619a3e52a285f2 0.084s
2024-05-28 12:57:13.876 98687 INFO tempest.lib.common.dynamic_creds [-] Deleting project and security group for project: 5370699c903e45df8d014898d783500e
2024-05-28 12:57:13.888 98691 INFO tempest.lib.common.rest_client [req-a9d39900-cf87-46b6-a632-24adfe13cbbe req-a9d39900-cf87-46b6-a632-24adfe13cbbe ] Request (SharesActionsAdminTest:setUpClass): 200 GET http://10.27.203.238/identity/v3/roles 0.071s
2024-05-28 12:57:13.888 98687 INFO tempest.lib.common.rest_client [req-50f19648-65f3-426d-a9ec-f8067c18b506 req-50f19648-65f3-426d-a9ec-f8067c18b506 ] Request (AccessRulesMetadataTest:tearDownClass): 200 GET http://10.27.203.238:9696/networking/v2.0/security-groups?tenant_id=5370699c903e45df8d014898d783500e&name=default 0.011s
2024-05-28 12:57:13.896 98695 INFO tempest.lib.common.rest_client [ req-c41b1ccc-1ef4-43e1-9656-7d847b9895f8 ] Request (ExtraSpecsAdminNegativeTest:test_try_get_extra_specs_with_user): 200 POST http://10.27.203.238/share/v2/1ae8e27013bc48228edf3022159a9c1f/types 0.028s
2024-05-28 12:57:13.909 98695 INFO tempest.lib.common.rest_client [ req-ce188a40-069e-45f4-8947-4975991c1ea1 ] Request (ExtraSpecsAdminNegativeTest:test_try_get_extra_specs_with_user): 403 GET http://10.27.203.238/share/v2/b459b0ac20ef4f348e8ff53468c5c935/types/f4d611bb-aa60-46f8-8a5f-91fc4457d2ec/extra_specs 0.012s
2024-05-28 12:57:13.920 98691 INFO tempest.lib.common.rest_client [req-6f5cc488-0279-4ef4-93a7-84e716c3ee6d req-6f5cc488-0279-4ef4-93a7-84e716c3ee6d ] Request (SharesActionsAdminTest:setUpClass): 204 PUT http://10.27.203.238/identity/v3/projects/fe54df7c653849ab8ec7523262c597cf/users/ec5a2b103a70407ba8e53c1f28a98ae9/roles/e7989893488f483baa107be56668c4f8 0.031s
2024-05-28 12:57:13.920 98691 INFO tempest.lib.common.dynamic_creds [-] Dynamic test user ec5a2b103a70407ba8e53c1f28a98ae9 is created with scope project and roles: ['admin']
2024-05-28 12:57:13.920 98691 INFO tempest.lib.common.dynamic_creds [-] Acquired dynamic creds: credentials: Credentials: {'domain_id': 'default', 'domain_name': 'Default', 'username': 'tempest-SharesActionsAdminTest-1286316336-project-admin', 'project_domain_id': 'default', 'project_domain_name': 'Default', 'project_id': 'fe54df7c653849ab8ec7523262c597cf', 'project_name': 'tempest-SharesActionsAdminTest-1286316336', 'tenant_id': 'fe54df7c653849ab8ec7523262c597cf', 'tenant_name': 'tempest-SharesActionsAdminTest-1286316336', 'user_domain_id': 'default', 'user_domain_name': 'Default', 'user_id': 'ec5a2b103a70407ba8e53c1f28a98ae9', 'system': None}, Network: None, Subnet: None, Router: None
2024-05-28 12:57:13.921 98691 INFO tempest.lib.common.dynamic_creds [-] Created isolated network resources for: credentials: Credentials: {'domain_id': 'default', 'domain_name': 'Default', 'username': 'tempest-SharesActionsAdminTest-1286316336-project-admin', 'project_domain_id': 'default', 'project_domain_name': 'Default', 'project_id': 'fe54df7c653849ab8ec7523262c597cf', 'project_name': 'tempest-SharesActionsAdminTest-1286316336', 'tenant_id': 'fe54df7c653849ab8ec7523262c597cf', 'tenant_name': 'tempest-SharesActionsAdminTest-1286316336', 'user_domain_id': 'default', 'user_domain_name': 'Default', 'user_id': 'ec5a2b103a70407ba8e53c1f28a98ae9', 'system': None}, Network: None, Subnet: None, Router: None
2024-05-28 12:57:13.924 98695 INFO tempest.lib.common.rest_client [ req-0058c76a-30e6-4b06-9192-20f0b0a0d167 ] Request (ExtraSpecsAdminNegativeTest:test_try_list_es_with_empty_shr_type_id): 404 GET http://10.27.203.238/share/v2/1ae8e27013bc48228edf3022159a9c1f/types/extra_specs 0.012s
2024-05-28 12:57:13.939 98695 INFO tempest.lib.common.rest_client [ req-22220e88-b594-433a-b814-c75835a44030 ] Request (ExtraSpecsAdminNegativeTest:test_try_list_es_with_invalid_shr_type_id): 404 GET http://10.27.203.238/share/v2/1ae8e27013bc48228edf3022159a9c1f/types/tempest-fake-1431537607/extra_specs 0.013s
2024-05-28 12:57:13.971 98695 INFO tempest.lib.common.rest_client [ req-80de2667-0799-4e78-951e-304d7ef8c309 ] Request (ExtraSpecsAdminNegativeTest:test_try_list_extra_specs_with_user): 200 POST http://10.27.203.238/share/v2/1ae8e27013bc48228edf3022159a9c1f/types 0.031s
2024-05-28 12:57:13.982 98695 INFO tempest.lib.common.rest_client [ req-42161b7e-230f-48f7-ae49-dc85c2e82c21 ] Request (ExtraSpecsAdminNegativeTest:test_try_list_extra_specs_with_user): 403 GET http://10.27.203.238/share/v2/b459b0ac20ef4f348e8ff53468c5c935/types/5d77f885-b328-4d22-9007-e21eace5ccc9/extra_specs 0.010s
2024-05-28 12:57:14.000 98687 INFO tempest.lib.common.rest_client [req-2b9399a3-ccbb-4405-9513-2a7a6c456256 req-2b9399a3-ccbb-4405-9513-2a7a6c456256 ] Request (AccessRulesMetadataTest:tearDownClass): 204 DELETE http://10.27.203.238/identity/v3/projects/5370699c903e45df8d014898d783500e 0.111s
2024-05-28 12:57:14.001 98691 INFO tempest.lib.common.rest_client [req-c82a1cd4-7059-4105-9cb3-0ade58072718 req-c82a1cd4-7059-4105-9cb3-0ade58072718 ] Request (SharesActionsAdminTest:setUpClass): 201 POST http://10.27.203.238/identity/v3/auth/tokens 0.079s
2024-05-28 12:57:14.016 98695 INFO tempest.lib.common.rest_client [ req-00bb7ec8-bb9d-4c1c-91ef-5c923dcb2f43 ] Request (ExtraSpecsAdminNegativeTest:test_try_read_extra_specs_on_share_type_with_user): 200 POST http://10.27.203.238/share/v2/1ae8e27013bc48228edf3022159a9c1f/types 0.032s
2024-05-28 12:57:14.029 98695 INFO tempest.lib.common.rest_client [ req-146334dc-86e3-4811-ad20-382442d9312f ] Request (ExtraSpecsAdminNegativeTest:test_try_read_extra_specs_on_share_type_with_user): 200 GET http://10.27.203.238/share/v2/b459b0ac20ef4f348e8ff53468c5c935/types/87e08e04-de75-4648-8f60-bebf5c8b7fce 0.013s
2024-05-28 12:57:14.029 98687 INFO tempest.lib.common.rest_client [req-e68c0e76-5a7e-400c-a345-eeabf28a3346 req-e68c0e76-5a7e-400c-a345-eeabf28a3346 ] Request (AccessesMetadataNegativeTest:setUpClass): 201 POST http://10.27.203.238/identity/v3/auth/tokens 0.027s
2024-05-28 12:57:14.062 98695 INFO tempest.lib.common.rest_client [ req-bc28479a-6a97-4102-81c8-556b8ceeb5ea ] Request (ExtraSpecsAdminNegativeTest:test_try_set_too_long_key): 200 POST http://10.27.203.238/share/v2/1ae8e27013bc48228edf3022159a9c1f/types 0.031s
2024-05-28 12:57:14.078 98695 INFO tempest.lib.common.rest_client [ req-017ad327-2640-4f7d-9b92-163e76e4cf80 ] Request (ExtraSpecsAdminNegativeTest:test_try_set_too_long_key): 400 POST http://10.27.203.238/share/v2/1ae8e27013bc48228edf3022159a9c1f/types/6ada2880-51f5-4019-8d2c-7ffa58a8b629/extra_specs 0.015s
2024-05-28 12:57:14.095 98687 INFO tempest.lib.common.rest_client [req-8caddee0-608f-4a20-bf8a-786b019882bb req-8caddee0-608f-4a20-bf8a-786b019882bb ] Request (AccessesMetadataNegativeTest:setUpClass): 201 POST http://10.27.203.238/identity/v3/auth/tokens 0.062s
2024-05-28 12:57:14.096 98691 INFO tempest.lib.common.rest_client [ req-eff299cd-c7ed-4c3d-bfdb-ed5fb25221e0 ] Request (SharesActionsAdminTest:setUpClass): 200 POST http://10.27.203.238/share/v2/fe54df7c653849ab8ec7523262c597cf/types 0.094s
2024-05-28 12:57:14.104 98695 INFO tempest.lib.common.rest_client [ req-a30f4c9a-7b45-4d51-96ff-11c26226691c ] Request (ExtraSpecsAdminNegativeTest:test_try_set_too_long_value_with_creation): 200 POST http://10.27.203.238/share/v2/1ae8e27013bc48228edf3022159a9c1f/types 0.023s
2024-05-28 12:57:14.117 98695 INFO tempest.lib.common.rest_client [ req-2311ceba-7248-4b2d-baa2-56a6d2439c3c ] Request (ExtraSpecsAdminNegativeTest:test_try_set_too_long_value_with_creation): 400 POST http://10.27.203.238/share/v2/1ae8e27013bc48228edf3022159a9c1f/types/530d6c70-a60f-45b4-8810-f997583cc60f/extra_specs 0.012s
2024-05-28 12:57:14.124 98687 INFO tempest.lib.common.rest_client [req-c54b9f84-b72a-4142-8b5d-d5e90b6e6298 req-c54b9f84-b72a-4142-8b5d-d5e90b6e6298 ] Request (AccessesMetadataNegativeTest:setUpClass): 200 GET http://10.27.203.238/identity/v3/domains?name=Default 0.028s
2024-05-28 12:57:14.143 98695 INFO tempest.lib.common.rest_client [ req-e8083b5f-6d60-4e51-a7c4-b7088740bad0 ] Request (ExtraSpecsAdminNegativeTest:test_try_set_too_long_value_with_update): 200 POST http://10.27.203.238/share/v2/1ae8e27013bc48228edf3022159a9c1f/types 0.024s
2024-05-28 12:57:14.165 98695 INFO tempest.lib.common.rest_client [ req-d5e9ffca-0eee-4dbb-a4d9-742cea169186 ] Request (ExtraSpecsAdminNegativeTest:test_try_set_too_long_value_with_update): 200 POST http://10.27.203.238/share/v2/1ae8e27013bc48228edf3022159a9c1f/types/267f85de-c874-4ef9-9dba-05907bb40f17/extra_specs 0.021s
2024-05-28 12:57:14.179 98695 INFO tempest.lib.common.rest_client [ req-7365e857-56d4-4f56-94d4-a65f097cd4bd ] Request (ExtraSpecsAdminNegativeTest:test_try_set_too_long_value_with_update): 400 POST http://10.27.203.238/share/v2/1ae8e27013bc48228edf3022159a9c1f/types/267f85de-c874-4ef9-9dba-05907bb40f17/extra_specs 0.014s
2024-05-28 12:57:14.182 98687 INFO tempest.lib.common.rest_client [req-02c5e690-838d-432e-87a8-7aaf7fc64ac8 req-02c5e690-838d-432e-87a8-7aaf7fc64ac8 ] Request (AccessesMetadataNegativeTest:setUpClass): 201 POST http://10.27.203.238/identity/v3/projects 0.057s
2024-05-28 12:57:14.219 98695 INFO tempest.lib.common.rest_client [ req-28d1c1b9-dabe-4750-91c4-2816a61f4ebb ] Request (ExtraSpecsAdminNegativeTest:test_try_set_too_long_value_with_update_of_one_key): 200 POST http://10.27.203.238/share/v2/1ae8e27013bc48228edf3022159a9c1f/types 0.038s
2024-05-28 12:57:14.241 98695 INFO tempest.lib.common.rest_client [ req-7923b73e-82ef-4b45-8f27-140b46370496 ] Request (ExtraSpecsAdminNegativeTest:test_try_set_too_long_value_with_update_of_one_key): 200 POST http://10.27.203.238/share/v2/1ae8e27013bc48228edf3022159a9c1f/types/ad9a409c-7bfe-4e4b-9e03-83b5c57e112d/extra_specs 0.022s
2024-05-28 12:57:14.255 98695 INFO tempest.lib.common.rest_client [ req-54fb1219-2fa3-4418-9266-d6f335042815 ] Request (ExtraSpecsAdminNegativeTest:test_try_set_too_long_value_with_update_of_one_key): 400 PUT http://10.27.203.238/share/v2/1ae8e27013bc48228edf3022159a9c1f/types/ad9a409c-7bfe-4e4b-9e03-83b5c57e112d/extra_specs/key 0.013s
2024-05-28 12:57:14.262 98687 INFO tempest.lib.common.rest_client [req-ef5ea478-40a9-4871-be95-a393aca9912c req-ef5ea478-40a9-4871-be95-a393aca9912c ] Request (AccessesMetadataNegativeTest:setUpClass): 201 POST http://10.27.203.238/identity/v3/users 0.079s
2024-05-28 12:57:14.285 98695 INFO tempest.lib.common.rest_client [ req-6dd0def1-7571-4f89-b2f5-acd653dae925 ] Request (ExtraSpecsAdminNegativeTest:test_try_update_extra_spec_with_user): 200 POST http://10.27.203.238/share/v2/1ae8e27013bc48228edf3022159a9c1f/types 0.028s
2024-05-28 12:57:14.288 98687 INFO tempest.lib.common.rest_client [req-2e46718e-e968-4536-83a8-eef2b729e2a2 req-2e46718e-e968-4536-83a8-eef2b729e2a2 ] Request (AccessesMetadataNegativeTest:setUpClass): 200 GET http://10.27.203.238/identity/v3/roles 0.025s
2024-05-28 12:57:14.295 98695 INFO tempest.lib.common.rest_client [ req-b22b29f1-377b-4129-b4a0-fecb40f123d2 ] Request (ExtraSpecsAdminNegativeTest:test_try_update_extra_spec_with_user): 403 PUT http://10.27.203.238/share/v2/b459b0ac20ef4f348e8ff53468c5c935/types/d7647d83-e1c0-4114-9c84-dc770aeeab34/extra_specs/key 0.008s
2024-05-28 12:57:14.364 98695 INFO tempest.lib.common.rest_client [ req-1872ca47-c0a5-4967-a79b-00af76fab8ab ] Request (ExtraSpecsAdminNegativeTest:test_try_update_extra_specs_with_user): 200 POST http://10.27.203.238/share/v2/1ae8e27013bc48228edf3022159a9c1f/types 0.067s
2024-05-28 12:57:14.373 98691 INFO tempest.lib.common.rest_client [ req-b5d0ddc5-db46-4239-8d97-cf384f7cf2d8 ] Request (SharesActionsAdminTest:setUpClass): 200 POST http://10.27.203.238/share/v2/fe54df7c653849ab8ec7523262c597cf/shares 0.276s
2024-05-28 12:57:14.373 98695 INFO tempest.lib.common.rest_client [ req-19055da7-6081-46c4-a189-c7ea3e1280ea ] Request (ExtraSpecsAdminNegativeTest:test_try_update_extra_specs_with_user): 403 POST http://10.27.203.238/share/v2/b459b0ac20ef4f348e8ff53468c5c935/types/e113c38a-fcde-46c9-9158-f2d3b50bd899/extra_specs 0.008s
2024-05-28 12:57:14.379 98687 INFO tempest.lib.common.rest_client [req-bf100a16-b000-4eeb-867d-b1771a439939 req-bf100a16-b000-4eeb-867d-b1771a439939 ] Request (AccessesMetadataNegativeTest:setUpClass): 204 PUT http://10.27.203.238/identity/v3/projects/ed83204ad63946bdae288892bd07d115/users/aecf70f564bb43b5bc870395023f1341/roles/44620cad10ae407c90c91e2c296adb04 0.091s
2024-05-28 12:57:14.380 98687 INFO tempest.lib.common.dynamic_creds [-] Dynamic test user aecf70f564bb43b5bc870395023f1341 is created with scope project and roles: ['member']
2024-05-28 12:57:14.380 98687 INFO tempest.lib.common.dynamic_creds [-] Acquired dynamic creds: credentials: Credentials: {'domain_id': 'default', 'domain_name': 'Default', 'username': 'tempest-AccessesMetadataNegativeTest-1660907003-project-member', 'project_domain_id': 'default', 'project_domain_name': 'Default', 'project_id': 'ed83204ad63946bdae288892bd07d115', 'project_name': 'tempest-AccessesMetadataNegativeTest-1660907003', 'tenant_id': 'ed83204ad63946bdae288892bd07d115', 'tenant_name': 'tempest-AccessesMetadataNegativeTest-1660907003', 'user_domain_id': 'default', 'user_domain_name': 'Default', 'user_id': 'aecf70f564bb43b5bc870395023f1341', 'system': None}, Network: None, Subnet: None, Router: None
2024-05-28 12:57:14.380 98687 INFO tempest.lib.common.dynamic_creds [-] Created isolated network resources for: credentials: Credentials: {'domain_id': 'default', 'domain_name': 'Default', 'username': 'tempest-AccessesMetadataNegativeTest-1660907003-project-member', 'project_domain_id': 'default', 'project_domain_name': 'Default', 'project_id': 'ed83204ad63946bdae288892bd07d115', 'project_name': 'tempest-AccessesMetadataNegativeTest-1660907003', 'tenant_id': 'ed83204ad63946bdae288892bd07d115', 'tenant_name': 'tempest-AccessesMetadataNegativeTest-1660907003', 'user_domain_id': 'default', 'user_domain_name': 'Default', 'user_id': 'aecf70f564bb43b5bc870395023f1341', 'system': None}, Network: None, Subnet: None, Router: None
2024-05-28 12:57:14.401 98695 INFO tempest.lib.common.rest_client [ req-836ea1da-65c0-4389-8041-28fc10fd0b6a ] Request (ExtraSpecsAdminNegativeTest:test_try_update_spec_with_empty_key): 200 POST http://10.27.203.238/share/v2/1ae8e27013bc48228edf3022159a9c1f/types 0.026s
2024-05-28 12:57:14.406 98691 INFO tempest.lib.common.rest_client [ req-b590bd79-fc9b-477e-9827-ffe5122d3e39 ] Request (SharesActionsAdminTest:setUpClass): 200 GET http://10.27.203.238/share/v2/fe54df7c653849ab8ec7523262c597cf/shares/7da650db-1124-40b5-ba52-fb1170c038c8 0.032s
2024-05-28 12:57:14.407 98695 INFO tempest.lib.common.rest_client [-] Request (ExtraSpecsAdminNegativeTest:test_try_update_spec_with_empty_key): 404 PUT http://10.27.203.238/share/v2/1ae8e27013bc48228edf3022159a9c1f/types/085a5b1e-9c62-49aa-beae-f0b2ca158c1e/extra_specs/ 0.005s
2024-05-28 12:57:14.415 98695 INFO tempest.lib.common.rest_client [-] Request (ExtraSpecsAdminNegativeTest:test_try_update_spec_with_empty_shr_type_id): 404 PUT http://10.27.203.238/share/v2/1ae8e27013bc48228edf3022159a9c1f/types/extra_specs/key 0.006s
2024-05-28 12:57:14.428 98695 INFO tempest.lib.common.rest_client [ req-024aeb8c-3906-4ec4-a805-d5ba6de8d75e ] Request (ExtraSpecsAdminNegativeTest:test_try_update_spec_with_invalid_shr_type_id): 404 PUT http://10.27.203.238/share/v2/1ae8e27013bc48228edf3022159a9c1f/types/tempest-fake-1619065030/extra_specs/key 0.012s
2024-05-28 12:57:14.446 98695 INFO tempest.lib.common.rest_client [ req-241ede1a-69bd-447a-b400-3df65bd96319 ] Request (ExtraSpecsAdminNegativeTest:test_try_update_with_invalid_shr_type_id): 404 POST http://10.27.203.238/share/v2/1ae8e27013bc48228edf3022159a9c1f/types/tempest-fake-643797704/extra_specs 0.017s
2024-05-28 12:57:14.459 98687 INFO tempest.lib.common.rest_client [req-6020c0ed-9a6b-4ce4-98f5-d1ab2cfa5cb8 req-6020c0ed-9a6b-4ce4-98f5-d1ab2cfa5cb8 ] Request (AccessesMetadataNegativeTest:setUpClass): 201 POST http://10.27.203.238/identity/v3/auth/tokens 0.078s
2024-05-28 12:57:14.498 98695 INFO tempest.lib.common.rest_client [ req-b4245c5b-7810-4463-bb38-938a59355f0e ] Request (ExtraSpecsAdminNegativeTest:test_try_update_with_invalid_specs): 200 POST http://10.27.203.238/share/v2/1ae8e27013bc48228edf3022159a9c1f/types 0.051s
2024-05-28 12:57:14.511 98695 INFO tempest.lib.common.rest_client [ req-48daa801-786d-4f4c-84d1-99bba139d64f ] Request (ExtraSpecsAdminNegativeTest:test_try_update_with_invalid_specs): 400 POST http://10.27.203.238/share/v2/1ae8e27013bc48228edf3022159a9c1f/types/c22ebdb5-43a3-4144-9935-bc06959bfb25/extra_specs 0.012s
2024-05-28 12:57:14.540 98687 INFO tempest.lib.common.rest_client [req-3f38eda8-c677-4b46-bb08-471165d68c32 req-3f38eda8-c677-4b46-bb08-471165d68c32 ] Request (AccessesMetadataNegativeTest:setUpClass): 201 POST http://10.27.203.238/identity/v3/projects 0.080s
2024-05-28 12:57:14.613 98687 INFO tempest.lib.common.rest_client [req-02a67506-d529-4fec-ac70-22999c7300da req-02a67506-d529-4fec-ac70-22999c7300da ] Request (AccessesMetadataNegativeTest:setUpClass): 201 POST http://10.27.203.238/identity/v3/users 0.072s
2024-05-28 12:57:14.627 98695 INFO tempest.lib.common.rest_client [req-0c85f13d-658a-40c5-a154-847d5795550c req-0c85f13d-658a-40c5-a154-847d5795550c ] Request (ExtraSpecsAdminNegativeTest:tearDownClass): 404 DELETE http://10.27.203.238/identity/v3/users/b9078b0601ac4efa93bdcc390f3d1208 0.114s
2024-05-28 12:57:14.629 98695 ERROR manila_tempest_tests.tests.api.base [-] Suppressed cleanup error in Manila: Traceback (most recent call last): File "/opt/stack/manila-tempest-plugin/manila_tempest_tests/tests/api/base.py", line 1272, in clear_project_users cls.os_admin.creds_client.delete_user(user['id'])
File "/opt/stack/tempest/tempest/lib/common/cred_client.py", line 55, in delete_user self.users_client.delete_user(user_id)
File "/opt/stack/tempest/tempest/lib/services/identity/v3/users_client.py", line 104, in delete_user resp, body = self.delete("users/%s" % user_id)
File "/opt/stack/tempest/tempest/lib/common/rest_client.py", line 357, in delete return self.request('DELETE', url, extra_headers, headers, body)
File "/opt/stack/tempest/tempest/lib/common/rest_client.py", line 760, in request self._error_checker(resp, resp_body)
File "/opt/stack/tempest/tempest/lib/common/rest_client.py", line 870, in _error_checker raise exceptions.NotFound(resp_body, resp=resp) tempest.lib.exceptions.NotFound: Object not found Details: {'code': 404, 'message': 'Could not find user: b9078b0601ac4efa93bdcc390f3d1208.', 'title': 'Not Found'} : tempest.lib.exceptions.NotFound: Object not found
2024-05-28 12:57:14.636 98687 INFO tempest.lib.common.rest_client [req-7682da36-63df-40a7-bec2-65d7ed34234a req-7682da36-63df-40a7-bec2-65d7ed34234a ] Request (AccessesMetadataNegativeTest:setUpClass): 200 GET http://10.27.203.238/identity/v3/roles 0.022s
2024-05-28 12:57:14.691 98687 INFO tempest.lib.common.rest_client [req-30bb934a-e4c7-411a-8de8-4607757a3415 req-30bb934a-e4c7-411a-8de8-4607757a3415 ] Request (AccessesMetadataNegativeTest:setUpClass): 204 PUT http://10.27.203.238/identity/v3/projects/3e21df600d6c4f93ae48db92d82bf03e/users/3602f1b4b0604dac9f3dac83a8eb3661/roles/44620cad10ae407c90c91e2c296adb04 0.054s
2024-05-28 12:57:14.691 98687 INFO tempest.lib.common.dynamic_creds [-] Dynamic test user 3602f1b4b0604dac9f3dac83a8eb3661 is created with scope project and roles: ['member']
2024-05-28 12:57:14.691 98687 INFO tempest.lib.common.dynamic_creds [-] Acquired dynamic creds: credentials: Credentials: {'domain_id': 'default', 'domain_name': 'Default', 'username': 'tempest-AccessesMetadataNegativeTest-2137565184-project-member', 'project_domain_id': 'default', 'project_domain_name': 'Default', 'project_id': '3e21df600d6c4f93ae48db92d82bf03e', 'project_name': 'tempest-AccessesMetadataNegativeTest-2137565184', 'tenant_id': '3e21df600d6c4f93ae48db92d82bf03e', 'tenant_name': 'tempest-AccessesMetadataNegativeTest-2137565184', 'user_domain_id': 'default', 'user_domain_name': 'Default', 'user_id': '3602f1b4b0604dac9f3dac83a8eb3661', 'system': None}, Network: None, Subnet: None, Router: None
2024-05-28 12:57:14.691 98687 INFO tempest.lib.common.dynamic_creds [-] Created isolated network resources for: credentials: Credentials: {'domain_id': 'default', 'domain_name': 'Default', 'username': 'tempest-AccessesMetadataNegativeTest-2137565184-project-member', 'project_domain_id': 'default', 'project_domain_name': 'Default', 'project_id': '3e21df600d6c4f93ae48db92d82bf03e', 'project_name': 'tempest-AccessesMetadataNegativeTest-2137565184', 'tenant_id': '3e21df600d6c4f93ae48db92d82bf03e', 'tenant_name': 'tempest-AccessesMetadataNegativeTest-2137565184', 'user_domain_id': 'default', 'user_domain_name': 'Default', 'user_id': '3602f1b4b0604dac9f3dac83a8eb3661', 'system': None}, Network: None, Subnet: None, Router: None
2024-05-28 12:57:14.793 98687 INFO tempest.lib.common.rest_client [req-86ece01e-3689-4fa6-8a29-faf22992d18d req-86ece01e-3689-4fa6-8a29-faf22992d18d ] Request (AccessesMetadataNegativeTest:setUpClass): 201 POST http://10.27.203.238/identity/v3/auth/tokens 0.099s
2024-05-28 12:57:14.821 98695 INFO tempest.lib.common.rest_client [req-5a157ab4-2b61-4279-86c5-a0a64b2e4383 req-5a157ab4-2b61-4279-86c5-a0a64b2e4383 ] Request (ExtraSpecsAdminNegativeTest:tearDownClass): 204 DELETE http://10.27.203.238/identity/v3/users/567edee5a37f498e8a3f54a933728377 0.191s
2024-05-28 12:57:14.881 98695 INFO tempest.lib.common.rest_client [ req-10d6fd4e-e029-4d6a-b07f-c732ed9efc98 ] Request (ExtraSpecsAdminNegativeTest:tearDownClass): 202 DELETE http://10.27.203.238/share/v2/1ae8e27013bc48228edf3022159a9c1f/types/c22ebdb5-43a3-4144-9935-bc06959bfb25 0.060s
2024-05-28 12:57:14.895 98687 INFO tempest.lib.common.rest_client [req-7f065e7e-5e4e-4f6f-a042-80972dfa34d0 req-7f065e7e-5e4e-4f6f-a042-80972dfa34d0 ] Request (AccessesMetadataNegativeTest:setUpClass): 201 POST http://10.27.203.238/identity/v3/projects 0.101s
2024-05-28 12:57:14.895 98695 INFO tempest.lib.common.rest_client [ req-d560cfbb-8668-4f95-9067-ed4ad799aae2 ] Request (ExtraSpecsAdminNegativeTest:tearDownClass): 404 GET http://10.27.203.238/share/v2/1ae8e27013bc48228edf3022159a9c1f/types/c22ebdb5-43a3-4144-9935-bc06959bfb25 0.013s
2024-05-28 12:57:14.944 98695 INFO tempest.lib.common.rest_client [ req-cfca92c8-0f8a-45a2-8743-f1dd217ec508 ] Request (ExtraSpecsAdminNegativeTest:tearDownClass): 202 DELETE http://10.27.203.238/share/v2/1ae8e27013bc48228edf3022159a9c1f/types/085a5b1e-9c62-49aa-beae-f0b2ca158c1e 0.048s
2024-05-28 12:57:14.957 98695 INFO tempest.lib.common.rest_client [ req-37031cc7-4aaa-406f-afd0-45e923434114 ] Request (ExtraSpecsAdminNegativeTest:tearDownClass): 404 GET http://10.27.203.238/share/v2/1ae8e27013bc48228edf3022159a9c1f/types/085a5b1e-9c62-49aa-beae-f0b2ca158c1e 0.012s
2024-05-28 12:57:14.983 98687 INFO tempest.lib.common.rest_client [req-0b4e9aef-ba91-488e-8093-c0928fe38bdf req-0b4e9aef-ba91-488e-8093-c0928fe38bdf ] Request (AccessesMetadataNegativeTest:setUpClass): 201 POST http://10.27.203.238/identity/v3/users 0.088s
2024-05-28 12:57:15.003 98687 INFO tempest.lib.common.rest_client [req-e6da1d80-efb7-48bb-8478-e11afd3bcd7f req-e6da1d80-efb7-48bb-8478-e11afd3bcd7f ] Request (AccessesMetadataNegativeTest:setUpClass): 200 GET http://10.27.203.238/identity/v3/roles 0.019s
