2024-05-28 12:59:49.723 98691 INFO tempest.lib.common.rest_client [ req-25619fdd-a4fc-47ce-a906-cd10f90e64ee ] Request (ShareIpRulesForNFSNegativeTest:_run_cleanups): 200 GET http://10.27.203.238/share/v2/7890e9d8a78c49a0bb9af26ec5dd4646/share-access-rules?share_id=72db8769-ece7-42ff-af27-2e778292a9b4 0.058s
2024-05-28 12:59:49.725 98693 INFO tempest.lib.common.rest_client [ req-2fada9e6-9719-4554-b9f7-1891ec2be8ee ] Request (UserMessageTest:_run_cleanups): 202 DELETE http://10.27.203.238/share/v2/33b0ebad17d34f8cb4004ebcd1e0fb91/shares/8c461c9a-d030-496e-b267-c05fe4731b2f 0.219s
2024-05-28 12:59:49.725 98689 INFO tempest.lib.common.rest_client [req-51c13db8-2a78-4c1d-8b42-a8386075590b req-51c13db8-2a78-4c1d-8b42-a8386075590b ] Request (ResourceLockDeleteTest:tearDownClass): 200 GET http://10.27.203.238:9696/networking/v2.0/security-groups?tenant_id=16bb859669ab42a3b7cc595a5e30eb2e&name=default 0.013s
2024-05-28 12:59:49.759 98693 INFO tempest.lib.common.rest_client [ req-53986484-4169-429b-8bca-2f13e878483e ] Request (UserMessageTest:setUp): 200 POST http://10.27.203.238/share/v2/33b0ebad17d34f8cb4004ebcd1e0fb91/types 0.032s
2024-05-28 12:59:49.816 98695 INFO tempest.lib.common.rest_client [req-6685b7e5-524a-479d-a107-a803ccc267f6 req-6685b7e5-524a-479d-a107-a803ccc267f6 ] Request (ResourceLockNegativeTestWithShares:tearDownClass): 200 GET http://10.27.203.238:9696/networking/v2.0/security-groups?tenant_id=b058127419ad4e429a8f95650aea3857&name=default 0.146s
2024-05-28 12:59:49.869 98689 INFO tempest.lib.common.rest_client [req-da2a3264-9370-4136-b53e-cd9619600bf1 req-da2a3264-9370-4136-b53e-cd9619600bf1 ] Request (ResourceLockDeleteTest:tearDownClass): 204 DELETE http://10.27.203.238/identity/v3/projects/16bb859669ab42a3b7cc595a5e30eb2e 0.142s
2024-05-28 12:59:49.869 98689 INFO tempest.lib.common.dynamic_creds [-] Deleting project and security group for project: 4e33c80a983f4bea96588979487da461
2024-05-28 12:59:49.880 98689 INFO tempest.lib.common.rest_client [req-1211b1e6-1aeb-45fe-9e6c-5a6064669848 req-1211b1e6-1aeb-45fe-9e6c-5a6064669848 ] Request (ResourceLockDeleteTest:tearDownClass): 200 GET http://10.27.203.238:9696/networking/v2.0/security-groups?tenant_id=4e33c80a983f4bea96588979487da461&name=default 0.011s
2024-05-28 12:59:49.930 98695 INFO tempest.lib.common.rest_client [req-5d6995a2-e21a-4d5a-9c2e-0618cf750313 req-5d6995a2-e21a-4d5a-9c2e-0618cf750313 ] Request (ResourceLockNegativeTestWithShares:tearDownClass): 204 DELETE http://10.27.203.238/identity/v3/projects/b058127419ad4e429a8f95650aea3857 0.113s
2024-05-28 12:59:49.931 98695 INFO tempest.lib.common.dynamic_creds [-] Deleting project and security group for project: 1c8bc02239694668aa5810b9e0fc29f3
2024-05-28 12:59:49.942 98695 INFO tempest.lib.common.rest_client [req-f2fe9762-70ed-4a7a-b7a9-e477028fc1b1 req-f2fe9762-70ed-4a7a-b7a9-e477028fc1b1 ] Request (ResourceLockNegativeTestWithShares:tearDownClass): 200 GET http://10.27.203.238:9696/networking/v2.0/security-groups?tenant_id=1c8bc02239694668aa5810b9e0fc29f3&name=default 0.011s
2024-05-28 12:59:49.958 98693 INFO tempest.lib.common.rest_client [ req-c5fc80a8-01b2-4957-9dfe-979585fc6e25 ] Request (UserMessageTest:setUp): 200 POST http://10.27.203.238/share/v2/33b0ebad17d34f8cb4004ebcd1e0fb91/shares 0.198s
2024-05-28 12:59:49.973 98687 INFO tempest.lib.common.rest_client [ req-1a173e92-b8db-4263-bd84-7aee7aabd03d ] Request (ShareIpRulesForNFSTest:tearDownClass): 404 GET http://10.27.203.238/share/v2/776f75906bc64f8f9316d5aab4b50bf1/shares/1ddadc17-cf10-4a42-8bbd-8335fb3520a1 0.014s
2024-05-28 12:59:49.986 98693 INFO tempest.lib.common.rest_client [ req-49ae745f-da04-43cf-99be-f89d98efa620 ] Request (UserMessageTest:setUp): 200 GET http://10.27.203.238/share/v2/33b0ebad17d34f8cb4004ebcd1e0fb91/shares/6bf55297-267e-4c0f-8a15-10257c79ab6a 0.027s
2024-05-28 12:59:49.994 98689 INFO tempest.lib.common.rest_client [req-e133b0b4-73e5-424c-badf-5e8d17d25a7c req-e133b0b4-73e5-424c-badf-5e8d17d25a7c ] Request (ResourceLockDeleteTest:tearDownClass): 204 DELETE http://10.27.203.238/identity/v3/projects/4e33c80a983f4bea96588979487da461 0.113s
2024-05-28 12:59:49.995 98689 INFO tempest.test [-] raised in RevertToSnapshotNegativeTest.setUpClass. Invoking tearDownClass.
2024-05-28 12:59:50.018 98689 INFO tempest.lib.common.rest_client [req-d38189fb-0613-44c7-b672-a3aabcef2108 req-d38189fb-0613-44c7-b672-a3aabcef2108 ] Request (ShareRulesTest:setUpClass): 201 POST http://10.27.203.238/identity/v3/auth/tokens 0.020s
2024-05-28 12:59:50.031 98687 INFO tempest.lib.common.rest_client [ req-4fc099a5-ce44-4d1c-8bb1-62c25aeb4103 ] Request (ShareIpRulesForNFSTest:tearDownClass): 202 DELETE http://10.27.203.238/share/v2/be41abb2eae44a6481cf94a21e347d1e/types/9752aa1f-dff4-4911-9901-18941d761370 0.057s
2024-05-28 12:59:50.049 98687 INFO tempest.lib.common.rest_client [ req-6b95a7e9-bb1e-481a-9e50-e3baf06e580f ] Request (ShareIpRulesForNFSTest:tearDownClass): 404 GET http://10.27.203.238/share/v2/be41abb2eae44a6481cf94a21e347d1e/types/9752aa1f-dff4-4911-9901-18941d761370 0.017s
2024-05-28 12:59:50.065 98689 INFO tempest.lib.common.rest_client [req-eea1b2f3-4077-4a9f-b9ee-282b8cff4f1a req-eea1b2f3-4077-4a9f-b9ee-282b8cff4f1a ] Request (ShareRulesTest:setUpClass): 201 POST http://10.27.203.238/identity/v3/auth/tokens 0.043s
2024-05-28 12:59:50.074 98695 INFO tempest.lib.common.rest_client [req-afe59f3b-33c1-4553-88e7-fb5b30d2724e req-afe59f3b-33c1-4553-88e7-fb5b30d2724e ] Request (ResourceLockNegativeTestWithShares:tearDownClass): 204 DELETE http://10.27.203.238/identity/v3/projects/1c8bc02239694668aa5810b9e0fc29f3 0.132s
2024-05-28 12:59:50.075 98695 INFO tempest.lib.common.dynamic_creds [-] Deleting project and security group for project: 86e4aff17ad94d75a624b038464bfeb2
2024-05-28 12:59:50.085 98695 INFO tempest.lib.common.rest_client [req-ad096b8d-30e3-4e31-a84d-f3ff10b2c726 req-ad096b8d-30e3-4e31-a84d-f3ff10b2c726 ] Request (ResourceLockNegativeTestWithShares:tearDownClass): 200 GET http://10.27.203.238:9696/networking/v2.0/security-groups?tenant_id=86e4aff17ad94d75a624b038464bfeb2&name=default 0.010s
2024-05-28 12:59:50.102 98689 INFO tempest.lib.common.rest_client [req-74cfec7d-b6c7-4eba-af48-76b980db3275 req-74cfec7d-b6c7-4eba-af48-76b980db3275 ] Request (ShareRulesTest:setUpClass): 200 GET http://10.27.203.238/identity/v3/domains?name=Default 0.037s
2024-05-28 12:59:50.172 98687 INFO tempest.lib.common.rest_client [req-8e5ad66d-0a17-4739-9533-ceb08316bc47 req-8e5ad66d-0a17-4739-9533-ceb08316bc47 ] Request (ShareIpRulesForNFSTest:tearDownClass): 204 DELETE http://10.27.203.238/identity/v3/users/8937c78e76024a40a3ee7b019a2d366f 0.123s
2024-05-28 12:59:50.196 98695 INFO tempest.lib.common.rest_client [req-e9272d9b-3005-4cab-b4a6-799e5bc42d49 req-e9272d9b-3005-4cab-b4a6-799e5bc42d49 ] Request (ResourceLockNegativeTestWithShares:tearDownClass): 204 DELETE http://10.27.203.238/identity/v3/projects/86e4aff17ad94d75a624b038464bfeb2 0.110s
2024-05-28 12:59:50.197 98695 INFO tempest.test [-] raised in ShareCertRulesForGLUSTERFSTest.setUpClass. Invoking tearDownClass.
2024-05-28 12:59:50.198 98695 INFO tempest.test [-] raised in ShareUserRulesForCIFSTest.setUpClass. Invoking tearDownClass.
2024-05-28 12:59:50.238 98689 INFO tempest.lib.common.rest_client [req-4c57caea-6946-48e7-8578-a491a4763b7f req-4c57caea-6946-48e7-8578-a491a4763b7f ] Request (ShareRulesTest:setUpClass): 201 POST http://10.27.203.238/identity/v3/projects 0.135s
2024-05-28 12:59:50.263 98695 INFO tempest.lib.common.rest_client [req-a0280d71-7d09-49b1-a439-d014aba16892 req-a0280d71-7d09-49b1-a439-d014aba16892 ] Request (ShareCertRulesForGLUSTERFSNegativeTest:setUpClass): 201 POST http://10.27.203.238/identity/v3/auth/tokens 0.062s
2024-05-28 12:59:50.347 98689 INFO tempest.lib.common.rest_client [req-c71d5028-698d-40b8-a789-87f020d32094 req-c71d5028-698d-40b8-a789-87f020d32094 ] Request (ShareRulesTest:setUpClass): 201 POST http://10.27.203.238/identity/v3/users 0.108s
2024-05-28 12:59:50.372 98687 INFO tempest.lib.common.rest_client [req-6faee564-b5f0-42c0-9825-83cbe93c2eeb req-6faee564-b5f0-42c0-9825-83cbe93c2eeb ] Request (ShareIpRulesForNFSTest:tearDownClass): 204 DELETE http://10.27.203.238/identity/v3/users/8a096898300641eabaf2d505168d8804 0.199s
2024-05-28 12:59:50.392 98695 INFO tempest.lib.common.rest_client [req-04e8e479-56ef-4071-b0d8-0b962327e4c4 req-04e8e479-56ef-4071-b0d8-0b962327e4c4 ] Request (ShareCertRulesForGLUSTERFSNegativeTest:setUpClass): 201 POST http://10.27.203.238/identity/v3/auth/tokens 0.126s
2024-05-28 12:59:50.419 98689 INFO tempest.lib.common.rest_client [req-d48c81bc-f4a7-4a8a-b18d-fd5aac0b6e16 req-d48c81bc-f4a7-4a8a-b18d-fd5aac0b6e16 ] Request (ShareRulesTest:setUpClass): 200 GET http://10.27.203.238/identity/v3/roles 0.071s
2024-05-28 12:59:50.441 98695 INFO tempest.lib.common.rest_client [req-277e5e35-b34b-4b49-ad33-006a60af4156 req-277e5e35-b34b-4b49-ad33-006a60af4156 ] Request (ShareCertRulesForGLUSTERFSNegativeTest:setUpClass): 200 GET http://10.27.203.238/identity/v3/domains?name=Default 0.049s
2024-05-28 12:59:50.488 98689 INFO tempest.lib.common.rest_client [req-e107da27-39b0-4b2f-a43c-e97c137d9e42 req-e107da27-39b0-4b2f-a43c-e97c137d9e42 ] Request (ShareRulesTest:setUpClass): 204 PUT http://10.27.203.238/identity/v3/projects/a4f3887fa28c457390f5b66615564430/users/c153f63532ba4a37a0dea611e7cd28fc/roles/44620cad10ae407c90c91e2c296adb04 0.068s
2024-05-28 12:59:50.488 98689 INFO tempest.lib.common.dynamic_creds [-] Dynamic test user c153f63532ba4a37a0dea611e7cd28fc is created with scope project and roles: ['member']
2024-05-28 12:59:50.488 98689 INFO tempest.lib.common.dynamic_creds [-] Acquired dynamic creds: credentials: Credentials: {'domain_id': 'default', 'domain_name': 'Default', 'username': 'tempest-ShareRulesTest-1530341375-project-member', 'project_domain_id': 'default', 'project_domain_name': 'Default', 'project_id': 'a4f3887fa28c457390f5b66615564430', 'project_name': 'tempest-ShareRulesTest-1530341375', 'tenant_id': 'a4f3887fa28c457390f5b66615564430', 'tenant_name': 'tempest-ShareRulesTest-1530341375', 'user_domain_id': 'default', 'user_domain_name': 'Default', 'user_id': 'c153f63532ba4a37a0dea611e7cd28fc', 'system': None}, Network: None, Subnet: None, Router: None
2024-05-28 12:59:50.488 98689 INFO tempest.lib.common.dynamic_creds [-] Created isolated network resources for: credentials: Credentials: {'domain_id': 'default', 'domain_name': 'Default', 'username': 'tempest-ShareRulesTest-1530341375-project-member', 'project_domain_id': 'default', 'project_domain_name': 'Default', 'project_id': 'a4f3887fa28c457390f5b66615564430', 'project_name': 'tempest-ShareRulesTest-1530341375', 'tenant_id': 'a4f3887fa28c457390f5b66615564430', 'tenant_name': 'tempest-ShareRulesTest-1530341375', 'user_domain_id': 'default', 'user_domain_name': 'Default', 'user_id': 'c153f63532ba4a37a0dea611e7cd28fc', 'system': None}, Network: None, Subnet: None, Router: None
2024-05-28 12:59:50.499 98687 INFO tempest.lib.common.rest_client [req-f61f4073-0c9f-420b-93ae-1a143b7066ba req-f61f4073-0c9f-420b-93ae-1a143b7066ba ] Request (ShareIpRulesForNFSTest:tearDownClass): 204 DELETE http://10.27.203.238/identity/v3/users/4baf3846d3024ef88eeb58770fe946c9 0.127s
2024-05-28 12:59:50.500 98687 INFO tempest.lib.common.dynamic_creds [-] Deleting project and security group for project: 776f75906bc64f8f9316d5aab4b50bf1
2024-05-28 12:59:50.567 98689 INFO tempest.lib.common.rest_client [req-efc671bf-77a3-456b-9079-86a726721a81 req-efc671bf-77a3-456b-9079-86a726721a81 ] Request (ShareRulesTest:setUpClass): 201 POST http://10.27.203.238/identity/v3/auth/tokens 0.076s
2024-05-28 12:59:50.573 98695 INFO tempest.lib.common.rest_client [req-6d021635-b7a2-4a33-b62a-22284101c2f2 req-6d021635-b7a2-4a33-b62a-22284101c2f2 ] Request (ShareCertRulesForGLUSTERFSNegativeTest:setUpClass): 201 POST http://10.27.203.238/identity/v3/projects 0.131s
2024-05-28 12:59:50.614 98687 INFO tempest.lib.common.rest_client [req-c06f024e-f747-4c2d-8d0d-e989111a79df req-c06f024e-f747-4c2d-8d0d-e989111a79df ] Request (ShareIpRulesForNFSTest:tearDownClass): 201 POST http://10.27.203.238/identity/v3/auth/tokens 0.113s
2024-05-28 12:59:50.647 98689 INFO tempest.lib.common.rest_client [req-a431a810-f1be-4c1e-ad0e-1fffe2f816e9 req-a431a810-f1be-4c1e-ad0e-1fffe2f816e9 ] Request (ShareRulesTest:setUpClass): 201 POST http://10.27.203.238/identity/v3/projects 0.080s
2024-05-28 12:59:50.657 98695 INFO tempest.lib.common.rest_client [req-04799349-c3d7-4da5-ad3e-6fa2f8ba20dd req-04799349-c3d7-4da5-ad3e-6fa2f8ba20dd ] Request (ShareCertRulesForGLUSTERFSNegativeTest:setUpClass): 201 POST http://10.27.203.238/identity/v3/users 0.083s
2024-05-28 12:59:50.714 98689 INFO tempest.lib.common.rest_client [req-fa86c129-d75e-42e6-9a94-a67900ce0917 req-fa86c129-d75e-42e6-9a94-a67900ce0917 ] Request (ShareRulesTest:setUpClass): 201 POST http://10.27.203.238/identity/v3/users 0.066s
2024-05-28 12:59:50.719 98687 INFO tempest.lib.common.rest_client [req-6c2be1ee-e322-49d5-86ce-42cf5eba6c53 req-6c2be1ee-e322-49d5-86ce-42cf5eba6c53 ] Request (ShareIpRulesForNFSTest:tearDownClass): 200 GET http://10.27.203.238:9696/networking/v2.0/security-groups?tenant_id=776f75906bc64f8f9316d5aab4b50bf1&name=default 0.105s
2024-05-28 12:59:50.728 98695 INFO tempest.lib.common.rest_client [req-94dd9274-b741-4ce3-838f-128780daa5a4 req-94dd9274-b741-4ce3-838f-128780daa5a4 ] Request (ShareCertRulesForGLUSTERFSNegativeTest:setUpClass): 200 GET http://10.27.203.238/identity/v3/roles 0.071s
2024-05-28 12:59:50.736 98689 INFO tempest.lib.common.rest_client [req-2c246643-fdc2-49e8-a38a-5909ee1e5ea8 req-2c246643-fdc2-49e8-a38a-5909ee1e5ea8 ] Request (ShareRulesTest:setUpClass): 200 GET http://10.27.203.238/identity/v3/roles 0.021s
2024-05-28 12:59:50.778 98695 INFO tempest.lib.common.rest_client [req-d3354373-d2c7-46cb-bd8e-d92f116e4e38 req-d3354373-d2c7-46cb-bd8e-d92f116e4e38 ] Request (ShareCertRulesForGLUSTERFSNegativeTest:setUpClass): 204 PUT http://10.27.203.238/identity/v3/projects/ec850008fab34430bc3261f8c74f5611/users/869ea9c4ad8b4dc093edb323b66436ab/roles/44620cad10ae407c90c91e2c296adb04 0.049s
2024-05-28 12:59:50.778 98695 INFO tempest.lib.common.dynamic_creds [-] Dynamic test user 869ea9c4ad8b4dc093edb323b66436ab is created with scope project and roles: ['member']
2024-05-28 12:59:50.779 98695 INFO tempest.lib.common.dynamic_creds [-] Acquired dynamic creds: credentials: Credentials: {'domain_id': 'default', 'domain_name': 'Default', 'username': 'tempest-ShareCertRulesForGLUSTERFSNegativeTest-1712190462-project-member', 'project_domain_id': 'default', 'project_domain_name': 'Default', 'project_id': 'ec850008fab34430bc3261f8c74f5611', 'project_name': 'tempest-ShareCertRulesForGLUSTERFSNegativeTest-1712190462', 'tenant_id': 'ec850008fab34430bc3261f8c74f5611', 'tenant_name': 'tempest-ShareCertRulesForGLUSTERFSNegativeTest-1712190462', 'user_domain_id': 'default', 'user_domain_name': 'Default', 'user_id': '869ea9c4ad8b4dc093edb323b66436ab', 'system': None}, Network: None, Subnet: None, Router: None
2024-05-28 12:59:50.779 98695 INFO tempest.lib.common.dynamic_creds [-] Created isolated network resources for: credentials: Credentials: {'domain_id': 'default', 'domain_name': 'Default', 'username': 'tempest-ShareCertRulesForGLUSTERFSNegativeTest-1712190462-project-member', 'project_domain_id': 'default', 'project_domain_name': 'Default', 'project_id': 'ec850008fab34430bc3261f8c74f5611', 'project_name': 'tempest-ShareCertRulesForGLUSTERFSNegativeTest-1712190462', 'tenant_id': 'ec850008fab34430bc3261f8c74f5611', 'tenant_name': 'tempest-ShareCertRulesForGLUSTERFSNegativeTest-1712190462', 'user_domain_id': 'default', 'user_domain_name': 'Default', 'user_id': '869ea9c4ad8b4dc093edb323b66436ab', 'system': None}, Network: None, Subnet: None, Router: None
2024-05-28 12:59:50.814 98687 INFO tempest.lib.common.rest_client [req-44f5e61e-bab6-4843-a79b-b5471dc3dc27 req-44f5e61e-bab6-4843-a79b-b5471dc3dc27 ] Request (ShareIpRulesForNFSTest:tearDownClass): 204 DELETE http://10.27.203.238/identity/v3/projects/776f75906bc64f8f9316d5aab4b50bf1 0.095s
2024-05-28 12:59:50.815 98687 INFO tempest.lib.common.dynamic_creds [-] Deleting project and security group for project: be41abb2eae44a6481cf94a21e347d1e
2024-05-28 12:59:50.827 98687 INFO tempest.lib.common.rest_client [req-9196f6fb-fb3f-4470-b102-ee4f4f4463f1 req-9196f6fb-fb3f-4470-b102-ee4f4f4463f1 ] Request (ShareIpRulesForNFSTest:tearDownClass): 200 GET http://10.27.203.238:9696/networking/v2.0/security-groups?tenant_id=be41abb2eae44a6481cf94a21e347d1e&name=default 0.012s
2024-05-28 12:59:50.881 98689 INFO tempest.lib.common.rest_client [req-5cd77cf5-bb08-4d1e-834d-af552ee28f4c req-5cd77cf5-bb08-4d1e-834d-af552ee28f4c ] Request (ShareRulesTest:setUpClass): 204 PUT http://10.27.203.238/identity/v3/projects/fc1d7dd820ad45ef972127f6f0f4980e/users/3e37f1dedc43413abaedb9537451a247/roles/44620cad10ae407c90c91e2c296adb04 0.144s
2024-05-28 12:59:50.881 98689 INFO tempest.lib.common.dynamic_creds [-] Dynamic test user 3e37f1dedc43413abaedb9537451a247 is created with scope project and roles: ['member']
2024-05-28 12:59:50.881 98689 INFO tempest.lib.common.dynamic_creds [-] Acquired dynamic creds: credentials: Credentials: {'domain_id': 'default', 'domain_name': 'Default', 'username': 'tempest-ShareRulesTest-1381117390-project-member', 'project_domain_id': 'default', 'project_domain_name': 'Default', 'project_id': 'fc1d7dd820ad45ef972127f6f0f4980e', 'project_name': 'tempest-ShareRulesTest-1381117390', 'tenant_id': 'fc1d7dd820ad45ef972127f6f0f4980e', 'tenant_name': 'tempest-ShareRulesTest-1381117390', 'user_domain_id': 'default', 'user_domain_name': 'Default', 'user_id': '3e37f1dedc43413abaedb9537451a247', 'system': None}, Network: None, Subnet: None, Router: None
2024-05-28 12:59:50.881 98689 INFO tempest.lib.common.dynamic_creds [-] Created isolated network resources for: credentials: Credentials: {'domain_id': 'default', 'domain_name': 'Default', 'username': 'tempest-ShareRulesTest-1381117390-project-member', 'project_domain_id': 'default', 'project_domain_name': 'Default', 'project_id': 'fc1d7dd820ad45ef972127f6f0f4980e', 'project_name': 'tempest-ShareRulesTest-1381117390', 'tenant_id': 'fc1d7dd820ad45ef972127f6f0f4980e', 'tenant_name': 'tempest-ShareRulesTest-1381117390', 'user_domain_id': 'default', 'user_domain_name': 'Default', 'user_id': '3e37f1dedc43413abaedb9537451a247', 'system': None}, Network: None, Subnet: None, Router: None
2024-05-28 12:59:50.894 98695 INFO tempest.lib.common.rest_client [req-0bc58c0a-4523-476f-afe3-d33a404d7a04 req-0bc58c0a-4523-476f-afe3-d33a404d7a04 ] Request (ShareCertRulesForGLUSTERFSNegativeTest:setUpClass): 201 POST http://10.27.203.238/identity/v3/auth/tokens 0.114s
2024-05-28 12:59:50.966 98689 INFO tempest.lib.common.rest_client [req-2a5f045e-3269-4464-b5eb-95ee05477ad5 req-2a5f045e-3269-4464-b5eb-95ee05477ad5 ] Request (ShareRulesTest:setUpClass): 201 POST http://10.27.203.238/identity/v3/auth/tokens 0.083s
2024-05-28 12:59:51.012 98687 INFO tempest.lib.common.rest_client [req-b15fd01a-9e4a-47fc-b520-0f4489de4a66 req-b15fd01a-9e4a-47fc-b520-0f4489de4a66 ] Request (ShareIpRulesForNFSTest:tearDownClass): 204 DELETE http://10.27.203.238/identity/v3/projects/be41abb2eae44a6481cf94a21e347d1e 0.184s
2024-05-28 12:59:51.012 98687 INFO tempest.lib.common.dynamic_creds [-] Deleting project and security group for project: a8833f25920b4057b32b03094b1ca6f8
2024-05-28 12:59:51.023 98687 INFO tempest.lib.common.rest_client [req-a58ba343-8e2a-40c4-b18c-e019864b0f37 req-a58ba343-8e2a-40c4-b18c-e019864b0f37 ] Request (ShareIpRulesForNFSTest:tearDownClass): 200 GET http://10.27.203.238:9696/networking/v2.0/security-groups?tenant_id=a8833f25920b4057b32b03094b1ca6f8&name=default 0.011s
2024-05-28 12:59:51.034 98695 INFO tempest.lib.common.rest_client [req-c5d61533-03cf-4074-add9-b7ac6b51d56c req-c5d61533-03cf-4074-add9-b7ac6b51d56c ] Request (ShareCertRulesForGLUSTERFSNegativeTest:setUpClass): 201 POST http://10.27.203.238/identity/v3/projects 0.138s
2024-05-28 12:59:51.064 98689 INFO tempest.lib.common.rest_client [req-384aeb92-0744-4f75-b197-6fb81a5b7253 req-384aeb92-0744-4f75-b197-6fb81a5b7253 ] Request (ShareRulesTest:setUpClass): 201 POST http://10.27.203.238/identity/v3/projects 0.097s
2024-05-28 12:59:51.138 98695 INFO tempest.lib.common.rest_client [req-542b0f93-1cf9-4ce2-a728-2c630b25b0a5 req-542b0f93-1cf9-4ce2-a728-2c630b25b0a5 ] Request (ShareCertRulesForGLUSTERFSNegativeTest:setUpClass): 201 POST http://10.27.203.238/identity/v3/users 0.104s
2024-05-28 12:59:51.172 98687 INFO tempest.lib.common.rest_client [req-a55a46ac-9740-4f26-8d40-7b76be05fbeb req-a55a46ac-9740-4f26-8d40-7b76be05fbeb ] Request (ShareIpRulesForNFSTest:tearDownClass): 204 DELETE http://10.27.203.238/identity/v3/projects/a8833f25920b4057b32b03094b1ca6f8 0.149s
2024-05-28 12:59:51.173 98687 INFO tempest.test [-] raised in ShareUserRulesForNFSTest.setUpClass. Invoking tearDownClass.
2024-05-28 12:59:51.195 98689 INFO tempest.lib.common.rest_client [req-55ee30a9-c5e4-4825-b115-36e0d5309350 req-55ee30a9-c5e4-4825-b115-36e0d5309350 ] Request (ShareRulesTest:setUpClass): 201 POST http://10.27.203.238/identity/v3/users 0.131s
2024-05-28 12:59:51.197 98695 INFO tempest.lib.common.rest_client [req-54224322-1b5f-47d4-91a7-7c87999853e9 req-54224322-1b5f-47d4-91a7-7c87999853e9 ] Request (ShareCertRulesForGLUSTERFSNegativeTest:setUpClass): 200 GET http://10.27.203.238/identity/v3/roles 0.058s
2024-05-28 12:59:51.215 98687 INFO tempest.lib.common.rest_client [req-b8cde3fe-f15e-48df-b597-87f568adcb3e req-b8cde3fe-f15e-48df-b597-87f568adcb3e ] Request (ShareNetworkSubnetsNegativeTest:setUpClass): 201 POST http://10.27.203.238/identity/v3/auth/tokens 0.037s
2024-05-28 12:59:51.225 98689 INFO tempest.lib.common.rest_client [req-95292681-4f66-4f1b-b337-2c928d0879e8 req-95292681-4f66-4f1b-b337-2c928d0879e8 ] Request (ShareRulesTest:setUpClass): 200 GET http://10.27.203.238/identity/v3/roles 0.030s
2024-05-28 12:59:51.258 98687 INFO tempest.lib.common.rest_client [req-a43d6dbd-43fc-4bb7-9716-33e9de14c9a9 req-a43d6dbd-43fc-4bb7-9716-33e9de14c9a9 ] Request (ShareNetworkSubnetsNegativeTest:setUpClass): 201 POST http://10.27.203.238/identity/v3/auth/tokens 0.039s
2024-05-28 12:59:51.281 98695 INFO tempest.lib.common.rest_client [req-3b7b0f29-8981-4aad-a75c-0a48e2d1ac8f req-3b7b0f29-8981-4aad-a75c-0a48e2d1ac8f ] Request (ShareCertRulesForGLUSTERFSNegativeTest:setUpClass): 204 PUT http://10.27.203.238/identity/v3/projects/2eed962b52a8433c9c503bd3155203e0/users/1e9067b4178d457496506d1821472cf3/roles/44620cad10ae407c90c91e2c296adb04 0.083s
2024-05-28 12:59:51.281 98695 INFO tempest.lib.common.dynamic_creds [-] Dynamic test user 1e9067b4178d457496506d1821472cf3 is created with scope project and roles: ['member']
2024-05-28 12:59:51.281 98695 INFO tempest.lib.common.dynamic_creds [-] Acquired dynamic creds: credentials: Credentials: {'domain_id': 'default', 'domain_name': 'Default', 'username': 'tempest-ShareCertRulesForGLUSTERFSNegativeTest-1123044093-project-member', 'project_domain_id': 'default', 'project_domain_name': 'Default', 'project_id': '2eed962b52a8433c9c503bd3155203e0', 'project_name': 'tempest-ShareCertRulesForGLUSTERFSNegativeTest-1123044093', 'tenant_id': '2eed962b52a8433c9c503bd3155203e0', 'tenant_name': 'tempest-ShareCertRulesForGLUSTERFSNegativeTest-1123044093', 'user_domain_id': 'default', 'user_domain_name': 'Default', 'user_id': '1e9067b4178d457496506d1821472cf3', 'system': None}, Network: None, Subnet: None, Router: None
2024-05-28 12:59:51.281 98695 INFO tempest.lib.common.dynamic_creds [-] Created isolated network resources for: credentials: Credentials: {'domain_id': 'default', 'domain_name': 'Default', 'username': 'tempest-ShareCertRulesForGLUSTERFSNegativeTest-1123044093-project-member', 'project_domain_id': 'default', 'project_domain_name': 'Default', 'project_id': '2eed962b52a8433c9c503bd3155203e0', 'project_name': 'tempest-ShareCertRulesForGLUSTERFSNegativeTest-1123044093', 'tenant_id': '2eed962b52a8433c9c503bd3155203e0', 'tenant_name': 'tempest-ShareCertRulesForGLUSTERFSNegativeTest-1123044093', 'user_domain_id': 'default', 'user_domain_name': 'Default', 'user_id': '1e9067b4178d457496506d1821472cf3', 'system': None}, Network: None, Subnet: None, Router: None
2024-05-28 12:59:51.327 98689 INFO tempest.lib.common.rest_client [req-90d8c70f-d265-45b7-ab9f-f9124ef88d9b req-90d8c70f-d265-45b7-ab9f-f9124ef88d9b ] Request (ShareRulesTest:setUpClass): 204 PUT http://10.27.203.238/identity/v3/projects/f353f66e6e00471aa584ea2e39c0ab0e/users/91af4223eb404925980daea7f7bde321/roles/e7989893488f483baa107be56668c4f8 0.100s
2024-05-28 12:59:51.337 98687 INFO tempest.lib.common.rest_client [req-f5ad694a-e98f-4783-9ccb-b2ede0131ecf req-f5ad694a-e98f-4783-9ccb-b2ede0131ecf ] Request (ShareNetworkSubnetsNegativeTest:setUpClass): 200 GET http://10.27.203.238/identity/v3/domains?name=Default 0.079s
2024-05-28 12:59:51.379 98689 INFO tempest.lib.common.rest_client [req-bcc21651-fd04-4a6e-a5a2-67d1826cc984 req-bcc21651-fd04-4a6e-a5a2-67d1826cc984 ] Request (ShareRulesTest:setUpClass): 200 GET http://10.27.203.238/identity/v3/roles 0.052s
2024-05-28 12:59:51.401 98695 INFO tempest.lib.common.rest_client [req-7b4b66ce-383d-481e-8ca0-63c3979a59c2 req-7b4b66ce-383d-481e-8ca0-63c3979a59c2 ] Request (ShareCertRulesForGLUSTERFSNegativeTest:setUpClass): 201 POST http://10.27.203.238/identity/v3/auth/tokens 0.117s
2024-05-28 12:59:51.421 98689 INFO tempest.lib.common.rest_client [req-b5540a6a-febd-4493-9386-70f1f351c0fe req-b5540a6a-febd-4493-9386-70f1f351c0fe ] Request (ShareRulesTest:setUpClass): 204 PUT http://10.27.203.238/identity/v3/projects/f353f66e6e00471aa584ea2e39c0ab0e/users/91af4223eb404925980daea7f7bde321/roles/e7989893488f483baa107be56668c4f8 0.041s
2024-05-28 12:59:51.421 98689 INFO tempest.lib.common.dynamic_creds [-] Dynamic test user 91af4223eb404925980daea7f7bde321 is created with scope project and roles: ['admin']
2024-05-28 12:59:51.422 98689 INFO tempest.lib.common.dynamic_creds [-] Acquired dynamic creds: credentials: Credentials: {'domain_id': 'default', 'domain_name': 'Default', 'username': 'tempest-ShareRulesTest-2015086173-project-admin', 'project_domain_id': 'default', 'project_domain_name': 'Default', 'project_id': 'f353f66e6e00471aa584ea2e39c0ab0e', 'project_name': 'tempest-ShareRulesTest-2015086173', 'tenant_id': 'f353f66e6e00471aa584ea2e39c0ab0e', 'tenant_name': 'tempest-ShareRulesTest-2015086173', 'user_domain_id': 'default', 'user_domain_name': 'Default', 'user_id': '91af4223eb404925980daea7f7bde321', 'system': None}, Network: None, Subnet: None, Router: None
2024-05-28 12:59:51.422 98689 INFO tempest.lib.common.dynamic_creds [-] Created isolated network resources for: credentials: Credentials: {'domain_id': 'default', 'domain_name': 'Default', 'username': 'tempest-ShareRulesTest-2015086173-project-admin', 'project_domain_id': 'default', 'project_domain_name': 'Default', 'project_id': 'f353f66e6e00471aa584ea2e39c0ab0e', 'project_name': 'tempest-ShareRulesTest-2015086173', 'tenant_id': 'f353f66e6e00471aa584ea2e39c0ab0e', 'tenant_name': 'tempest-ShareRulesTest-2015086173', 'user_domain_id': 'default', 'user_domain_name': 'Default', 'user_id': '91af4223eb404925980daea7f7bde321', 'system': None}, Network: None, Subnet: None, Router: None
2024-05-28 12:59:51.429 98687 INFO tempest.lib.common.rest_client [req-163d3473-2c05-4f55-8330-eb8744468eb4 req-163d3473-2c05-4f55-8330-eb8744468eb4 ] Request (ShareNetworkSubnetsNegativeTest:setUpClass): 201 POST http://10.27.203.238/identity/v3/projects 0.091s
2024-05-28 12:59:51.507 98689 INFO tempest.lib.common.rest_client [req-f95ac82e-52b6-4d0c-bee1-e08abcb749cd req-f95ac82e-52b6-4d0c-bee1-e08abcb749cd ] Request (ShareRulesTest:setUpClass): 201 POST http://10.27.203.238/identity/v3/auth/tokens 0.084s
2024-05-28 12:59:51.537 98695 INFO tempest.lib.common.rest_client [req-057f6ca0-006c-4f0e-8878-9486312811d2 req-057f6ca0-006c-4f0e-8878-9486312811d2 ] Request (ShareCertRulesForGLUSTERFSNegativeTest:setUpClass): 201 POST http://10.27.203.238/identity/v3/projects 0.135s
2024-05-28 12:59:51.557 98687 INFO tempest.lib.common.rest_client [req-20db15c6-1958-4eeb-b063-d1ff515b624f req-20db15c6-1958-4eeb-b063-d1ff515b624f ] Request (ShareNetworkSubnetsNegativeTest:setUpClass): 201 POST http://10.27.203.238/identity/v3/users 0.128s
2024-05-28 12:59:51.604 98689 INFO tempest.lib.common.rest_client [req-7c69cc51-4aac-47ce-9b29-63bb0ed454e0 req-7c69cc51-4aac-47ce-9b29-63bb0ed454e0 ] Request (ShareRulesTest:setUpClass): 200 GET http://10.27.203.238/identity/v3/domains?name=Default 0.096s
2024-05-28 12:59:51.627 98687 INFO tempest.lib.common.rest_client [req-d0bfa31f-cf68-4e6b-9d4f-e7f1ca15d76f req-d0bfa31f-cf68-4e6b-9d4f-e7f1ca15d76f ] Request (ShareNetworkSubnetsNegativeTest:setUpClass): 200 GET http://10.27.203.238/identity/v3/roles 0.068s
2024-05-28 12:59:51.630 98695 INFO tempest.lib.common.rest_client [req-ae28a0d9-326a-47b7-b65d-549d62028bb6 req-ae28a0d9-326a-47b7-b65d-549d62028bb6 ] Request (ShareCertRulesForGLUSTERFSNegativeTest:setUpClass): 201 POST http://10.27.203.238/identity/v3/users 0.092s
2024-05-28 12:59:51.665 98689 INFO tempest.lib.common.rest_client [req-4e11a6ab-422a-4c46-8a94-6b292e2e1399 req-4e11a6ab-422a-4c46-8a94-6b292e2e1399 ] Request (ShareRulesTest:setUpClass): 201 POST http://10.27.203.238/identity/v3/users 0.060s
2024-05-28 12:59:51.673 98687 INFO tempest.lib.common.rest_client [req-605fd996-6e92-4670-b360-e662b2d65c85 req-605fd996-6e92-4670-b360-e662b2d65c85 ] Request (ShareNetworkSubnetsNegativeTest:setUpClass): 204 PUT http://10.27.203.238/identity/v3/projects/3520fb8495ee410b81f6760a62e1bca2/users/bd14fa1f9f8a4d93b7f67c5b53f29c99/roles/e7989893488f483baa107be56668c4f8 0.046s
2024-05-28 12:59:51.704 98695 INFO tempest.lib.common.rest_client [req-6fe4fd75-69f4-4fe1-bab2-1d35f2298cb5 req-6fe4fd75-69f4-4fe1-bab2-1d35f2298cb5 ] Request (ShareCertRulesForGLUSTERFSNegativeTest:setUpClass): 200 GET http://10.27.203.238/identity/v3/roles 0.073s
2024-05-28 12:59:51.720 98687 INFO tempest.lib.common.rest_client [req-7e6fea48-caa5-40e7-bd86-8a3ff1af2539 req-7e6fea48-caa5-40e7-bd86-8a3ff1af2539 ] Request (ShareNetworkSubnetsNegativeTest:setUpClass): 200 GET http://10.27.203.238/identity/v3/roles 0.046s
2024-05-28 12:59:51.739 98689 INFO tempest.lib.common.rest_client [req-ee639399-9263-4ee9-be2e-555864ec16d4 req-ee639399-9263-4ee9-be2e-555864ec16d4 ] Request (ShareRulesTest:setUpClass): 200 GET http://10.27.203.238/identity/v3/roles 0.073s
2024-05-28 12:59:51.760 98687 INFO tempest.lib.common.rest_client [req-c10f41c8-0968-4ade-9215-bfe3f0d90dc2 req-c10f41c8-0968-4ade-9215-bfe3f0d90dc2 ] Request (ShareNetworkSubnetsNegativeTest:setUpClass): 204 PUT http://10.27.203.238/identity/v3/projects/3520fb8495ee410b81f6760a62e1bca2/users/bd14fa1f9f8a4d93b7f67c5b53f29c99/roles/e7989893488f483baa107be56668c4f8 0.040s
2024-05-28 12:59:51.761 98687 INFO tempest.lib.common.dynamic_creds [-] Dynamic test user bd14fa1f9f8a4d93b7f67c5b53f29c99 is created with scope project and roles: ['admin']
2024-05-28 12:59:51.761 98687 INFO tempest.lib.common.dynamic_creds [-] Acquired dynamic creds: credentials: Credentials: {'domain_id': 'default', 'domain_name': 'Default', 'username': 'tempest-ShareNetworkSubnetsNegativeTest-1848515568-project-admin', 'project_domain_id': 'default', 'project_domain_name': 'Default', 'project_id': '3520fb8495ee410b81f6760a62e1bca2', 'project_name': 'tempest-ShareNetworkSubnetsNegativeTest-1848515568', 'tenant_id': '3520fb8495ee410b81f6760a62e1bca2', 'tenant_name': 'tempest-ShareNetworkSubnetsNegativeTest-1848515568', 'user_domain_id': 'default', 'user_domain_name': 'Default', 'user_id': 'bd14fa1f9f8a4d93b7f67c5b53f29c99', 'system': None}, Network: None, Subnet: None, Router: None
2024-05-28 12:59:51.761 98687 INFO tempest.lib.common.dynamic_creds [-] Created isolated network resources for: credentials: Credentials: {'domain_id': 'default', 'domain_name': 'Default', 'username': 'tempest-ShareNetworkSubnetsNegativeTest-1848515568-project-admin', 'project_domain_id': 'default', 'project_domain_name': 'Default', 'project_id': '3520fb8495ee410b81f6760a62e1bca2', 'project_name': 'tempest-ShareNetworkSubnetsNegativeTest-1848515568', 'tenant_id': '3520fb8495ee410b81f6760a62e1bca2', 'tenant_name': 'tempest-ShareNetworkSubnetsNegativeTest-1848515568', 'user_domain_id': 'default', 'user_domain_name': 'Default', 'user_id': 'bd14fa1f9f8a4d93b7f67c5b53f29c99', 'system': None}, Network: None, Subnet: None, Router: None
2024-05-28 12:59:51.766 98695 INFO tempest.lib.common.rest_client [req-db4ef99d-35be-4016-bb01-dc3f2999b4fe req-db4ef99d-35be-4016-bb01-dc3f2999b4fe ] Request (ShareCertRulesForGLUSTERFSNegativeTest:setUpClass): 204 PUT http://10.27.203.238/identity/v3/projects/8f5f6af328db444086f50a26f4d62e63/users/b04fbccbd4af4d03ba7d54550e06e586/roles/e7989893488f483baa107be56668c4f8 0.062s
2024-05-28 12:59:51.852 98687 INFO tempest.lib.common.rest_client [req-c4442af3-e599-4645-855a-8358db6508cf req-c4442af3-e599-4645-855a-8358db6508cf ] Request (ShareNetworkSubnetsNegativeTest:setUpClass): 201 POST http://10.27.203.238/identity/v3/auth/tokens 0.090s
2024-05-28 12:59:51.889 98695 INFO tempest.lib.common.rest_client [req-14c6df4e-c215-4377-883b-dbd9705d5ad9 req-14c6df4e-c215-4377-883b-dbd9705d5ad9 ] Request (ShareCertRulesForGLUSTERFSNegativeTest:setUpClass): 200 GET http://10.27.203.238/identity/v3/roles 0.122s
2024-05-28 12:59:51.893 98689 INFO tempest.lib.common.rest_client [req-605d65db-4aed-45c6-a987-2319e75e4a5c req-605d65db-4aed-45c6-a987-2319e75e4a5c ] Request (ShareRulesTest:setUpClass): 204 PUT http://10.27.203.238/identity/v3/projects/f353f66e6e00471aa584ea2e39c0ab0e/users/756070dd0b274fd8835b10a8fbe293d9/roles/44620cad10ae407c90c91e2c296adb04 0.154s
2024-05-28 12:59:51.947 98695 INFO tempest.lib.common.rest_client [req-bc27c936-737d-4537-b6c0-8300a75bc201 req-bc27c936-737d-4537-b6c0-8300a75bc201 ] Request (ShareCertRulesForGLUSTERFSNegativeTest:setUpClass): 204 PUT http://10.27.203.238/identity/v3/projects/8f5f6af328db444086f50a26f4d62e63/users/b04fbccbd4af4d03ba7d54550e06e586/roles/e7989893488f483baa107be56668c4f8 0.057s
2024-05-28 12:59:51.948 98695 INFO tempest.lib.common.dynamic_creds [-] Dynamic test user b04fbccbd4af4d03ba7d54550e06e586 is created with scope project and roles: ['admin']
2024-05-28 12:59:51.948 98695 INFO tempest.lib.common.dynamic_creds [-] Acquired dynamic creds: credentials: Credentials: {'domain_id': 'default', 'domain_name': 'Default', 'username': 'tempest-ShareCertRulesForGLUSTERFSNegativeTest-287127571-project-admin', 'project_domain_id': 'default', 'project_domain_name': 'Default', 'project_id': '8f5f6af328db444086f50a26f4d62e63', 'project_name': 'tempest-ShareCertRulesForGLUSTERFSNegativeTest-287127571', 'tenant_id': '8f5f6af328db444086f50a26f4d62e63', 'tenant_name': 'tempest-ShareCertRulesForGLUSTERFSNegativeTest-287127571', 'user_domain_id': 'default', 'user_domain_name': 'Default', 'user_id': 'b04fbccbd4af4d03ba7d54550e06e586', 'system': None}, Network: None, Subnet: None, Router: None
2024-05-28 12:59:51.948 98695 INFO tempest.lib.common.dynamic_creds [-] Created isolated network resources for: credentials: Credentials: {'domain_id': 'default', 'domain_name': 'Default', 'username': 'tempest-ShareCertRulesForGLUSTERFSNegativeTest-287127571-project-admin', 'project_domain_id': 'default', 'project_domain_name': 'Default', 'project_id': '8f5f6af328db444086f50a26f4d62e63', 'project_name': 'tempest-ShareCertRulesForGLUSTERFSNegativeTest-287127571', 'tenant_id': '8f5f6af328db444086f50a26f4d62e63', 'tenant_name': 'tempest-ShareCertRulesForGLUSTERFSNegativeTest-287127571', 'user_domain_id': 'default', 'user_domain_name': 'Default', 'user_id': 'b04fbccbd4af4d03ba7d54550e06e586', 'system': None}, Network: None, Subnet: None, Router: None
2024-05-28 12:59:52.083 98689 INFO tempest.lib.common.rest_client [ req-41aa3904-0810-4637-9752-5012d7415890 ] Request (ShareRulesTest:setUpClass): 200 POST http://10.27.203.238/share/v2/f353f66e6e00471aa584ea2e39c0ab0e/types 0.187s
2024-05-28 12:59:52.101 98695 INFO tempest.lib.common.rest_client [req-afa80422-3fc4-4b02-bef4-10a261010b79 req-afa80422-3fc4-4b02-bef4-10a261010b79 ] Request (ShareCertRulesForGLUSTERFSNegativeTest:setUpClass): 201 POST http://10.27.203.238/identity/v3/auth/tokens 0.152s
2024-05-28 12:59:52.126 98695 INFO tempest.lib.common.rest_client [req-d1759925-b5e4-4254-b87e-a61d40fa800a req-d1759925-b5e4-4254-b87e-a61d40fa800a ] Request (ShareCertRulesForGLUSTERFSNegativeTest:setUpClass): 200 GET http://10.27.203.238/identity/v3/domains?name=Default 0.024s
2024-05-28 12:59:52.162 98695 INFO tempest.lib.common.rest_client [req-b476d790-afd9-4918-ac11-f304b14579c0 req-b476d790-afd9-4918-ac11-f304b14579c0 ] Request (ShareCertRulesForGLUSTERFSNegativeTest:setUpClass): 201 POST http://10.27.203.238/identity/v3/users 0.035s
2024-05-28 12:59:52.166 98687 INFO tempest.lib.common.rest_client [ req-6d8de220-ad07-4e49-a17c-80af69776cb5 ] Request (ShareNetworkSubnetsNegativeTest:setUpClass): 200 POST http://10.27.203.238/share/v2/3520fb8495ee410b81f6760a62e1bca2/share-networks 0.313s
2024-05-28 12:59:52.183 98695 INFO tempest.lib.common.rest_client [req-b25a8598-eaa6-4f4e-afc6-490cbd4fdb6f req-b25a8598-eaa6-4f4e-afc6-490cbd4fdb6f ] Request (ShareCertRulesForGLUSTERFSNegativeTest:setUpClass): 200 GET http://10.27.203.238/identity/v3/roles 0.021s
2024-05-28 12:59:52.193 98687 INFO tempest.lib.common.rest_client [ req-7f1498c3-8a58-4ad3-b167-1942df69b30f ] Request (ShareNetworkSubnetsNegativeTest:setUpClass): 200 POST http://10.27.203.238/share/v2/3520fb8495ee410b81f6760a62e1bca2/types 0.026s
2024-05-28 12:59:52.205 98687 INFO tempest.lib.common.rest_client [ req-bb2c26cb-cd80-4936-a652-e99ffebc3f19 ] Request (ShareNetworkSubnetsNegativeTest:setUpClass): 200 GET http://10.27.203.238/share/v2/3520fb8495ee410b81f6760a62e1bca2/availability-zones 0.011s
2024-05-28 12:59:52.222 98695 INFO tempest.lib.common.rest_client [req-ab6db0a4-0045-4f8a-ab9e-a875dee646bc req-ab6db0a4-0045-4f8a-ab9e-a875dee646bc ] Request (ShareCertRulesForGLUSTERFSNegativeTest:setUpClass): 204 PUT http://10.27.203.238/identity/v3/projects/8f5f6af328db444086f50a26f4d62e63/users/dacf9ff99e1c456cb98dc54de91b36a3/roles/44620cad10ae407c90c91e2c296adb04 0.038s
2024-05-28 12:59:52.223 98695 INFO tempest.test [-] raised in ShareCertRulesForGLUSTERFSNegativeTest.setUpClass. Invoking tearDownClass.
2024-05-28 12:59:52.247 98687 INFO tempest.lib.common.rest_client [ req-6fb34b66-a8ce-48c5-8e6b-d7f0a4910cca ] Request (ShareNetworkSubnetsNegativeTest:test_add_share_network_subnet_az_not_found): 400 POST http://10.27.203.238/share/v2/3520fb8495ee410b81f6760a62e1bca2/share-networks/ddde945b-30cc-46ff-a60c-f44924d1ac7f/subnets 0.041s
2024-05-28 12:59:52.261 98687 INFO tempest.lib.common.rest_client [ req-e67a314e-7376-44b6-b684-069d6578676f ] Request (ShareNetworkSubnetsNegativeTest:test_add_share_network_subnet_missing_parameters): 400 POST http://10.27.203.238/share/v2/3520fb8495ee410b81f6760a62e1bca2/share-networks/ddde945b-30cc-46ff-a60c-f44924d1ac7f/subnets 0.009s
2024-05-28 12:59:52.285 98687 INFO tempest.lib.common.rest_client [ req-f91c8cca-fcc6-48ef-9014-763911a83ae0 ] Request (ShareNetworkSubnetsNegativeTest:test_add_share_network_subnet_share_network_not_found): 404 POST http://10.27.203.238/share/v2/3520fb8495ee410b81f6760a62e1bca2/share-networks/fake_inexistent_id/subnets 0.022s
2024-05-28 12:59:52.300 98695 INFO tempest.lib.common.rest_client [req-97bbbe4b-4b53-4d10-8327-476fd434c05c req-97bbbe4b-4b53-4d10-8327-476fd434c05c ] Request (ShareCertRulesForGLUSTERFSNegativeTest:tearDownClass): 404 DELETE http://10.27.203.238/identity/v3/users/b9078b0601ac4efa93bdcc390f3d1208 0.076s
2024-05-28 12:59:52.301 98695 ERROR manila_tempest_tests.tests.api.base [-] Suppressed cleanup error in Manila: Traceback (most recent call last): File "/opt/stack/tempest/tempest/test.py", line 184, in setUpClass cls.resource_setup()
File "/opt/stack/manila-tempest-plugin/manila_tempest_tests/tests/api/test_rules_negative.py", line 387, in resource_setup raise cls.skipException(msg) unittest.case.SkipTest: CERT rule tests for glusterfs protocol are disabled During handling of the above exception, another exception occurred: Traceback (most recent call last): File "/opt/stack/manila-tempest-plugin/manila_tempest_tests/tests/api/base.py", line 1272, in clear_project_users cls.os_admin.creds_client.delete_user(user['id'])
File "/opt/stack/tempest/tempest/lib/common/cred_client.py", line 55, in delete_user self.users_client.delete_user(user_id)
File "/opt/stack/tempest/tempest/lib/services/identity/v3/users_client.py", line 104, in delete_user resp, body = self.delete("users/%s" % user_id)
File "/opt/stack/tempest/tempest/lib/common/rest_client.py", line 357, in delete return self.request('DELETE', url, extra_headers, headers, body)
File "/opt/stack/tempest/tempest/lib/common/rest_client.py", line 760, in request self._error_checker(resp, resp_body)
File "/opt/stack/tempest/tempest/lib/common/rest_client.py", line 870, in _error_checker raise exceptions.NotFound(resp_body, resp=resp) tempest.lib.exceptions.NotFound: Object not found Details: {'code': 404, 'message': 'Could not find user: b9078b0601ac4efa93bdcc390f3d1208.', 'title': 'Not Found'} : tempest.lib.exceptions.NotFound: Object not found
2024-05-28 12:59:52.321 98687 INFO tempest.lib.common.rest_client [ req-574d8a9a-9ca5-4f20-90e0-b47fad660d64 ] Request (ShareNetworkSubnetsNegativeTest:test_delete_subnet_not_found): 404 DELETE http://10.27.203.238/share/v2/3520fb8495ee410b81f6760a62e1bca2/share-networks/ddde945b-30cc-46ff-a60c-f44924d1ac7f/subnets/fake-subnet 0.034s
2024-05-28 12:59:52.328 98695 INFO tempest.lib.common.rest_client [req-043581a8-3323-494b-8699-765f00bfd323 req-043581a8-3323-494b-8699-765f00bfd323 ] Request (ShareCertRulesForGLUSTERFSNegativeTest:tearDownClass): 404 DELETE http://10.27.203.238/identity/v3/users/567edee5a37f498e8a3f54a933728377 0.027s
2024-05-28 12:59:52.328 98695 ERROR manila_tempest_tests.tests.api.base [-] Suppressed cleanup error in Manila: Traceback (most recent call last): File "/opt/stack/tempest/tempest/test.py", line 184, in setUpClass cls.resource_setup()
File "/opt/stack/manila-tempest-plugin/manila_tempest_tests/tests/api/test_rules_negative.py", line 387, in resource_setup raise cls.skipException(msg) unittest.case.SkipTest: CERT rule tests for glusterfs protocol are disabled During handling of the above exception, another exception occurred: Traceback (most recent call last): File "/opt/stack/manila-tempest-plugin/manila_tempest_tests/tests/api/base.py", line 1272, in clear_project_users cls.os_admin.creds_client.delete_user(user['id'])
File "/opt/stack/tempest/tempest/lib/common/cred_client.py", line 55, in delete_user self.users_client.delete_user(user_id)
File "/opt/stack/tempest/tempest/lib/services/identity/v3/users_client.py", line 104, in delete_user resp, body = self.delete("users/%s" % user_id)
File "/opt/stack/tempest/tempest/lib/common/rest_client.py", line 357, in delete return self.request('DELETE', url, extra_headers, headers, body)
File "/opt/stack/tempest/tempest/lib/common/rest_client.py", line 760, in request self._error_checker(resp, resp_body)
File "/opt/stack/tempest/tempest/lib/common/rest_client.py", line 870, in _error_checker raise exceptions.NotFound(resp_body, resp=resp) tempest.lib.exceptions.NotFound: Object not found Details: {'code': 404, 'message': 'Could not find user: 567edee5a37f498e8a3f54a933728377.', 'title': 'Not Found'} : tempest.lib.exceptions.NotFound: Object not found
2024-05-28 12:59:52.342 98687 INFO tempest.lib.common.rest_client [ req-6acbbdd5-46f0-487a-a246-58a894085e91 ] Request (ShareNetworkSubnetsNegativeTest:test_delete_subnet_share_network_not_found): 404 DELETE http://10.27.203.238/share/v2/3520fb8495ee410b81f6760a62e1bca2/share-networks/fake-sn/subnets/fake-subnet 0.020s
2024-05-28 12:59:52.354 98687 INFO tempest.lib.common.rest_client [ req-9b1509ee-3b35-4759-9cac-a20a758b0d67 ] Request (ShareNetworkSubnetsNegativeTest:test_get_deleted_subnet): 200 GET http://10.27.203.238/share/v2/3520fb8495ee410b81f6760a62e1bca2/availability-zones 0.010s
2024-05-28 12:59:52.354 98695 INFO tempest.lib.common.rest_client [req-d155d574-945d-46b0-a81d-30cc51ba85eb req-d155d574-945d-46b0-a81d-30cc51ba85eb ] Request (ShareCertRulesForGLUSTERFSNegativeTest:tearDownClass): 404 DELETE http://10.27.203.238/identity/v3/users/e1f712aac7e94e429048f60f92a8a736 0.025s
2024-05-28 12:59:52.355 98695 ERROR manila_tempest_tests.tests.api.base [-] Suppressed cleanup error in Manila: Traceback (most recent call last): File "/opt/stack/tempest/tempest/test.py", line 184, in setUpClass cls.resource_setup()
File "/opt/stack/manila-tempest-plugin/manila_tempest_tests/tests/api/test_rules_negative.py", line 387, in resource_setup raise cls.skipException(msg) unittest.case.SkipTest: CERT rule tests for glusterfs protocol are disabled During handling of the above exception, another exception occurred: Traceback (most recent call last): File "/opt/stack/manila-tempest-plugin/manila_tempest_tests/tests/api/base.py", line 1272, in clear_project_users cls.os_admin.creds_client.delete_user(user['id'])
File "/opt/stack/tempest/tempest/lib/common/cred_client.py", line 55, in delete_user self.users_client.delete_user(user_id)
File "/opt/stack/tempest/tempest/lib/services/identity/v3/users_client.py", line 104, in delete_user resp, body = self.delete("users/%s" % user_id)
File "/opt/stack/tempest/tempest/lib/common/rest_client.py", line 357, in delete return self.request('DELETE', url, extra_headers, headers, body)
File "/opt/stack/tempest/tempest/lib/common/rest_client.py", line 760, in request self._error_checker(resp, resp_body)
File "/opt/stack/tempest/tempest/lib/common/rest_client.py", line 870, in _error_checker raise exceptions.NotFound(resp_body, resp=resp) tempest.lib.exceptions.NotFound: Object not found Details: {'code': 404, 'message': 'Could not find user: e1f712aac7e94e429048f60f92a8a736.', 'title': 'Not Found'} : tempest.lib.exceptions.NotFound: Object not found
2024-05-28 12:59:52.387 98695 INFO tempest.lib.common.rest_client [req-fcd58605-dc3d-4eb6-8ce7-bd7c6af4c48d req-fcd58605-dc3d-4eb6-8ce7-bd7c6af4c48d ] Request (ShareCertRulesForGLUSTERFSNegativeTest:tearDownClass): 404 DELETE http://10.27.203.238/identity/v3/users/9d3788d7291b4ee389136f181e35a26b 0.031s
2024-05-28 12:59:52.387 98695 ERROR manila_tempest_tests.tests.api.base [-] Suppressed cleanup error in Manila: Traceback (most recent call last): File "/opt/stack/tempest/tempest/test.py", line 184, in setUpClass cls.resource_setup()
File "/opt/stack/manila-tempest-plugin/manila_tempest_tests/tests/api/test_rules_negative.py", line 387, in resource_setup raise cls.skipException(msg) unittest.case.SkipTest: CERT rule tests for glusterfs protocol are disabled During handling of the above exception, another exception occurred: Traceback (most recent call last): File "/opt/stack/manila-tempest-plugin/manila_tempest_tests/tests/api/base.py", line 1272, in clear_project_users cls.os_admin.creds_client.delete_user(user['id'])
File "/opt/stack/tempest/tempest/lib/common/cred_client.py", line 55, in delete_user self.users_client.delete_user(user_id)
File "/opt/stack/tempest/tempest/lib/services/identity/v3/users_client.py", line 104, in delete_user resp, body = self.delete("users/%s" % user_id)
File "/opt/stack/tempest/tempest/lib/common/rest_client.py", line 357, in delete return self.request('DELETE', url, extra_headers, headers, body)
File "/opt/stack/tempest/tempest/lib/common/rest_client.py", line 760, in request self._error_checker(resp, resp_body)
File "/opt/stack/tempest/tempest/lib/common/rest_client.py", line 870, in _error_checker raise exceptions.NotFound(resp_body, resp=resp) tempest.lib.exceptions.NotFound: Object not found Details: {'code': 404, 'message': 'Could not find user: 9d3788d7291b4ee389136f181e35a26b.', 'title': 'Not Found'} : tempest.lib.exceptions.NotFound: Object not found
2024-05-28 12:59:52.398 98689 INFO tempest.lib.common.rest_client [ req-e7245d6a-0625-4258-a172-a4e5aad67460 ] Request (ShareRulesTest:setUpClass): 200 POST http://10.27.203.238/share/v2/a4f3887fa28c457390f5b66615564430/shares 0.315s
2024-05-28 12:59:52.417 98695 INFO tempest.lib.common.rest_client [req-fdaf5e2a-5f38-48b9-b630-c18afda55163 req-fdaf5e2a-5f38-48b9-b630-c18afda55163 ] Request (ShareCertRulesForGLUSTERFSNegativeTest:tearDownClass): 404 DELETE http://10.27.203.238/identity/v3/users/2eb81a384d764f8cb6d0d7e830959013 0.029s
2024-05-28 12:59:52.417 98695 ERROR manila_tempest_tests.tests.api.base [-] Suppressed cleanup error in Manila: Traceback (most recent call last): File "/opt/stack/tempest/tempest/test.py", line 184, in setUpClass cls.resource_setup()
File "/opt/stack/manila-tempest-plugin/manila_tempest_tests/tests/api/test_rules_negative.py", line 387, in resource_setup raise cls.skipException(msg) unittest.case.SkipTest: CERT rule tests for glusterfs protocol are disabled During handling of the above exception, another exception occurred: Traceback (most recent call last): File "/opt/stack/manila-tempest-plugin/manila_tempest_tests/tests/api/base.py", line 1272, in clear_project_users cls.os_admin.creds_client.delete_user(user['id'])
File "/opt/stack/tempest/tempest/lib/common/cred_client.py", line 55, in delete_user self.users_client.delete_user(user_id)
File "/opt/stack/tempest/tempest/lib/services/identity/v3/users_client.py", line 104, in delete_user resp, body = self.delete("users/%s" % user_id)
File "/opt/stack/tempest/tempest/lib/common/rest_client.py", line 357, in delete return self.request('DELETE', url, extra_headers, headers, body)
File "/opt/stack/tempest/tempest/lib/common/rest_client.py", line 760, in request self._error_checker(resp, resp_body)
