2024-05-28 13:00:46.708 98693 INFO tempest.lib.common.dynamic_creds [-] Acquired dynamic creds: credentials: Credentials: {'domain_id': 'default', 'domain_name': 'Default', 'username': 'tempest-ShareRulesNegativeTest-930400775-project-member', 'project_domain_id': 'default', 'project_domain_name': 'Default', 'project_id': '329a14ab984146feb9f91e467ab4e3b5', 'project_name': 'tempest-ShareRulesNegativeTest-930400775', 'tenant_id': '329a14ab984146feb9f91e467ab4e3b5', 'tenant_name': 'tempest-ShareRulesNegativeTest-930400775', 'user_domain_id': 'default', 'user_domain_name': 'Default', 'user_id': '2fa39ddec14b4264baadbcad8beeaa18', 'system': None}, Network: None, Subnet: None, Router: None
2024-05-28 13:00:46.709 98693 INFO tempest.lib.common.dynamic_creds [-] Created isolated network resources for: credentials: Credentials: {'domain_id': 'default', 'domain_name': 'Default', 'username': 'tempest-ShareRulesNegativeTest-930400775-project-member', 'project_domain_id': 'default', 'project_domain_name': 'Default', 'project_id': '329a14ab984146feb9f91e467ab4e3b5', 'project_name': 'tempest-ShareRulesNegativeTest-930400775', 'tenant_id': '329a14ab984146feb9f91e467ab4e3b5', 'tenant_name': 'tempest-ShareRulesNegativeTest-930400775', 'user_domain_id': 'default', 'user_domain_name': 'Default', 'user_id': '2fa39ddec14b4264baadbcad8beeaa18', 'system': None}, Network: None, Subnet: None, Router: None
2024-05-28 13:00:46.782 98693 INFO tempest.lib.common.rest_client [req-4b2289de-6a40-4f2d-9def-3158f6c706be req-4b2289de-6a40-4f2d-9def-3158f6c706be ] Request (ShareRulesNegativeTest:setUpClass): 201 POST http://10.27.203.238/identity/v3/auth/tokens 0.071s
2024-05-28 13:00:46.843 98693 INFO tempest.lib.common.rest_client [req-7e6c9ea7-6aa9-4546-9086-f9417dfaa7c7 req-7e6c9ea7-6aa9-4546-9086-f9417dfaa7c7 ] Request (ShareRulesNegativeTest:setUpClass): 201 POST http://10.27.203.238/identity/v3/projects 0.061s
2024-05-28 13:00:46.904 98693 INFO tempest.lib.common.rest_client [req-5d046d62-2fe3-48b7-b712-303768059c14 req-5d046d62-2fe3-48b7-b712-303768059c14 ] Request (ShareRulesNegativeTest:setUpClass): 201 POST http://10.27.203.238/identity/v3/users 0.060s
2024-05-28 13:00:46.925 98693 INFO tempest.lib.common.rest_client [req-3303c8d7-7597-46a9-a311-5fd7b161e859 req-3303c8d7-7597-46a9-a311-5fd7b161e859 ] Request (ShareRulesNegativeTest:setUpClass): 200 GET http://10.27.203.238/identity/v3/roles 0.020s
2024-05-28 13:00:46.966 98693 INFO tempest.lib.common.rest_client [req-963a32fb-5db1-4922-bfe4-30546c17fe69 req-963a32fb-5db1-4922-bfe4-30546c17fe69 ] Request (ShareRulesNegativeTest:setUpClass): 204 PUT http://10.27.203.238/identity/v3/projects/23657740d87e423db1788bcc1fd1a8bf/users/3dbabbbe168342768f75a3028aaecc36/roles/44620cad10ae407c90c91e2c296adb04 0.040s
2024-05-28 13:00:46.967 98693 INFO tempest.lib.common.dynamic_creds [-] Dynamic test user 3dbabbbe168342768f75a3028aaecc36 is created with scope project and roles: ['member']
2024-05-28 13:00:46.967 98693 INFO tempest.lib.common.dynamic_creds [-] Acquired dynamic creds: credentials: Credentials: {'domain_id': 'default', 'domain_name': 'Default', 'username': 'tempest-ShareRulesNegativeTest-1566780478-project-member', 'project_domain_id': 'default', 'project_domain_name': 'Default', 'project_id': '23657740d87e423db1788bcc1fd1a8bf', 'project_name': 'tempest-ShareRulesNegativeTest-1566780478', 'tenant_id': '23657740d87e423db1788bcc1fd1a8bf', 'tenant_name': 'tempest-ShareRulesNegativeTest-1566780478', 'user_domain_id': 'default', 'user_domain_name': 'Default', 'user_id': '3dbabbbe168342768f75a3028aaecc36', 'system': None}, Network: None, Subnet: None, Router: None
2024-05-28 13:00:46.967 98693 INFO tempest.lib.common.dynamic_creds [-] Created isolated network resources for: credentials: Credentials: {'domain_id': 'default', 'domain_name': 'Default', 'username': 'tempest-ShareRulesNegativeTest-1566780478-project-member', 'project_domain_id': 'default', 'project_domain_name': 'Default', 'project_id': '23657740d87e423db1788bcc1fd1a8bf', 'project_name': 'tempest-ShareRulesNegativeTest-1566780478', 'tenant_id': '23657740d87e423db1788bcc1fd1a8bf', 'tenant_name': 'tempest-ShareRulesNegativeTest-1566780478', 'user_domain_id': 'default', 'user_domain_name': 'Default', 'user_id': '3dbabbbe168342768f75a3028aaecc36', 'system': None}, Network: None, Subnet: None, Router: None
2024-05-28 13:00:47.044 98693 INFO tempest.lib.common.rest_client [req-68ee3fac-7005-4fdd-8a0e-6ca6d1007022 req-68ee3fac-7005-4fdd-8a0e-6ca6d1007022 ] Request (ShareRulesNegativeTest:setUpClass): 201 POST http://10.27.203.238/identity/v3/auth/tokens 0.076s
2024-05-28 13:00:47.102 98693 INFO tempest.lib.common.rest_client [req-56e9580f-e9c4-471c-87a5-733bb5d58e80 req-56e9580f-e9c4-471c-87a5-733bb5d58e80 ] Request (ShareRulesNegativeTest:setUpClass): 201 POST http://10.27.203.238/identity/v3/projects 0.057s
2024-05-28 13:00:47.162 98693 INFO tempest.lib.common.rest_client [req-063dc824-ad42-4bdc-a34e-965eddb2006e req-063dc824-ad42-4bdc-a34e-965eddb2006e ] Request (ShareRulesNegativeTest:setUpClass): 201 POST http://10.27.203.238/identity/v3/users 0.060s
2024-05-28 13:00:47.174 98695 INFO tempest.lib.common.rest_client [ req-60c75d7a-b22b-481a-86ec-87ac8fc729e6 ] Request (ShareTransferNegativeTest:tearDownClass): 200 GET http://10.27.203.238/share/v2/cac556dc39a14bbdbdbabfc80672fb1f/shares/0c7ef0a2-5628-47dd-9eba-98153028dd8a 0.033s
2024-05-28 13:00:47.183 98693 INFO tempest.lib.common.rest_client [req-4f05208b-cf0d-4a5c-b6dd-96db1536e036 req-4f05208b-cf0d-4a5c-b6dd-96db1536e036 ] Request (ShareRulesNegativeTest:setUpClass): 200 GET http://10.27.203.238/identity/v3/roles 0.020s
2024-05-28 13:00:47.222 98693 INFO tempest.lib.common.rest_client [req-77256ba5-e092-4a17-8650-7cb36c6344eb req-77256ba5-e092-4a17-8650-7cb36c6344eb ] Request (ShareRulesNegativeTest:setUpClass): 204 PUT http://10.27.203.238/identity/v3/projects/011748bb7e2247e88228bd066607700e/users/ffcac1016e3c4ee3a3ad1b48da439b19/roles/e7989893488f483baa107be56668c4f8 0.038s
2024-05-28 13:00:47.265 98693 INFO tempest.lib.common.rest_client [req-823c8caa-7410-4d72-aae6-4525a1f27822 req-823c8caa-7410-4d72-aae6-4525a1f27822 ] Request (ShareRulesNegativeTest:setUpClass): 200 GET http://10.27.203.238/identity/v3/roles 0.042s
2024-05-28 13:00:47.286 98693 INFO tempest.lib.common.rest_client [req-3e3cce82-7f11-441f-aafa-f2b8815a6727 req-3e3cce82-7f11-441f-aafa-f2b8815a6727 ] Request (ShareRulesNegativeTest:setUpClass): 204 PUT http://10.27.203.238/identity/v3/projects/011748bb7e2247e88228bd066607700e/users/ffcac1016e3c4ee3a3ad1b48da439b19/roles/e7989893488f483baa107be56668c4f8 0.020s
2024-05-28 13:00:47.286 98693 INFO tempest.lib.common.dynamic_creds [-] Dynamic test user ffcac1016e3c4ee3a3ad1b48da439b19 is created with scope project and roles: ['admin']
2024-05-28 13:00:47.287 98693 INFO tempest.lib.common.dynamic_creds [-] Acquired dynamic creds: credentials: Credentials: {'domain_id': 'default', 'domain_name': 'Default', 'username': 'tempest-ShareRulesNegativeTest-1738210631-project-admin', 'project_domain_id': 'default', 'project_domain_name': 'Default', 'project_id': '011748bb7e2247e88228bd066607700e', 'project_name': 'tempest-ShareRulesNegativeTest-1738210631', 'tenant_id': '011748bb7e2247e88228bd066607700e', 'tenant_name': 'tempest-ShareRulesNegativeTest-1738210631', 'user_domain_id': 'default', 'user_domain_name': 'Default', 'user_id': 'ffcac1016e3c4ee3a3ad1b48da439b19', 'system': None}, Network: None, Subnet: None, Router: None
2024-05-28 13:00:47.287 98693 INFO tempest.lib.common.dynamic_creds [-] Created isolated network resources for: credentials: Credentials: {'domain_id': 'default', 'domain_name': 'Default', 'username': 'tempest-ShareRulesNegativeTest-1738210631-project-admin', 'project_domain_id': 'default', 'project_domain_name': 'Default', 'project_id': '011748bb7e2247e88228bd066607700e', 'project_name': 'tempest-ShareRulesNegativeTest-1738210631', 'tenant_id': '011748bb7e2247e88228bd066607700e', 'tenant_name': 'tempest-ShareRulesNegativeTest-1738210631', 'user_domain_id': 'default', 'user_domain_name': 'Default', 'user_id': 'ffcac1016e3c4ee3a3ad1b48da439b19', 'system': None}, Network: None, Subnet: None, Router: None
2024-05-28 13:00:47.364 98693 INFO tempest.lib.common.rest_client [req-8848358f-f4c0-425a-9e80-6a5e2edadeaa req-8848358f-f4c0-425a-9e80-6a5e2edadeaa ] Request (ShareRulesNegativeTest:setUpClass): 201 POST http://10.27.203.238/identity/v3/auth/tokens 0.076s
2024-05-28 13:00:47.394 98693 INFO tempest.lib.common.rest_client [req-561cd8b2-0a18-447f-954e-8ca4c9f606d3 req-561cd8b2-0a18-447f-954e-8ca4c9f606d3 ] Request (ShareRulesNegativeTest:setUpClass): 200 GET http://10.27.203.238/identity/v3/domains?name=Default 0.028s
2024-05-28 13:00:47.404 98691 INFO tempest.lib.common.rest_client [ req-8db19eb4-0429-471d-bd73-227296e0c7c9 ] Request (ShareTypeAvailabilityZonesTest:test_share_type_azs_old_version_api_ignores_spec): 200 GET http://10.27.203.238/share/v2/284d76edec3144579d6fb3f6dbc0dd4e/shares/433f546f-3297-46a0-b412-18630103d191 0.029s
2024-05-28 13:00:47.440 98693 INFO tempest.lib.common.rest_client [req-b7e67cbb-ebb2-4ece-9af9-e024e7aa5542 req-b7e67cbb-ebb2-4ece-9af9-e024e7aa5542 ] Request (ShareRulesNegativeTest:setUpClass): 201 POST http://10.27.203.238/identity/v3/users 0.045s
2024-05-28 13:00:47.459 98693 INFO tempest.lib.common.rest_client [req-a05b5506-c047-4340-b81a-eaf4a84b9c2d req-a05b5506-c047-4340-b81a-eaf4a84b9c2d ] Request (ShareRulesNegativeTest:setUpClass): 200 GET http://10.27.203.238/identity/v3/roles 0.018s
2024-05-28 13:00:47.500 98693 INFO tempest.lib.common.rest_client [req-9c75305e-1ffb-477d-aef8-3d7e62294cac req-9c75305e-1ffb-477d-aef8-3d7e62294cac ] Request (ShareRulesNegativeTest:setUpClass): 204 PUT http://10.27.203.238/identity/v3/projects/011748bb7e2247e88228bd066607700e/users/929590f760014a429cece4b4e674f84e/roles/44620cad10ae407c90c91e2c296adb04 0.041s
2024-05-28 13:00:47.666 98693 INFO tempest.lib.common.rest_client [ req-3d20f7a7-e4f3-409b-aab8-3d0974ecf43a ] Request (ShareRulesNegativeTest:setUpClass): 200 POST http://10.27.203.238/share/v2/011748bb7e2247e88228bd066607700e/types 0.164s
2024-05-28 13:00:47.948 98693 INFO tempest.lib.common.rest_client [ req-6924aa00-1b38-441d-a0d1-dc81d9823d0c ] Request (ShareRulesNegativeTest:setUpClass): 200 POST http://10.27.203.238/share/v2/329a14ab984146feb9f91e467ab4e3b5/shares 0.280s
2024-05-28 13:00:47.976 98693 INFO tempest.lib.common.rest_client [ req-ecce79a6-597e-4a84-871b-68c388e11520 ] Request (ShareRulesNegativeTest:setUpClass): 200 GET http://10.27.203.238/share/v2/329a14ab984146feb9f91e467ab4e3b5/shares/623ccf6c-1398-4ab6-9f67-73e600565f38 0.028s
2024-05-28 13:00:48.640 98689 INFO tempest.lib.common.rest_client [ req-19b96baa-1d10-4bb2-ba1a-a5f8f183f5b6 ] Request (ShareRulesTest:test_access_rules_deleted_if_share_deleted): 404 GET http://10.27.203.238/share/v2/a4f3887fa28c457390f5b66615564430/shares/f4283c2a-3835-416e-9703-f5745babbf5c 0.014s
2024-05-28 13:00:48.655 98689 INFO tempest.lib.common.rest_client [ req-adf8d2bc-27a9-4b08-9eec-613e27a35fae ] Request (ShareRulesTest:test_access_rules_deleted_if_share_deleted): 404 POST http://10.27.203.238/share/v2/a4f3887fa28c457390f5b66615564430/shares/f4283c2a-3835-416e-9703-f5745babbf5c/action 0.014s
2024-05-28 13:00:48.875 98689 INFO tempest.lib.common.rest_client [ req-49571241-7d96-45b7-8298-01a6acc3eece ] Request (ShareRulesTest:test_access_rules_deleted_if_share_deleted): 200 POST http://10.27.203.238/share/v2/a4f3887fa28c457390f5b66615564430/shares 0.218s
2024-05-28 13:00:48.911 98689 INFO tempest.lib.common.rest_client [ req-7fbe0a9e-3d18-435d-ac5e-8ffc4924d0a6 ] Request (ShareRulesTest:test_access_rules_deleted_if_share_deleted): 200 GET http://10.27.203.238/share/v2/a4f3887fa28c457390f5b66615564430/shares/415b1daa-22c2-48a3-873e-80762e65a747 0.035s
2024-05-28 13:00:50.193 98695 INFO tempest.lib.common.rest_client [ req-4bd20ab0-cbef-4862-8153-829fc08cfd4f ] Request (ShareTransferNegativeTest:tearDownClass): 404 GET http://10.27.203.238/share/v2/cac556dc39a14bbdbdbabfc80672fb1f/shares/0c7ef0a2-5628-47dd-9eba-98153028dd8a 0.015s
2024-05-28 13:00:50.208 98695 INFO tempest.lib.common.rest_client [ req-17b715ab-0599-4aaa-8bb3-511d4e7a1942 ] Request (ShareTransferNegativeTest:tearDownClass): 200 GET http://10.27.203.238/share/v2/cac556dc39a14bbdbdbabfc80672fb1f/share-replicas/detail?share_id=bd070603-3332-4a76-a743-411df92ace16 0.014s
2024-05-28 13:00:50.333 98695 INFO tempest.lib.common.rest_client [ req-bd7f0e79-6ba7-4b97-a4f2-b303489b4237 ] Request (ShareTransferNegativeTest:tearDownClass): 202 DELETE http://10.27.203.238/share/v2/cac556dc39a14bbdbdbabfc80672fb1f/shares/bd070603-3332-4a76-a743-411df92ace16 0.125s
2024-05-28 13:00:50.361 98695 INFO tempest.lib.common.rest_client [ req-60956611-2eea-40e9-955b-ff2127a79c21 ] Request (ShareTransferNegativeTest:tearDownClass): 200 GET http://10.27.203.238/share/v2/cac556dc39a14bbdbdbabfc80672fb1f/shares/bd070603-3332-4a76-a743-411df92ace16 0.028s
2024-05-28 13:00:50.435 98691 INFO tempest.lib.common.rest_client [ req-06fd97c0-d76b-410c-a918-12b2ce582f74 ] Request (ShareTypeAvailabilityZonesTest:test_share_type_azs_old_version_api_ignores_spec): 200 GET http://10.27.203.238/share/v2/284d76edec3144579d6fb3f6dbc0dd4e/shares/433f546f-3297-46a0-b412-18630103d191 0.029s
2024-05-28 13:00:50.463 98691 INFO tempest.lib.common.rest_client [ req-83cda872-fe74-45f1-8ecc-af74522faebd ] Request (ShareTypeAvailabilityZonesTest:test_share_type_azs_old_version_api_ignores_spec): 200 GET http://10.27.203.238/share/v2/284d76edec3144579d6fb3f6dbc0dd4e/shares/433f546f-3297-46a0-b412-18630103d191 0.027s
2024-05-28 13:00:50.479 98691 INFO tempest.lib.common.rest_client [ req-a8d52c6f-0d86-42fc-83c9-89a01e46007e ] Request (ShareTypeAvailabilityZonesTest:_run_cleanups): 200 GET http://10.27.203.238/share/v2/284d76edec3144579d6fb3f6dbc0dd4e/share-replicas/detail?share_id=433f546f-3297-46a0-b412-18630103d191 0.015s
2024-05-28 13:00:50.616 98691 INFO tempest.lib.common.rest_client [ req-914df302-1a94-49cd-951e-378d1ac5e45a ] Request (ShareTypeAvailabilityZonesTest:_run_cleanups): 202 DELETE http://10.27.203.238/share/v2/284d76edec3144579d6fb3f6dbc0dd4e/shares/433f546f-3297-46a0-b412-18630103d191 0.136s
2024-05-28 13:00:50.647 98691 INFO tempest.lib.common.rest_client [ req-eac667c9-4a28-4ca5-af01-0a78ca120dfd ] Request (ShareTypeAvailabilityZonesTest:_run_cleanups): 200 GET http://10.27.203.238/share/v2/284d76edec3144579d6fb3f6dbc0dd4e/shares/433f546f-3297-46a0-b412-18630103d191 0.030s
2024-05-28 13:00:51.021 98693 INFO tempest.lib.common.rest_client [ req-f4dc081b-8d5d-4042-9ca1-357169a8370e ] Request (ShareRulesNegativeTest:setUpClass): 200 GET http://10.27.203.238/share/v2/329a14ab984146feb9f91e467ab4e3b5/shares/623ccf6c-1398-4ab6-9f67-73e600565f38 0.041s
2024-05-28 13:00:51.945 98689 INFO tempest.lib.common.rest_client [ req-2f6c2dc9-c6cd-4ae6-8b74-636923620a5d ] Request (ShareRulesTest:test_access_rules_deleted_if_share_deleted): 200 GET http://10.27.203.238/share/v2/a4f3887fa28c457390f5b66615564430/shares/415b1daa-22c2-48a3-873e-80762e65a747 0.031s
2024-05-28 13:00:53.391 98695 INFO tempest.lib.common.rest_client [ req-7bce4c24-e190-417a-b2aa-b03da675af1e ] Request (ShareTransferNegativeTest:tearDownClass): 200 GET http://10.27.203.238/share/v2/cac556dc39a14bbdbdbabfc80672fb1f/shares/bd070603-3332-4a76-a743-411df92ace16 0.028s
2024-05-28 13:00:53.679 98691 INFO tempest.lib.common.rest_client [ req-7806a4b5-689e-4694-80fa-082c31c36ad9 ] Request (ShareTypeAvailabilityZonesTest:_run_cleanups): 200 GET http://10.27.203.238/share/v2/284d76edec3144579d6fb3f6dbc0dd4e/shares/433f546f-3297-46a0-b412-18630103d191 0.028s
2024-05-28 13:00:54.053 98693 INFO tempest.lib.common.rest_client [ req-cff9b7ba-704c-4f45-bf1b-39a8b65f98cd ] Request (ShareRulesNegativeTest:setUpClass): 200 GET http://10.27.203.238/share/v2/329a14ab984146feb9f91e467ab4e3b5/shares/623ccf6c-1398-4ab6-9f67-73e600565f38 0.030s
2024-05-28 13:00:54.298 98693 INFO tempest.lib.common.rest_client [ req-c313e1ef-5c59-4943-8400-4f67771384fa ] Request (ShareRulesNegativeTest:setUpClass): 202 POST http://10.27.203.238/share/v2/329a14ab984146feb9f91e467ab4e3b5/snapshots 0.244s
2024-05-28 13:00:54.337 98693 INFO tempest.lib.common.rest_client [ req-13837e2f-d5cd-4b3d-9a92-6d29d36a5d86 ] Request (ShareRulesNegativeTest:setUpClass): 200 GET http://10.27.203.238/share/v2/329a14ab984146feb9f91e467ab4e3b5/snapshots/98f3b924-cebf-46a4-9429-7f55792a0941 0.038s
2024-05-28 13:00:54.980 98689 INFO tempest.lib.common.rest_client [ req-71bf5dd7-7726-486e-b894-9c07897aad76 ] Request (ShareRulesTest:test_access_rules_deleted_if_share_deleted): 200 GET http://10.27.203.238/share/v2/a4f3887fa28c457390f5b66615564430/shares/415b1daa-22c2-48a3-873e-80762e65a747 0.031s
2024-05-28 13:00:55.104 98689 INFO tempest.lib.common.rest_client [ req-ec671006-1eab-4e6d-a131-37a72a714c20 ] Request (ShareRulesTest:test_access_rules_deleted_if_share_deleted): 200 POST http://10.27.203.238/share/v2/a4f3887fa28c457390f5b66615564430/shares/415b1daa-22c2-48a3-873e-80762e65a747/action 0.123s
2024-05-28 13:00:55.157 98689 INFO tempest.lib.common.rest_client [ req-55c3b42e-268c-41b5-847f-df088855a91d ] Request (ShareRulesTest:test_access_rules_deleted_if_share_deleted): 200 GET http://10.27.203.238/share/v2/a4f3887fa28c457390f5b66615564430/share-access-rules?share_id=415b1daa-22c2-48a3-873e-80762e65a747 0.052s
2024-05-28 13:00:56.432 98695 INFO tempest.lib.common.rest_client [ req-5b18158e-cd9c-4b47-bd98-75a7ac87571a ] Request (ShareTransferNegativeTest:tearDownClass): 200 GET http://10.27.203.238/share/v2/cac556dc39a14bbdbdbabfc80672fb1f/shares/bd070603-3332-4a76-a743-411df92ace16 0.037s
2024-05-28 13:00:56.719 98691 INFO tempest.lib.common.rest_client [ req-84f34d54-491d-4250-9b2b-ec594c188473 ] Request (ShareTypeAvailabilityZonesTest:_run_cleanups): 200 GET http://10.27.203.238/share/v2/284d76edec3144579d6fb3f6dbc0dd4e/shares/433f546f-3297-46a0-b412-18630103d191 0.036s
2024-05-28 13:00:57.381 98693 INFO tempest.lib.common.rest_client [ req-4b8264f8-73ad-4fc5-baa5-7272d73c79b1 ] Request (ShareRulesNegativeTest:setUpClass): 200 GET http://10.27.203.238/share/v2/329a14ab984146feb9f91e467ab4e3b5/snapshots/98f3b924-cebf-46a4-9429-7f55792a0941 0.041s
2024-05-28 13:00:58.207 98689 INFO tempest.lib.common.rest_client [ req-4b1433a4-5916-43e4-81f7-044d5eb631f4 ] Request (ShareRulesTest:test_access_rules_deleted_if_share_deleted): 200 GET http://10.27.203.238/share/v2/a4f3887fa28c457390f5b66615564430/share-access-rules?share_id=415b1daa-22c2-48a3-873e-80762e65a747 0.048s
2024-05-28 13:00:58.346 98689 INFO tempest.lib.common.rest_client [ req-376f6a4f-c915-416a-af0c-bd96192dd711 ] Request (ShareRulesTest:test_access_rules_deleted_if_share_deleted): 202 DELETE http://10.27.203.238/share/v2/a4f3887fa28c457390f5b66615564430/shares/415b1daa-22c2-48a3-873e-80762e65a747 0.139s
2024-05-28 13:00:58.386 98689 INFO tempest.lib.common.rest_client [ req-c575a146-2ade-4331-a0af-a2d03ce36dc2 ] Request (ShareRulesTest:test_access_rules_deleted_if_share_deleted): 200 GET http://10.27.203.238/share/v2/a4f3887fa28c457390f5b66615564430/shares/415b1daa-22c2-48a3-873e-80762e65a747 0.039s
2024-05-28 13:00:59.449 98695 INFO tempest.lib.common.rest_client [ req-495fbb25-2936-4e91-abc2-9b18e8ae3a4e ] Request (ShareTransferNegativeTest:tearDownClass): 404 GET http://10.27.203.238/share/v2/cac556dc39a14bbdbdbabfc80672fb1f/shares/bd070603-3332-4a76-a743-411df92ace16 0.013s
2024-05-28 13:00:59.514 98695 INFO tempest.lib.common.rest_client [ req-e3990492-7f99-4bf3-9cbe-0704ee53d4e2 ] Request (ShareTransferNegativeTest:tearDownClass): 202 DELETE http://10.27.203.238/share/v2/b26e2f4af8614f3ea1f0aba07abd852c/types/7d4af55a-ed87-4690-a9e6-1a8ea4a42df2 0.064s
2024-05-28 13:00:59.527 98695 INFO tempest.lib.common.rest_client [ req-de7fe34b-71e6-4f72-ba55-040fa60bd3ab ] Request (ShareTransferNegativeTest:tearDownClass): 404 GET http://10.27.203.238/share/v2/b26e2f4af8614f3ea1f0aba07abd852c/types/7d4af55a-ed87-4690-a9e6-1a8ea4a42df2 0.012s
2024-05-28 13:00:59.665 98695 INFO tempest.lib.common.rest_client [req-c716e7f3-ad11-4e28-9f83-64f694dc0b6e req-c716e7f3-ad11-4e28-9f83-64f694dc0b6e ] Request (ShareTransferNegativeTest:tearDownClass): 204 DELETE http://10.27.203.238/identity/v3/users/692b6e726f024058993a2054338212cc 0.137s
2024-05-28 13:00:59.739 98691 INFO tempest.lib.common.rest_client [ req-3371534a-e5e8-45c8-8749-3a08d6a793fc ] Request (ShareTypeAvailabilityZonesTest:_run_cleanups): 404 GET http://10.27.203.238/share/v2/284d76edec3144579d6fb3f6dbc0dd4e/shares/433f546f-3297-46a0-b412-18630103d191 0.016s
2024-05-28 13:00:59.755 98691 INFO tempest.lib.common.rest_client [ req-7d599bc5-fe0d-4738-a56a-546729b69bf2 ] Request (ShareTypeAvailabilityZonesTest:_run_cleanups): 200 GET http://10.27.203.238/share/v2/284d76edec3144579d6fb3f6dbc0dd4e/share-replicas/detail?share_id=da80429c-1281-4450-a386-ed0e9d82a3ff 0.015s
2024-05-28 13:00:59.791 98695 INFO tempest.lib.common.rest_client [req-12517acb-b513-4c01-9652-f623feff0ebb req-12517acb-b513-4c01-9652-f623feff0ebb ] Request (ShareTransferNegativeTest:tearDownClass): 204 DELETE http://10.27.203.238/identity/v3/users/f5d442b2e2004e5c81ae90b7692a94ad 0.125s
2024-05-28 13:00:59.893 98691 INFO tempest.lib.common.rest_client [ req-a7b29572-6529-4a7c-b1fa-57b384c3fb7a ] Request (ShareTypeAvailabilityZonesTest:_run_cleanups): 202 DELETE http://10.27.203.238/share/v2/284d76edec3144579d6fb3f6dbc0dd4e/shares/da80429c-1281-4450-a386-ed0e9d82a3ff 0.138s
2024-05-28 13:00:59.922 98695 INFO tempest.lib.common.rest_client [req-25b5704e-02b4-476e-9491-4abb8e7eedf9 req-25b5704e-02b4-476e-9491-4abb8e7eedf9 ] Request (ShareTransferNegativeTest:tearDownClass): 204 DELETE http://10.27.203.238/identity/v3/users/16f4189b208748b8aa156ef28ced43cc 0.131s
2024-05-28 13:00:59.923 98695 INFO tempest.lib.common.dynamic_creds [-] Deleting project and security group for project: c7a348e5c74641978595dc43c2dcb08a
2024-05-28 13:00:59.924 98691 INFO tempest.lib.common.rest_client [ req-f6ba2bdf-21f9-4843-b176-d2efd35a2048 ] Request (ShareTypeAvailabilityZonesTest:_run_cleanups): 200 GET http://10.27.203.238/share/v2/284d76edec3144579d6fb3f6dbc0dd4e/shares/da80429c-1281-4450-a386-ed0e9d82a3ff 0.031s
2024-05-28 13:00:59.968 98695 INFO tempest.lib.common.rest_client [req-9057e31b-6922-428e-911c-965745fb6d42 req-9057e31b-6922-428e-911c-965745fb6d42 ] Request (ShareTransferNegativeTest:tearDownClass): 201 POST http://10.27.203.238/identity/v3/auth/tokens 0.045s
2024-05-28 13:01:00.046 98695 INFO tempest.lib.common.rest_client [req-7bbed064-8f4f-4e39-a01a-56a12ca0c817 req-7bbed064-8f4f-4e39-a01a-56a12ca0c817 ] Request (ShareTransferNegativeTest:tearDownClass): 200 GET http://10.27.203.238:9696/networking/v2.0/security-groups?tenant_id=c7a348e5c74641978595dc43c2dcb08a&name=default 0.077s
2024-05-28 13:01:00.136 98695 INFO tempest.lib.common.rest_client [req-d0ed0f83-83f3-4e58-a648-51fc45b22a58 req-d0ed0f83-83f3-4e58-a648-51fc45b22a58 ] Request (ShareTransferNegativeTest:tearDownClass): 204 DELETE http://10.27.203.238/identity/v3/projects/c7a348e5c74641978595dc43c2dcb08a 0.090s
2024-05-28 13:01:00.136 98695 INFO tempest.lib.common.dynamic_creds [-] Deleting project and security group for project: cac556dc39a14bbdbdbabfc80672fb1f
2024-05-28 13:01:00.149 98695 INFO tempest.lib.common.rest_client [req-13e0cb04-e455-4e3e-b451-7d904357e85d req-13e0cb04-e455-4e3e-b451-7d904357e85d ] Request (ShareTransferNegativeTest:tearDownClass): 200 GET http://10.27.203.238:9696/networking/v2.0/security-groups?tenant_id=cac556dc39a14bbdbdbabfc80672fb1f&name=default 0.012s
2024-05-28 13:01:00.260 98695 INFO tempest.lib.common.rest_client [req-0f290d69-2136-43c4-99c2-626fd92d4b87 req-0f290d69-2136-43c4-99c2-626fd92d4b87 ] Request (ShareTransferNegativeTest:tearDownClass): 204 DELETE http://10.27.203.238/identity/v3/projects/cac556dc39a14bbdbdbabfc80672fb1f 0.111s
2024-05-28 13:01:00.260 98695 INFO tempest.lib.common.dynamic_creds [-] Deleting project and security group for project: b26e2f4af8614f3ea1f0aba07abd852c
2024-05-28 13:01:00.271 98695 INFO tempest.lib.common.rest_client [req-b49714a8-7af4-45d1-9677-6ccdc28f3f71 req-b49714a8-7af4-45d1-9677-6ccdc28f3f71 ] Request (ShareTransferNegativeTest:tearDownClass): 200 GET http://10.27.203.238:9696/networking/v2.0/security-groups?tenant_id=b26e2f4af8614f3ea1f0aba07abd852c&name=default 0.011s
2024-05-28 13:01:00.374 98695 INFO tempest.lib.common.rest_client [req-d37c5725-b25b-48f3-86ba-389947dfb4c6 req-d37c5725-b25b-48f3-86ba-389947dfb4c6 ] Request (ShareTransferNegativeTest:tearDownClass): 204 DELETE http://10.27.203.238/identity/v3/projects/b26e2f4af8614f3ea1f0aba07abd852c 0.102s
2024-05-28 13:01:00.375 98695 INFO tempest.test [-] raised in SharesGLUSTERFSTest.setUpClass. Invoking tearDownClass.
2024-05-28 13:01:00.378 98695 INFO tempest.test [-] raised in SharesHDFSTest.setUpClass. Invoking tearDownClass.
2024-05-28 13:01:00.380 98695 INFO tempest.test [-] raised in SharesMapRFSTest.setUpClass. Invoking tearDownClass.
2024-05-28 13:01:00.402 98695 INFO tempest.lib.common.rest_client [req-f9b2eed6-66d0-417c-9197-334ce2efe349 req-f9b2eed6-66d0-417c-9197-334ce2efe349 ] Request (SharesNFSTest:setUpClass): 201 POST http://10.27.203.238/identity/v3/auth/tokens 0.020s
2024-05-28 13:01:00.423 98693 INFO tempest.lib.common.rest_client [ req-f89937ad-7d6a-4471-9fe8-b954ea3c3b7e ] Request (ShareRulesNegativeTest:setUpClass): 200 GET http://10.27.203.238/share/v2/329a14ab984146feb9f91e467ab4e3b5/snapshots/98f3b924-cebf-46a4-9429-7f55792a0941 0.041s
2024-05-28 13:01:00.438 98693 INFO tempest.lib.common.rest_client [ req-61198afa-c7be-4525-9c31-c181379d9798 ] Request (ShareRulesNegativeTest:test_create_access_rule_ip_to_snapshot): 404 POST http://10.27.203.238/share/v1/329a14ab984146feb9f91e467ab4e3b5/shares/98f3b924-cebf-46a4-9429-7f55792a0941/action 0.014s
2024-05-28 13:01:00.455 98693 INFO tempest.lib.common.rest_client [ req-b981f673-ac69-4c0f-9ce1-4a7812ab7ade ] Request (ShareRulesNegativeTest:test_create_access_rule_ip_to_snapshot): 404 POST http://10.27.203.238/share/v2/329a14ab984146feb9f91e467ab4e3b5/shares/98f3b924-cebf-46a4-9429-7f55792a0941/action 0.014s
2024-05-28 13:01:00.463 98695 INFO tempest.lib.common.rest_client [req-6ea8efe1-75a3-413c-a82a-32ac9017dea1 req-6ea8efe1-75a3-413c-a82a-32ac9017dea1 ] Request (SharesNFSTest:setUpClass): 201 POST http://10.27.203.238/identity/v3/auth/tokens 0.056s
2024-05-28 13:01:00.487 98693 INFO tempest.lib.common.rest_client [ req-a259993f-fcd7-478b-9e6f-9c743eb04a32 ] Request (ShareRulesNegativeTest:test_create_access_rule_ip_with_wrong_type): 400 POST http://10.27.203.238/share/v1/329a14ab984146feb9f91e467ab4e3b5/shares/623ccf6c-1398-4ab6-9f67-73e600565f38/action 0.028s
2024-05-28 13:01:00.490 98695 INFO tempest.lib.common.rest_client [req-c270461c-236c-4c04-a918-233125fdfd9e req-c270461c-236c-4c04-a918-233125fdfd9e ] Request (SharesNFSTest:setUpClass): 200 GET http://10.27.203.238/identity/v3/domains?name=Default 0.027s
2024-05-28 13:01:00.518 98693 INFO tempest.lib.common.rest_client [ req-3dc64405-3ed6-4a23-8846-6a6dad2ebf36 ] Request (ShareRulesNegativeTest:test_create_access_rule_ip_with_wrong_type): 400 POST http://10.27.203.238/share/v2/329a14ab984146feb9f91e467ab4e3b5/shares/623ccf6c-1398-4ab6-9f67-73e600565f38/action 0.029s
2024-05-28 13:01:00.528 98695 INFO tempest.lib.common.rest_client [req-b8c3f3aa-a5e5-4845-8c19-577b4c8edb94 req-b8c3f3aa-a5e5-4845-8c19-577b4c8edb94 ] Request (SharesNFSTest:setUpClass): 201 POST http://10.27.203.238/identity/v3/projects 0.037s
2024-05-28 13:01:00.555 98693 INFO tempest.lib.common.rest_client [ req-f7a19fa3-4209-44a6-a042-e401b4266158 ] Request (ShareRulesNegativeTest:test_delete_access_rule_with_wrong_id): 404 POST http://10.27.203.238/share/v1/329a14ab984146feb9f91e467ab4e3b5/shares/623ccf6c-1398-4ab6-9f67-73e600565f38/action 0.035s
2024-05-28 13:01:00.591 98693 INFO tempest.lib.common.rest_client [ req-a9d72856-ff16-48df-8a55-68886aca5cde ] Request (ShareRulesNegativeTest:test_delete_access_rule_with_wrong_id): 404 POST http://10.27.203.238/share/v2/329a14ab984146feb9f91e467ab4e3b5/shares/623ccf6c-1398-4ab6-9f67-73e600565f38/action 0.034s
2024-05-28 13:01:00.591 98695 INFO tempest.lib.common.rest_client [req-e39a5420-c357-4d5c-a961-306e3ee41fed req-e39a5420-c357-4d5c-a961-306e3ee41fed ] Request (SharesNFSTest:setUpClass): 201 POST http://10.27.203.238/identity/v3/users 0.063s
2024-05-28 13:01:00.615 98695 INFO tempest.lib.common.rest_client [req-bbb077c5-5262-4c77-9105-3d1bed634153 req-bbb077c5-5262-4c77-9105-3d1bed634153 ] Request (SharesNFSTest:setUpClass): 200 GET http://10.27.203.238/identity/v3/roles 0.023s
2024-05-28 13:01:00.659 98695 INFO tempest.lib.common.rest_client [req-dfa0a2a6-74b7-4377-acaa-91cb4c43d90b req-dfa0a2a6-74b7-4377-acaa-91cb4c43d90b ] Request (SharesNFSTest:setUpClass): 204 PUT http://10.27.203.238/identity/v3/projects/0af6f8e0aeed4f27b075e08f2bc713aa/users/2422ad23c6a747059ebfca647c24c460/roles/44620cad10ae407c90c91e2c296adb04 0.043s
2024-05-28 13:01:00.659 98695 INFO tempest.lib.common.dynamic_creds [-] Dynamic test user 2422ad23c6a747059ebfca647c24c460 is created with scope project and roles: ['member']
2024-05-28 13:01:00.660 98695 INFO tempest.lib.common.dynamic_creds [-] Acquired dynamic creds: credentials: Credentials: {'domain_id': 'default', 'domain_name': 'Default', 'username': 'tempest-SharesNFSTest-667257547-project-member', 'project_domain_id': 'default', 'project_domain_name': 'Default', 'project_id': '0af6f8e0aeed4f27b075e08f2bc713aa', 'project_name': 'tempest-SharesNFSTest-667257547', 'tenant_id': '0af6f8e0aeed4f27b075e08f2bc713aa', 'tenant_name': 'tempest-SharesNFSTest-667257547', 'user_domain_id': 'default', 'user_domain_name': 'Default', 'user_id': '2422ad23c6a747059ebfca647c24c460', 'system': None}, Network: None, Subnet: None, Router: None
2024-05-28 13:01:00.660 98695 INFO tempest.lib.common.dynamic_creds [-] Created isolated network resources for: credentials: Credentials: {'domain_id': 'default', 'domain_name': 'Default', 'username': 'tempest-SharesNFSTest-667257547-project-member', 'project_domain_id': 'default', 'project_domain_name': 'Default', 'project_id': '0af6f8e0aeed4f27b075e08f2bc713aa', 'project_name': 'tempest-SharesNFSTest-667257547', 'tenant_id': '0af6f8e0aeed4f27b075e08f2bc713aa', 'tenant_name': 'tempest-SharesNFSTest-667257547', 'user_domain_id': 'default', 'user_domain_name': 'Default', 'user_id': '2422ad23c6a747059ebfca647c24c460', 'system': None}, Network: None, Subnet: None, Router: None
2024-05-28 13:01:00.672 98693 INFO tempest.lib.common.rest_client [req-81302a91-d128-4a99-84c1-f8854d763694 req-81302a91-d128-4a99-84c1-f8854d763694 ] Request (ShareRulesNegativeTest:tearDownClass): 404 DELETE http://10.27.203.238/identity/v3/users/5000ae7b72ab4d8aad66382d4e873caf 0.079s
2024-05-28 13:01:00.672 98693 ERROR manila_tempest_tests.tests.api.base [-] Suppressed cleanup error in Manila: Traceback (most recent call last): File "/opt/stack/manila-tempest-plugin/manila_tempest_tests/tests/api/base.py", line 1272, in clear_project_users cls.os_admin.creds_client.delete_user(user['id'])
File "/opt/stack/tempest/tempest/lib/common/cred_client.py", line 55, in delete_user self.users_client.delete_user(user_id)
File "/opt/stack/tempest/tempest/lib/services/identity/v3/users_client.py", line 104, in delete_user resp, body = self.delete("users/%s" % user_id)
File "/opt/stack/tempest/tempest/lib/common/rest_client.py", line 357, in delete return self.request('DELETE', url, extra_headers, headers, body)
File "/opt/stack/tempest/tempest/lib/common/rest_client.py", line 760, in request self._error_checker(resp, resp_body)
File "/opt/stack/tempest/tempest/lib/common/rest_client.py", line 870, in _error_checker raise exceptions.NotFound(resp_body, resp=resp) tempest.lib.exceptions.NotFound: Object not found Details: {'code': 404, 'message': 'Could not find user: 5000ae7b72ab4d8aad66382d4e873caf.', 'title': 'Not Found'} : tempest.lib.exceptions.NotFound: Object not found
2024-05-28 13:01:00.740 98695 INFO tempest.lib.common.rest_client [req-01134716-fc59-4a38-9604-cf48f82eb13a req-01134716-fc59-4a38-9604-cf48f82eb13a ] Request (SharesNFSTest:setUpClass): 201 POST http://10.27.203.238/identity/v3/auth/tokens 0.079s
2024-05-28 13:01:00.757 98693 INFO tempest.lib.common.rest_client [req-5bf947cc-59ce-4479-9dda-9790e2c352e0 req-5bf947cc-59ce-4479-9dda-9790e2c352e0 ] Request (ShareRulesNegativeTest:tearDownClass): 404 DELETE http://10.27.203.238/identity/v3/users/3fc09c87f69946d2bf009e72ac589cd4 0.084s
2024-05-28 13:01:00.757 98693 ERROR manila_tempest_tests.tests.api.base [-] Suppressed cleanup error in Manila: Traceback (most recent call last): File "/opt/stack/manila-tempest-plugin/manila_tempest_tests/tests/api/base.py", line 1272, in clear_project_users cls.os_admin.creds_client.delete_user(user['id'])
File "/opt/stack/tempest/tempest/lib/common/cred_client.py", line 55, in delete_user self.users_client.delete_user(user_id)
File "/opt/stack/tempest/tempest/lib/services/identity/v3/users_client.py", line 104, in delete_user resp, body = self.delete("users/%s" % user_id)
File "/opt/stack/tempest/tempest/lib/common/rest_client.py", line 357, in delete return self.request('DELETE', url, extra_headers, headers, body)
File "/opt/stack/tempest/tempest/lib/common/rest_client.py", line 760, in request self._error_checker(resp, resp_body)
File "/opt/stack/tempest/tempest/lib/common/rest_client.py", line 870, in _error_checker raise exceptions.NotFound(resp_body, resp=resp) tempest.lib.exceptions.NotFound: Object not found Details: {'code': 404, 'message': 'Could not find user: 3fc09c87f69946d2bf009e72ac589cd4.', 'title': 'Not Found'} : tempest.lib.exceptions.NotFound: Object not found
2024-05-28 13:01:00.784 98693 INFO tempest.lib.common.rest_client [req-f9a2af92-9bf1-4f48-81c6-2ff600a8e836 req-f9a2af92-9bf1-4f48-81c6-2ff600a8e836 ] Request (ShareRulesNegativeTest:tearDownClass): 404 DELETE http://10.27.203.238/identity/v3/users/6533c69a593a4e35a8693da46fbd9f3b 0.026s
2024-05-28 13:01:00.785 98693 ERROR manila_tempest_tests.tests.api.base [-] Suppressed cleanup error in Manila: Traceback (most recent call last): File "/opt/stack/manila-tempest-plugin/manila_tempest_tests/tests/api/base.py", line 1272, in clear_project_users cls.os_admin.creds_client.delete_user(user['id'])
File "/opt/stack/tempest/tempest/lib/common/cred_client.py", line 55, in delete_user self.users_client.delete_user(user_id)
File "/opt/stack/tempest/tempest/lib/services/identity/v3/users_client.py", line 104, in delete_user resp, body = self.delete("users/%s" % user_id)
File "/opt/stack/tempest/tempest/lib/common/rest_client.py", line 357, in delete return self.request('DELETE', url, extra_headers, headers, body)
File "/opt/stack/tempest/tempest/lib/common/rest_client.py", line 760, in request self._error_checker(resp, resp_body)
File "/opt/stack/tempest/tempest/lib/common/rest_client.py", line 870, in _error_checker raise exceptions.NotFound(resp_body, resp=resp) tempest.lib.exceptions.NotFound: Object not found Details: {'code': 404, 'message': 'Could not find user: 6533c69a593a4e35a8693da46fbd9f3b.', 'title': 'Not Found'} : tempest.lib.exceptions.NotFound: Object not found
2024-05-28 13:01:00.804 98695 INFO tempest.lib.common.rest_client [req-68ad1664-6abd-4c24-9d64-f23d7775273c req-68ad1664-6abd-4c24-9d64-f23d7775273c ] Request (SharesNFSTest:setUpClass): 201 POST http://10.27.203.238/identity/v3/projects 0.062s
2024-05-28 13:01:00.863 98695 INFO tempest.lib.common.rest_client [req-e2bb47a2-f5ec-4568-99d2-bdbbb79c599d req-e2bb47a2-f5ec-4568-99d2-bdbbb79c599d ] Request (SharesNFSTest:setUpClass): 201 POST http://10.27.203.238/identity/v3/users 0.058s
2024-05-28 13:01:00.881 98693 INFO tempest.lib.common.rest_client [req-1b922d26-ab4f-4ccb-859a-0a1ce3502975 req-1b922d26-ab4f-4ccb-859a-0a1ce3502975 ] Request (ShareRulesNegativeTest:tearDownClass): 204 DELETE http://10.27.203.238/identity/v3/users/929590f760014a429cece4b4e674f84e 0.096s
2024-05-28 13:01:00.912 98695 INFO tempest.lib.common.rest_client [req-92278a09-f286-4352-aa92-d86422c2a611 req-92278a09-f286-4352-aa92-d86422c2a611 ] Request (SharesNFSTest:setUpClass): 200 GET http://10.27.203.238/identity/v3/roles 0.049s
2024-05-28 13:01:00.979 98695 INFO tempest.lib.common.rest_client [req-6abf4895-a215-4aa0-a009-cb66a10b9c7e req-6abf4895-a215-4aa0-a009-cb66a10b9c7e ] Request (SharesNFSTest:setUpClass): 204 PUT http://10.27.203.238/identity/v3/projects/91d671681dc346be86fefe8a8c75be74/users/a770e44d062141cd8ffc9a9233887135/roles/44620cad10ae407c90c91e2c296adb04 0.065s
2024-05-28 13:01:00.979 98695 INFO tempest.lib.common.dynamic_creds [-] Dynamic test user a770e44d062141cd8ffc9a9233887135 is created with scope project and roles: ['member']
2024-05-28 13:01:00.979 98695 INFO tempest.lib.common.dynamic_creds [-] Acquired dynamic creds: credentials: Credentials: {'domain_id': 'default', 'domain_name': 'Default', 'username': 'tempest-SharesNFSTest-2137149010-project-member', 'project_domain_id': 'default', 'project_domain_name': 'Default', 'project_id': '91d671681dc346be86fefe8a8c75be74', 'project_name': 'tempest-SharesNFSTest-2137149010', 'tenant_id': '91d671681dc346be86fefe8a8c75be74', 'tenant_name': 'tempest-SharesNFSTest-2137149010', 'user_domain_id': 'default', 'user_domain_name': 'Default', 'user_id': 'a770e44d062141cd8ffc9a9233887135', 'system': None}, Network: None, Subnet: None, Router: None
2024-05-28 13:01:00.980 98695 INFO tempest.lib.common.dynamic_creds [-] Created isolated network resources for: credentials: Credentials: {'domain_id': 'default', 'domain_name': 'Default', 'username': 'tempest-SharesNFSTest-2137149010-project-member', 'project_domain_id': 'default', 'project_domain_name': 'Default', 'project_id': '91d671681dc346be86fefe8a8c75be74', 'project_name': 'tempest-SharesNFSTest-2137149010', 'tenant_id': '91d671681dc346be86fefe8a8c75be74', 'tenant_name': 'tempest-SharesNFSTest-2137149010', 'user_domain_id': 'default', 'user_domain_name': 'Default', 'user_id': 'a770e44d062141cd8ffc9a9233887135', 'system': None}, Network: None, Subnet: None, Router: None
2024-05-28 13:01:00.995 98693 INFO tempest.lib.common.rest_client [ req-b6208dee-0ea9-470b-81c4-deddd7bd6a6f ] Request (ShareRulesNegativeTest:tearDownClass): 202 DELETE http://10.27.203.238/share/v2/329a14ab984146feb9f91e467ab4e3b5/snapshots/98f3b924-cebf-46a4-9429-7f55792a0941 0.113s
2024-05-28 13:01:01.033 98693 INFO tempest.lib.common.rest_client [ req-8baf2e7c-bd54-4ca7-8b4c-1a190565edbc ] Request (ShareRulesNegativeTest:tearDownClass): 200 GET http://10.27.203.238/share/v2/329a14ab984146feb9f91e467ab4e3b5/snapshots/98f3b924-cebf-46a4-9429-7f55792a0941 0.037s
2024-05-28 13:01:01.063 98695 INFO tempest.lib.common.rest_client [req-c06e9d39-19f9-4b59-8ab9-98e945c7f25d req-c06e9d39-19f9-4b59-8ab9-98e945c7f25d ] Request (SharesNFSTest:setUpClass): 201 POST http://10.27.203.238/identity/v3/auth/tokens 0.081s
2024-05-28 13:01:01.133 98695 INFO tempest.lib.common.rest_client [req-6c9cc5ae-1673-4bfd-8ca4-f6895dd5f543 req-6c9cc5ae-1673-4bfd-8ca4-f6895dd5f543 ] Request (SharesNFSTest:setUpClass): 201 POST http://10.27.203.238/identity/v3/projects 0.069s
2024-05-28 13:01:01.202 98695 INFO tempest.lib.common.rest_client [req-3b32d09d-099c-4860-99a9-b7d2db0a1dd4 req-3b32d09d-099c-4860-99a9-b7d2db0a1dd4 ] Request (SharesNFSTest:setUpClass): 201 POST http://10.27.203.238/identity/v3/users 0.068s
2024-05-28 13:01:01.224 98695 INFO tempest.lib.common.rest_client [req-086e75c2-47bb-40b6-ba32-f0cbb8ff2e65 req-086e75c2-47bb-40b6-ba32-f0cbb8ff2e65 ] Request (SharesNFSTest:setUpClass): 200 GET http://10.27.203.238/identity/v3/roles 0.021s
2024-05-28 13:01:01.278 98695 INFO tempest.lib.common.rest_client [req-2457e599-e9ef-42d2-93a1-cb8b6da39daf req-2457e599-e9ef-42d2-93a1-cb8b6da39daf ] Request (SharesNFSTest:setUpClass): 204 PUT http://10.27.203.238/identity/v3/projects/40625c7a855049188adc00ac1e323af7/users/5c78e998d7a8438b924c38bb84168488/roles/e7989893488f483baa107be56668c4f8 0.053s
2024-05-28 13:01:01.324 98695 INFO tempest.lib.common.rest_client [req-bd43550e-c845-438d-8003-1896852e4073 req-bd43550e-c845-438d-8003-1896852e4073 ] Request (SharesNFSTest:setUpClass): 200 GET http://10.27.203.238/identity/v3/roles 0.045s
2024-05-28 13:01:01.345 98695 INFO tempest.lib.common.rest_client [req-322cca13-3ddf-4555-8fd1-a30321d22c9f req-322cca13-3ddf-4555-8fd1-a30321d22c9f ] Request (SharesNFSTest:setUpClass): 204 PUT http://10.27.203.238/identity/v3/projects/40625c7a855049188adc00ac1e323af7/users/5c78e998d7a8438b924c38bb84168488/roles/e7989893488f483baa107be56668c4f8 0.021s
2024-05-28 13:01:01.346 98695 INFO tempest.lib.common.dynamic_creds [-] Dynamic test user 5c78e998d7a8438b924c38bb84168488 is created with scope project and roles: ['admin']
2024-05-28 13:01:01.346 98695 INFO tempest.lib.common.dynamic_creds [-] Acquired dynamic creds: credentials: Credentials: {'domain_id': 'default', 'domain_name': 'Default', 'username': 'tempest-SharesNFSTest-1858044304-project-admin', 'project_domain_id': 'default', 'project_domain_name': 'Default', 'project_id': '40625c7a855049188adc00ac1e323af7', 'project_name': 'tempest-SharesNFSTest-1858044304', 'tenant_id': '40625c7a855049188adc00ac1e323af7', 'tenant_name': 'tempest-SharesNFSTest-1858044304', 'user_domain_id': 'default', 'user_domain_name': 'Default', 'user_id': '5c78e998d7a8438b924c38bb84168488', 'system': None}, Network: None, Subnet: None, Router: None
2024-05-28 13:01:01.346 98695 INFO tempest.lib.common.dynamic_creds [-] Created isolated network resources for: credentials: Credentials: {'domain_id': 'default', 'domain_name': 'Default', 'username': 'tempest-SharesNFSTest-1858044304-project-admin', 'project_domain_id': 'default', 'project_domain_name': 'Default', 'project_id': '40625c7a855049188adc00ac1e323af7', 'project_name': 'tempest-SharesNFSTest-1858044304', 'tenant_id': '40625c7a855049188adc00ac1e323af7', 'tenant_name': 'tempest-SharesNFSTest-1858044304', 'user_domain_id': 'default', 'user_domain_name': 'Default', 'user_id': '5c78e998d7a8438b924c38bb84168488', 'system': None}, Network: None, Subnet: None, Router: None
2024-05-28 13:01:01.419 98689 INFO tempest.lib.common.rest_client [ req-176b5f92-5dd9-4d54-8fc2-82c1e3ff7aaf ] Request (ShareRulesTest:test_access_rules_deleted_if_share_deleted): 200 GET http://10.27.203.238/share/v2/a4f3887fa28c457390f5b66615564430/shares/415b1daa-22c2-48a3-873e-80762e65a747 0.031s
2024-05-28 13:01:01.441 98695 INFO tempest.lib.common.rest_client [req-b1d4f492-63cf-42ea-873a-866bddaa39bc req-b1d4f492-63cf-42ea-873a-866bddaa39bc ] Request (SharesNFSTest:setUpClass): 201 POST http://10.27.203.238/identity/v3/auth/tokens 0.094s
2024-05-28 13:01:01.468 98695 INFO tempest.lib.common.rest_client [req-cef0837b-5138-4156-86a1-edf21931356b req-cef0837b-5138-4156-86a1-edf21931356b ] Request (SharesNFSTest:setUpClass): 200 GET http://10.27.203.238/identity/v3/domains?name=Default 0.025s
2024-05-28 13:01:01.507 98695 INFO tempest.lib.common.rest_client [req-e1941545-bbd1-4acd-b2c7-d9bdeddf875e req-e1941545-bbd1-4acd-b2c7-d9bdeddf875e ] Request (SharesNFSTest:setUpClass): 201 POST http://10.27.203.238/identity/v3/users 0.039s
2024-05-28 13:01:01.538 98695 INFO tempest.lib.common.rest_client [req-7c17b227-5881-4735-a185-907e4e57e4e5 req-7c17b227-5881-4735-a185-907e4e57e4e5 ] Request (SharesNFSTest:setUpClass): 200 GET http://10.27.203.238/identity/v3/roles 0.031s
2024-05-28 13:01:01.589 98695 INFO tempest.lib.common.rest_client [req-19f4cd21-78c9-4d42-bb52-6b70c81b16eb req-19f4cd21-78c9-4d42-bb52-6b70c81b16eb ] Request (SharesNFSTest:setUpClass): 204 PUT http://10.27.203.238/identity/v3/projects/40625c7a855049188adc00ac1e323af7/users/1753431784bd4ea68bf59da03f4b6d7a/roles/44620cad10ae407c90c91e2c296adb04 0.050s
2024-05-28 13:01:01.764 98695 INFO tempest.lib.common.rest_client [ req-088118e6-3679-47e5-a3d3-917fb497cd7d ] Request (SharesNFSTest:setUpClass): 200 POST http://10.27.203.238/share/v2/40625c7a855049188adc00ac1e323af7/types 0.173s
2024-05-28 13:01:01.797 98695 INFO tempest.lib.common.rest_client [ req-8ef9f09a-b06d-41b8-a918-43ad3f761a99 ] Request (SharesNFSTest:test_create_delete_snapshot): 200 POST http://10.27.203.238/share/v2/40625c7a855049188adc00ac1e323af7/types 0.031s
2024-05-28 13:01:02.072 98695 INFO tempest.lib.common.rest_client [ req-2b20789d-29d9-4855-bc6c-e2ea0bc3fcb3 ] Request (SharesNFSTest:test_create_delete_snapshot): 200 POST http://10.27.203.238/share/v2/0af6f8e0aeed4f27b075e08f2bc713aa/shares 0.275s
2024-05-28 13:01:02.099 98695 INFO tempest.lib.common.rest_client [ req-5d47ea63-b44a-4739-a6fb-7977dcdb9dcc ] Request (SharesNFSTest:test_create_delete_snapshot): 200 GET http://10.27.203.238/share/v2/0af6f8e0aeed4f27b075e08f2bc713aa/shares/7a762332-0877-462f-941a-6581abbf784b 0.026s
2024-05-28 13:01:02.956 98691 INFO tempest.lib.common.rest_client [ req-1644751a-a6aa-46cb-b9b4-a64cba370acb ] Request (ShareTypeAvailabilityZonesTest:_run_cleanups): 200 GET http://10.27.203.238/share/v2/284d76edec3144579d6fb3f6dbc0dd4e/shares/da80429c-1281-4450-a386-ed0e9d82a3ff 0.029s
2024-05-28 13:01:04.053 98693 INFO tempest.lib.common.rest_client [ req-6100bca3-0776-48c6-9146-06ef9a2a4c2e ] Request (ShareRulesNegativeTest:tearDownClass): 404 GET http://10.27.203.238/share/v2/329a14ab984146feb9f91e467ab4e3b5/snapshots/98f3b924-cebf-46a4-9429-7f55792a0941 0.017s
2024-05-28 13:01:04.071 98693 INFO tempest.lib.common.rest_client [ req-eecdddca-ed2a-4f12-ad2d-50d37d841045 ] Request (ShareRulesNegativeTest:tearDownClass): 200 GET http://10.27.203.238/share/v2/329a14ab984146feb9f91e467ab4e3b5/share-replicas/detail?share_id=623ccf6c-1398-4ab6-9f67-73e600565f38 0.016s
2024-05-28 13:01:04.215 98693 INFO tempest.lib.common.rest_client [ req-ac3e66df-c9d2-4bb7-b906-b126c2362742 ] Request (ShareRulesNegativeTest:tearDownClass): 202 DELETE http://10.27.203.238/share/v2/329a14ab984146feb9f91e467ab4e3b5/shares/623ccf6c-1398-4ab6-9f67-73e600565f38 0.144s
2024-05-28 13:01:04.245 98693 INFO tempest.lib.common.rest_client [ req-3cf12a11-03ea-4fe4-a684-b9ce36ad5b15 ] Request (ShareRulesNegativeTest:tearDownClass): 200 GET http://10.27.203.238/share/v2/329a14ab984146feb9f91e467ab4e3b5/shares/623ccf6c-1398-4ab6-9f67-73e600565f38 0.029s
2024-05-28 13:01:04.453 98689 INFO tempest.lib.common.rest_client [ req-ce95cb74-2d91-4571-9b71-1b8d94f89d5d ] Request (ShareRulesTest:test_access_rules_deleted_if_share_deleted): 200 GET http://10.27.203.238/share/v2/a4f3887fa28c457390f5b66615564430/shares/415b1daa-22c2-48a3-873e-80762e65a747 0.030s
2024-05-28 13:01:05.133 98695 INFO tempest.lib.common.rest_client [ req-8d473786-6071-4ff8-8b8b-40ff2500e897 ] Request (SharesNFSTest:test_create_delete_snapshot): 200 GET http://10.27.203.238/share/v2/0af6f8e0aeed4f27b075e08f2bc713aa/shares/7a762332-0877-462f-941a-6581abbf784b 0.030s
2024-05-28 13:01:05.989 98691 INFO tempest.lib.common.rest_client [ req-9a047ab9-feef-4c9e-8e4f-678ca5cfd1b8 ] Request (ShareTypeAvailabilityZonesTest:_run_cleanups): 200 GET http://10.27.203.238/share/v2/284d76edec3144579d6fb3f6dbc0dd4e/shares/da80429c-1281-4450-a386-ed0e9d82a3ff 0.029s
2024-05-28 13:01:07.286 98693 INFO tempest.lib.common.rest_client [ req-08ea25d3-446b-4261-ada3-28ef66236e6f ] Request (ShareRulesNegativeTest:tearDownClass): 200 GET http://10.27.203.238/share/v2/329a14ab984146feb9f91e467ab4e3b5/shares/623ccf6c-1398-4ab6-9f67-73e600565f38 0.039s
2024-05-28 13:01:07.501 98689 INFO tempest.lib.common.rest_client [ req-deb33012-83a9-4d5e-b561-5eaa993017c6 ] Request (ShareRulesTest:test_access_rules_deleted_if_share_deleted): 200 GET http://10.27.203.238/share/v2/a4f3887fa28c457390f5b66615564430/shares/415b1daa-22c2-48a3-873e-80762e65a747 0.044s
2024-05-28 13:01:08.166 98695 INFO tempest.lib.common.rest_client [ req-cb55a54f-6ac4-4ba1-b4fa-b1a96bf8503a ] Request (SharesNFSTest:test_create_delete_snapshot): 200 GET http://10.27.203.238/share/v2/0af6f8e0aeed4f27b075e08f2bc713aa/shares/7a762332-0877-462f-941a-6581abbf784b 0.029s
2024-05-28 13:01:08.372 98695 INFO tempest.lib.common.rest_client [ req-bef6f3a0-ee3c-4e01-961a-7eeb654ff32f ] Request (SharesNFSTest:test_create_delete_snapshot): 202 POST http://10.27.203.238/share/v2/0af6f8e0aeed4f27b075e08f2bc713aa/snapshots 0.206s
2024-05-28 13:01:08.413 98695 INFO tempest.lib.common.rest_client [ req-b95f7e30-0e14-41e4-9f01-9df04b818c14 ] Request (SharesNFSTest:test_create_delete_snapshot): 200 GET http://10.27.203.238/share/v2/0af6f8e0aeed4f27b075e08f2bc713aa/snapshots/bff3b07e-650b-4bc1-8c88-fcd101dd0295 0.040s
2024-05-28 13:01:09.006 98691 INFO tempest.lib.common.rest_client [ req-49f466b0-06f9-4d29-b764-1063c034aa2d ] Request (ShareTypeAvailabilityZonesTest:_run_cleanups): 404 GET http://10.27.203.238/share/v2/284d76edec3144579d6fb3f6dbc0dd4e/shares/da80429c-1281-4450-a386-ed0e9d82a3ff 0.014s
2024-05-28 13:01:09.036 98691 INFO tempest.lib.common.rest_client [ req-1bbe19a8-6bb1-4654-b70d-7337a2a7aebd ] Request (ShareTypeAvailabilityZonesTest:test_share_type_azs_share_groups_az_in_create_req): 200 PUT http://10.27.203.238/share/v2/bb20757ddd604868aff8ad38db5def87/types/7d2ea8e8-bada-4826-a8a8-53b4e9ff301f/extra_specs/availability_zones 0.028s
2024-05-28 13:01:09.226 98691 INFO tempest.lib.common.rest_client [ req-2d2370b4-77d0-4b0f-869a-8a9c9aadeace ] Request (ShareTypeAvailabilityZonesTest:test_share_type_azs_share_groups_az_in_create_req): 202 POST http://10.27.203.238/share/v2/284d76edec3144579d6fb3f6dbc0dd4e/share-groups 0.189s
2024-05-28 13:01:09.257 98691 INFO tempest.lib.common.rest_client [ req-3aa4a55b-8c6d-4fa4-bd3d-6efc107d0f83 ] Request (ShareTypeAvailabilityZonesTest:test_share_type_azs_share_groups_az_in_create_req): 200 GET http://10.27.203.238/share/v2/284d76edec3144579d6fb3f6dbc0dd4e/share-groups/3709d784-520f-4a6d-ba6f-ad3e9307f7a2 0.030s
