2024-05-28 13:02:19.728 98689 INFO tempest.lib.common.rest_client [ req-43a8d988-3780-4348-b264-adb767c9ee23 ] Request (ShareRulesTest:_run_cleanups): 200 GET http://10.27.203.238/share/v2/a4f3887fa28c457390f5b66615564430/share-access-rules?share_id=b330db31-7766-443d-9c19-26fe349665aa 0.036s
2024-05-28 13:02:19.784 98691 INFO tempest.lib.common.rest_client [req-4c9dcc9b-afa1-40b7-8cc7-c40b77222ed2 req-4c9dcc9b-afa1-40b7-8cc7-c40b77222ed2 ] Request (SharesNegativeTest:setUpClass): 201 POST http://10.27.203.238/identity/v3/auth/tokens 0.044s
2024-05-28 13:02:19.807 98689 INFO tempest.lib.common.rest_client [req-2e34e616-2dd3-4e7e-a205-eeec35c6fbc3 req-2e34e616-2dd3-4e7e-a205-eeec35c6fbc3 ] Request (ShareRulesTest:tearDownClass): 404 DELETE http://10.27.203.238/identity/v3/users/8688f80695814f34bfb56342c4e54028 0.077s
2024-05-28 13:02:19.808 98689 ERROR manila_tempest_tests.tests.api.base [-] Suppressed cleanup error in Manila: Traceback (most recent call last): File "/opt/stack/manila-tempest-plugin/manila_tempest_tests/tests/api/base.py", line 1272, in clear_project_users cls.os_admin.creds_client.delete_user(user['id'])
File "/opt/stack/tempest/tempest/lib/common/cred_client.py", line 55, in delete_user self.users_client.delete_user(user_id)
File "/opt/stack/tempest/tempest/lib/services/identity/v3/users_client.py", line 104, in delete_user resp, body = self.delete("users/%s" % user_id)
File "/opt/stack/tempest/tempest/lib/common/rest_client.py", line 357, in delete return self.request('DELETE', url, extra_headers, headers, body)
File "/opt/stack/tempest/tempest/lib/common/rest_client.py", line 760, in request self._error_checker(resp, resp_body)
File "/opt/stack/tempest/tempest/lib/common/rest_client.py", line 870, in _error_checker raise exceptions.NotFound(resp_body, resp=resp) tempest.lib.exceptions.NotFound: Object not found Details: {'code': 404, 'message': 'Could not find user: 8688f80695814f34bfb56342c4e54028.', 'title': 'Not Found'} : tempest.lib.exceptions.NotFound: Object not found
2024-05-28 13:02:19.809 98691 INFO tempest.lib.common.rest_client [req-bf9f498a-4553-48bd-a3ba-b2e28348b874 req-bf9f498a-4553-48bd-a3ba-b2e28348b874 ] Request (SharesNegativeTest:setUpClass): 200 GET http://10.27.203.238/identity/v3/domains?name=Default 0.025s
2024-05-28 13:02:19.834 98689 INFO tempest.lib.common.rest_client [req-1594fe90-a465-467c-a943-760dc2033159 req-1594fe90-a465-467c-a943-760dc2033159 ] Request (ShareRulesTest:tearDownClass): 404 DELETE http://10.27.203.238/identity/v3/users/108a25e436e9452a9a865957dcea1fc5 0.026s
2024-05-28 13:02:19.835 98689 ERROR manila_tempest_tests.tests.api.base [-] Suppressed cleanup error in Manila: Traceback (most recent call last): File "/opt/stack/manila-tempest-plugin/manila_tempest_tests/tests/api/base.py", line 1272, in clear_project_users cls.os_admin.creds_client.delete_user(user['id'])
File "/opt/stack/tempest/tempest/lib/common/cred_client.py", line 55, in delete_user self.users_client.delete_user(user_id)
File "/opt/stack/tempest/tempest/lib/services/identity/v3/users_client.py", line 104, in delete_user resp, body = self.delete("users/%s" % user_id)
File "/opt/stack/tempest/tempest/lib/common/rest_client.py", line 357, in delete return self.request('DELETE', url, extra_headers, headers, body)
File "/opt/stack/tempest/tempest/lib/common/rest_client.py", line 760, in request self._error_checker(resp, resp_body)
File "/opt/stack/tempest/tempest/lib/common/rest_client.py", line 870, in _error_checker raise exceptions.NotFound(resp_body, resp=resp) tempest.lib.exceptions.NotFound: Object not found Details: {'code': 404, 'message': 'Could not find user: 108a25e436e9452a9a865957dcea1fc5.', 'title': 'Not Found'} : tempest.lib.exceptions.NotFound: Object not found
2024-05-28 13:02:19.849 98691 INFO tempest.lib.common.rest_client [req-e36147ba-0200-4c56-92e9-c89764d3c5ce req-e36147ba-0200-4c56-92e9-c89764d3c5ce ] Request (SharesNegativeTest:setUpClass): 201 POST http://10.27.203.238/identity/v3/projects 0.039s
2024-05-28 13:02:19.860 98689 INFO tempest.lib.common.rest_client [req-38f98576-6b7f-4919-84fb-a82c47c7b962 req-38f98576-6b7f-4919-84fb-a82c47c7b962 ] Request (ShareRulesTest:tearDownClass): 404 DELETE http://10.27.203.238/identity/v3/users/5ae5cb1db3504baaba1df93dc154a004 0.025s
2024-05-28 13:02:19.861 98689 ERROR manila_tempest_tests.tests.api.base [-] Suppressed cleanup error in Manila: Traceback (most recent call last): File "/opt/stack/manila-tempest-plugin/manila_tempest_tests/tests/api/base.py", line 1272, in clear_project_users cls.os_admin.creds_client.delete_user(user['id'])
File "/opt/stack/tempest/tempest/lib/common/cred_client.py", line 55, in delete_user self.users_client.delete_user(user_id)
File "/opt/stack/tempest/tempest/lib/services/identity/v3/users_client.py", line 104, in delete_user resp, body = self.delete("users/%s" % user_id)
File "/opt/stack/tempest/tempest/lib/common/rest_client.py", line 357, in delete return self.request('DELETE', url, extra_headers, headers, body)
File "/opt/stack/tempest/tempest/lib/common/rest_client.py", line 760, in request self._error_checker(resp, resp_body)
File "/opt/stack/tempest/tempest/lib/common/rest_client.py", line 870, in _error_checker raise exceptions.NotFound(resp_body, resp=resp) tempest.lib.exceptions.NotFound: Object not found Details: {'code': 404, 'message': 'Could not find user: 5ae5cb1db3504baaba1df93dc154a004.', 'title': 'Not Found'} : tempest.lib.exceptions.NotFound: Object not found
2024-05-28 13:02:19.910 98691 INFO tempest.lib.common.rest_client [req-a30a5a77-149c-47b2-963b-c3b28bec5571 req-a30a5a77-149c-47b2-963b-c3b28bec5571 ] Request (SharesNegativeTest:setUpClass): 201 POST http://10.27.203.238/identity/v3/users 0.060s
2024-05-28 13:02:19.927 98689 INFO tempest.lib.common.rest_client [req-eec91bc3-c7a0-4ff2-ba0d-ebad0d9f7eec req-eec91bc3-c7a0-4ff2-ba0d-ebad0d9f7eec ] Request (ShareRulesTest:tearDownClass): 404 DELETE http://10.27.203.238/identity/v3/users/c2ac6ca3ea5a4ae498df6d12bb7caadc 0.066s
2024-05-28 13:02:19.928 98689 ERROR manila_tempest_tests.tests.api.base [-] Suppressed cleanup error in Manila: Traceback (most recent call last): File "/opt/stack/manila-tempest-plugin/manila_tempest_tests/tests/api/base.py", line 1272, in clear_project_users cls.os_admin.creds_client.delete_user(user['id'])
File "/opt/stack/tempest/tempest/lib/common/cred_client.py", line 55, in delete_user self.users_client.delete_user(user_id)
File "/opt/stack/tempest/tempest/lib/services/identity/v3/users_client.py", line 104, in delete_user resp, body = self.delete("users/%s" % user_id)
File "/opt/stack/tempest/tempest/lib/common/rest_client.py", line 357, in delete return self.request('DELETE', url, extra_headers, headers, body)
File "/opt/stack/tempest/tempest/lib/common/rest_client.py", line 760, in request self._error_checker(resp, resp_body)
File "/opt/stack/tempest/tempest/lib/common/rest_client.py", line 870, in _error_checker raise exceptions.NotFound(resp_body, resp=resp) tempest.lib.exceptions.NotFound: Object not found Details: {'code': 404, 'message': 'Could not find user: c2ac6ca3ea5a4ae498df6d12bb7caadc.', 'title': 'Not Found'} : tempest.lib.exceptions.NotFound: Object not found
2024-05-28 13:02:19.928 98691 INFO tempest.lib.common.rest_client [req-a65a77fb-3d37-47ea-9b4e-1b3671c6a2dd req-a65a77fb-3d37-47ea-9b4e-1b3671c6a2dd ] Request (SharesNegativeTest:setUpClass): 200 GET http://10.27.203.238/identity/v3/roles 0.018s
2024-05-28 13:02:19.954 98689 INFO tempest.lib.common.rest_client [req-fb82e159-0501-47bf-8a8e-29a914f9d8b2 req-fb82e159-0501-47bf-8a8e-29a914f9d8b2 ] Request (ShareRulesTest:tearDownClass): 404 DELETE http://10.27.203.238/identity/v3/users/f89f851af36d480ab7d10d3506c60899 0.026s
2024-05-28 13:02:19.955 98689 ERROR manila_tempest_tests.tests.api.base [-] Suppressed cleanup error in Manila: Traceback (most recent call last): File "/opt/stack/manila-tempest-plugin/manila_tempest_tests/tests/api/base.py", line 1272, in clear_project_users cls.os_admin.creds_client.delete_user(user['id'])
File "/opt/stack/tempest/tempest/lib/common/cred_client.py", line 55, in delete_user self.users_client.delete_user(user_id)
File "/opt/stack/tempest/tempest/lib/services/identity/v3/users_client.py", line 104, in delete_user resp, body = self.delete("users/%s" % user_id)
File "/opt/stack/tempest/tempest/lib/common/rest_client.py", line 357, in delete return self.request('DELETE', url, extra_headers, headers, body)
File "/opt/stack/tempest/tempest/lib/common/rest_client.py", line 760, in request self._error_checker(resp, resp_body)
File "/opt/stack/tempest/tempest/lib/common/rest_client.py", line 870, in _error_checker raise exceptions.NotFound(resp_body, resp=resp) tempest.lib.exceptions.NotFound: Object not found Details: {'code': 404, 'message': 'Could not find user: f89f851af36d480ab7d10d3506c60899.', 'title': 'Not Found'} : tempest.lib.exceptions.NotFound: Object not found
2024-05-28 13:02:19.965 98691 INFO tempest.lib.common.rest_client [req-ba4a6da5-e610-499a-8161-ea6ce5b795b5 req-ba4a6da5-e610-499a-8161-ea6ce5b795b5 ] Request (SharesNegativeTest:setUpClass): 204 PUT http://10.27.203.238/identity/v3/projects/d1d71dc9f23c4c6a8e146d99ad65ebb2/users/48f962e7e06c4cb5b4304e96f10ea343/roles/44620cad10ae407c90c91e2c296adb04 0.036s
2024-05-28 13:02:19.965 98691 INFO tempest.lib.common.dynamic_creds [-] Dynamic test user 48f962e7e06c4cb5b4304e96f10ea343 is created with scope project and roles: ['member']
2024-05-28 13:02:19.966 98691 INFO tempest.lib.common.dynamic_creds [-] Acquired dynamic creds: credentials: Credentials: {'domain_id': 'default', 'domain_name': 'Default', 'username': 'tempest-SharesNegativeTest-1014773059-project-member', 'project_domain_id': 'default', 'project_domain_name': 'Default', 'project_id': 'd1d71dc9f23c4c6a8e146d99ad65ebb2', 'project_name': 'tempest-SharesNegativeTest-1014773059', 'tenant_id': 'd1d71dc9f23c4c6a8e146d99ad65ebb2', 'tenant_name': 'tempest-SharesNegativeTest-1014773059', 'user_domain_id': 'default', 'user_domain_name': 'Default', 'user_id': '48f962e7e06c4cb5b4304e96f10ea343', 'system': None}, Network: None, Subnet: None, Router: None
2024-05-28 13:02:19.966 98691 INFO tempest.lib.common.dynamic_creds [-] Created isolated network resources for: credentials: Credentials: {'domain_id': 'default', 'domain_name': 'Default', 'username': 'tempest-SharesNegativeTest-1014773059-project-member', 'project_domain_id': 'default', 'project_domain_name': 'Default', 'project_id': 'd1d71dc9f23c4c6a8e146d99ad65ebb2', 'project_name': 'tempest-SharesNegativeTest-1014773059', 'tenant_id': 'd1d71dc9f23c4c6a8e146d99ad65ebb2', 'tenant_name': 'tempest-SharesNegativeTest-1014773059', 'user_domain_id': 'default', 'user_domain_name': 'Default', 'user_id': '48f962e7e06c4cb5b4304e96f10ea343', 'system': None}, Network: None, Subnet: None, Router: None
2024-05-28 13:02:20.019 98689 INFO tempest.lib.common.rest_client [req-fb651e29-dc94-4bb0-ba04-2bcbdd907cdf req-fb651e29-dc94-4bb0-ba04-2bcbdd907cdf ] Request (ShareRulesTest:tearDownClass): 404 DELETE http://10.27.203.238/identity/v3/users/6886717a9cfb42a0a4142a0b982570ee 0.063s
2024-05-28 13:02:20.019 98689 ERROR manila_tempest_tests.tests.api.base [-] Suppressed cleanup error in Manila: Traceback (most recent call last): File "/opt/stack/manila-tempest-plugin/manila_tempest_tests/tests/api/base.py", line 1272, in clear_project_users cls.os_admin.creds_client.delete_user(user['id'])
File "/opt/stack/tempest/tempest/lib/common/cred_client.py", line 55, in delete_user self.users_client.delete_user(user_id)
File "/opt/stack/tempest/tempest/lib/services/identity/v3/users_client.py", line 104, in delete_user resp, body = self.delete("users/%s" % user_id)
File "/opt/stack/tempest/tempest/lib/common/rest_client.py", line 357, in delete return self.request('DELETE', url, extra_headers, headers, body)
File "/opt/stack/tempest/tempest/lib/common/rest_client.py", line 760, in request self._error_checker(resp, resp_body)
File "/opt/stack/tempest/tempest/lib/common/rest_client.py", line 870, in _error_checker raise exceptions.NotFound(resp_body, resp=resp) tempest.lib.exceptions.NotFound: Object not found Details: {'code': 404, 'message': 'Could not find user: 6886717a9cfb42a0a4142a0b982570ee.', 'title': 'Not Found'} : tempest.lib.exceptions.NotFound: Object not found
2024-05-28 13:02:20.038 98691 INFO tempest.lib.common.rest_client [req-fe14285e-014c-43a4-a59c-bb475bd4db0f req-fe14285e-014c-43a4-a59c-bb475bd4db0f ] Request (SharesNegativeTest:setUpClass): 201 POST http://10.27.203.238/identity/v3/auth/tokens 0.071s
2024-05-28 13:02:20.054 98689 INFO tempest.lib.common.rest_client [req-9ebcac50-307d-4c4b-97a9-d5bf646a0fac req-9ebcac50-307d-4c4b-97a9-d5bf646a0fac ] Request (ShareRulesTest:tearDownClass): 404 DELETE http://10.27.203.238/identity/v3/users/b523155e680a4a14acd4f3a4295a8d26 0.034s
2024-05-28 13:02:20.054 98689 ERROR manila_tempest_tests.tests.api.base [-] Suppressed cleanup error in Manila: Traceback (most recent call last): File "/opt/stack/manila-tempest-plugin/manila_tempest_tests/tests/api/base.py", line 1272, in clear_project_users cls.os_admin.creds_client.delete_user(user['id'])
File "/opt/stack/tempest/tempest/lib/common/cred_client.py", line 55, in delete_user self.users_client.delete_user(user_id)
File "/opt/stack/tempest/tempest/lib/services/identity/v3/users_client.py", line 104, in delete_user resp, body = self.delete("users/%s" % user_id)
File "/opt/stack/tempest/tempest/lib/common/rest_client.py", line 357, in delete return self.request('DELETE', url, extra_headers, headers, body)
File "/opt/stack/tempest/tempest/lib/common/rest_client.py", line 760, in request self._error_checker(resp, resp_body)
File "/opt/stack/tempest/tempest/lib/common/rest_client.py", line 870, in _error_checker raise exceptions.NotFound(resp_body, resp=resp) tempest.lib.exceptions.NotFound: Object not found Details: {'code': 404, 'message': 'Could not find user: b523155e680a4a14acd4f3a4295a8d26.', 'title': 'Not Found'} : tempest.lib.exceptions.NotFound: Object not found
2024-05-28 13:02:20.099 98691 INFO tempest.lib.common.rest_client [req-53911172-299c-4875-a6b0-d59c8955ba2f req-53911172-299c-4875-a6b0-d59c8955ba2f ] Request (SharesNegativeTest:setUpClass): 201 POST http://10.27.203.238/identity/v3/projects 0.060s
2024-05-28 13:02:20.146 98689 INFO tempest.lib.common.rest_client [req-222fa51c-3177-4b1a-8e88-369f67391717 req-222fa51c-3177-4b1a-8e88-369f67391717 ] Request (ShareRulesTest:tearDownClass): 204 DELETE http://10.27.203.238/identity/v3/users/756070dd0b274fd8835b10a8fbe293d9 0.091s
2024-05-28 13:02:20.180 98691 INFO tempest.lib.common.rest_client [req-89285b1a-19f6-48a7-8b90-bc3960e654c3 req-89285b1a-19f6-48a7-8b90-bc3960e654c3 ] Request (SharesNegativeTest:setUpClass): 201 POST http://10.27.203.238/identity/v3/users 0.080s
2024-05-28 13:02:20.226 98691 INFO tempest.lib.common.rest_client [req-d60ffc78-a1a7-4101-980b-d115c60c4276 req-d60ffc78-a1a7-4101-980b-d115c60c4276 ] Request (SharesNegativeTest:setUpClass): 200 GET http://10.27.203.238/identity/v3/roles 0.046s
2024-05-28 13:02:20.299 98691 INFO tempest.lib.common.rest_client [req-0a0e750d-b1c2-452c-9d04-16310c61db85 req-0a0e750d-b1c2-452c-9d04-16310c61db85 ] Request (SharesNegativeTest:setUpClass): 204 PUT http://10.27.203.238/identity/v3/projects/28e72ec38bf64ac2b199b23160dbeac5/users/f2898eb3fa17430d922ce1ac6a74e451/roles/44620cad10ae407c90c91e2c296adb04 0.072s
2024-05-28 13:02:20.299 98691 INFO tempest.lib.common.dynamic_creds [-] Dynamic test user f2898eb3fa17430d922ce1ac6a74e451 is created with scope project and roles: ['member']
2024-05-28 13:02:20.299 98691 INFO tempest.lib.common.dynamic_creds [-] Acquired dynamic creds: credentials: Credentials: {'domain_id': 'default', 'domain_name': 'Default', 'username': 'tempest-SharesNegativeTest-1279333641-project-member', 'project_domain_id': 'default', 'project_domain_name': 'Default', 'project_id': '28e72ec38bf64ac2b199b23160dbeac5', 'project_name': 'tempest-SharesNegativeTest-1279333641', 'tenant_id': '28e72ec38bf64ac2b199b23160dbeac5', 'tenant_name': 'tempest-SharesNegativeTest-1279333641', 'user_domain_id': 'default', 'user_domain_name': 'Default', 'user_id': 'f2898eb3fa17430d922ce1ac6a74e451', 'system': None}, Network: None, Subnet: None, Router: None
2024-05-28 13:02:20.299 98691 INFO tempest.lib.common.dynamic_creds [-] Created isolated network resources for: credentials: Credentials: {'domain_id': 'default', 'domain_name': 'Default', 'username': 'tempest-SharesNegativeTest-1279333641-project-member', 'project_domain_id': 'default', 'project_domain_name': 'Default', 'project_id': '28e72ec38bf64ac2b199b23160dbeac5', 'project_name': 'tempest-SharesNegativeTest-1279333641', 'tenant_id': '28e72ec38bf64ac2b199b23160dbeac5', 'tenant_name': 'tempest-SharesNegativeTest-1279333641', 'user_domain_id': 'default', 'user_domain_name': 'Default', 'user_id': 'f2898eb3fa17430d922ce1ac6a74e451', 'system': None}, Network: None, Subnet: None, Router: None
2024-05-28 13:02:20.301 98689 INFO tempest.lib.common.rest_client [req-c08021f6-262b-4cd4-b7b3-0b64d8d16146 req-c08021f6-262b-4cd4-b7b3-0b64d8d16146 ] Request (ShareRulesTest:tearDownClass): 204 DELETE http://10.27.203.238/identity/v3/users/cdf8594f55cb448e9b2312d051486331 0.155s
2024-05-28 13:02:20.317 98689 INFO tempest.lib.common.rest_client [ req-012a7fc5-b24f-4a93-ab4c-0a0741b0fe28 ] Request (ShareRulesTest:tearDownClass): 200 GET http://10.27.203.238/share/v2/a4f3887fa28c457390f5b66615564430/share-replicas/detail?share_id=415b1daa-22c2-48a3-873e-80762e65a747 0.015s
2024-05-28 13:02:20.332 98689 INFO tempest.lib.common.rest_client [ req-94442d47-a6ca-4905-ab66-9a95654cfbb3 ] Request (ShareRulesTest:tearDownClass): 404 DELETE http://10.27.203.238/share/v2/a4f3887fa28c457390f5b66615564430/shares/415b1daa-22c2-48a3-873e-80762e65a747 0.014s
2024-05-28 13:02:20.332 98689 ERROR manila_tempest_tests.tests.api.base [-] Suppressed cleanup error in Manila: Traceback (most recent call last): File "/opt/stack/manila-tempest-plugin/manila_tempest_tests/tests/api/base.py", line 912, in clear_resources client.delete_share(res_id)
File "/opt/stack/manila-tempest-plugin/manila_tempest_tests/services/share/v2/json/shares_client.py", line 355, in delete_share resp, body = self.delete(uri, version=version)
File "/opt/stack/manila-tempest-plugin/manila_tempest_tests/services/share/v2/json/shares_client.py", line 85, in delete resp, body = super(SharesV2Client, self).delete(url, headers=headers,
File "/opt/stack/tempest/tempest/lib/common/rest_client.py", line 357, in delete return self.request('DELETE', url, extra_headers, headers, body)
File "/opt/stack/tempest/tempest/lib/common/rest_client.py", line 760, in request self._error_checker(resp, resp_body)
File "/opt/stack/tempest/tempest/lib/common/rest_client.py", line 870, in _error_checker raise exceptions.NotFound(resp_body, resp=resp) tempest.lib.exceptions.NotFound: Object not found Details: {'code': 404, 'message': 'The resource could not be found.'} : tempest.lib.exceptions.NotFound: Object not found
2024-05-28 13:02:20.347 98689 INFO tempest.lib.common.rest_client [ req-24e443e8-5573-4330-8a05-c09a2f7c6944 ] Request (ShareRulesTest:tearDownClass): 200 GET http://10.27.203.238/share/v2/a4f3887fa28c457390f5b66615564430/share-replicas/detail?share_id=f4283c2a-3835-416e-9703-f5745babbf5c 0.015s
2024-05-28 13:02:20.362 98689 INFO tempest.lib.common.rest_client [ req-6554b480-80e8-4e3d-a809-89498273e70d ] Request (ShareRulesTest:tearDownClass): 404 DELETE http://10.27.203.238/share/v2/a4f3887fa28c457390f5b66615564430/shares/f4283c2a-3835-416e-9703-f5745babbf5c 0.014s
2024-05-28 13:02:20.362 98689 ERROR manila_tempest_tests.tests.api.base [-] Suppressed cleanup error in Manila: Traceback (most recent call last): File "/opt/stack/manila-tempest-plugin/manila_tempest_tests/tests/api/base.py", line 912, in clear_resources client.delete_share(res_id)
File "/opt/stack/manila-tempest-plugin/manila_tempest_tests/services/share/v2/json/shares_client.py", line 355, in delete_share resp, body = self.delete(uri, version=version)
File "/opt/stack/manila-tempest-plugin/manila_tempest_tests/services/share/v2/json/shares_client.py", line 85, in delete resp, body = super(SharesV2Client, self).delete(url, headers=headers,
File "/opt/stack/tempest/tempest/lib/common/rest_client.py", line 357, in delete return self.request('DELETE', url, extra_headers, headers, body)
File "/opt/stack/tempest/tempest/lib/common/rest_client.py", line 760, in request self._error_checker(resp, resp_body)
File "/opt/stack/tempest/tempest/lib/common/rest_client.py", line 870, in _error_checker raise exceptions.NotFound(resp_body, resp=resp) tempest.lib.exceptions.NotFound: Object not found Details: {'code': 404, 'message': 'The resource could not be found.'} : tempest.lib.exceptions.NotFound: Object not found
2024-05-28 13:02:20.371 98691 INFO tempest.lib.common.rest_client [req-aab1fc48-c11a-479d-8c22-cfa71d9a8391 req-aab1fc48-c11a-479d-8c22-cfa71d9a8391 ] Request (SharesNegativeTest:setUpClass): 201 POST http://10.27.203.238/identity/v3/auth/tokens 0.070s
2024-05-28 13:02:20.377 98689 INFO tempest.lib.common.rest_client [ req-90a24ada-9de0-42f3-b4db-bae3a37ae008 ] Request (ShareRulesTest:tearDownClass): 200 GET http://10.27.203.238/share/v2/a4f3887fa28c457390f5b66615564430/share-replicas/detail?share_id=510f7bcd-a0ee-49a6-8093-2640036f2ca3 0.014s
2024-05-28 13:02:20.390 98689 INFO tempest.lib.common.rest_client [ req-84fd2846-663b-4409-89a3-9d77cc06f6d6 ] Request (ShareRulesTest:tearDownClass): 404 DELETE http://10.27.203.238/share/v2/a4f3887fa28c457390f5b66615564430/shares/510f7bcd-a0ee-49a6-8093-2640036f2ca3 0.013s
2024-05-28 13:02:20.391 98689 ERROR manila_tempest_tests.tests.api.base [-] Suppressed cleanup error in Manila: Traceback (most recent call last): File "/opt/stack/manila-tempest-plugin/manila_tempest_tests/tests/api/base.py", line 912, in clear_resources client.delete_share(res_id)
File "/opt/stack/manila-tempest-plugin/manila_tempest_tests/services/share/v2/json/shares_client.py", line 355, in delete_share resp, body = self.delete(uri, version=version)
File "/opt/stack/manila-tempest-plugin/manila_tempest_tests/services/share/v2/json/shares_client.py", line 85, in delete resp, body = super(SharesV2Client, self).delete(url, headers=headers,
File "/opt/stack/tempest/tempest/lib/common/rest_client.py", line 357, in delete return self.request('DELETE', url, extra_headers, headers, body)
File "/opt/stack/tempest/tempest/lib/common/rest_client.py", line 760, in request self._error_checker(resp, resp_body)
File "/opt/stack/tempest/tempest/lib/common/rest_client.py", line 870, in _error_checker raise exceptions.NotFound(resp_body, resp=resp) tempest.lib.exceptions.NotFound: Object not found Details: {'code': 404, 'message': 'The resource could not be found.'} : tempest.lib.exceptions.NotFound: Object not found
2024-05-28 13:02:20.406 98689 INFO tempest.lib.common.rest_client [ req-d4467ce3-4d94-4106-9fc0-247d0d7f8e96 ] Request (ShareRulesTest:tearDownClass): 200 GET http://10.27.203.238/share/v2/a4f3887fa28c457390f5b66615564430/share-replicas/detail?share_id=b330db31-7766-443d-9c19-26fe349665aa 0.015s
2024-05-28 13:02:20.440 98691 INFO tempest.lib.common.rest_client [req-66447d2f-624b-4f98-9060-2b1318174def req-66447d2f-624b-4f98-9060-2b1318174def ] Request (SharesNegativeTest:setUpClass): 201 POST http://10.27.203.238/identity/v3/projects 0.067s
2024-05-28 13:02:20.510 98691 INFO tempest.lib.common.rest_client [req-fee787ae-7309-4b64-b103-69e279ad5418 req-fee787ae-7309-4b64-b103-69e279ad5418 ] Request (SharesNegativeTest:setUpClass): 201 POST http://10.27.203.238/identity/v3/users 0.069s
2024-05-28 13:02:20.529 98691 INFO tempest.lib.common.rest_client [req-ce5a20fc-5140-422d-bf19-764d27880561 req-ce5a20fc-5140-422d-bf19-764d27880561 ] Request (SharesNegativeTest:setUpClass): 200 GET http://10.27.203.238/identity/v3/roles 0.018s
2024-05-28 13:02:20.545 98689 INFO tempest.lib.common.rest_client [ req-ff25f21e-23a0-4894-a240-f4b3f1647793 ] Request (ShareRulesTest:tearDownClass): 202 DELETE http://10.27.203.238/share/v2/a4f3887fa28c457390f5b66615564430/shares/b330db31-7766-443d-9c19-26fe349665aa 0.138s
2024-05-28 13:02:20.576 98689 INFO tempest.lib.common.rest_client [ req-b132e48f-91b8-45cb-bed9-7ffe552054a8 ] Request (ShareRulesTest:tearDownClass): 200 GET http://10.27.203.238/share/v2/a4f3887fa28c457390f5b66615564430/shares/b330db31-7766-443d-9c19-26fe349665aa 0.030s
2024-05-28 13:02:20.576 98691 INFO tempest.lib.common.rest_client [req-aab84308-0cb5-4d34-9f2c-2d23594ef893 req-aab84308-0cb5-4d34-9f2c-2d23594ef893 ] Request (SharesNegativeTest:setUpClass): 204 PUT http://10.27.203.238/identity/v3/projects/adcbdea5704e4efc898c24b2b0a492a5/users/8979d27306d441e385a31f56e8668ee3/roles/e7989893488f483baa107be56668c4f8 0.047s
2024-05-28 13:02:20.619 98691 INFO tempest.lib.common.rest_client [req-7b2f8d2e-9031-441a-9e45-0cfcd414fc2d req-7b2f8d2e-9031-441a-9e45-0cfcd414fc2d ] Request (SharesNegativeTest:setUpClass): 200 GET http://10.27.203.238/identity/v3/roles 0.042s
2024-05-28 13:02:20.642 98691 INFO tempest.lib.common.rest_client [req-52051b47-4e6d-4924-85a7-97fe93f35546 req-52051b47-4e6d-4924-85a7-97fe93f35546 ] Request (SharesNegativeTest:setUpClass): 204 PUT http://10.27.203.238/identity/v3/projects/adcbdea5704e4efc898c24b2b0a492a5/users/8979d27306d441e385a31f56e8668ee3/roles/e7989893488f483baa107be56668c4f8 0.022s
2024-05-28 13:02:20.642 98691 INFO tempest.lib.common.dynamic_creds [-] Dynamic test user 8979d27306d441e385a31f56e8668ee3 is created with scope project and roles: ['admin']
2024-05-28 13:02:20.643 98691 INFO tempest.lib.common.dynamic_creds [-] Acquired dynamic creds: credentials: Credentials: {'domain_id': 'default', 'domain_name': 'Default', 'username': 'tempest-SharesNegativeTest-322550032-project-admin', 'project_domain_id': 'default', 'project_domain_name': 'Default', 'project_id': 'adcbdea5704e4efc898c24b2b0a492a5', 'project_name': 'tempest-SharesNegativeTest-322550032', 'tenant_id': 'adcbdea5704e4efc898c24b2b0a492a5', 'tenant_name': 'tempest-SharesNegativeTest-322550032', 'user_domain_id': 'default', 'user_domain_name': 'Default', 'user_id': '8979d27306d441e385a31f56e8668ee3', 'system': None}, Network: None, Subnet: None, Router: None
2024-05-28 13:02:20.643 98691 INFO tempest.lib.common.dynamic_creds [-] Created isolated network resources for: credentials: Credentials: {'domain_id': 'default', 'domain_name': 'Default', 'username': 'tempest-SharesNegativeTest-322550032-project-admin', 'project_domain_id': 'default', 'project_domain_name': 'Default', 'project_id': 'adcbdea5704e4efc898c24b2b0a492a5', 'project_name': 'tempest-SharesNegativeTest-322550032', 'tenant_id': 'adcbdea5704e4efc898c24b2b0a492a5', 'tenant_name': 'tempest-SharesNegativeTest-322550032', 'user_domain_id': 'default', 'user_domain_name': 'Default', 'user_id': '8979d27306d441e385a31f56e8668ee3', 'system': None}, Network: None, Subnet: None, Router: None
2024-05-28 13:02:20.727 98691 INFO tempest.lib.common.rest_client [req-de93199c-ffe5-4236-a5c1-7151eb04a425 req-de93199c-ffe5-4236-a5c1-7151eb04a425 ] Request (SharesNegativeTest:setUpClass): 201 POST http://10.27.203.238/identity/v3/auth/tokens 0.083s
2024-05-28 13:02:20.756 98691 INFO tempest.lib.common.rest_client [req-00f9c437-d33b-474b-95ba-dcfcf934b842 req-00f9c437-d33b-474b-95ba-dcfcf934b842 ] Request (SharesNegativeTest:setUpClass): 200 GET http://10.27.203.238/identity/v3/domains?name=Default 0.027s
2024-05-28 13:02:20.792 98691 INFO tempest.lib.common.rest_client [req-086dd1f3-b911-4787-a3a5-4e1946431f7a req-086dd1f3-b911-4787-a3a5-4e1946431f7a ] Request (SharesNegativeTest:setUpClass): 201 POST http://10.27.203.238/identity/v3/users 0.035s
2024-05-28 13:02:20.811 98691 INFO tempest.lib.common.rest_client [req-4f208ade-5f5d-45c7-bac9-9fe77d790420 req-4f208ade-5f5d-45c7-bac9-9fe77d790420 ] Request (SharesNegativeTest:setUpClass): 200 GET http://10.27.203.238/identity/v3/roles 0.019s
2024-05-28 13:02:20.864 98691 INFO tempest.lib.common.rest_client [req-1c99569f-47cb-49a3-88ce-5edfe8475fdc req-1c99569f-47cb-49a3-88ce-5edfe8475fdc ] Request (SharesNegativeTest:setUpClass): 204 PUT http://10.27.203.238/identity/v3/projects/adcbdea5704e4efc898c24b2b0a492a5/users/38cff7899375474db18ec516c437d291/roles/44620cad10ae407c90c91e2c296adb04 0.052s
2024-05-28 13:02:21.019 98691 INFO tempest.lib.common.rest_client [ req-2266a742-12df-4a49-be4b-40267716a29f ] Request (SharesNegativeTest:setUpClass): 200 POST http://10.27.203.238/share/v2/adcbdea5704e4efc898c24b2b0a492a5/types 0.153s
2024-05-28 13:02:21.292 98691 INFO tempest.lib.common.rest_client [ req-2534ea41-3b4a-4f36-933f-88120c8884bd ] Request (SharesNegativeTest:test_try_delete_share_with_existing_snapshot): 200 POST http://10.27.203.238/share/v2/d1d71dc9f23c4c6a8e146d99ad65ebb2/shares 0.269s
2024-05-28 13:02:21.331 98691 INFO tempest.lib.common.rest_client [ req-5d6246a7-5a8a-4613-becc-80d7b0b90677 ] Request (SharesNegativeTest:test_try_delete_share_with_existing_snapshot): 200 GET http://10.27.203.238/share/v2/d1d71dc9f23c4c6a8e146d99ad65ebb2/shares/b05a8999-f1ac-4887-a675-3c2ca8e9cece 0.038s
2024-05-28 13:02:22.186 98693 INFO tempest.lib.common.rest_client [ req-71b7d736-8b1c-4003-af4c-04a3ecba2811 ] Request (ShareSnapshotMetadataNegativeTest:tearDownClass): 404 GET http://10.27.203.238/share/v2/b00df7df3db14cce99343fc7f6ffd796/snapshots/36312f3e-0719-4e74-b65e-57fb01533bab 0.238s
2024-05-28 13:02:22.202 98693 INFO tempest.lib.common.rest_client [ req-0319afd8-e54d-476f-9cc8-5c4799e7e73a ] Request (ShareSnapshotMetadataNegativeTest:tearDownClass): 200 GET http://10.27.203.238/share/v2/b00df7df3db14cce99343fc7f6ffd796/share-replicas/detail?share_id=1f5b6f0f-f341-4964-a2fa-9c4a26198f95 0.015s
2024-05-28 13:02:22.340 98693 INFO tempest.lib.common.rest_client [ req-8a0cf0b1-beee-4dd4-b33f-336d3231f70d ] Request (ShareSnapshotMetadataNegativeTest:tearDownClass): 202 DELETE http://10.27.203.238/share/v2/b00df7df3db14cce99343fc7f6ffd796/shares/1f5b6f0f-f341-4964-a2fa-9c4a26198f95 0.137s
2024-05-28 13:02:22.371 98693 INFO tempest.lib.common.rest_client [ req-8b024465-c0f1-4bf2-a4b0-3e4599749bc4 ] Request (ShareSnapshotMetadataNegativeTest:tearDownClass): 200 GET http://10.27.203.238/share/v2/b00df7df3db14cce99343fc7f6ffd796/shares/1f5b6f0f-f341-4964-a2fa-9c4a26198f95 0.031s
2024-05-28 13:02:23.603 98689 INFO tempest.lib.common.rest_client [ req-7397380d-2139-4a18-af34-39ac544d83d7 ] Request (ShareRulesTest:tearDownClass): 200 GET http://10.27.203.238/share/v2/a4f3887fa28c457390f5b66615564430/shares/b330db31-7766-443d-9c19-26fe349665aa 0.026s
2024-05-28 13:02:24.364 98691 INFO tempest.lib.common.rest_client [ req-3efb6608-817f-46d4-ab58-2b2d5221d7c4 ] Request (SharesNegativeTest:test_try_delete_share_with_existing_snapshot): 200 GET http://10.27.203.238/share/v2/d1d71dc9f23c4c6a8e146d99ad65ebb2/shares/b05a8999-f1ac-4887-a675-3c2ca8e9cece 0.029s
2024-05-28 13:02:25.402 98693 INFO tempest.lib.common.rest_client [ req-62220d70-62e4-4faa-94f4-75407ed0c40a ] Request (ShareSnapshotMetadataNegativeTest:tearDownClass): 200 GET http://10.27.203.238/share/v2/b00df7df3db14cce99343fc7f6ffd796/shares/1f5b6f0f-f341-4964-a2fa-9c4a26198f95 0.027s
2024-05-28 13:02:26.641 98689 INFO tempest.lib.common.rest_client [ req-ad1f901d-7d31-4a0b-b7b6-7606bacbef0e ] Request (ShareRulesTest:tearDownClass): 200 GET http://10.27.203.238/share/v2/a4f3887fa28c457390f5b66615564430/shares/b330db31-7766-443d-9c19-26fe349665aa 0.034s
2024-05-28 13:02:27.396 98691 INFO tempest.lib.common.rest_client [ req-ff0f8f23-5851-449c-9c11-ae9f819727da ] Request (SharesNegativeTest:test_try_delete_share_with_existing_snapshot): 200 GET http://10.27.203.238/share/v2/d1d71dc9f23c4c6a8e146d99ad65ebb2/shares/b05a8999-f1ac-4887-a675-3c2ca8e9cece 0.029s
2024-05-28 13:02:27.586 98691 INFO tempest.lib.common.rest_client [ req-42da0038-d60b-44c3-af1c-fb115a626b57 ] Request (SharesNegativeTest:test_try_delete_share_with_existing_snapshot): 202 POST http://10.27.203.238/share/v2/d1d71dc9f23c4c6a8e146d99ad65ebb2/snapshots 0.189s
2024-05-28 13:02:27.624 98691 INFO tempest.lib.common.rest_client [ req-d39ccbbe-cb45-47d8-96ea-18d80c5b7ef1 ] Request (SharesNegativeTest:test_try_delete_share_with_existing_snapshot): 200 GET http://10.27.203.238/share/v2/d1d71dc9f23c4c6a8e146d99ad65ebb2/snapshots/79b46976-8aab-4859-b7c0-b71cf76c2cc2 0.037s
2024-05-28 13:02:28.433 98693 INFO tempest.lib.common.rest_client [ req-f2d57f01-b00d-4a02-abac-903275c46306 ] Request (ShareSnapshotMetadataNegativeTest:tearDownClass): 200 GET http://10.27.203.238/share/v2/b00df7df3db14cce99343fc7f6ffd796/shares/1f5b6f0f-f341-4964-a2fa-9c4a26198f95 0.027s
2024-05-28 13:02:29.660 98689 INFO tempest.lib.common.rest_client [ req-a44327bb-9ec2-4783-934b-c7192ca49f10 ] Request (ShareRulesTest:tearDownClass): 404 GET http://10.27.203.238/share/v2/a4f3887fa28c457390f5b66615564430/shares/b330db31-7766-443d-9c19-26fe349665aa 0.015s
2024-05-28 13:02:29.720 98689 INFO tempest.lib.common.rest_client [ req-a467e14b-aeba-4700-98ad-568aef77a1ba ] Request (ShareRulesTest:tearDownClass): 202 DELETE http://10.27.203.238/share/v2/f353f66e6e00471aa584ea2e39c0ab0e/types/1749967d-80e1-4d76-8cac-122e8902d0cd 0.059s
2024-05-28 13:02:29.734 98689 INFO tempest.lib.common.rest_client [ req-0208e9b4-3a30-4eaa-8320-ac202a5928e6 ] Request (ShareRulesTest:tearDownClass): 404 GET http://10.27.203.238/share/v2/f353f66e6e00471aa584ea2e39c0ab0e/types/1749967d-80e1-4d76-8cac-122e8902d0cd 0.013s
2024-05-28 13:02:29.882 98689 INFO tempest.lib.common.rest_client [req-7c57c002-99f5-46c1-b2f2-3d472e95c2d1 req-7c57c002-99f5-46c1-b2f2-3d472e95c2d1 ] Request (ShareRulesTest:tearDownClass): 204 DELETE http://10.27.203.238/identity/v3/users/c153f63532ba4a37a0dea611e7cd28fc 0.147s
2024-05-28 13:02:30.010 98689 INFO tempest.lib.common.rest_client [req-c4ae3c64-f55a-45d5-a3d2-eaf7cb09caba req-c4ae3c64-f55a-45d5-a3d2-eaf7cb09caba ] Request (ShareRulesTest:tearDownClass): 204 DELETE http://10.27.203.238/identity/v3/users/3e37f1dedc43413abaedb9537451a247 0.128s
2024-05-28 13:02:30.132 98689 INFO tempest.lib.common.rest_client [req-892c72a2-77d9-4e05-a5fc-a14000e3857f req-892c72a2-77d9-4e05-a5fc-a14000e3857f ] Request (ShareRulesTest:tearDownClass): 204 DELETE http://10.27.203.238/identity/v3/users/91af4223eb404925980daea7f7bde321 0.120s
2024-05-28 13:02:30.132 98689 INFO tempest.lib.common.dynamic_creds [-] Deleting project and security group for project: f353f66e6e00471aa584ea2e39c0ab0e
2024-05-28 13:02:30.178 98689 INFO tempest.lib.common.rest_client [req-f5eec503-175e-4efd-895d-efaa593b9641 req-f5eec503-175e-4efd-895d-efaa593b9641 ] Request (ShareRulesTest:tearDownClass): 201 POST http://10.27.203.238/identity/v3/auth/tokens 0.045s
2024-05-28 13:02:30.254 98689 INFO tempest.lib.common.rest_client [req-d0fec923-cc34-4398-b10a-0289f8ad6f95 req-d0fec923-cc34-4398-b10a-0289f8ad6f95 ] Request (ShareRulesTest:tearDownClass): 200 GET http://10.27.203.238:9696/networking/v2.0/security-groups?tenant_id=f353f66e6e00471aa584ea2e39c0ab0e&name=default 0.076s
2024-05-28 13:02:30.334 98689 INFO tempest.lib.common.rest_client [req-c35b5e47-1e71-49bc-834e-65294b83863f req-c35b5e47-1e71-49bc-834e-65294b83863f ] Request (ShareRulesTest:tearDownClass): 204 DELETE http://10.27.203.238/identity/v3/projects/f353f66e6e00471aa584ea2e39c0ab0e 0.079s
2024-05-28 13:02:30.334 98689 INFO tempest.lib.common.dynamic_creds [-] Deleting project and security group for project: fc1d7dd820ad45ef972127f6f0f4980e
2024-05-28 13:02:30.346 98689 INFO tempest.lib.common.rest_client [req-51ae3fb0-57d1-45be-b150-1bdb1aa54c9d req-51ae3fb0-57d1-45be-b150-1bdb1aa54c9d ] Request (ShareRulesTest:tearDownClass): 200 GET http://10.27.203.238:9696/networking/v2.0/security-groups?tenant_id=fc1d7dd820ad45ef972127f6f0f4980e&name=default 0.011s
2024-05-28 13:02:30.445 98689 INFO tempest.lib.common.rest_client [req-59f8a46b-bac7-4bc0-b4e9-9d782f944fa4 req-59f8a46b-bac7-4bc0-b4e9-9d782f944fa4 ] Request (ShareRulesTest:tearDownClass): 204 DELETE http://10.27.203.238/identity/v3/projects/fc1d7dd820ad45ef972127f6f0f4980e 0.098s
2024-05-28 13:02:30.445 98689 INFO tempest.lib.common.dynamic_creds [-] Deleting project and security group for project: a4f3887fa28c457390f5b66615564430
2024-05-28 13:02:30.457 98689 INFO tempest.lib.common.rest_client [req-878cd1d8-d578-4209-bf82-bd547a4598a0 req-878cd1d8-d578-4209-bf82-bd547a4598a0 ] Request (ShareRulesTest:tearDownClass): 200 GET http://10.27.203.238:9696/networking/v2.0/security-groups?tenant_id=a4f3887fa28c457390f5b66615564430&name=default 0.011s
2024-05-28 13:02:30.562 98689 INFO tempest.lib.common.rest_client [req-ec6d1f20-4bc2-4059-9d29-d7c2f9992ea9 req-ec6d1f20-4bc2-4059-9d29-d7c2f9992ea9 ] Request (ShareRulesTest:tearDownClass): 204 DELETE http://10.27.203.238/identity/v3/projects/a4f3887fa28c457390f5b66615564430 0.104s
2024-05-28 13:02:30.586 98689 INFO tempest.lib.common.rest_client [req-aa55a12b-f070-4117-b83b-f6f27d3d81b8 req-aa55a12b-f070-4117-b83b-f6f27d3d81b8 ] Request (ShareRulesAPIOnlyNegativeTest:setUpClass): 201 POST http://10.27.203.238/identity/v3/auth/tokens 0.022s
2024-05-28 13:02:30.635 98689 INFO tempest.lib.common.rest_client [req-4cf4e02b-3f50-45d0-8edb-3acdfbca0a00 req-4cf4e02b-3f50-45d0-8edb-3acdfbca0a00 ] Request (ShareRulesAPIOnlyNegativeTest:setUpClass): 201 POST http://10.27.203.238/identity/v3/auth/tokens 0.045s
2024-05-28 13:02:30.663 98689 INFO tempest.lib.common.rest_client [req-312714e2-818e-476c-9928-6341fa59e9fe req-312714e2-818e-476c-9928-6341fa59e9fe ] Request (ShareRulesAPIOnlyNegativeTest:setUpClass): 200 GET http://10.27.203.238/identity/v3/domains?name=Default 0.027s
2024-05-28 13:02:30.668 98691 INFO tempest.lib.common.rest_client [ req-03fb80f7-6b9a-435a-82ad-055f9898d4ca ] Request (SharesNegativeTest:test_try_delete_share_with_existing_snapshot): 200 GET http://10.27.203.238/share/v2/d1d71dc9f23c4c6a8e146d99ad65ebb2/snapshots/79b46976-8aab-4859-b7c0-b71cf76c2cc2 0.040s
2024-05-28 13:02:30.699 98689 INFO tempest.lib.common.rest_client [req-f515023c-0305-4657-908c-d230a8dc5aaf req-f515023c-0305-4657-908c-d230a8dc5aaf ] Request (ShareRulesAPIOnlyNegativeTest:setUpClass): 201 POST http://10.27.203.238/identity/v3/projects 0.034s
2024-05-28 13:02:30.758 98689 INFO tempest.lib.common.rest_client [req-d0f845f8-7e87-4065-9848-23ee9db0a4bf req-d0f845f8-7e87-4065-9848-23ee9db0a4bf ] Request (ShareRulesAPIOnlyNegativeTest:setUpClass): 201 POST http://10.27.203.238/identity/v3/users 0.058s
2024-05-28 13:02:30.777 98689 INFO tempest.lib.common.rest_client [req-668a2ff1-5675-4ab0-af35-b6c215f7979d req-668a2ff1-5675-4ab0-af35-b6c215f7979d ] Request (ShareRulesAPIOnlyNegativeTest:setUpClass): 200 GET http://10.27.203.238/identity/v3/roles 0.018s
2024-05-28 13:02:30.815 98689 INFO tempest.lib.common.rest_client [req-6bc119ac-806f-40f0-81f9-254cec4f4e92 req-6bc119ac-806f-40f0-81f9-254cec4f4e92 ] Request (ShareRulesAPIOnlyNegativeTest:setUpClass): 204 PUT http://10.27.203.238/identity/v3/projects/8395275cc0594abf835d1c8fc8f8b886/users/e0671958a4a14bc087111379d482ae30/roles/44620cad10ae407c90c91e2c296adb04 0.037s
2024-05-28 13:02:30.815 98689 INFO tempest.lib.common.dynamic_creds [-] Dynamic test user e0671958a4a14bc087111379d482ae30 is created with scope project and roles: ['member']
2024-05-28 13:02:30.816 98689 INFO tempest.lib.common.dynamic_creds [-] Acquired dynamic creds: credentials: Credentials: {'domain_id': 'default', 'domain_name': 'Default', 'username': 'tempest-ShareRulesAPIOnlyNegativeTest-392477154-project-member', 'project_domain_id': 'default', 'project_domain_name': 'Default', 'project_id': '8395275cc0594abf835d1c8fc8f8b886', 'project_name': 'tempest-ShareRulesAPIOnlyNegativeTest-392477154', 'tenant_id': '8395275cc0594abf835d1c8fc8f8b886', 'tenant_name': 'tempest-ShareRulesAPIOnlyNegativeTest-392477154', 'user_domain_id': 'default', 'user_domain_name': 'Default', 'user_id': 'e0671958a4a14bc087111379d482ae30', 'system': None}, Network: None, Subnet: None, Router: None
2024-05-28 13:02:30.816 98689 INFO tempest.lib.common.dynamic_creds [-] Created isolated network resources for: credentials: Credentials: {'domain_id': 'default', 'domain_name': 'Default', 'username': 'tempest-ShareRulesAPIOnlyNegativeTest-392477154-project-member', 'project_domain_id': 'default', 'project_domain_name': 'Default', 'project_id': '8395275cc0594abf835d1c8fc8f8b886', 'project_name': 'tempest-ShareRulesAPIOnlyNegativeTest-392477154', 'tenant_id': '8395275cc0594abf835d1c8fc8f8b886', 'tenant_name': 'tempest-ShareRulesAPIOnlyNegativeTest-392477154', 'user_domain_id': 'default', 'user_domain_name': 'Default', 'user_id': 'e0671958a4a14bc087111379d482ae30', 'system': None}, Network: None, Subnet: None, Router: None
2024-05-28 13:02:30.895 98689 INFO tempest.lib.common.rest_client [req-5d65318a-37c0-4840-83ce-f433909a3433 req-5d65318a-37c0-4840-83ce-f433909a3433 ] Request (ShareRulesAPIOnlyNegativeTest:setUpClass): 201 POST http://10.27.203.238/identity/v3/auth/tokens 0.077s
2024-05-28 13:02:30.975 98689 INFO tempest.lib.common.rest_client [ req-c42a5a2a-3958-49c5-8157-4f7421ef6337 ] Request (ShareRulesAPIOnlyNegativeTest:test_create_access_rule_ip_with_wrong_share_id): 404 POST http://10.27.203.238/share/v1/8395275cc0594abf835d1c8fc8f8b886/shares/wrong_share_id/action 0.077s
2024-05-28 13:02:30.997 98689 INFO tempest.lib.common.rest_client [ req-a99ac7a9-5619-4ede-a7f5-52811e2fc9b7 ] Request (ShareRulesAPIOnlyNegativeTest:test_create_access_rule_ip_with_wrong_share_id): 404 POST http://10.27.203.238/share/v2/8395275cc0594abf835d1c8fc8f8b886/shares/wrong_share_id/action 0.019s
2024-05-28 13:02:31.112 98689 INFO tempest.lib.common.rest_client [req-06330313-a73c-4d9d-a7f9-d56ac0b982f6 req-06330313-a73c-4d9d-a7f9-d56ac0b982f6 ] Request (ShareRulesAPIOnlyNegativeTest:tearDownClass): 204 DELETE http://10.27.203.238/identity/v3/users/e0671958a4a14bc087111379d482ae30 0.111s
2024-05-28 13:02:31.112 98689 INFO tempest.lib.common.dynamic_creds [-] Deleting project and security group for project: 8395275cc0594abf835d1c8fc8f8b886
2024-05-28 13:02:31.157 98689 INFO tempest.lib.common.rest_client [req-81e11b14-09cf-480f-8a63-0cf0cc938788 req-81e11b14-09cf-480f-8a63-0cf0cc938788 ] Request (ShareRulesAPIOnlyNegativeTest:tearDownClass): 201 POST http://10.27.203.238/identity/v3/auth/tokens 0.044s
2024-05-28 13:02:31.233 98689 INFO tempest.lib.common.rest_client [req-3a4610b9-17c3-47e2-b9f2-a9d9c8eb9fab req-3a4610b9-17c3-47e2-b9f2-a9d9c8eb9fab ] Request (ShareRulesAPIOnlyNegativeTest:tearDownClass): 200 GET http://10.27.203.238:9696/networking/v2.0/security-groups?tenant_id=8395275cc0594abf835d1c8fc8f8b886&name=default 0.075s
2024-05-28 13:02:31.335 98689 INFO tempest.lib.common.rest_client [req-a05cff7c-444c-4bc1-92e2-a42f92c20be7 req-a05cff7c-444c-4bc1-92e2-a42f92c20be7 ] Request (ShareRulesAPIOnlyNegativeTest:tearDownClass): 204 DELETE http://10.27.203.238/identity/v3/projects/8395275cc0594abf835d1c8fc8f8b886 0.101s
2024-05-28 13:02:31.336 98689 INFO tempest.test [-] raised in ShareGroupsNegativeTest.setUpClass. Invoking tearDownClass.
2024-05-28 13:02:31.359 98689 INFO tempest.lib.common.rest_client [req-cecaf909-0f06-4e40-8d9b-f9d08ac0de97 req-cecaf909-0f06-4e40-8d9b-f9d08ac0de97 ] Request (ShareNetworkSubnetsTest:setUpClass): 201 POST http://10.27.203.238/identity/v3/auth/tokens 0.021s
2024-05-28 13:02:31.409 98689 INFO tempest.lib.common.rest_client [req-c7f4f311-f47e-4c70-94af-d35dfcfbda58 req-c7f4f311-f47e-4c70-94af-d35dfcfbda58 ] Request (ShareNetworkSubnetsTest:setUpClass): 201 POST http://10.27.203.238/identity/v3/auth/tokens 0.046s
2024-05-28 13:02:31.436 98689 INFO tempest.lib.common.rest_client [req-fd9d5198-67ac-484f-ab51-90a50258dfe6 req-fd9d5198-67ac-484f-ab51-90a50258dfe6 ] Request (ShareNetworkSubnetsTest:setUpClass): 200 GET http://10.27.203.238/identity/v3/domains?name=Default 0.026s
2024-05-28 13:02:31.467 98693 INFO tempest.lib.common.rest_client [ req-6368ed47-f412-497e-b6ba-0c1376094831 ] Request (ShareSnapshotMetadataNegativeTest:tearDownClass): 200 GET http://10.27.203.238/share/v2/b00df7df3db14cce99343fc7f6ffd796/shares/1f5b6f0f-f341-4964-a2fa-9c4a26198f95 0.030s
2024-05-28 13:02:31.473 98689 INFO tempest.lib.common.rest_client [req-a66e987d-4a16-4a88-9522-107ed89875a6 req-a66e987d-4a16-4a88-9522-107ed89875a6 ] Request (ShareNetworkSubnetsTest:setUpClass): 201 POST http://10.27.203.238/identity/v3/projects 0.037s
2024-05-28 13:02:31.536 98689 INFO tempest.lib.common.rest_client [req-2daa60a6-5f4f-409e-9e62-da2f9ec47975 req-2daa60a6-5f4f-409e-9e62-da2f9ec47975 ] Request (ShareNetworkSubnetsTest:setUpClass): 201 POST http://10.27.203.238/identity/v3/users 0.063s
2024-05-28 13:02:31.558 98689 INFO tempest.lib.common.rest_client [req-04541312-f632-4ca0-9cdd-9446d1c314e1 req-04541312-f632-4ca0-9cdd-9446d1c314e1 ] Request (ShareNetworkSubnetsTest:setUpClass): 200 GET http://10.27.203.238/identity/v3/roles 0.021s
2024-05-28 13:02:31.624 98689 INFO tempest.lib.common.rest_client [req-e6452f6a-9934-4e28-8cca-dc401f25c05f req-e6452f6a-9934-4e28-8cca-dc401f25c05f ] Request (ShareNetworkSubnetsTest:setUpClass): 204 PUT http://10.27.203.238/identity/v3/projects/73ff30a3b10d4ca099fc7022b36d49d9/users/c8a21d958df34c999582f2c925e1553b/roles/44620cad10ae407c90c91e2c296adb04 0.066s
2024-05-28 13:02:31.625 98689 INFO tempest.lib.common.dynamic_creds [-] Dynamic test user c8a21d958df34c999582f2c925e1553b is created with scope project and roles: ['member']
2024-05-28 13:02:31.625 98689 INFO tempest.lib.common.dynamic_creds [-] Acquired dynamic creds: credentials: Credentials: {'domain_id': 'default', 'domain_name': 'Default', 'username': 'tempest-ShareNetworkSubnetsTest-2134524932-project-member', 'project_domain_id': 'default', 'project_domain_name': 'Default', 'project_id': '73ff30a3b10d4ca099fc7022b36d49d9', 'project_name': 'tempest-ShareNetworkSubnetsTest-2134524932', 'tenant_id': '73ff30a3b10d4ca099fc7022b36d49d9', 'tenant_name': 'tempest-ShareNetworkSubnetsTest-2134524932', 'user_domain_id': 'default', 'user_domain_name': 'Default', 'user_id': 'c8a21d958df34c999582f2c925e1553b', 'system': None}, Network: None, Subnet: None, Router: None
2024-05-28 13:02:31.625 98689 INFO tempest.lib.common.dynamic_creds [-] Created isolated network resources for: credentials: Credentials: {'domain_id': 'default', 'domain_name': 'Default', 'username': 'tempest-ShareNetworkSubnetsTest-2134524932-project-member', 'project_domain_id': 'default', 'project_domain_name': 'Default', 'project_id': '73ff30a3b10d4ca099fc7022b36d49d9', 'project_name': 'tempest-ShareNetworkSubnetsTest-2134524932', 'tenant_id': '73ff30a3b10d4ca099fc7022b36d49d9', 'tenant_name': 'tempest-ShareNetworkSubnetsTest-2134524932', 'user_domain_id': 'default', 'user_domain_name': 'Default', 'user_id': 'c8a21d958df34c999582f2c925e1553b', 'system': None}, Network: None, Subnet: None, Router: None
2024-05-28 13:02:31.697 98689 INFO tempest.lib.common.rest_client [req-8d261d98-65e2-4f59-9da5-4d9d1db5d0f1 req-8d261d98-65e2-4f59-9da5-4d9d1db5d0f1 ] Request (ShareNetworkSubnetsTest:setUpClass): 201 POST http://10.27.203.238/identity/v3/auth/tokens 0.071s
2024-05-28 13:02:31.794 98689 INFO tempest.lib.common.rest_client [req-eac20bbf-76ae-49f3-a921-20ab75a053a5 req-eac20bbf-76ae-49f3-a921-20ab75a053a5 ] Request (ShareNetworkSubnetsTest:setUpClass): 201 POST http://10.27.203.238/identity/v3/projects 0.095s
2024-05-28 13:02:31.854 98689 INFO tempest.lib.common.rest_client [req-83a14529-511f-42ff-9ff6-f637af9cf80b req-83a14529-511f-42ff-9ff6-f637af9cf80b ] Request (ShareNetworkSubnetsTest:setUpClass): 201 POST http://10.27.203.238/identity/v3/users 0.059s
2024-05-28 13:02:31.875 98689 INFO tempest.lib.common.rest_client [req-8159c275-00df-4aaf-9307-bc95f7be20b5 req-8159c275-00df-4aaf-9307-bc95f7be20b5 ] Request (ShareNetworkSubnetsTest:setUpClass): 200 GET http://10.27.203.238/identity/v3/roles 0.020s
2024-05-28 13:02:31.911 98689 INFO tempest.lib.common.rest_client [req-94b94ae9-ad7e-40c2-a9dd-6d0cfe96dd94 req-94b94ae9-ad7e-40c2-a9dd-6d0cfe96dd94 ] Request (ShareNetworkSubnetsTest:setUpClass): 204 PUT http://10.27.203.238/identity/v3/projects/bb9d3f847ef244849afe15c9d1149867/users/3c09fdf36d9042198c4ec86ecc0be134/roles/44620cad10ae407c90c91e2c296adb04 0.036s
2024-05-28 13:02:31.911 98689 INFO tempest.lib.common.dynamic_creds [-] Dynamic test user 3c09fdf36d9042198c4ec86ecc0be134 is created with scope project and roles: ['member']
2024-05-28 13:02:31.911 98689 INFO tempest.lib.common.dynamic_creds [-] Acquired dynamic creds: credentials: Credentials: {'domain_id': 'default', 'domain_name': 'Default', 'username': 'tempest-ShareNetworkSubnetsTest-1028225663-project-member', 'project_domain_id': 'default', 'project_domain_name': 'Default', 'project_id': 'bb9d3f847ef244849afe15c9d1149867', 'project_name': 'tempest-ShareNetworkSubnetsTest-1028225663', 'tenant_id': 'bb9d3f847ef244849afe15c9d1149867', 'tenant_name': 'tempest-ShareNetworkSubnetsTest-1028225663', 'user_domain_id': 'default', 'user_domain_name': 'Default', 'user_id': '3c09fdf36d9042198c4ec86ecc0be134', 'system': None}, Network: None, Subnet: None, Router: None
2024-05-28 13:02:31.912 98689 INFO tempest.lib.common.dynamic_creds [-] Created isolated network resources for: credentials: Credentials: {'domain_id': 'default', 'domain_name': 'Default', 'username': 'tempest-ShareNetworkSubnetsTest-1028225663-project-member', 'project_domain_id': 'default', 'project_domain_name': 'Default', 'project_id': 'bb9d3f847ef244849afe15c9d1149867', 'project_name': 'tempest-ShareNetworkSubnetsTest-1028225663', 'tenant_id': 'bb9d3f847ef244849afe15c9d1149867', 'tenant_name': 'tempest-ShareNetworkSubnetsTest-1028225663', 'user_domain_id': 'default', 'user_domain_name': 'Default', 'user_id': '3c09fdf36d9042198c4ec86ecc0be134', 'system': None}, Network: None, Subnet: None, Router: None
