File "/opt/stack/tempest/tempest/lib/services/identity/v3/users_client.py", line 104, in delete_user resp, body = self.delete("users/%s" % user_id)
File "/opt/stack/tempest/tempest/lib/common/rest_client.py", line 357, in delete return self.request('DELETE', url, extra_headers, headers, body)
File "/opt/stack/tempest/tempest/lib/common/rest_client.py", line 760, in request self._error_checker(resp, resp_body)
File "/opt/stack/tempest/tempest/lib/common/rest_client.py", line 870, in _error_checker raise exceptions.NotFound(resp_body, resp=resp) tempest.lib.exceptions.NotFound: Object not found Details: {'code': 404, 'message': 'Could not find user: 108a25e436e9452a9a865957dcea1fc5.', 'title': 'Not Found'} : tempest.lib.exceptions.NotFound: Object not found
2024-05-28 12:59:36.355 98693 INFO tempest.lib.common.rest_client [ req-a9cecab2-4bc8-4ba1-82bf-f4f1364970de ] Request (UserMessageTest:test_list_messages_sorted_and_paginated): 200 POST http://10.27.203.238/share/v2/33b0ebad17d34f8cb4004ebcd1e0fb91/types 0.026s
2024-05-28 12:59:36.363 98689 INFO tempest.lib.common.rest_client [req-00d947aa-a7e9-404d-b977-8b7dcc034e96 req-00d947aa-a7e9-404d-b977-8b7dcc034e96 ] Request (ResourceLockDeleteTest:tearDownClass): 404 DELETE http://10.27.203.238/identity/v3/users/5ae5cb1db3504baaba1df93dc154a004 0.026s
2024-05-28 12:59:36.364 98689 ERROR manila_tempest_tests.tests.api.base [-] Suppressed cleanup error in Manila: Traceback (most recent call last): File "/opt/stack/manila-tempest-plugin/manila_tempest_tests/tests/api/base.py", line 1272, in clear_project_users cls.os_admin.creds_client.delete_user(user['id'])
File "/opt/stack/tempest/tempest/lib/common/cred_client.py", line 55, in delete_user self.users_client.delete_user(user_id)
File "/opt/stack/tempest/tempest/lib/services/identity/v3/users_client.py", line 104, in delete_user resp, body = self.delete("users/%s" % user_id)
File "/opt/stack/tempest/tempest/lib/common/rest_client.py", line 357, in delete return self.request('DELETE', url, extra_headers, headers, body)
File "/opt/stack/tempest/tempest/lib/common/rest_client.py", line 760, in request self._error_checker(resp, resp_body)
File "/opt/stack/tempest/tempest/lib/common/rest_client.py", line 870, in _error_checker raise exceptions.NotFound(resp_body, resp=resp) tempest.lib.exceptions.NotFound: Object not found Details: {'code': 404, 'message': 'Could not find user: 5ae5cb1db3504baaba1df93dc154a004.', 'title': 'Not Found'} : tempest.lib.exceptions.NotFound: Object not found
2024-05-28 12:59:36.389 98691 INFO tempest.lib.common.rest_client [ req-df342792-d57c-4cd5-a407-d4ac8735b849 ] Request (ShareIpRulesForNFSNegativeTest:_run_cleanups): 202 POST http://10.27.203.238/share/v2/7890e9d8a78c49a0bb9af26ec5dd4646/shares/72db8769-ece7-42ff-af27-2e778292a9b4/action 0.214s
2024-05-28 12:59:36.394 98689 INFO tempest.lib.common.rest_client [req-5a4502d1-8005-479c-82d2-a2ba458c0bfe req-5a4502d1-8005-479c-82d2-a2ba458c0bfe ] Request (ResourceLockDeleteTest:tearDownClass): 404 DELETE http://10.27.203.238/identity/v3/users/c2ac6ca3ea5a4ae498df6d12bb7caadc 0.029s
2024-05-28 12:59:36.394 98689 ERROR manila_tempest_tests.tests.api.base [-] Suppressed cleanup error in Manila: Traceback (most recent call last): File "/opt/stack/manila-tempest-plugin/manila_tempest_tests/tests/api/base.py", line 1272, in clear_project_users cls.os_admin.creds_client.delete_user(user['id'])
File "/opt/stack/tempest/tempest/lib/common/cred_client.py", line 55, in delete_user self.users_client.delete_user(user_id)
File "/opt/stack/tempest/tempest/lib/services/identity/v3/users_client.py", line 104, in delete_user resp, body = self.delete("users/%s" % user_id)
File "/opt/stack/tempest/tempest/lib/common/rest_client.py", line 357, in delete return self.request('DELETE', url, extra_headers, headers, body)
File "/opt/stack/tempest/tempest/lib/common/rest_client.py", line 760, in request self._error_checker(resp, resp_body)
File "/opt/stack/tempest/tempest/lib/common/rest_client.py", line 870, in _error_checker raise exceptions.NotFound(resp_body, resp=resp) tempest.lib.exceptions.NotFound: Object not found Details: {'code': 404, 'message': 'Could not find user: c2ac6ca3ea5a4ae498df6d12bb7caadc.', 'title': 'Not Found'} : tempest.lib.exceptions.NotFound: Object not found
2024-05-28 12:59:36.422 98689 INFO tempest.lib.common.rest_client [req-55457143-d28f-4ac4-93a1-42533c88f4f8 req-55457143-d28f-4ac4-93a1-42533c88f4f8 ] Request (ResourceLockDeleteTest:tearDownClass): 404 DELETE http://10.27.203.238/identity/v3/users/f89f851af36d480ab7d10d3506c60899 0.027s
2024-05-28 12:59:36.422 98689 ERROR manila_tempest_tests.tests.api.base [-] Suppressed cleanup error in Manila: Traceback (most recent call last): File "/opt/stack/manila-tempest-plugin/manila_tempest_tests/tests/api/base.py", line 1272, in clear_project_users cls.os_admin.creds_client.delete_user(user['id'])
File "/opt/stack/tempest/tempest/lib/common/cred_client.py", line 55, in delete_user self.users_client.delete_user(user_id)
File "/opt/stack/tempest/tempest/lib/services/identity/v3/users_client.py", line 104, in delete_user resp, body = self.delete("users/%s" % user_id)
File "/opt/stack/tempest/tempest/lib/common/rest_client.py", line 357, in delete return self.request('DELETE', url, extra_headers, headers, body)
File "/opt/stack/tempest/tempest/lib/common/rest_client.py", line 760, in request self._error_checker(resp, resp_body)
File "/opt/stack/tempest/tempest/lib/common/rest_client.py", line 870, in _error_checker raise exceptions.NotFound(resp_body, resp=resp) tempest.lib.exceptions.NotFound: Object not found Details: {'code': 404, 'message': 'Could not find user: f89f851af36d480ab7d10d3506c60899.', 'title': 'Not Found'} : tempest.lib.exceptions.NotFound: Object not found
2024-05-28 12:59:36.446 98691 INFO tempest.lib.common.rest_client [ req-0904b2de-fbdf-4b61-8db0-27168fd85e9c ] Request (ShareIpRulesForNFSNegativeTest:_run_cleanups): 200 GET http://10.27.203.238/share/v2/7890e9d8a78c49a0bb9af26ec5dd4646/share-access-rules?share_id=72db8769-ece7-42ff-af27-2e778292a9b4 0.056s
2024-05-28 12:59:36.450 98689 INFO tempest.lib.common.rest_client [req-f1816153-fbd5-409c-97f1-bb5dd349704a req-f1816153-fbd5-409c-97f1-bb5dd349704a ] Request (ResourceLockDeleteTest:tearDownClass): 404 DELETE http://10.27.203.238/identity/v3/users/6886717a9cfb42a0a4142a0b982570ee 0.027s
2024-05-28 12:59:36.450 98689 ERROR manila_tempest_tests.tests.api.base [-] Suppressed cleanup error in Manila: Traceback (most recent call last): File "/opt/stack/manila-tempest-plugin/manila_tempest_tests/tests/api/base.py", line 1272, in clear_project_users cls.os_admin.creds_client.delete_user(user['id'])
File "/opt/stack/tempest/tempest/lib/common/cred_client.py", line 55, in delete_user self.users_client.delete_user(user_id)
File "/opt/stack/tempest/tempest/lib/services/identity/v3/users_client.py", line 104, in delete_user resp, body = self.delete("users/%s" % user_id)
File "/opt/stack/tempest/tempest/lib/common/rest_client.py", line 357, in delete return self.request('DELETE', url, extra_headers, headers, body)
File "/opt/stack/tempest/tempest/lib/common/rest_client.py", line 760, in request self._error_checker(resp, resp_body)
File "/opt/stack/tempest/tempest/lib/common/rest_client.py", line 870, in _error_checker raise exceptions.NotFound(resp_body, resp=resp) tempest.lib.exceptions.NotFound: Object not found Details: {'code': 404, 'message': 'Could not find user: 6886717a9cfb42a0a4142a0b982570ee.', 'title': 'Not Found'} : tempest.lib.exceptions.NotFound: Object not found
2024-05-28 12:59:36.558 98689 INFO tempest.lib.common.rest_client [req-ef073d54-4aec-4ab5-87dc-e208a1cd6c4f req-ef073d54-4aec-4ab5-87dc-e208a1cd6c4f ] Request (ResourceLockDeleteTest:tearDownClass): 204 DELETE http://10.27.203.238/identity/v3/users/b523155e680a4a14acd4f3a4295a8d26 0.107s
2024-05-28 12:59:36.578 98689 INFO tempest.lib.common.rest_client [ req-2ea4d47b-7e48-4fde-854c-9ceeb26c5255 ] Request (ResourceLockDeleteTest:tearDownClass): 200 GET http://10.27.203.238/share/v2/645fb190404541a78e449c703540d6f8/share-replicas/detail?share_id=2de4a970-0a05-4094-bdb1-ff3d4f9d20d2 0.019s
2024-05-28 12:59:36.588 98693 INFO tempest.lib.common.rest_client [ req-3c238a3c-98f7-4462-aaca-24becb87c055 ] Request (UserMessageTest:test_list_messages_sorted_and_paginated): 200 POST http://10.27.203.238/share/v2/33b0ebad17d34f8cb4004ebcd1e0fb91/shares 0.232s
2024-05-28 12:59:36.596 98689 INFO tempest.lib.common.rest_client [ req-bc1c21c1-0130-466d-9112-0bce1c19b70f ] Request (ResourceLockDeleteTest:tearDownClass): 404 DELETE http://10.27.203.238/share/v2/645fb190404541a78e449c703540d6f8/shares/2de4a970-0a05-4094-bdb1-ff3d4f9d20d2 0.017s
2024-05-28 12:59:36.596 98689 ERROR manila_tempest_tests.tests.api.base [-] Suppressed cleanup error in Manila: Traceback (most recent call last): File "/opt/stack/manila-tempest-plugin/manila_tempest_tests/tests/api/base.py", line 912, in clear_resources client.delete_share(res_id)
File "/opt/stack/manila-tempest-plugin/manila_tempest_tests/services/share/v2/json/shares_client.py", line 355, in delete_share resp, body = self.delete(uri, version=version)
File "/opt/stack/manila-tempest-plugin/manila_tempest_tests/services/share/v2/json/shares_client.py", line 85, in delete resp, body = super(SharesV2Client, self).delete(url, headers=headers,
File "/opt/stack/tempest/tempest/lib/common/rest_client.py", line 357, in delete return self.request('DELETE', url, extra_headers, headers, body)
File "/opt/stack/tempest/tempest/lib/common/rest_client.py", line 760, in request self._error_checker(resp, resp_body)
File "/opt/stack/tempest/tempest/lib/common/rest_client.py", line 870, in _error_checker raise exceptions.NotFound(resp_body, resp=resp) tempest.lib.exceptions.NotFound: Object not found Details: {'code': 404, 'message': 'The resource could not be found.'} : tempest.lib.exceptions.NotFound: Object not found
2024-05-28 12:59:36.613 98689 INFO tempest.lib.common.rest_client [ req-c09fea5a-efc5-4d44-aa08-e6e82c0e1906 ] Request (ResourceLockDeleteTest:tearDownClass): 200 GET http://10.27.203.238/share/v2/645fb190404541a78e449c703540d6f8/share-replicas/detail?share_id=ed309fc1-d1ff-4352-a44a-a56b44eb8d0e 0.016s
2024-05-28 12:59:36.618 98693 INFO tempest.lib.common.rest_client [ req-8fb033d2-4736-4609-a5e8-724979a55e83 ] Request (UserMessageTest:test_list_messages_sorted_and_paginated): 200 GET http://10.27.203.238/share/v2/33b0ebad17d34f8cb4004ebcd1e0fb91/shares/9154359e-259b-4835-9888-c3df80cb12bd 0.029s
2024-05-28 12:59:36.752 98689 INFO tempest.lib.common.rest_client [ req-c1817b1a-9641-4100-a7a6-5923abdafa13 ] Request (ResourceLockDeleteTest:tearDownClass): 202 DELETE http://10.27.203.238/share/v2/645fb190404541a78e449c703540d6f8/shares/ed309fc1-d1ff-4352-a44a-a56b44eb8d0e 0.138s
2024-05-28 12:59:36.778 98689 INFO tempest.lib.common.rest_client [ req-be4c0a32-f1c8-4ce3-9c8f-bf8f19da00af ] Request (ResourceLockDeleteTest:tearDownClass): 200 GET http://10.27.203.238/share/v2/645fb190404541a78e449c703540d6f8/shares/ed309fc1-d1ff-4352-a44a-a56b44eb8d0e 0.026s
2024-05-28 12:59:37.021 98687 INFO tempest.lib.common.rest_client [ req-372b388e-a9cb-444b-bb67-ba0a89db4531 ] Request (ShareIpRulesForNFSTest:test_create_delete_ro_access_rule): 200 GET http://10.27.203.238/share/v2/776f75906bc64f8f9316d5aab4b50bf1/share-access-rules?share_id=1ddadc17-cf10-4a42-8bbd-8335fb3520a1 0.050s
2024-05-28 12:59:37.083 98687 INFO tempest.lib.common.rest_client [ req-b814f25b-62b0-408a-b215-b9a0cdafa5de ] Request (ShareIpRulesForNFSTest:test_create_delete_ro_access_rule): 200 GET http://10.27.203.238/share/v2/776f75906bc64f8f9316d5aab4b50bf1/share-access-rules?share_id=1ddadc17-cf10-4a42-8bbd-8335fb3520a1 0.061s
2024-05-28 12:59:37.275 98687 INFO tempest.lib.common.rest_client [ req-a70a44ba-e14f-41ed-b9e7-93af7c6b3bfc ] Request (ShareIpRulesForNFSTest:_run_cleanups): 202 POST http://10.27.203.238/share/v2/776f75906bc64f8f9316d5aab4b50bf1/shares/1ddadc17-cf10-4a42-8bbd-8335fb3520a1/action 0.192s
2024-05-28 12:59:37.330 98687 INFO tempest.lib.common.rest_client [ req-a757b390-66b9-4b35-9d7b-49c694cccbf4 ] Request (ShareIpRulesForNFSTest:_run_cleanups): 200 GET http://10.27.203.238/share/v2/776f75906bc64f8f9316d5aab4b50bf1/share-access-rules?share_id=1ddadc17-cf10-4a42-8bbd-8335fb3520a1 0.054s
2024-05-28 12:59:38.365 98695 INFO tempest.lib.common.rest_client [ req-16642c36-5aef-44e7-b641-3ae3ad316259 ] Request (ResourceLockNegativeTestWithShares:setUpClass): 200 GET http://10.27.203.238/share/v2/86e4aff17ad94d75a624b038464bfeb2/shares/a5984861-5086-4848-82ce-0960e763197b 0.031s
2024-05-28 12:59:38.424 98695 INFO tempest.lib.common.rest_client [req-845d1e10-d996-4b0d-a62b-1959b2ab9920 req-845d1e10-d996-4b0d-a62b-1959b2ab9920 ] Request (ResourceLockNegativeTestWithShares:setUpClass): 200 GET http://10.27.203.238/identity/v3/projects/86e4aff17ad94d75a624b038464bfeb2 0.058s
2024-05-28 12:59:38.434 98695 INFO tempest.lib.common.rest_client [ req-4e730b38-e62d-4f16-90f1-b6c1b9eb1ef1 ] Request (ResourceLockNegativeTestWithShares:test_create_resource_lock_invalid_lock_reason_too_long): 400 POST http://10.27.203.238/share/v2/86e4aff17ad94d75a624b038464bfeb2/resource-locks 0.009s
2024-05-28 12:59:38.445 98695 INFO tempest.lib.common.rest_client [ req-f48e3052-f08e-4753-89c6-3e36097fbde4 ] Request (ResourceLockNegativeTestWithShares:test_create_resource_lock_invalid_resource_action): 400 POST http://10.27.203.238/share/v2/86e4aff17ad94d75a624b038464bfeb2/resource-locks 0.009s
2024-05-28 12:59:38.490 98695 INFO tempest.lib.common.rest_client [ req-26136dc2-2141-45cf-8b1e-4685ebd49de8 ] Request (ResourceLockNegativeTestWithShares:test_delete_resource_lock_created_by_different_user): 200 POST http://10.27.203.238/share/v2/86e4aff17ad94d75a624b038464bfeb2/resource-locks 0.042s
2024-05-28 12:59:38.511 98695 INFO tempest.lib.common.rest_client [req-e23fd0fb-5980-42f8-a93c-2159441cd2f0 req-e23fd0fb-5980-42f8-a93c-2159441cd2f0 ] Request (ResourceLockNegativeTestWithShares:test_delete_resource_lock_created_by_different_user): 200 GET http://10.27.203.238/identity/v3/domains?name=Default 0.021s
2024-05-28 12:59:38.548 98695 INFO tempest.lib.common.rest_client [req-af92ad40-6fa8-4bea-9ae9-9c858ddbf23b req-af92ad40-6fa8-4bea-9ae9-9c858ddbf23b ] Request (ResourceLockNegativeTestWithShares:test_delete_resource_lock_created_by_different_user): 201 POST http://10.27.203.238/identity/v3/users 0.036s
2024-05-28 12:59:38.568 98695 INFO tempest.lib.common.rest_client [req-e1681dab-439c-4a98-ae6e-0587ed3d4a03 req-e1681dab-439c-4a98-ae6e-0587ed3d4a03 ] Request (ResourceLockNegativeTestWithShares:test_delete_resource_lock_created_by_different_user): 200 GET http://10.27.203.238/identity/v3/roles 0.019s
2024-05-28 12:59:38.604 98695 INFO tempest.lib.common.rest_client [req-4abee469-0903-4aaf-897b-4420c8c1ac6f req-4abee469-0903-4aaf-897b-4420c8c1ac6f ] Request (ResourceLockNegativeTestWithShares:test_delete_resource_lock_created_by_different_user): 204 PUT http://10.27.203.238/identity/v3/projects/86e4aff17ad94d75a624b038464bfeb2/users/0f30b8ae74474de0b34a7f48f86a312e/roles/44620cad10ae407c90c91e2c296adb04 0.035s
2024-05-28 12:59:38.680 98695 INFO tempest.lib.common.rest_client [req-8068912b-4e0d-4478-8ba3-c79d7dd01c9e req-8068912b-4e0d-4478-8ba3-c79d7dd01c9e ] Request (ResourceLockNegativeTestWithShares:test_delete_resource_lock_created_by_different_user): 201 POST http://10.27.203.238/identity/v3/auth/tokens 0.074s
2024-05-28 12:59:38.759 98695 INFO tempest.lib.common.rest_client [ req-976781d2-44e8-461f-bb6d-c67bc9e2b41b ] Request (ResourceLockNegativeTestWithShares:test_delete_resource_lock_created_by_different_user): 403 DELETE http://10.27.203.238/share/v2/86e4aff17ad94d75a624b038464bfeb2/resource-locks/300bc5a7-0d92-47a0-9759-31be9b26d946 0.078s
2024-05-28 12:59:38.806 98695 INFO tempest.lib.common.rest_client [ req-2d467f70-74c8-40f7-ba4a-faef236e71e5 ] Request (ResourceLockNegativeTestWithShares:test_update_resource_lock_created_by_different_user): 200 POST http://10.27.203.238/share/v2/86e4aff17ad94d75a624b038464bfeb2/resource-locks 0.045s
2024-05-28 12:59:38.867 98695 INFO tempest.lib.common.rest_client [req-a4848d92-180c-4e6d-9040-8eeac7b92837 req-a4848d92-180c-4e6d-9040-8eeac7b92837 ] Request (ResourceLockNegativeTestWithShares:test_update_resource_lock_created_by_different_user): 200 GET http://10.27.203.238/identity/v3/domains?name=Default 0.060s
2024-05-28 12:59:38.903 98695 INFO tempest.lib.common.rest_client [req-eebfea5b-fb68-4942-81c8-2afe1b8229ba req-eebfea5b-fb68-4942-81c8-2afe1b8229ba ] Request (ResourceLockNegativeTestWithShares:test_update_resource_lock_created_by_different_user): 201 POST http://10.27.203.238/identity/v3/users 0.035s
2024-05-28 12:59:38.921 98695 INFO tempest.lib.common.rest_client [req-892b0287-fdd8-4248-9065-be593c1b42fa req-892b0287-fdd8-4248-9065-be593c1b42fa ] Request (ResourceLockNegativeTestWithShares:test_update_resource_lock_created_by_different_user): 200 GET http://10.27.203.238/identity/v3/roles 0.018s
2024-05-28 12:59:38.967 98695 INFO tempest.lib.common.rest_client [req-d08b30e2-7fc5-4fa0-875f-e24f57568aee req-d08b30e2-7fc5-4fa0-875f-e24f57568aee ] Request (ResourceLockNegativeTestWithShares:test_update_resource_lock_created_by_different_user): 204 PUT http://10.27.203.238/identity/v3/projects/86e4aff17ad94d75a624b038464bfeb2/users/7013a62752274b85851c128bd3c241f3/roles/44620cad10ae407c90c91e2c296adb04 0.045s
2024-05-28 12:59:39.042 98695 INFO tempest.lib.common.rest_client [req-c31a7d6f-50be-40ba-bad2-36df6bc9112e req-c31a7d6f-50be-40ba-bad2-36df6bc9112e ] Request (ResourceLockNegativeTestWithShares:test_update_resource_lock_created_by_different_user): 201 POST http://10.27.203.238/identity/v3/auth/tokens 0.073s
2024-05-28 12:59:39.117 98695 INFO tempest.lib.common.rest_client [ req-8230ca11-56b0-4943-b832-752ee9e3b21d ] Request (ResourceLockNegativeTestWithShares:test_update_resource_lock_created_by_different_user): 403 PUT http://10.27.203.238/share/v2/86e4aff17ad94d75a624b038464bfeb2/resource-locks/557d092f-7be1-43a9-8960-483fd53350a5 0.075s
2024-05-28 12:59:39.159 98695 INFO tempest.lib.common.rest_client [ req-22ac66d3-92b1-4b75-9592-92ba1fa57168 ] Request (ResourceLockNegativeTestWithShares:test_update_resource_lock_invalid_param): 200 POST http://10.27.203.238/share/v2/86e4aff17ad94d75a624b038464bfeb2/resource-locks 0.040s
2024-05-28 12:59:39.172 98695 INFO tempest.lib.common.rest_client [ req-202ac6df-37c5-46ab-ab69-6cd83e8e3594 ] Request (ResourceLockNegativeTestWithShares:test_update_resource_lock_invalid_param): 400 PUT http://10.27.203.238/share/v2/86e4aff17ad94d75a624b038464bfeb2/resource-locks/07ed0369-0a7e-48b6-8da4-908d227c1051 0.012s
2024-05-28 12:59:39.186 98695 INFO tempest.lib.common.rest_client [ req-24c3a898-5bf5-4960-a11a-6ad51e0f079b ] Request (ResourceLockNegativeTestWithShares:test_update_resource_lock_invalid_param): 400 PUT http://10.27.203.238/share/v2/86e4aff17ad94d75a624b038464bfeb2/resource-locks/07ed0369-0a7e-48b6-8da4-908d227c1051 0.013s
2024-05-28 12:59:39.254 98695 INFO tempest.lib.common.rest_client [req-79fb7e2f-a4ab-416b-b171-fecf7e7b0d6e req-79fb7e2f-a4ab-416b-b171-fecf7e7b0d6e ] Request (ResourceLockNegativeTestWithShares:tearDownClass): 404 DELETE http://10.27.203.238/identity/v3/users/b9078b0601ac4efa93bdcc390f3d1208 0.066s
2024-05-28 12:59:39.255 98695 ERROR manila_tempest_tests.tests.api.base [-] Suppressed cleanup error in Manila: Traceback (most recent call last): File "/opt/stack/manila-tempest-plugin/manila_tempest_tests/tests/api/base.py", line 1272, in clear_project_users cls.os_admin.creds_client.delete_user(user['id'])
File "/opt/stack/tempest/tempest/lib/common/cred_client.py", line 55, in delete_user self.users_client.delete_user(user_id)
File "/opt/stack/tempest/tempest/lib/services/identity/v3/users_client.py", line 104, in delete_user resp, body = self.delete("users/%s" % user_id)
File "/opt/stack/tempest/tempest/lib/common/rest_client.py", line 357, in delete return self.request('DELETE', url, extra_headers, headers, body)
File "/opt/stack/tempest/tempest/lib/common/rest_client.py", line 760, in request self._error_checker(resp, resp_body)
File "/opt/stack/tempest/tempest/lib/common/rest_client.py", line 870, in _error_checker raise exceptions.NotFound(resp_body, resp=resp) tempest.lib.exceptions.NotFound: Object not found Details: {'code': 404, 'message': 'Could not find user: b9078b0601ac4efa93bdcc390f3d1208.', 'title': 'Not Found'} : tempest.lib.exceptions.NotFound: Object not found
2024-05-28 12:59:39.284 98695 INFO tempest.lib.common.rest_client [req-bde3ade6-bbfb-4134-99fd-da4e77055617 req-bde3ade6-bbfb-4134-99fd-da4e77055617 ] Request (ResourceLockNegativeTestWithShares:tearDownClass): 404 DELETE http://10.27.203.238/identity/v3/users/567edee5a37f498e8a3f54a933728377 0.028s
2024-05-28 12:59:39.284 98695 ERROR manila_tempest_tests.tests.api.base [-] Suppressed cleanup error in Manila: Traceback (most recent call last): File "/opt/stack/manila-tempest-plugin/manila_tempest_tests/tests/api/base.py", line 1272, in clear_project_users cls.os_admin.creds_client.delete_user(user['id'])
File "/opt/stack/tempest/tempest/lib/common/cred_client.py", line 55, in delete_user self.users_client.delete_user(user_id)
File "/opt/stack/tempest/tempest/lib/services/identity/v3/users_client.py", line 104, in delete_user resp, body = self.delete("users/%s" % user_id)
File "/opt/stack/tempest/tempest/lib/common/rest_client.py", line 357, in delete return self.request('DELETE', url, extra_headers, headers, body)
File "/opt/stack/tempest/tempest/lib/common/rest_client.py", line 760, in request self._error_checker(resp, resp_body)
File "/opt/stack/tempest/tempest/lib/common/rest_client.py", line 870, in _error_checker raise exceptions.NotFound(resp_body, resp=resp) tempest.lib.exceptions.NotFound: Object not found Details: {'code': 404, 'message': 'Could not find user: 567edee5a37f498e8a3f54a933728377.', 'title': 'Not Found'} : tempest.lib.exceptions.NotFound: Object not found
2024-05-28 12:59:39.311 98695 INFO tempest.lib.common.rest_client [req-ef874469-46a9-45ff-9b87-46d5c335f6e6 req-ef874469-46a9-45ff-9b87-46d5c335f6e6 ] Request (ResourceLockNegativeTestWithShares:tearDownClass): 404 DELETE http://10.27.203.238/identity/v3/users/e1f712aac7e94e429048f60f92a8a736 0.027s
2024-05-28 12:59:39.312 98695 ERROR manila_tempest_tests.tests.api.base [-] Suppressed cleanup error in Manila: Traceback (most recent call last): File "/opt/stack/manila-tempest-plugin/manila_tempest_tests/tests/api/base.py", line 1272, in clear_project_users cls.os_admin.creds_client.delete_user(user['id'])
File "/opt/stack/tempest/tempest/lib/common/cred_client.py", line 55, in delete_user self.users_client.delete_user(user_id)
File "/opt/stack/tempest/tempest/lib/services/identity/v3/users_client.py", line 104, in delete_user resp, body = self.delete("users/%s" % user_id)
File "/opt/stack/tempest/tempest/lib/common/rest_client.py", line 357, in delete return self.request('DELETE', url, extra_headers, headers, body)
File "/opt/stack/tempest/tempest/lib/common/rest_client.py", line 760, in request self._error_checker(resp, resp_body)
File "/opt/stack/tempest/tempest/lib/common/rest_client.py", line 870, in _error_checker raise exceptions.NotFound(resp_body, resp=resp) tempest.lib.exceptions.NotFound: Object not found Details: {'code': 404, 'message': 'Could not find user: e1f712aac7e94e429048f60f92a8a736.', 'title': 'Not Found'} : tempest.lib.exceptions.NotFound: Object not found
2024-05-28 12:59:39.340 98695 INFO tempest.lib.common.rest_client [req-0508f4db-1549-408a-8342-a2e24d5c2185 req-0508f4db-1549-408a-8342-a2e24d5c2185 ] Request (ResourceLockNegativeTestWithShares:tearDownClass): 404 DELETE http://10.27.203.238/identity/v3/users/9d3788d7291b4ee389136f181e35a26b 0.027s
2024-05-28 12:59:39.340 98695 ERROR manila_tempest_tests.tests.api.base [-] Suppressed cleanup error in Manila: Traceback (most recent call last): File "/opt/stack/manila-tempest-plugin/manila_tempest_tests/tests/api/base.py", line 1272, in clear_project_users cls.os_admin.creds_client.delete_user(user['id'])
File "/opt/stack/tempest/tempest/lib/common/cred_client.py", line 55, in delete_user self.users_client.delete_user(user_id)
File "/opt/stack/tempest/tempest/lib/services/identity/v3/users_client.py", line 104, in delete_user resp, body = self.delete("users/%s" % user_id)
File "/opt/stack/tempest/tempest/lib/common/rest_client.py", line 357, in delete return self.request('DELETE', url, extra_headers, headers, body)
File "/opt/stack/tempest/tempest/lib/common/rest_client.py", line 760, in request self._error_checker(resp, resp_body)
File "/opt/stack/tempest/tempest/lib/common/rest_client.py", line 870, in _error_checker raise exceptions.NotFound(resp_body, resp=resp) tempest.lib.exceptions.NotFound: Object not found Details: {'code': 404, 'message': 'Could not find user: 9d3788d7291b4ee389136f181e35a26b.', 'title': 'Not Found'} : tempest.lib.exceptions.NotFound: Object not found
2024-05-28 12:59:39.447 98695 INFO tempest.lib.common.rest_client [req-e0401416-b859-483e-9df6-4606226685b3 req-e0401416-b859-483e-9df6-4606226685b3 ] Request (ResourceLockNegativeTestWithShares:tearDownClass): 204 DELETE http://10.27.203.238/identity/v3/users/2eb81a384d764f8cb6d0d7e830959013 0.106s
2024-05-28 12:59:39.482 98691 INFO tempest.lib.common.rest_client [ req-a914aba9-922e-4354-a018-19a6def1915e ] Request (ShareIpRulesForNFSNegativeTest:_run_cleanups): 200 GET http://10.27.203.238/share/v2/7890e9d8a78c49a0bb9af26ec5dd4646/share-access-rules?share_id=72db8769-ece7-42ff-af27-2e778292a9b4 0.033s
2024-05-28 12:59:39.609 98695 INFO tempest.lib.common.rest_client [req-5bc2c389-8522-4c19-b15d-32535e61c5b0 req-5bc2c389-8522-4c19-b15d-32535e61c5b0 ] Request (ResourceLockNegativeTestWithShares:tearDownClass): 204 DELETE http://10.27.203.238/identity/v3/users/0f30b8ae74474de0b34a7f48f86a312e 0.161s
2024-05-28 12:59:39.614 98691 INFO tempest.lib.common.rest_client [ req-9bdd23f5-e4f3-44d6-b48c-aa4932d96265 ] Request (ShareIpRulesForNFSNegativeTest:test_create_duplicate_single_host_rules): 200 POST http://10.27.203.238/share/v2/7890e9d8a78c49a0bb9af26ec5dd4646/shares/72db8769-ece7-42ff-af27-2e778292a9b4/action 0.129s
2024-05-28 12:59:39.651 98693 INFO tempest.lib.common.rest_client [ req-a3509738-e3ba-4b2e-8c0d-00fe87c72c58 ] Request (UserMessageTest:test_list_messages_sorted_and_paginated): 200 GET http://10.27.203.238/share/v2/33b0ebad17d34f8cb4004ebcd1e0fb91/shares/9154359e-259b-4835-9888-c3df80cb12bd 0.032s
2024-05-28 12:59:39.662 98691 INFO tempest.lib.common.rest_client [ req-e47fcfae-6ecc-4fef-b734-a5ddbc4610a8 ] Request (ShareIpRulesForNFSNegativeTest:test_create_duplicate_single_host_rules): 200 GET http://10.27.203.238/share/v2/7890e9d8a78c49a0bb9af26ec5dd4646/share-access-rules?share_id=72db8769-ece7-42ff-af27-2e778292a9b4 0.047s
2024-05-28 12:59:39.747 98695 INFO tempest.lib.common.rest_client [req-28b9bf7b-3ace-4095-a0df-b2991297cfc2 req-28b9bf7b-3ace-4095-a0df-b2991297cfc2 ] Request (ResourceLockNegativeTestWithShares:tearDownClass): 204 DELETE http://10.27.203.238/identity/v3/users/7013a62752274b85851c128bd3c241f3 0.137s
2024-05-28 12:59:39.783 98695 INFO tempest.lib.common.rest_client [ req-9c637d39-e583-4298-af5b-968468d506ae ] Request (ResourceLockNegativeTestWithShares:tearDownClass): 204 DELETE http://10.27.203.238/share/v2/86e4aff17ad94d75a624b038464bfeb2/resource-locks/07ed0369-0a7e-48b6-8da4-908d227c1051 0.035s
2024-05-28 12:59:39.807 98695 INFO tempest.lib.common.rest_client [ req-c726d131-bc5b-46a6-877a-01a4c350e893 ] Request (ResourceLockNegativeTestWithShares:tearDownClass): 204 DELETE http://10.27.203.238/share/v2/86e4aff17ad94d75a624b038464bfeb2/resource-locks/557d092f-7be1-43a9-8960-483fd53350a5 0.024s
2024-05-28 12:59:39.811 98689 INFO tempest.lib.common.rest_client [ req-e2301a85-9886-4e34-b0e9-37d544bdb6f5 ] Request (ResourceLockDeleteTest:tearDownClass): 200 GET http://10.27.203.238/share/v2/645fb190404541a78e449c703540d6f8/shares/ed309fc1-d1ff-4352-a44a-a56b44eb8d0e 0.029s
2024-05-28 12:59:39.836 98695 INFO tempest.lib.common.rest_client [ req-582021af-210e-4166-a3bf-011908c957a7 ] Request (ResourceLockNegativeTestWithShares:tearDownClass): 204 DELETE http://10.27.203.238/share/v2/86e4aff17ad94d75a624b038464bfeb2/resource-locks/300bc5a7-0d92-47a0-9759-31be9b26d946 0.028s
2024-05-28 12:59:39.858 98695 INFO tempest.lib.common.rest_client [ req-dd2588fa-7119-47c5-958e-e5e8dbcba6b0 ] Request (ResourceLockNegativeTestWithShares:tearDownClass): 200 GET http://10.27.203.238/share/v2/86e4aff17ad94d75a624b038464bfeb2/share-replicas/detail?share_id=a5984861-5086-4848-82ce-0960e763197b 0.020s
2024-05-28 12:59:40.012 98695 INFO tempest.lib.common.rest_client [ req-9e862c6b-9e72-442f-b15f-ddb768c3334e ] Request (ResourceLockNegativeTestWithShares:tearDownClass): 202 DELETE http://10.27.203.238/share/v2/86e4aff17ad94d75a624b038464bfeb2/shares/a5984861-5086-4848-82ce-0960e763197b 0.153s
2024-05-28 12:59:40.047 98695 INFO tempest.lib.common.rest_client [ req-617e169f-1299-49e7-9814-579f90517843 ] Request (ResourceLockNegativeTestWithShares:tearDownClass): 200 GET http://10.27.203.238/share/v2/86e4aff17ad94d75a624b038464bfeb2/shares/a5984861-5086-4848-82ce-0960e763197b 0.035s
2024-05-28 12:59:40.367 98687 INFO tempest.lib.common.rest_client [ req-3548140b-453c-4511-a8ef-3a85cf92953c ] Request (ShareIpRulesForNFSTest:_run_cleanups): 200 GET http://10.27.203.238/share/v2/776f75906bc64f8f9316d5aab4b50bf1/share-access-rules?share_id=1ddadc17-cf10-4a42-8bbd-8335fb3520a1 0.032s
2024-05-28 12:59:40.489 98687 INFO tempest.lib.common.rest_client [req-3831b150-3295-4314-a2fc-ecac693ae50f req-3831b150-3295-4314-a2fc-ecac693ae50f ] Request (ShareIpRulesForNFSTest:tearDownClass): 404 DELETE http://10.27.203.238/identity/v3/users/981b3e419ab1466ba64538f100d39f99 0.121s
2024-05-28 12:59:40.490 98687 ERROR manila_tempest_tests.tests.api.base [-] Suppressed cleanup error in Manila: Traceback (most recent call last): File "/opt/stack/manila-tempest-plugin/manila_tempest_tests/tests/api/base.py", line 1272, in clear_project_users cls.os_admin.creds_client.delete_user(user['id'])
File "/opt/stack/tempest/tempest/lib/common/cred_client.py", line 55, in delete_user self.users_client.delete_user(user_id)
File "/opt/stack/tempest/tempest/lib/services/identity/v3/users_client.py", line 104, in delete_user resp, body = self.delete("users/%s" % user_id)
File "/opt/stack/tempest/tempest/lib/common/rest_client.py", line 357, in delete return self.request('DELETE', url, extra_headers, headers, body)
File "/opt/stack/tempest/tempest/lib/common/rest_client.py", line 760, in request self._error_checker(resp, resp_body)
File "/opt/stack/tempest/tempest/lib/common/rest_client.py", line 870, in _error_checker raise exceptions.NotFound(resp_body, resp=resp) tempest.lib.exceptions.NotFound: Object not found Details: {'code': 404, 'message': 'Could not find user: 981b3e419ab1466ba64538f100d39f99.', 'title': 'Not Found'} : tempest.lib.exceptions.NotFound: Object not found
2024-05-28 12:59:40.525 98687 INFO tempest.lib.common.rest_client [req-10a31467-9f57-4a50-a0fc-ac6efbfc9004 req-10a31467-9f57-4a50-a0fc-ac6efbfc9004 ] Request (ShareIpRulesForNFSTest:tearDownClass): 404 DELETE http://10.27.203.238/identity/v3/users/b06cddbef69143b790020ff2c97c502e 0.034s
2024-05-28 12:59:40.525 98687 ERROR manila_tempest_tests.tests.api.base [-] Suppressed cleanup error in Manila: Traceback (most recent call last): File "/opt/stack/manila-tempest-plugin/manila_tempest_tests/tests/api/base.py", line 1272, in clear_project_users cls.os_admin.creds_client.delete_user(user['id'])
File "/opt/stack/tempest/tempest/lib/common/cred_client.py", line 55, in delete_user self.users_client.delete_user(user_id)
File "/opt/stack/tempest/tempest/lib/services/identity/v3/users_client.py", line 104, in delete_user resp, body = self.delete("users/%s" % user_id)
File "/opt/stack/tempest/tempest/lib/common/rest_client.py", line 357, in delete return self.request('DELETE', url, extra_headers, headers, body)
File "/opt/stack/tempest/tempest/lib/common/rest_client.py", line 760, in request self._error_checker(resp, resp_body)
File "/opt/stack/tempest/tempest/lib/common/rest_client.py", line 870, in _error_checker raise exceptions.NotFound(resp_body, resp=resp) tempest.lib.exceptions.NotFound: Object not found Details: {'code': 404, 'message': 'Could not find user: b06cddbef69143b790020ff2c97c502e.', 'title': 'Not Found'} : tempest.lib.exceptions.NotFound: Object not found
2024-05-28 12:59:40.557 98687 INFO tempest.lib.common.rest_client [req-373ce035-802b-482e-b08c-3b7680386fb9 req-373ce035-802b-482e-b08c-3b7680386fb9 ] Request (ShareIpRulesForNFSTest:tearDownClass): 404 DELETE http://10.27.203.238/identity/v3/users/6285dcecc86746a7b4eee34cf3c3f672 0.031s
2024-05-28 12:59:40.557 98687 ERROR manila_tempest_tests.tests.api.base [-] Suppressed cleanup error in Manila: Traceback (most recent call last): File "/opt/stack/manila-tempest-plugin/manila_tempest_tests/tests/api/base.py", line 1272, in clear_project_users cls.os_admin.creds_client.delete_user(user['id'])
File "/opt/stack/tempest/tempest/lib/common/cred_client.py", line 55, in delete_user self.users_client.delete_user(user_id)
File "/opt/stack/tempest/tempest/lib/services/identity/v3/users_client.py", line 104, in delete_user resp, body = self.delete("users/%s" % user_id)
File "/opt/stack/tempest/tempest/lib/common/rest_client.py", line 357, in delete return self.request('DELETE', url, extra_headers, headers, body)
File "/opt/stack/tempest/tempest/lib/common/rest_client.py", line 760, in request self._error_checker(resp, resp_body)
File "/opt/stack/tempest/tempest/lib/common/rest_client.py", line 870, in _error_checker raise exceptions.NotFound(resp_body, resp=resp) tempest.lib.exceptions.NotFound: Object not found Details: {'code': 404, 'message': 'Could not find user: 6285dcecc86746a7b4eee34cf3c3f672.', 'title': 'Not Found'} : tempest.lib.exceptions.NotFound: Object not found
2024-05-28 12:59:40.584 98687 INFO tempest.lib.common.rest_client [req-9d604bf8-33bd-4b8a-8e5f-ac6959f78705 req-9d604bf8-33bd-4b8a-8e5f-ac6959f78705 ] Request (ShareIpRulesForNFSTest:tearDownClass): 404 DELETE http://10.27.203.238/identity/v3/users/b12d90b85fc7452f83fec53a2941a759 0.026s
2024-05-28 12:59:40.585 98687 ERROR manila_tempest_tests.tests.api.base [-] Suppressed cleanup error in Manila: Traceback (most recent call last): File "/opt/stack/manila-tempest-plugin/manila_tempest_tests/tests/api/base.py", line 1272, in clear_project_users cls.os_admin.creds_client.delete_user(user['id'])
File "/opt/stack/tempest/tempest/lib/common/cred_client.py", line 55, in delete_user self.users_client.delete_user(user_id)
File "/opt/stack/tempest/tempest/lib/services/identity/v3/users_client.py", line 104, in delete_user resp, body = self.delete("users/%s" % user_id)
File "/opt/stack/tempest/tempest/lib/common/rest_client.py", line 357, in delete return self.request('DELETE', url, extra_headers, headers, body)
File "/opt/stack/tempest/tempest/lib/common/rest_client.py", line 760, in request self._error_checker(resp, resp_body)
File "/opt/stack/tempest/tempest/lib/common/rest_client.py", line 870, in _error_checker raise exceptions.NotFound(resp_body, resp=resp) tempest.lib.exceptions.NotFound: Object not found Details: {'code': 404, 'message': 'Could not find user: b12d90b85fc7452f83fec53a2941a759.', 'title': 'Not Found'} : tempest.lib.exceptions.NotFound: Object not found
2024-05-28 12:59:40.698 98687 INFO tempest.lib.common.rest_client [req-5d43ab01-fdd2-4c3f-9db1-bddb99600c23 req-5d43ab01-fdd2-4c3f-9db1-bddb99600c23 ] Request (ShareIpRulesForNFSTest:tearDownClass): 204 DELETE http://10.27.203.238/identity/v3/users/fa87d7e402e34eeab8ec8ddf1839bb59 0.113s
2024-05-28 12:59:40.716 98687 INFO tempest.lib.common.rest_client [ req-67f73418-8c89-49f8-bb74-2233fbad638c ] Request (ShareIpRulesForNFSTest:tearDownClass): 200 GET http://10.27.203.238/share/v2/776f75906bc64f8f9316d5aab4b50bf1/share-replicas/detail?share_id=1ddadc17-cf10-4a42-8bbd-8335fb3520a1 0.018s
2024-05-28 12:59:40.857 98687 INFO tempest.lib.common.rest_client [ req-f00cabcb-e006-4e5f-b659-9d36127b4944 ] Request (ShareIpRulesForNFSTest:tearDownClass): 202 DELETE http://10.27.203.238/share/v2/776f75906bc64f8f9316d5aab4b50bf1/shares/1ddadc17-cf10-4a42-8bbd-8335fb3520a1 0.140s
2024-05-28 12:59:40.891 98687 INFO tempest.lib.common.rest_client [ req-d64a3cf4-cc04-4831-957f-e0ba8ea8ac19 ] Request (ShareIpRulesForNFSTest:tearDownClass): 200 GET http://10.27.203.238/share/v2/776f75906bc64f8f9316d5aab4b50bf1/shares/1ddadc17-cf10-4a42-8bbd-8335fb3520a1 0.033s
2024-05-28 12:59:42.670 98693 INFO tempest.lib.common.rest_client [ req-1a3504a0-8423-42d1-aced-a153f62049db ] Request (UserMessageTest:test_list_messages_sorted_and_paginated): 200 GET http://10.27.203.238/share/v2/33b0ebad17d34f8cb4004ebcd1e0fb91/messages 0.015s
2024-05-28 12:59:42.697 98693 INFO tempest.lib.common.rest_client [ req-ad704982-aace-4375-80e8-57df588e1559 ] Request (UserMessageTest:test_list_messages_sorted_and_paginated): 200 POST http://10.27.203.238/share/v2/33b0ebad17d34f8cb4004ebcd1e0fb91/types 0.026s
2024-05-28 12:59:42.730 98691 INFO tempest.lib.common.rest_client [ req-26ce22ec-1aff-4924-b780-fe65db1087b5 ] Request (ShareIpRulesForNFSNegativeTest:test_create_duplicate_single_host_rules): 200 GET http://10.27.203.238/share/v2/7890e9d8a78c49a0bb9af26ec5dd4646/share-access-rules?share_id=72db8769-ece7-42ff-af27-2e778292a9b4 0.064s
2024-05-28 12:59:42.779 98691 INFO tempest.lib.common.rest_client [ req-15db64d9-64ba-45e5-8a88-393609a679aa ] Request (ShareIpRulesForNFSNegativeTest:test_create_duplicate_single_host_rules): 400 POST http://10.27.203.238/share/v2/7890e9d8a78c49a0bb9af26ec5dd4646/shares/72db8769-ece7-42ff-af27-2e778292a9b4/action 0.048s
2024-05-28 12:59:42.824 98691 INFO tempest.lib.common.rest_client [ req-8fe2ab9f-5df4-4a75-b4f5-da94163fab21 ] Request (ShareIpRulesForNFSNegativeTest:test_create_duplicate_single_host_rules): 400 POST http://10.27.203.238/share/v2/7890e9d8a78c49a0bb9af26ec5dd4646/shares/72db8769-ece7-42ff-af27-2e778292a9b4/action 0.045s
2024-05-28 12:59:42.854 98689 INFO tempest.lib.common.rest_client [ req-868b54e9-c842-40aa-91e5-833abcedfdbb ] Request (ResourceLockDeleteTest:tearDownClass): 200 GET http://10.27.203.238/share/v2/645fb190404541a78e449c703540d6f8/shares/ed309fc1-d1ff-4352-a44a-a56b44eb8d0e 0.039s
2024-05-28 12:59:42.904 98693 INFO tempest.lib.common.rest_client [ req-72f6d91a-937d-402c-9a41-8c66b33c2269 ] Request (UserMessageTest:test_list_messages_sorted_and_paginated): 200 POST http://10.27.203.238/share/v2/33b0ebad17d34f8cb4004ebcd1e0fb91/shares 0.207s
2024-05-28 12:59:42.934 98693 INFO tempest.lib.common.rest_client [ req-6cfd9f3e-d235-45d4-9244-1daa779cf9e8 ] Request (UserMessageTest:test_list_messages_sorted_and_paginated): 200 GET http://10.27.203.238/share/v2/33b0ebad17d34f8cb4004ebcd1e0fb91/shares/8b1f3a6c-ac54-4c87-a5e9-f2b895b72f8c 0.029s
2024-05-28 12:59:43.044 98691 INFO tempest.lib.common.rest_client [ req-19dbf516-eb1d-4492-816c-3d4ae973bc32 ] Request (ShareIpRulesForNFSNegativeTest:_run_cleanups): 202 POST http://10.27.203.238/share/v2/7890e9d8a78c49a0bb9af26ec5dd4646/shares/72db8769-ece7-42ff-af27-2e778292a9b4/action 0.219s
2024-05-28 12:59:43.080 98695 INFO tempest.lib.common.rest_client [ req-0c886365-cbfb-4f24-bdf5-98ed3fde1b0a ] Request (ResourceLockNegativeTestWithShares:tearDownClass): 200 GET http://10.27.203.238/share/v2/86e4aff17ad94d75a624b038464bfeb2/shares/a5984861-5086-4848-82ce-0960e763197b 0.029s
2024-05-28 12:59:43.107 98691 INFO tempest.lib.common.rest_client [ req-24d8b5e6-0b4a-4d79-80e3-78cca58181dd ] Request (ShareIpRulesForNFSNegativeTest:_run_cleanups): 200 GET http://10.27.203.238/share/v2/7890e9d8a78c49a0bb9af26ec5dd4646/share-access-rules?share_id=72db8769-ece7-42ff-af27-2e778292a9b4 0.062s
2024-05-28 12:59:43.921 98687 INFO tempest.lib.common.rest_client [ req-3cd3c257-473f-4bc3-9f73-ceac180c14a3 ] Request (ShareIpRulesForNFSTest:tearDownClass): 200 GET http://10.27.203.238/share/v2/776f75906bc64f8f9316d5aab4b50bf1/shares/1ddadc17-cf10-4a42-8bbd-8335fb3520a1 0.027s
2024-05-28 12:59:45.888 98689 INFO tempest.lib.common.rest_client [ req-89ba59f6-b3cf-49ca-b1a6-e7229c3e6c82 ] Request (ResourceLockDeleteTest:tearDownClass): 200 GET http://10.27.203.238/share/v2/645fb190404541a78e449c703540d6f8/shares/ed309fc1-d1ff-4352-a44a-a56b44eb8d0e 0.030s
2024-05-28 12:59:45.965 98693 INFO tempest.lib.common.rest_client [ req-913f34fe-0dd0-45d4-baeb-11d2b9d2b967 ] Request (UserMessageTest:test_list_messages_sorted_and_paginated): 200 GET http://10.27.203.238/share/v2/33b0ebad17d34f8cb4004ebcd1e0fb91/shares/8b1f3a6c-ac54-4c87-a5e9-f2b895b72f8c 0.027s
2024-05-28 12:59:46.113 98695 INFO tempest.lib.common.rest_client [ req-86359593-cf26-4f34-9fc4-f2065fccb21f ] Request (ResourceLockNegativeTestWithShares:tearDownClass): 200 GET http://10.27.203.238/share/v2/86e4aff17ad94d75a624b038464bfeb2/shares/a5984861-5086-4848-82ce-0960e763197b 0.030s
2024-05-28 12:59:46.145 98691 INFO tempest.lib.common.rest_client [ req-91e9530b-9b05-48d2-9dab-f817b1284873 ] Request (ShareIpRulesForNFSNegativeTest:_run_cleanups): 200 GET http://10.27.203.238/share/v2/7890e9d8a78c49a0bb9af26ec5dd4646/share-access-rules?share_id=72db8769-ece7-42ff-af27-2e778292a9b4 0.034s
2024-05-28 12:59:46.256 98691 INFO tempest.lib.common.rest_client [ req-77551ec4-f7d8-4f99-bff2-2a0f4e05d528 ] Request (ShareIpRulesForNFSNegativeTest:test_create_duplicate_single_host_rules): 200 POST http://10.27.203.238/share/v2/7890e9d8a78c49a0bb9af26ec5dd4646/shares/72db8769-ece7-42ff-af27-2e778292a9b4/action 0.109s
2024-05-28 12:59:46.308 98691 INFO tempest.lib.common.rest_client [ req-c02ccc5f-5441-4a2c-bd4c-dccf275aa4ac ] Request (ShareIpRulesForNFSNegativeTest:test_create_duplicate_single_host_rules): 200 GET http://10.27.203.238/share/v2/7890e9d8a78c49a0bb9af26ec5dd4646/share-access-rules?share_id=72db8769-ece7-42ff-af27-2e778292a9b4 0.051s
2024-05-28 12:59:46.956 98687 INFO tempest.lib.common.rest_client [ req-21fe8455-6d31-48b7-99ed-7dc98b8d6f76 ] Request (ShareIpRulesForNFSTest:tearDownClass): 200 GET http://10.27.203.238/share/v2/776f75906bc64f8f9316d5aab4b50bf1/shares/1ddadc17-cf10-4a42-8bbd-8335fb3520a1 0.031s
2024-05-28 12:59:48.905 98689 INFO tempest.lib.common.rest_client [ req-eef0c28b-14f8-4c78-aec8-35368c14e10b ] Request (ResourceLockDeleteTest:tearDownClass): 404 GET http://10.27.203.238/share/v2/645fb190404541a78e449c703540d6f8/shares/ed309fc1-d1ff-4352-a44a-a56b44eb8d0e 0.014s
2024-05-28 12:59:48.957 98689 INFO tempest.lib.common.rest_client [ req-f57f5363-eb6b-4c6d-bbc1-f8eebb262912 ] Request (ResourceLockDeleteTest:tearDownClass): 202 DELETE http://10.27.203.238/share/v2/16bb859669ab42a3b7cc595a5e30eb2e/types/305c3f64-cb34-4ade-92bf-ec56ac8e48be 0.052s
2024-05-28 12:59:48.970 98689 INFO tempest.lib.common.rest_client [ req-616c2d18-c383-4f60-be64-1e1d4e42ae25 ] Request (ResourceLockDeleteTest:tearDownClass): 404 GET http://10.27.203.238/share/v2/16bb859669ab42a3b7cc595a5e30eb2e/types/305c3f64-cb34-4ade-92bf-ec56ac8e48be 0.012s
2024-05-28 12:59:48.982 98693 INFO tempest.lib.common.rest_client [ req-ced63988-7df0-4a32-9bb1-78e66f52a02b ] Request (UserMessageTest:test_list_messages_sorted_and_paginated): 200 GET http://10.27.203.238/share/v2/33b0ebad17d34f8cb4004ebcd1e0fb91/messages 0.014s
2024-05-28 12:59:48.997 98693 INFO tempest.lib.common.rest_client [ req-e4b8b669-c1d4-4a3e-8069-ddad50364337 ] Request (UserMessageTest:test_list_messages_sorted_and_paginated): 200 GET http://10.27.203.238/share/v2/33b0ebad17d34f8cb4004ebcd1e0fb91/messages?sort_key=resource_id&sort_dir=asc&limit=2 0.014s
2024-05-28 12:59:49.130 98689 INFO tempest.lib.common.rest_client [req-ea6d915e-d50d-436b-90d1-8d90f55810fc req-ea6d915e-d50d-436b-90d1-8d90f55810fc ] Request (ResourceLockDeleteTest:tearDownClass): 204 DELETE http://10.27.203.238/identity/v3/users/5ca41d036f8a486ea8febc1bc0fe8768 0.160s
2024-05-28 12:59:49.132 98695 INFO tempest.lib.common.rest_client [ req-a00f1e19-3c93-4d58-b32a-9a290d8ec934 ] Request (ResourceLockNegativeTestWithShares:tearDownClass): 404 GET http://10.27.203.238/share/v2/86e4aff17ad94d75a624b038464bfeb2/shares/a5984861-5086-4848-82ce-0960e763197b 0.015s
2024-05-28 12:59:49.205 98695 INFO tempest.lib.common.rest_client [ req-3e13609c-9b2f-46d4-bccf-b84b8441ce9e ] Request (ResourceLockNegativeTestWithShares:tearDownClass): 202 DELETE http://10.27.203.238/share/v2/1c8bc02239694668aa5810b9e0fc29f3/types/b2679f2f-05f6-4d90-aef6-3a564ca7c99b 0.072s
2024-05-28 12:59:49.219 98695 INFO tempest.lib.common.rest_client [ req-9d3b2536-1b53-409d-adad-487ca00869c4 ] Request (ResourceLockNegativeTestWithShares:tearDownClass): 404 GET http://10.27.203.238/share/v2/1c8bc02239694668aa5810b9e0fc29f3/types/b2679f2f-05f6-4d90-aef6-3a564ca7c99b 0.013s
2024-05-28 12:59:49.269 98693 INFO tempest.lib.common.rest_client [ req-6a166bd5-4ff1-4fbc-b9bb-57ac6809ada5 ] Request (UserMessageTest:_run_cleanups): 202 DELETE http://10.27.203.238/share/v2/33b0ebad17d34f8cb4004ebcd1e0fb91/shares/8b1f3a6c-ac54-4c87-a5e9-f2b895b72f8c 0.272s
2024-05-28 12:59:49.272 98689 INFO tempest.lib.common.rest_client [req-cf4af409-1e0d-4b2e-8d82-fc8888894d28 req-cf4af409-1e0d-4b2e-8d82-fc8888894d28 ] Request (ResourceLockDeleteTest:tearDownClass): 204 DELETE http://10.27.203.238/identity/v3/users/f7889fe089c24eb495303b272012c99b 0.141s
2024-05-28 12:59:49.347 98695 INFO tempest.lib.common.rest_client [req-bcb0369c-65c8-4db2-ac37-9a32689051fe req-bcb0369c-65c8-4db2-ac37-9a32689051fe ] Request (ResourceLockNegativeTestWithShares:tearDownClass): 204 DELETE http://10.27.203.238/identity/v3/users/00d8f965a4b14713996fc0c79279060e 0.127s
2024-05-28 12:59:49.363 98691 INFO tempest.lib.common.rest_client [ req-c447cf87-698f-4291-a998-5da423e31f08 ] Request (ShareIpRulesForNFSNegativeTest:test_create_duplicate_single_host_rules): 200 GET http://10.27.203.238/share/v2/7890e9d8a78c49a0bb9af26ec5dd4646/share-access-rules?share_id=72db8769-ece7-42ff-af27-2e778292a9b4 0.051s
2024-05-28 12:59:49.390 98689 INFO tempest.lib.common.rest_client [req-ba4a8210-b61b-40af-acbe-49e479431f73 req-ba4a8210-b61b-40af-acbe-49e479431f73 ] Request (ResourceLockDeleteTest:tearDownClass): 204 DELETE http://10.27.203.238/identity/v3/users/caee34cb460c4ddcb13e607cbd3fabd9 0.117s
2024-05-28 12:59:49.390 98689 INFO tempest.lib.common.dynamic_creds [-] Deleting project and security group for project: 645fb190404541a78e449c703540d6f8
2024-05-28 12:59:49.407 98691 INFO tempest.lib.common.rest_client [ req-300ca8f0-b0b7-407b-935e-5bb0363925b9 ] Request (ShareIpRulesForNFSNegativeTest:test_create_duplicate_single_host_rules): 400 POST http://10.27.203.238/share/v2/7890e9d8a78c49a0bb9af26ec5dd4646/shares/72db8769-ece7-42ff-af27-2e778292a9b4/action 0.043s
2024-05-28 12:59:49.438 98689 INFO tempest.lib.common.rest_client [req-7379feb5-f406-440b-8b42-d117e4c6133f req-7379feb5-f406-440b-8b42-d117e4c6133f ] Request (ResourceLockDeleteTest:tearDownClass): 201 POST http://10.27.203.238/identity/v3/auth/tokens 0.047s
2024-05-28 12:59:49.453 98691 INFO tempest.lib.common.rest_client [ req-33afef9c-fd9a-4187-892b-c73ac1d1c37c ] Request (ShareIpRulesForNFSNegativeTest:test_create_duplicate_single_host_rules): 400 POST http://10.27.203.238/share/v2/7890e9d8a78c49a0bb9af26ec5dd4646/shares/72db8769-ece7-42ff-af27-2e778292a9b4/action 0.045s
2024-05-28 12:59:49.500 98695 INFO tempest.lib.common.rest_client [req-fd67ead3-76e9-40dd-94a3-9eec5afde7ea req-fd67ead3-76e9-40dd-94a3-9eec5afde7ea ] Request (ResourceLockNegativeTestWithShares:tearDownClass): 204 DELETE http://10.27.203.238/identity/v3/users/78f09898a9d348a1be1b598fd55a1cc0 0.152s
2024-05-28 12:59:49.506 98693 INFO tempest.lib.common.rest_client [ req-bad7d836-392f-4e29-a275-6bd703cceaad ] Request (UserMessageTest:_run_cleanups): 202 DELETE http://10.27.203.238/share/v2/33b0ebad17d34f8cb4004ebcd1e0fb91/shares/9154359e-259b-4835-9888-c3df80cb12bd 0.236s
2024-05-28 12:59:49.578 98689 INFO tempest.lib.common.rest_client [req-8b896fa3-64cf-467e-867b-5d116d3c577e req-8b896fa3-64cf-467e-867b-5d116d3c577e ] Request (ResourceLockDeleteTest:tearDownClass): 200 GET http://10.27.203.238:9696/networking/v2.0/security-groups?tenant_id=645fb190404541a78e449c703540d6f8&name=default 0.140s
2024-05-28 12:59:49.621 98695 INFO tempest.lib.common.rest_client [req-f91f0355-020b-436a-9ad7-598cebd71329 req-f91f0355-020b-436a-9ad7-598cebd71329 ] Request (ResourceLockNegativeTestWithShares:tearDownClass): 204 DELETE http://10.27.203.238/identity/v3/users/c23c4f0d80fc4a328a0d37c798eb66f3 0.121s
2024-05-28 12:59:49.621 98695 INFO tempest.lib.common.dynamic_creds [-] Deleting project and security group for project: b058127419ad4e429a8f95650aea3857
2024-05-28 12:59:49.664 98691 INFO tempest.lib.common.rest_client [ req-ed0a7819-4d25-4529-a43e-03a7ee4ac7c2 ] Request (ShareIpRulesForNFSNegativeTest:_run_cleanups): 202 POST http://10.27.203.238/share/v2/7890e9d8a78c49a0bb9af26ec5dd4646/shares/72db8769-ece7-42ff-af27-2e778292a9b4/action 0.210s
2024-05-28 12:59:49.670 98695 INFO tempest.lib.common.rest_client [req-c88282d3-8d01-4cb8-a813-ba6bddeb0453 req-c88282d3-8d01-4cb8-a813-ba6bddeb0453 ] Request (ResourceLockNegativeTestWithShares:tearDownClass): 201 POST http://10.27.203.238/identity/v3/auth/tokens 0.048s
2024-05-28 12:59:49.711 98689 INFO tempest.lib.common.rest_client [req-8ec0cca1-ea78-47bb-ad8a-1af636f8f530 req-8ec0cca1-ea78-47bb-ad8a-1af636f8f530 ] Request (ResourceLockDeleteTest:tearDownClass): 204 DELETE http://10.27.203.238/identity/v3/projects/645fb190404541a78e449c703540d6f8 0.132s
2024-05-28 12:59:49.712 98689 INFO tempest.lib.common.dynamic_creds [-] Deleting project and security group for project: 16bb859669ab42a3b7cc595a5e30eb2e
