File "/opt/stack/tempest/tempest/lib/common/rest_client.py", line 870, in _error_checker raise exceptions.NotFound(resp_body, resp=resp) tempest.lib.exceptions.NotFound: Object not found Details: {'code': 404, 'message': 'Could not find user: 2eb81a384d764f8cb6d0d7e830959013.', 'title': 'Not Found'} : tempest.lib.exceptions.NotFound: Object not found
2024-05-28 12:59:52.424 98687 INFO tempest.lib.common.rest_client [ req-93db141a-a1a0-46c5-b360-bd36f1ae1871 ] Request (ShareNetworkSubnetsNegativeTest:test_get_deleted_subnet): 200 POST http://10.27.203.238/share/v2/3520fb8495ee410b81f6760a62e1bca2/share-networks/ddde945b-30cc-46ff-a60c-f44924d1ac7f/subnets 0.070s
2024-05-28 12:59:52.426 98689 INFO tempest.lib.common.rest_client [ req-30680bda-c009-4b72-acda-d7395645e8e2 ] Request (ShareRulesTest:setUpClass): 200 GET http://10.27.203.238/share/v2/a4f3887fa28c457390f5b66615564430/shares/b330db31-7766-443d-9c19-26fe349665aa 0.027s
2024-05-28 12:59:52.448 98695 INFO tempest.lib.common.rest_client [req-4786aa3c-9759-40c5-944d-dcf978a76cd8 req-4786aa3c-9759-40c5-944d-dcf978a76cd8 ] Request (ShareCertRulesForGLUSTERFSNegativeTest:tearDownClass): 404 DELETE http://10.27.203.238/identity/v3/users/0f30b8ae74474de0b34a7f48f86a312e 0.030s
2024-05-28 12:59:52.449 98695 ERROR manila_tempest_tests.tests.api.base [-] Suppressed cleanup error in Manila: Traceback (most recent call last): File "/opt/stack/tempest/tempest/test.py", line 184, in setUpClass cls.resource_setup()
File "/opt/stack/manila-tempest-plugin/manila_tempest_tests/tests/api/test_rules_negative.py", line 387, in resource_setup raise cls.skipException(msg) unittest.case.SkipTest: CERT rule tests for glusterfs protocol are disabled During handling of the above exception, another exception occurred: Traceback (most recent call last): File "/opt/stack/manila-tempest-plugin/manila_tempest_tests/tests/api/base.py", line 1272, in clear_project_users cls.os_admin.creds_client.delete_user(user['id'])
File "/opt/stack/tempest/tempest/lib/common/cred_client.py", line 55, in delete_user self.users_client.delete_user(user_id)
File "/opt/stack/tempest/tempest/lib/services/identity/v3/users_client.py", line 104, in delete_user resp, body = self.delete("users/%s" % user_id)
File "/opt/stack/tempest/tempest/lib/common/rest_client.py", line 357, in delete return self.request('DELETE', url, extra_headers, headers, body)
File "/opt/stack/tempest/tempest/lib/common/rest_client.py", line 760, in request self._error_checker(resp, resp_body)
File "/opt/stack/tempest/tempest/lib/common/rest_client.py", line 870, in _error_checker raise exceptions.NotFound(resp_body, resp=resp) tempest.lib.exceptions.NotFound: Object not found Details: {'code': 404, 'message': 'Could not find user: 0f30b8ae74474de0b34a7f48f86a312e.', 'title': 'Not Found'} : tempest.lib.exceptions.NotFound: Object not found
2024-05-28 12:59:52.475 98695 INFO tempest.lib.common.rest_client [req-4eba1e06-0b91-495b-9b1e-1b26fc62f1b3 req-4eba1e06-0b91-495b-9b1e-1b26fc62f1b3 ] Request (ShareCertRulesForGLUSTERFSNegativeTest:tearDownClass): 404 DELETE http://10.27.203.238/identity/v3/users/7013a62752274b85851c128bd3c241f3 0.026s
2024-05-28 12:59:52.476 98695 ERROR manila_tempest_tests.tests.api.base [-] Suppressed cleanup error in Manila: Traceback (most recent call last): File "/opt/stack/tempest/tempest/test.py", line 184, in setUpClass cls.resource_setup()
File "/opt/stack/manila-tempest-plugin/manila_tempest_tests/tests/api/test_rules_negative.py", line 387, in resource_setup raise cls.skipException(msg) unittest.case.SkipTest: CERT rule tests for glusterfs protocol are disabled During handling of the above exception, another exception occurred: Traceback (most recent call last): File "/opt/stack/manila-tempest-plugin/manila_tempest_tests/tests/api/base.py", line 1272, in clear_project_users cls.os_admin.creds_client.delete_user(user['id'])
File "/opt/stack/tempest/tempest/lib/common/cred_client.py", line 55, in delete_user self.users_client.delete_user(user_id)
File "/opt/stack/tempest/tempest/lib/services/identity/v3/users_client.py", line 104, in delete_user resp, body = self.delete("users/%s" % user_id)
File "/opt/stack/tempest/tempest/lib/common/rest_client.py", line 357, in delete return self.request('DELETE', url, extra_headers, headers, body)
File "/opt/stack/tempest/tempest/lib/common/rest_client.py", line 760, in request self._error_checker(resp, resp_body)
File "/opt/stack/tempest/tempest/lib/common/rest_client.py", line 870, in _error_checker raise exceptions.NotFound(resp_body, resp=resp) tempest.lib.exceptions.NotFound: Object not found Details: {'code': 404, 'message': 'Could not find user: 7013a62752274b85851c128bd3c241f3.', 'title': 'Not Found'} : tempest.lib.exceptions.NotFound: Object not found
2024-05-28 12:59:52.483 98687 INFO tempest.lib.common.rest_client [ req-348b8324-fe59-48ce-b3e6-1c13ddd642c4 ] Request (ShareNetworkSubnetsNegativeTest:test_get_deleted_subnet): 202 DELETE http://10.27.203.238/share/v2/3520fb8495ee410b81f6760a62e1bca2/share-networks/ddde945b-30cc-46ff-a60c-f44924d1ac7f/subnets/6fe5355f-d36c-47ae-963a-9e799e6a9667 0.058s
2024-05-28 12:59:52.533 98687 INFO tempest.lib.common.rest_client [ req-8aa6abc1-c95b-4b31-9d2b-e12b59e960eb ] Request (ShareNetworkSubnetsNegativeTest:test_get_deleted_subnet): 200 GET http://10.27.203.238/share/v2/3520fb8495ee410b81f6760a62e1bca2/share-networks/ddde945b-30cc-46ff-a60c-f44924d1ac7f 0.049s
2024-05-28 12:59:52.567 98687 INFO tempest.lib.common.rest_client [ req-f834c56d-0b5a-45c3-a017-41e347bde3d4 ] Request (ShareNetworkSubnetsNegativeTest:test_get_deleted_subnet): 404 GET http://10.27.203.238/share/v2/3520fb8495ee410b81f6760a62e1bca2/share-networks/ddde945b-30cc-46ff-a60c-f44924d1ac7f/subnets/6fe5355f-d36c-47ae-963a-9e799e6a9667 0.034s
2024-05-28 12:59:52.586 98695 INFO tempest.lib.common.rest_client [req-41e8b54b-8fd2-4065-a30a-f2c3c6d29756 req-41e8b54b-8fd2-4065-a30a-f2c3c6d29756 ] Request (ShareCertRulesForGLUSTERFSNegativeTest:tearDownClass): 204 DELETE http://10.27.203.238/identity/v3/users/dacf9ff99e1c456cb98dc54de91b36a3 0.110s
2024-05-28 12:59:52.601 98687 INFO tempest.lib.common.rest_client [ req-32d2e2e3-b2b2-471f-b3d2-f970a9f1ca4f ] Request (ShareNetworkSubnetsNegativeTest:_run_cleanups): 404 DELETE http://10.27.203.238/share/v2/3520fb8495ee410b81f6760a62e1bca2/share-networks/ddde945b-30cc-46ff-a60c-f44924d1ac7f/subnets/6fe5355f-d36c-47ae-963a-9e799e6a9667 0.033s
2024-05-28 12:59:52.602 98687 ERROR manila_tempest_tests.tests.api.base [-] Suppressed cleanup error in Manila: Traceback (most recent call last): File "/opt/stack/manila-tempest-plugin/manila_tempest_tests/tests/api/base.py", line 952, in clear_resources client.delete_subnet(sn_id, res_id)
File "/opt/stack/manila-tempest-plugin/manila_tempest_tests/services/share/v2/json/shares_client.py", line 2129, in delete_subnet resp, body = self.delete(url)
File "/opt/stack/manila-tempest-plugin/manila_tempest_tests/services/share/v2/json/shares_client.py", line 85, in delete resp, body = super(SharesV2Client, self).delete(url, headers=headers,
File "/opt/stack/tempest/tempest/lib/common/rest_client.py", line 357, in delete return self.request('DELETE', url, extra_headers, headers, body)
File "/opt/stack/tempest/tempest/lib/common/rest_client.py", line 760, in request self._error_checker(resp, resp_body)
File "/opt/stack/tempest/tempest/lib/common/rest_client.py", line 870, in _error_checker raise exceptions.NotFound(resp_body, resp=resp) tempest.lib.exceptions.NotFound: Object not found Details: {'code': 404, 'message': 'Share network subnet 6fe5355f-d36c-47ae-963a-9e799e6a9667 could not be found.'} : tempest.lib.exceptions.NotFound: Object not found
2024-05-28 12:59:52.636 98687 INFO tempest.lib.common.rest_client [ req-542925dc-9020-4df2-8428-39c34f0038bf ] Request (ShareNetworkSubnetsNegativeTest:test_show_subnet_not_found): 404 GET http://10.27.203.238/share/v2/3520fb8495ee410b81f6760a62e1bca2/share-networks/ddde945b-30cc-46ff-a60c-f44924d1ac7f/subnets/fake-subnet 0.032s
2024-05-28 12:59:52.658 98687 INFO tempest.lib.common.rest_client [ req-29fe8ef0-06fa-4131-8535-31b58ed1cd6e ] Request (ShareNetworkSubnetsNegativeTest:test_show_subnet_share_network_not_found): 404 GET http://10.27.203.238/share/v2/3520fb8495ee410b81f6760a62e1bca2/share-networks/fake-sn/subnets/fake-subnet 0.021s
2024-05-28 12:59:52.701 98687 INFO tempest.lib.common.rest_client [ req-08b80773-5b86-423f-be2b-9205bea0e3ec ] Request (ShareNetworkSubnetsNegativeTest:tearDownClass): 202 DELETE http://10.27.203.238/share/v2/3520fb8495ee410b81f6760a62e1bca2/types/7df28dc3-579f-4066-b43a-bf9d271c20a4 0.041s
2024-05-28 12:59:52.713 98687 INFO tempest.lib.common.rest_client [ req-9cceab32-2fff-4a6e-b014-538b499a2095 ] Request (ShareNetworkSubnetsNegativeTest:tearDownClass): 404 GET http://10.27.203.238/share/v2/3520fb8495ee410b81f6760a62e1bca2/types/7df28dc3-579f-4066-b43a-bf9d271c20a4 0.012s
2024-05-28 12:59:52.725 98695 INFO tempest.lib.common.rest_client [req-6d4c9e7a-d785-4887-a42f-85e3257e98b1 req-6d4c9e7a-d785-4887-a42f-85e3257e98b1 ] Request (ShareCertRulesForGLUSTERFSNegativeTest:tearDownClass): 204 DELETE http://10.27.203.238/identity/v3/users/869ea9c4ad8b4dc093edb323b66436ab 0.139s
2024-05-28 12:59:52.759 98691 INFO tempest.lib.common.rest_client [ req-fa655bd8-ddc1-4654-bb20-2b3817ae6764 ] Request (ShareIpRulesForNFSNegativeTest:_run_cleanups): 200 GET http://10.27.203.238/share/v2/7890e9d8a78c49a0bb9af26ec5dd4646/share-access-rules?share_id=72db8769-ece7-42ff-af27-2e778292a9b4 0.032s
2024-05-28 12:59:52.857 98695 INFO tempest.lib.common.rest_client [req-dcbb9ad5-481f-44f7-be8d-f846e0df9b9f req-dcbb9ad5-481f-44f7-be8d-f846e0df9b9f ] Request (ShareCertRulesForGLUSTERFSNegativeTest:tearDownClass): 204 DELETE http://10.27.203.238/identity/v3/users/1e9067b4178d457496506d1821472cf3 0.131s
2024-05-28 12:59:52.864 98687 INFO tempest.lib.common.rest_client [req-25cddb7e-db36-4afd-89c9-af424a5804a3 req-25cddb7e-db36-4afd-89c9-af424a5804a3 ] Request (ShareNetworkSubnetsNegativeTest:tearDownClass): 204 DELETE http://10.27.203.238/identity/v3/users/bd14fa1f9f8a4d93b7f67c5b53f29c99 0.150s
2024-05-28 12:59:52.864 98687 INFO tempest.lib.common.dynamic_creds [-] Deleting project and security group for project: 3520fb8495ee410b81f6760a62e1bca2
2024-05-28 12:59:52.908 98691 INFO tempest.lib.common.rest_client [ req-fd00bed9-ed6c-4ed4-b0e3-928a7e03cc40 ] Request (ShareIpRulesForNFSNegativeTest:test_deny_access_unrestrict_other_user_rule): 200 POST http://10.27.203.238/share/v2/7890e9d8a78c49a0bb9af26ec5dd4646/shares/72db8769-ece7-42ff-af27-2e778292a9b4/action 0.148s
2024-05-28 12:59:52.933 98687 INFO tempest.lib.common.rest_client [req-9bdeb63c-8d98-4389-9b6f-03fb03db1bfb req-9bdeb63c-8d98-4389-9b6f-03fb03db1bfb ] Request (ShareNetworkSubnetsNegativeTest:tearDownClass): 201 POST http://10.27.203.238/identity/v3/auth/tokens 0.068s
2024-05-28 12:59:52.962 98691 INFO tempest.lib.common.rest_client [ req-1a66c58e-1366-4fb9-999d-1495bdb0ca8d ] Request (ShareIpRulesForNFSNegativeTest:test_deny_access_unrestrict_other_user_rule): 200 GET http://10.27.203.238/share/v2/7890e9d8a78c49a0bb9af26ec5dd4646/share-access-rules?share_id=72db8769-ece7-42ff-af27-2e778292a9b4 0.053s
2024-05-28 12:59:53.017 98693 INFO tempest.lib.common.rest_client [ req-fefb4ffd-6ff4-4b70-8d84-37604778aed3 ] Request (UserMessageTest:setUp): 200 GET http://10.27.203.238/share/v2/33b0ebad17d34f8cb4004ebcd1e0fb91/shares/6bf55297-267e-4c0f-8a15-10257c79ab6a 0.028s
2024-05-28 12:59:53.028 98695 INFO tempest.lib.common.rest_client [req-16c42d0a-d8a6-488a-970e-ff504a09331e req-16c42d0a-d8a6-488a-970e-ff504a09331e ] Request (ShareCertRulesForGLUSTERFSNegativeTest:tearDownClass): 204 DELETE http://10.27.203.238/identity/v3/users/b04fbccbd4af4d03ba7d54550e06e586 0.170s
2024-05-28 12:59:53.028 98695 INFO tempest.lib.common.dynamic_creds [-] Deleting project and security group for project: ec850008fab34430bc3261f8c74f5611
2024-05-28 12:59:53.074 98695 INFO tempest.lib.common.rest_client [req-2da4c28c-1e82-4828-8172-3239e33f0567 req-2da4c28c-1e82-4828-8172-3239e33f0567 ] Request (ShareCertRulesForGLUSTERFSNegativeTest:tearDownClass): 201 POST http://10.27.203.238/identity/v3/auth/tokens 0.046s
2024-05-28 12:59:53.079 98687 INFO tempest.lib.common.rest_client [req-be92778a-e049-46c1-9a7f-f83f19da36c5 req-be92778a-e049-46c1-9a7f-f83f19da36c5 ] Request (ShareNetworkSubnetsNegativeTest:tearDownClass): 200 GET http://10.27.203.238:9696/networking/v2.0/security-groups?tenant_id=3520fb8495ee410b81f6760a62e1bca2&name=default 0.146s
2024-05-28 12:59:53.152 98695 INFO tempest.lib.common.rest_client [req-93704597-2d6e-4338-b14c-6333e9326a02 req-93704597-2d6e-4338-b14c-6333e9326a02 ] Request (ShareCertRulesForGLUSTERFSNegativeTest:tearDownClass): 200 GET http://10.27.203.238:9696/networking/v2.0/security-groups?tenant_id=ec850008fab34430bc3261f8c74f5611&name=default 0.077s
2024-05-28 12:59:53.167 98687 INFO tempest.lib.common.rest_client [req-2ab05d42-463f-4cd8-9eb8-9360ce34022a req-2ab05d42-463f-4cd8-9eb8-9360ce34022a ] Request (ShareNetworkSubnetsNegativeTest:tearDownClass): 204 DELETE http://10.27.203.238/identity/v3/projects/3520fb8495ee410b81f6760a62e1bca2 0.087s
2024-05-28 12:59:53.190 98687 INFO tempest.lib.common.rest_client [req-56ac5f1c-67ef-485a-b0d9-07bcffed9097 req-56ac5f1c-67ef-485a-b0d9-07bcffed9097 ] Request (ShareNetworksTest:setUpClass): 201 POST http://10.27.203.238/identity/v3/auth/tokens 0.020s
2024-05-28 12:59:53.217 98687 INFO tempest.lib.common.rest_client [req-50c584e5-d6ec-4e99-99b1-1eaf18aef3fb req-50c584e5-d6ec-4e99-99b1-1eaf18aef3fb ] Request (ShareNetworksTest:setUpClass): 201 POST http://10.27.203.238/identity/v3/auth/tokens 0.024s
2024-05-28 12:59:53.263 98687 INFO tempest.lib.common.rest_client [req-23c5d1b5-e8af-4302-af4f-0d19f0f2a80a req-23c5d1b5-e8af-4302-af4f-0d19f0f2a80a ] Request (ShareNetworksTest:setUpClass): 200 GET http://10.27.203.238/identity/v3/domains?name=Default 0.045s
2024-05-28 12:59:53.270 98695 INFO tempest.lib.common.rest_client [req-465d4260-e468-40af-8b04-86e5e29c0e0b req-465d4260-e468-40af-8b04-86e5e29c0e0b ] Request (ShareCertRulesForGLUSTERFSNegativeTest:tearDownClass): 204 DELETE http://10.27.203.238/identity/v3/projects/ec850008fab34430bc3261f8c74f5611 0.117s
2024-05-28 12:59:53.270 98695 INFO tempest.lib.common.dynamic_creds [-] Deleting project and security group for project: 8f5f6af328db444086f50a26f4d62e63
2024-05-28 12:59:53.282 98695 INFO tempest.lib.common.rest_client [req-c996e8f8-a466-4024-934e-8285c6c3c364 req-c996e8f8-a466-4024-934e-8285c6c3c364 ] Request (ShareCertRulesForGLUSTERFSNegativeTest:tearDownClass): 200 GET http://10.27.203.238:9696/networking/v2.0/security-groups?tenant_id=8f5f6af328db444086f50a26f4d62e63&name=default 0.011s
2024-05-28 12:59:53.303 98687 INFO tempest.lib.common.rest_client [req-c96a98eb-5fbc-4429-b062-fa7366c18664 req-c96a98eb-5fbc-4429-b062-fa7366c18664 ] Request (ShareNetworksTest:setUpClass): 201 POST http://10.27.203.238/identity/v3/projects 0.040s
2024-05-28 12:59:53.377 98695 INFO tempest.lib.common.rest_client [req-c55bb7cd-08ee-4841-9d1e-4fba8be914ac req-c55bb7cd-08ee-4841-9d1e-4fba8be914ac ] Request (ShareCertRulesForGLUSTERFSNegativeTest:tearDownClass): 204 DELETE http://10.27.203.238/identity/v3/projects/8f5f6af328db444086f50a26f4d62e63 0.094s
2024-05-28 12:59:53.377 98695 INFO tempest.lib.common.dynamic_creds [-] Deleting project and security group for project: 2eed962b52a8433c9c503bd3155203e0
2024-05-28 12:59:53.388 98695 INFO tempest.lib.common.rest_client [req-1ef8b527-5dfe-43bd-8f39-5364f0d1ea9f req-1ef8b527-5dfe-43bd-8f39-5364f0d1ea9f ] Request (ShareCertRulesForGLUSTERFSNegativeTest:tearDownClass): 200 GET http://10.27.203.238:9696/networking/v2.0/security-groups?tenant_id=2eed962b52a8433c9c503bd3155203e0&name=default 0.011s
2024-05-28 12:59:53.389 98687 INFO tempest.lib.common.rest_client [req-c3b06be2-4dab-47c3-95f4-437c3f2a6d66 req-c3b06be2-4dab-47c3-95f4-437c3f2a6d66 ] Request (ShareNetworksTest:setUpClass): 201 POST http://10.27.203.238/identity/v3/users 0.085s
2024-05-28 12:59:53.414 98687 INFO tempest.lib.common.rest_client [req-87d61a42-b1c6-4e87-be10-1f02996ffefd req-87d61a42-b1c6-4e87-be10-1f02996ffefd ] Request (ShareNetworksTest:setUpClass): 200 GET http://10.27.203.238/identity/v3/roles 0.024s
2024-05-28 12:59:53.459 98687 INFO tempest.lib.common.rest_client [req-8162aaae-5fb9-4c37-96a7-313582db83b2 req-8162aaae-5fb9-4c37-96a7-313582db83b2 ] Request (ShareNetworksTest:setUpClass): 204 PUT http://10.27.203.238/identity/v3/projects/a9041f7c5fff43159545a43cdafa94d5/users/34dfe2e86b2e48f9854064756768aa07/roles/44620cad10ae407c90c91e2c296adb04 0.044s
2024-05-28 12:59:53.459 98687 INFO tempest.lib.common.dynamic_creds [-] Dynamic test user 34dfe2e86b2e48f9854064756768aa07 is created with scope project and roles: ['member']
2024-05-28 12:59:53.460 98687 INFO tempest.lib.common.dynamic_creds [-] Acquired dynamic creds: credentials: Credentials: {'domain_id': 'default', 'domain_name': 'Default', 'username': 'tempest-ShareNetworksTest-2070207761-project-member', 'project_domain_id': 'default', 'project_domain_name': 'Default', 'project_id': 'a9041f7c5fff43159545a43cdafa94d5', 'project_name': 'tempest-ShareNetworksTest-2070207761', 'tenant_id': 'a9041f7c5fff43159545a43cdafa94d5', 'tenant_name': 'tempest-ShareNetworksTest-2070207761', 'user_domain_id': 'default', 'user_domain_name': 'Default', 'user_id': '34dfe2e86b2e48f9854064756768aa07', 'system': None}, Network: None, Subnet: None, Router: None
2024-05-28 12:59:53.460 98687 INFO tempest.lib.common.dynamic_creds [-] Created isolated network resources for: credentials: Credentials: {'domain_id': 'default', 'domain_name': 'Default', 'username': 'tempest-ShareNetworksTest-2070207761-project-member', 'project_domain_id': 'default', 'project_domain_name': 'Default', 'project_id': 'a9041f7c5fff43159545a43cdafa94d5', 'project_name': 'tempest-ShareNetworksTest-2070207761', 'tenant_id': 'a9041f7c5fff43159545a43cdafa94d5', 'tenant_name': 'tempest-ShareNetworksTest-2070207761', 'user_domain_id': 'default', 'user_domain_name': 'Default', 'user_id': '34dfe2e86b2e48f9854064756768aa07', 'system': None}, Network: None, Subnet: None, Router: None
2024-05-28 12:59:53.473 98695 INFO tempest.lib.common.rest_client [req-00edd7d7-8412-4928-87b8-721c871a8ba6 req-00edd7d7-8412-4928-87b8-721c871a8ba6 ] Request (ShareCertRulesForGLUSTERFSNegativeTest:tearDownClass): 204 DELETE http://10.27.203.238/identity/v3/projects/2eed962b52a8433c9c503bd3155203e0 0.084s
2024-05-28 12:59:53.474 98695 INFO tempest.test [-] raised in ShareIpRulesForCIFSNegativeTest.setUpClass. Invoking tearDownClass.
2024-05-28 12:59:53.498 98695 INFO tempest.lib.common.rest_client [req-f4b03ca8-b04a-40be-8d57-db7617a05678 req-f4b03ca8-b04a-40be-8d57-db7617a05678 ] Request (SchedulerStatsNegativeTest:setUpClass): 201 POST http://10.27.203.238/identity/v3/auth/tokens 0.021s
2024-05-28 12:59:53.532 98687 INFO tempest.lib.common.rest_client [req-83bfd9ed-eea1-495c-a4c5-2339075f76c8 req-83bfd9ed-eea1-495c-a4c5-2339075f76c8 ] Request (ShareNetworksTest:setUpClass): 201 POST http://10.27.203.238/identity/v3/auth/tokens 0.070s
2024-05-28 12:59:53.544 98695 INFO tempest.lib.common.rest_client [req-670ee563-9a43-4a1a-b5a1-24931045e3fd req-670ee563-9a43-4a1a-b5a1-24931045e3fd ] Request (SchedulerStatsNegativeTest:setUpClass): 201 POST http://10.27.203.238/identity/v3/auth/tokens 0.043s
2024-05-28 12:59:53.567 98695 INFO tempest.lib.common.rest_client [req-e0d3c50a-7d2d-490d-ae96-1d2149390571 req-e0d3c50a-7d2d-490d-ae96-1d2149390571 ] Request (SchedulerStatsNegativeTest:setUpClass): 200 GET http://10.27.203.238/identity/v3/domains?name=Default 0.023s
2024-05-28 12:59:53.598 98687 INFO tempest.lib.common.rest_client [req-148f0780-119d-4bf9-8e35-3a021d3ebc39 req-148f0780-119d-4bf9-8e35-3a021d3ebc39 ] Request (ShareNetworksTest:setUpClass): 201 POST http://10.27.203.238/identity/v3/projects 0.065s
2024-05-28 12:59:53.605 98695 INFO tempest.lib.common.rest_client [req-b30ffffe-f237-4cf2-8952-b1a393adfb5f req-b30ffffe-f237-4cf2-8952-b1a393adfb5f ] Request (SchedulerStatsNegativeTest:setUpClass): 201 POST http://10.27.203.238/identity/v3/projects 0.037s
2024-05-28 12:59:53.668 98695 INFO tempest.lib.common.rest_client [req-a2f9af11-bd5f-488a-8fb8-f3816bf363bd req-a2f9af11-bd5f-488a-8fb8-f3816bf363bd ] Request (SchedulerStatsNegativeTest:setUpClass): 201 POST http://10.27.203.238/identity/v3/users 0.063s
2024-05-28 12:59:53.671 98687 INFO tempest.lib.common.rest_client [req-36dd41ea-3fdf-4f52-abb3-b540b5c8c73a req-36dd41ea-3fdf-4f52-abb3-b540b5c8c73a ] Request (ShareNetworksTest:setUpClass): 201 POST http://10.27.203.238/identity/v3/users 0.073s
2024-05-28 12:59:53.687 98695 INFO tempest.lib.common.rest_client [req-6ef19e1d-06e1-4a53-8097-06794eae8a82 req-6ef19e1d-06e1-4a53-8097-06794eae8a82 ] Request (SchedulerStatsNegativeTest:setUpClass): 200 GET http://10.27.203.238/identity/v3/roles 0.018s
2024-05-28 12:59:53.690 98687 INFO tempest.lib.common.rest_client [req-97fb1d90-c5db-487c-af9e-b1c893ae3622 req-97fb1d90-c5db-487c-af9e-b1c893ae3622 ] Request (ShareNetworksTest:setUpClass): 200 GET http://10.27.203.238/identity/v3/roles 0.018s
2024-05-28 12:59:53.729 98695 INFO tempest.lib.common.rest_client [req-db812c38-339c-4ef5-a85f-deeb4e305fa1 req-db812c38-339c-4ef5-a85f-deeb4e305fa1 ] Request (SchedulerStatsNegativeTest:setUpClass): 204 PUT http://10.27.203.238/identity/v3/projects/b56adc05fb6b4d5aa0d5d21be50ec8ca/users/e0d21671f9dd4388a6cf3294a49afb54/roles/44620cad10ae407c90c91e2c296adb04 0.042s
2024-05-28 12:59:53.729 98687 INFO tempest.lib.common.rest_client [req-bb383c70-1e39-4fc8-8308-6b9e1e554abb req-bb383c70-1e39-4fc8-8308-6b9e1e554abb ] Request (ShareNetworksTest:setUpClass): 204 PUT http://10.27.203.238/identity/v3/projects/9ff04f236a21441e967d489f4f05af09/users/8cd6ee6f70004de383e974cb1cd3adaf/roles/44620cad10ae407c90c91e2c296adb04 0.039s
2024-05-28 12:59:53.729 98695 INFO tempest.lib.common.dynamic_creds [-] Dynamic test user e0d21671f9dd4388a6cf3294a49afb54 is created with scope project and roles: ['member']
2024-05-28 12:59:53.730 98687 INFO tempest.lib.common.dynamic_creds [-] Dynamic test user 8cd6ee6f70004de383e974cb1cd3adaf is created with scope project and roles: ['member']
2024-05-28 12:59:53.730 98695 INFO tempest.lib.common.dynamic_creds [-] Acquired dynamic creds: credentials: Credentials: {'domain_id': 'default', 'domain_name': 'Default', 'username': 'tempest-SchedulerStatsNegativeTest-1097209255-project-member', 'project_domain_id': 'default', 'project_domain_name': 'Default', 'project_id': 'b56adc05fb6b4d5aa0d5d21be50ec8ca', 'project_name': 'tempest-SchedulerStatsNegativeTest-1097209255', 'tenant_id': 'b56adc05fb6b4d5aa0d5d21be50ec8ca', 'tenant_name': 'tempest-SchedulerStatsNegativeTest-1097209255', 'user_domain_id': 'default', 'user_domain_name': 'Default', 'user_id': 'e0d21671f9dd4388a6cf3294a49afb54', 'system': None}, Network: None, Subnet: None, Router: None
2024-05-28 12:59:53.730 98687 INFO tempest.lib.common.dynamic_creds [-] Acquired dynamic creds: credentials: Credentials: {'domain_id': 'default', 'domain_name': 'Default', 'username': 'tempest-ShareNetworksTest-1749374828-project-member', 'project_domain_id': 'default', 'project_domain_name': 'Default', 'project_id': '9ff04f236a21441e967d489f4f05af09', 'project_name': 'tempest-ShareNetworksTest-1749374828', 'tenant_id': '9ff04f236a21441e967d489f4f05af09', 'tenant_name': 'tempest-ShareNetworksTest-1749374828', 'user_domain_id': 'default', 'user_domain_name': 'Default', 'user_id': '8cd6ee6f70004de383e974cb1cd3adaf', 'system': None}, Network: None, Subnet: None, Router: None
2024-05-28 12:59:53.730 98695 INFO tempest.lib.common.dynamic_creds [-] Created isolated network resources for: credentials: Credentials: {'domain_id': 'default', 'domain_name': 'Default', 'username': 'tempest-SchedulerStatsNegativeTest-1097209255-project-member', 'project_domain_id': 'default', 'project_domain_name': 'Default', 'project_id': 'b56adc05fb6b4d5aa0d5d21be50ec8ca', 'project_name': 'tempest-SchedulerStatsNegativeTest-1097209255', 'tenant_id': 'b56adc05fb6b4d5aa0d5d21be50ec8ca', 'tenant_name': 'tempest-SchedulerStatsNegativeTest-1097209255', 'user_domain_id': 'default', 'user_domain_name': 'Default', 'user_id': 'e0d21671f9dd4388a6cf3294a49afb54', 'system': None}, Network: None, Subnet: None, Router: None
2024-05-28 12:59:53.730 98687 INFO tempest.lib.common.dynamic_creds [-] Created isolated network resources for: credentials: Credentials: {'domain_id': 'default', 'domain_name': 'Default', 'username': 'tempest-ShareNetworksTest-1749374828-project-member', 'project_domain_id': 'default', 'project_domain_name': 'Default', 'project_id': '9ff04f236a21441e967d489f4f05af09', 'project_name': 'tempest-ShareNetworksTest-1749374828', 'tenant_id': '9ff04f236a21441e967d489f4f05af09', 'tenant_name': 'tempest-ShareNetworksTest-1749374828', 'user_domain_id': 'default', 'user_domain_name': 'Default', 'user_id': '8cd6ee6f70004de383e974cb1cd3adaf', 'system': None}, Network: None, Subnet: None, Router: None
2024-05-28 12:59:53.801 98687 INFO tempest.lib.common.rest_client [req-26033a77-c9c7-453f-a8d1-84d950fafb00 req-26033a77-c9c7-453f-a8d1-84d950fafb00 ] Request (ShareNetworksTest:setUpClass): 201 POST http://10.27.203.238/identity/v3/auth/tokens 0.069s
2024-05-28 12:59:53.802 98695 INFO tempest.lib.common.rest_client [req-48fec048-db3d-4c70-8288-62edea375d91 req-48fec048-db3d-4c70-8288-62edea375d91 ] Request (SchedulerStatsNegativeTest:setUpClass): 201 POST http://10.27.203.238/identity/v3/auth/tokens 0.070s
2024-05-28 12:59:53.865 98687 INFO tempest.lib.common.rest_client [req-37ce4b07-6d50-4f12-afdd-c15f2f4f6a08 req-37ce4b07-6d50-4f12-afdd-c15f2f4f6a08 ] Request (ShareNetworksTest:setUpClass): 201 POST http://10.27.203.238/identity/v3/projects 0.063s
2024-05-28 12:59:53.874 98695 INFO tempest.lib.common.rest_client [ req-aa0b8a0c-d37d-407f-8e30-c7c3b77c7cad ] Request (SchedulerStatsNegativeTest:test_try_list_pools_detailed_with_user): 403 GET http://10.27.203.238/share/v1/b56adc05fb6b4d5aa0d5d21be50ec8ca/scheduler-stats/pools/detail 0.071s
2024-05-28 12:59:53.887 98695 INFO tempest.lib.common.rest_client [ req-48315532-a5bc-403e-9ac9-6540fbcb2b93 ] Request (SchedulerStatsNegativeTest:test_try_list_pools_with_user): 403 GET http://10.27.203.238/share/v1/b56adc05fb6b4d5aa0d5d21be50ec8ca/scheduler-stats/pools 0.010s
2024-05-28 12:59:53.923 98687 INFO tempest.lib.common.rest_client [req-f934ac7b-969a-4112-b87f-994c57092935 req-f934ac7b-969a-4112-b87f-994c57092935 ] Request (ShareNetworksTest:setUpClass): 201 POST http://10.27.203.238/identity/v3/users 0.057s
2024-05-28 12:59:53.943 98687 INFO tempest.lib.common.rest_client [req-f7989bda-c097-4ff8-b95d-3d281cb94d99 req-f7989bda-c097-4ff8-b95d-3d281cb94d99 ] Request (ShareNetworksTest:setUpClass): 200 GET http://10.27.203.238/identity/v3/roles 0.019s
2024-05-28 12:59:53.983 98687 INFO tempest.lib.common.rest_client [req-b925753d-b284-4d53-8079-712242d01dbb req-b925753d-b284-4d53-8079-712242d01dbb ] Request (ShareNetworksTest:setUpClass): 204 PUT http://10.27.203.238/identity/v3/projects/aef340a63eac420b916f1faf294d92d9/users/6b35183570c8402f817ad2fd23ea9f20/roles/e7989893488f483baa107be56668c4f8 0.039s
2024-05-28 12:59:53.995 98695 INFO tempest.lib.common.rest_client [req-1b9e1cdf-4f45-48cc-b2d1-7b1f2e06eb39 req-1b9e1cdf-4f45-48cc-b2d1-7b1f2e06eb39 ] Request (SchedulerStatsNegativeTest:tearDownClass): 204 DELETE http://10.27.203.238/identity/v3/users/e0d21671f9dd4388a6cf3294a49afb54 0.107s
2024-05-28 12:59:53.995 98695 INFO tempest.lib.common.dynamic_creds [-] Deleting project and security group for project: b56adc05fb6b4d5aa0d5d21be50ec8ca
2024-05-28 12:59:54.041 98695 INFO tempest.lib.common.rest_client [req-15195012-8948-4037-bf3c-fdaa729b4e15 req-15195012-8948-4037-bf3c-fdaa729b4e15 ] Request (SchedulerStatsNegativeTest:tearDownClass): 201 POST http://10.27.203.238/identity/v3/auth/tokens 0.046s
2024-05-28 12:59:54.055 98687 INFO tempest.lib.common.rest_client [req-7dbbc0ae-7dc2-4c59-94cf-bda23fa17e87 req-7dbbc0ae-7dc2-4c59-94cf-bda23fa17e87 ] Request (ShareNetworksTest:setUpClass): 200 GET http://10.27.203.238/identity/v3/roles 0.071s
2024-05-28 12:59:54.077 98687 INFO tempest.lib.common.rest_client [req-447c5e51-26ba-47c3-9ecf-d4531fd6caa6 req-447c5e51-26ba-47c3-9ecf-d4531fd6caa6 ] Request (ShareNetworksTest:setUpClass): 204 PUT http://10.27.203.238/identity/v3/projects/aef340a63eac420b916f1faf294d92d9/users/6b35183570c8402f817ad2fd23ea9f20/roles/e7989893488f483baa107be56668c4f8 0.022s
2024-05-28 12:59:54.077 98687 INFO tempest.lib.common.dynamic_creds [-] Dynamic test user 6b35183570c8402f817ad2fd23ea9f20 is created with scope project and roles: ['admin']
2024-05-28 12:59:54.078 98687 INFO tempest.lib.common.dynamic_creds [-] Acquired dynamic creds: credentials: Credentials: {'domain_id': 'default', 'domain_name': 'Default', 'username': 'tempest-ShareNetworksTest-972401819-project-admin', 'project_domain_id': 'default', 'project_domain_name': 'Default', 'project_id': 'aef340a63eac420b916f1faf294d92d9', 'project_name': 'tempest-ShareNetworksTest-972401819', 'tenant_id': 'aef340a63eac420b916f1faf294d92d9', 'tenant_name': 'tempest-ShareNetworksTest-972401819', 'user_domain_id': 'default', 'user_domain_name': 'Default', 'user_id': '6b35183570c8402f817ad2fd23ea9f20', 'system': None}, Network: None, Subnet: None, Router: None
2024-05-28 12:59:54.078 98687 INFO tempest.lib.common.dynamic_creds [-] Created isolated network resources for: credentials: Credentials: {'domain_id': 'default', 'domain_name': 'Default', 'username': 'tempest-ShareNetworksTest-972401819-project-admin', 'project_domain_id': 'default', 'project_domain_name': 'Default', 'project_id': 'aef340a63eac420b916f1faf294d92d9', 'project_name': 'tempest-ShareNetworksTest-972401819', 'tenant_id': 'aef340a63eac420b916f1faf294d92d9', 'tenant_name': 'tempest-ShareNetworksTest-972401819', 'user_domain_id': 'default', 'user_domain_name': 'Default', 'user_id': '6b35183570c8402f817ad2fd23ea9f20', 'system': None}, Network: None, Subnet: None, Router: None
2024-05-28 12:59:54.155 98687 INFO tempest.lib.common.rest_client [req-c5e4ba70-8ca0-4be0-a528-2c13e72561a0 req-c5e4ba70-8ca0-4be0-a528-2c13e72561a0 ] Request (ShareNetworksTest:setUpClass): 201 POST http://10.27.203.238/identity/v3/auth/tokens 0.076s
2024-05-28 12:59:54.174 98695 INFO tempest.lib.common.rest_client [req-d242f177-5c8b-4f92-8852-7ff07a1140de req-d242f177-5c8b-4f92-8852-7ff07a1140de ] Request (SchedulerStatsNegativeTest:tearDownClass): 200 GET http://10.27.203.238:9696/networking/v2.0/security-groups?tenant_id=b56adc05fb6b4d5aa0d5d21be50ec8ca&name=default 0.132s
2024-05-28 12:59:54.182 98687 INFO tempest.lib.common.rest_client [req-743f5896-fe8d-48c5-94d9-d629a91dd588 req-743f5896-fe8d-48c5-94d9-d629a91dd588 ] Request (ShareNetworksTest:setUpClass): 200 GET http://10.27.203.238/identity/v3/domains?name=Default 0.024s
2024-05-28 12:59:54.216 98687 INFO tempest.lib.common.rest_client [req-034546f4-3f76-4cd0-b40c-184b8039a7f8 req-034546f4-3f76-4cd0-b40c-184b8039a7f8 ] Request (ShareNetworksTest:setUpClass): 201 POST http://10.27.203.238/identity/v3/users 0.033s
2024-05-28 12:59:54.238 98687 INFO tempest.lib.common.rest_client [req-4a5f6099-d54c-4838-aadc-c33c94c36d25 req-4a5f6099-d54c-4838-aadc-c33c94c36d25 ] Request (ShareNetworksTest:setUpClass): 200 GET http://10.27.203.238/identity/v3/roles 0.021s
2024-05-28 12:59:54.269 98695 INFO tempest.lib.common.rest_client [req-f8a1070f-52d4-4070-b913-b8b613c3fd5a req-f8a1070f-52d4-4070-b913-b8b613c3fd5a ] Request (SchedulerStatsNegativeTest:tearDownClass): 204 DELETE http://10.27.203.238/identity/v3/projects/b56adc05fb6b4d5aa0d5d21be50ec8ca 0.093s
2024-05-28 12:59:54.270 98695 INFO tempest.test [-] raised in ShareGroupActionsTest.setUpClass. Invoking tearDownClass.
2024-05-28 12:59:54.272 98695 INFO tempest.test [-] raised in ShareGroupsTest.setUpClass. Invoking tearDownClass.
2024-05-28 12:59:54.301 98695 INFO tempest.lib.common.rest_client [req-9c4c69dc-eb3c-4093-b13b-4f0bcb02d644 req-9c4c69dc-eb3c-4093-b13b-4f0bcb02d644 ] Request (ShareTransferNegativeTest:setUpClass): 201 POST http://10.27.203.238/identity/v3/auth/tokens 0.025s
2024-05-28 12:59:54.320 98687 INFO tempest.lib.common.rest_client [req-3a144c79-894e-4756-ab9b-066388e0b194 req-3a144c79-894e-4756-ab9b-066388e0b194 ] Request (ShareNetworksTest:setUpClass): 204 PUT http://10.27.203.238/identity/v3/projects/aef340a63eac420b916f1faf294d92d9/users/a78a8004069a4253a6b38f609ac636bd/roles/44620cad10ae407c90c91e2c296adb04 0.081s
2024-05-28 12:59:54.355 98695 INFO tempest.lib.common.rest_client [req-37d7c111-83be-448e-9278-7b6ff4054ea3 req-37d7c111-83be-448e-9278-7b6ff4054ea3 ] Request (ShareTransferNegativeTest:setUpClass): 201 POST http://10.27.203.238/identity/v3/auth/tokens 0.046s
2024-05-28 12:59:54.378 98695 INFO tempest.lib.common.rest_client [req-be5470b5-c335-442d-b43e-c7b4a5284faa req-be5470b5-c335-442d-b43e-c7b4a5284faa ] Request (ShareTransferNegativeTest:setUpClass): 200 GET http://10.27.203.238/identity/v3/domains?name=Default 0.023s
2024-05-28 12:59:54.415 98695 INFO tempest.lib.common.rest_client [req-92f80e1a-0fdd-4c34-9b02-38b0d9030f29 req-92f80e1a-0fdd-4c34-9b02-38b0d9030f29 ] Request (ShareTransferNegativeTest:setUpClass): 201 POST http://10.27.203.238/identity/v3/projects 0.036s
2024-05-28 12:59:54.452 98687 INFO tempest.lib.common.rest_client [ req-28f1498e-70d9-423d-8c8b-a962ff2dfc10 ] Request (ShareNetworksTest:setUpClass): 200 POST http://10.27.203.238/share/v2/aef340a63eac420b916f1faf294d92d9/types 0.130s
2024-05-28 12:59:54.473 98695 INFO tempest.lib.common.rest_client [req-5fee805a-860d-4afe-88f5-27600f2087d1 req-5fee805a-860d-4afe-88f5-27600f2087d1 ] Request (ShareTransferNegativeTest:setUpClass): 201 POST http://10.27.203.238/identity/v3/users 0.057s
2024-05-28 12:59:54.490 98695 INFO tempest.lib.common.rest_client [req-4a501192-35ad-4c84-aed5-e91dd0da269f req-4a501192-35ad-4c84-aed5-e91dd0da269f ] Request (ShareTransferNegativeTest:setUpClass): 200 GET http://10.27.203.238/identity/v3/roles 0.017s
2024-05-28 12:59:54.528 98695 INFO tempest.lib.common.rest_client [req-a278a3bc-f2cd-4fa7-a946-eda420d0ced1 req-a278a3bc-f2cd-4fa7-a946-eda420d0ced1 ] Request (ShareTransferNegativeTest:setUpClass): 204 PUT http://10.27.203.238/identity/v3/projects/cac556dc39a14bbdbdbabfc80672fb1f/users/692b6e726f024058993a2054338212cc/roles/44620cad10ae407c90c91e2c296adb04 0.037s
2024-05-28 12:59:54.529 98695 INFO tempest.lib.common.dynamic_creds [-] Dynamic test user 692b6e726f024058993a2054338212cc is created with scope project and roles: ['member']
2024-05-28 12:59:54.529 98695 INFO tempest.lib.common.dynamic_creds [-] Acquired dynamic creds: credentials: Credentials: {'domain_id': 'default', 'domain_name': 'Default', 'username': 'tempest-ShareTransferNegativeTest-884271560-project-member', 'project_domain_id': 'default', 'project_domain_name': 'Default', 'project_id': 'cac556dc39a14bbdbdbabfc80672fb1f', 'project_name': 'tempest-ShareTransferNegativeTest-884271560', 'tenant_id': 'cac556dc39a14bbdbdbabfc80672fb1f', 'tenant_name': 'tempest-ShareTransferNegativeTest-884271560', 'user_domain_id': 'default', 'user_domain_name': 'Default', 'user_id': '692b6e726f024058993a2054338212cc', 'system': None}, Network: None, Subnet: None, Router: None
2024-05-28 12:59:54.529 98695 INFO tempest.lib.common.dynamic_creds [-] Created isolated network resources for: credentials: Credentials: {'domain_id': 'default', 'domain_name': 'Default', 'username': 'tempest-ShareTransferNegativeTest-884271560-project-member', 'project_domain_id': 'default', 'project_domain_name': 'Default', 'project_id': 'cac556dc39a14bbdbdbabfc80672fb1f', 'project_name': 'tempest-ShareTransferNegativeTest-884271560', 'tenant_id': 'cac556dc39a14bbdbdbabfc80672fb1f', 'tenant_name': 'tempest-ShareTransferNegativeTest-884271560', 'user_domain_id': 'default', 'user_domain_name': 'Default', 'user_id': '692b6e726f024058993a2054338212cc', 'system': None}, Network: None, Subnet: None, Router: None
2024-05-28 12:59:54.583 98687 INFO tempest.lib.common.rest_client [ req-03133b3d-5f6e-4a5b-a822-a251d3076fce ] Request (ShareNetworksTest:setUpClass): 200 POST http://10.27.203.238/share/v1/a9041f7c5fff43159545a43cdafa94d5/security-services 0.129s
2024-05-28 12:59:54.604 98695 INFO tempest.lib.common.rest_client [req-cf52434c-35f8-447f-83ae-ad3fe4b41cd4 req-cf52434c-35f8-447f-83ae-ad3fe4b41cd4 ] Request (ShareTransferNegativeTest:setUpClass): 201 POST http://10.27.203.238/identity/v3/auth/tokens 0.073s
2024-05-28 12:59:54.669 98695 INFO tempest.lib.common.rest_client [req-ff3310ac-bc6f-4ca5-bfc7-368ec120344f req-ff3310ac-bc6f-4ca5-bfc7-368ec120344f ] Request (ShareTransferNegativeTest:setUpClass): 201 POST http://10.27.203.238/identity/v3/projects 0.065s
2024-05-28 12:59:54.697 98687 INFO tempest.lib.common.rest_client [ req-dd06ff88-c688-40e6-ae63-fc6e914bc1c4 ] Request (ShareNetworksTest:setUpClass): 200 POST http://10.27.203.238/share/v1/a9041f7c5fff43159545a43cdafa94d5/share-networks 0.114s
2024-05-28 12:59:54.731 98695 INFO tempest.lib.common.rest_client [req-124d7ac0-3dc7-4bb6-a313-4aef6f9f6046 req-124d7ac0-3dc7-4bb6-a313-4aef6f9f6046 ] Request (ShareTransferNegativeTest:setUpClass): 201 POST http://10.27.203.238/identity/v3/users 0.061s
2024-05-28 12:59:54.752 98695 INFO tempest.lib.common.rest_client [req-535d8764-aee4-4461-84af-eb5fb9ba1da1 req-535d8764-aee4-4461-84af-eb5fb9ba1da1 ] Request (ShareTransferNegativeTest:setUpClass): 200 GET http://10.27.203.238/identity/v3/roles 0.020s
2024-05-28 12:59:54.761 98687 INFO tempest.lib.common.rest_client [ req-22d88189-5ac2-4a7c-905a-726c6f0834e1 ] Request (ShareNetworksTest:setUpClass): 200 POST http://10.27.203.238/share/v1/a9041f7c5fff43159545a43cdafa94d5/share-networks/ecf94647-1e2c-413b-8980-9c32c6fec7ca/action 0.064s
2024-05-28 12:59:54.778 98687 INFO tempest.lib.common.rest_client [ req-08293c76-f708-44c2-b454-fcbc744430ff ] Request (ShareNetworksTest:setUpClass): 200 POST http://10.27.203.238/share/v1/a9041f7c5fff43159545a43cdafa94d5/security-services 0.016s
2024-05-28 12:59:54.790 98695 INFO tempest.lib.common.rest_client [req-fe967348-1f63-4e30-8435-3694db74ab24 req-fe967348-1f63-4e30-8435-3694db74ab24 ] Request (ShareTransferNegativeTest:setUpClass): 204 PUT http://10.27.203.238/identity/v3/projects/c7a348e5c74641978595dc43c2dcb08a/users/f5d442b2e2004e5c81ae90b7692a94ad/roles/44620cad10ae407c90c91e2c296adb04 0.038s
2024-05-28 12:59:54.791 98695 INFO tempest.lib.common.dynamic_creds [-] Dynamic test user f5d442b2e2004e5c81ae90b7692a94ad is created with scope project and roles: ['member']
2024-05-28 12:59:54.791 98695 INFO tempest.lib.common.dynamic_creds [-] Acquired dynamic creds: credentials: Credentials: {'domain_id': 'default', 'domain_name': 'Default', 'username': 'tempest-ShareTransferNegativeTest-1518106491-project-member', 'project_domain_id': 'default', 'project_domain_name': 'Default', 'project_id': 'c7a348e5c74641978595dc43c2dcb08a', 'project_name': 'tempest-ShareTransferNegativeTest-1518106491', 'tenant_id': 'c7a348e5c74641978595dc43c2dcb08a', 'tenant_name': 'tempest-ShareTransferNegativeTest-1518106491', 'user_domain_id': 'default', 'user_domain_name': 'Default', 'user_id': 'f5d442b2e2004e5c81ae90b7692a94ad', 'system': None}, Network: None, Subnet: None, Router: None
2024-05-28 12:59:54.791 98695 INFO tempest.lib.common.dynamic_creds [-] Created isolated network resources for: credentials: Credentials: {'domain_id': 'default', 'domain_name': 'Default', 'username': 'tempest-ShareTransferNegativeTest-1518106491-project-member', 'project_domain_id': 'default', 'project_domain_name': 'Default', 'project_id': 'c7a348e5c74641978595dc43c2dcb08a', 'project_name': 'tempest-ShareTransferNegativeTest-1518106491', 'tenant_id': 'c7a348e5c74641978595dc43c2dcb08a', 'tenant_name': 'tempest-ShareTransferNegativeTest-1518106491', 'user_domain_id': 'default', 'user_domain_name': 'Default', 'user_id': 'f5d442b2e2004e5c81ae90b7692a94ad', 'system': None}, Network: None, Subnet: None, Router: None
2024-05-28 12:59:54.870 98695 INFO tempest.lib.common.rest_client [req-01fe52fe-64e9-4564-ba67-8b6221547083 req-01fe52fe-64e9-4564-ba67-8b6221547083 ] Request (ShareTransferNegativeTest:setUpClass): 201 POST http://10.27.203.238/identity/v3/auth/tokens 0.078s
2024-05-28 12:59:54.900 98687 INFO tempest.lib.common.rest_client [ req-cd644700-d822-4985-9698-48861588b036 ] Request (ShareNetworksTest:setUpClass): 200 POST http://10.27.203.238/share/v1/a9041f7c5fff43159545a43cdafa94d5/share-networks 0.121s
2024-05-28 12:59:54.931 98695 INFO tempest.lib.common.rest_client [req-c17efa34-2cbc-42b4-a936-93ddae19d545 req-c17efa34-2cbc-42b4-a936-93ddae19d545 ] Request (ShareTransferNegativeTest:setUpClass): 201 POST http://10.27.203.238/identity/v3/projects 0.060s
2024-05-28 12:59:54.964 98687 INFO tempest.lib.common.rest_client [ req-b965c0c5-edc5-4f61-b8dd-eba90d06c58b ] Request (ShareNetworksTest:setUpClass): 200 POST http://10.27.203.238/share/v1/a9041f7c5fff43159545a43cdafa94d5/share-networks/dde9e748-fa6a-4e84-afda-0136bb8aade5/action 0.064s
2024-05-28 12:59:54.998 98695 INFO tempest.lib.common.rest_client [req-fc34ac75-1582-41bb-992f-6d13572715f7 req-fc34ac75-1582-41bb-992f-6d13572715f7 ] Request (ShareTransferNegativeTest:setUpClass): 201 POST http://10.27.203.238/identity/v3/users 0.066s
2024-05-28 12:59:55.018 98695 INFO tempest.lib.common.rest_client [req-def21000-7b37-48d7-983d-fae5cb5fc389 req-def21000-7b37-48d7-983d-fae5cb5fc389 ] Request (ShareTransferNegativeTest:setUpClass): 200 GET http://10.27.203.238/identity/v3/roles 0.019s
2024-05-28 12:59:55.058 98695 INFO tempest.lib.common.rest_client [req-f62b873e-4020-47ca-b6b4-f0db15c077b2 req-f62b873e-4020-47ca-b6b4-f0db15c077b2 ] Request (ShareTransferNegativeTest:setUpClass): 204 PUT http://10.27.203.238/identity/v3/projects/b26e2f4af8614f3ea1f0aba07abd852c/users/16f4189b208748b8aa156ef28ced43cc/roles/e7989893488f483baa107be56668c4f8 0.039s
2024-05-28 12:59:55.078 98687 INFO tempest.lib.common.rest_client [ req-66351fa8-e36f-4f0c-8d55-f00f1d8722c7 ] Request (ShareNetworksTest:test_create_delete_share_network): 200 POST http://10.27.203.238/share/v1/a9041f7c5fff43159545a43cdafa94d5/share-networks 0.113s
2024-05-28 12:59:55.099 98695 INFO tempest.lib.common.rest_client [req-fbed6cd0-3be2-4d73-ad60-c874dc9c5b77 req-fbed6cd0-3be2-4d73-ad60-c874dc9c5b77 ] Request (ShareTransferNegativeTest:setUpClass): 200 GET http://10.27.203.238/identity/v3/roles 0.041s
2024-05-28 12:59:55.121 98695 INFO tempest.lib.common.rest_client [req-b77c0a5f-1d77-4854-ad74-102ea28c46bd req-b77c0a5f-1d77-4854-ad74-102ea28c46bd ] Request (ShareTransferNegativeTest:setUpClass): 204 PUT http://10.27.203.238/identity/v3/projects/b26e2f4af8614f3ea1f0aba07abd852c/users/16f4189b208748b8aa156ef28ced43cc/roles/e7989893488f483baa107be56668c4f8 0.021s
2024-05-28 12:59:55.121 98695 INFO tempest.lib.common.dynamic_creds [-] Dynamic test user 16f4189b208748b8aa156ef28ced43cc is created with scope project and roles: ['admin']
2024-05-28 12:59:55.121 98695 INFO tempest.lib.common.dynamic_creds [-] Acquired dynamic creds: credentials: Credentials: {'domain_id': 'default', 'domain_name': 'Default', 'username': 'tempest-ShareTransferNegativeTest-1910579163-project-admin', 'project_domain_id': 'default', 'project_domain_name': 'Default', 'project_id': 'b26e2f4af8614f3ea1f0aba07abd852c', 'project_name': 'tempest-ShareTransferNegativeTest-1910579163', 'tenant_id': 'b26e2f4af8614f3ea1f0aba07abd852c', 'tenant_name': 'tempest-ShareTransferNegativeTest-1910579163', 'user_domain_id': 'default', 'user_domain_name': 'Default', 'user_id': '16f4189b208748b8aa156ef28ced43cc', 'system': None}, Network: None, Subnet: None, Router: None
2024-05-28 12:59:55.122 98695 INFO tempest.lib.common.dynamic_creds [-] Created isolated network resources for: credentials: Credentials: {'domain_id': 'default', 'domain_name': 'Default', 'username': 'tempest-ShareTransferNegativeTest-1910579163-project-admin', 'project_domain_id': 'default', 'project_domain_name': 'Default', 'project_id': 'b26e2f4af8614f3ea1f0aba07abd852c', 'project_name': 'tempest-ShareTransferNegativeTest-1910579163', 'tenant_id': 'b26e2f4af8614f3ea1f0aba07abd852c', 'tenant_name': 'tempest-ShareTransferNegativeTest-1910579163', 'user_domain_id': 'default', 'user_domain_name': 'Default', 'user_id': '16f4189b208748b8aa156ef28ced43cc', 'system': None}, Network: None, Subnet: None, Router: None
2024-05-28 12:59:55.207 98695 INFO tempest.lib.common.rest_client [req-07ca7f6c-21b0-4605-8ea1-ccc57e081883 req-07ca7f6c-21b0-4605-8ea1-ccc57e081883 ] Request (ShareTransferNegativeTest:setUpClass): 201 POST http://10.27.203.238/identity/v3/auth/tokens 0.084s
2024-05-28 12:59:55.234 98695 INFO tempest.lib.common.rest_client [req-c640177f-2b07-4839-a5e8-5a5e2ca5367d req-c640177f-2b07-4839-a5e8-5a5e2ca5367d ] Request (ShareTransferNegativeTest:setUpClass): 200 GET http://10.27.203.238/identity/v3/domains?name=Default 0.025s
2024-05-28 12:59:55.237 98687 INFO tempest.lib.common.rest_client [ req-ab61a452-b107-4b85-bf46-e183d3eea419 ] Request (ShareNetworksTest:test_create_delete_share_network): 202 DELETE http://10.27.203.238/share/v1/a9041f7c5fff43159545a43cdafa94d5/share-networks/e1903f19-263c-498c-aed8-ed107429d85b 0.158s
2024-05-28 12:59:55.257 98687 INFO tempest.lib.common.rest_client [ req-f29b9402-9273-451f-9e42-c55cc2eab8ab ] Request (ShareNetworksTest:_run_cleanups): 403 DELETE http://10.27.203.238/share/v1/a9041f7c5fff43159545a43cdafa94d5/security-services/65dd6a86-1f95-4274-8d5e-cfa0789bae7c 0.020s
2024-05-28 12:59:55.258 98687 ERROR manila_tempest_tests.tests.api.base [-] Suppressed cleanup error in Manila: Traceback (most recent call last): File "/opt/stack/manila-tempest-plugin/manila_tempest_tests/tests/api/base.py", line 927, in clear_resources client.delete_security_service(res_id)
File "/opt/stack/manila-tempest-plugin/manila_tempest_tests/services/share/json/shares_client.py", line 500, in delete_security_service resp, body = self.delete("security-services/%s" % ss_id)
File "/opt/stack/tempest/tempest/lib/common/rest_client.py", line 357, in delete return self.request('DELETE', url, extra_headers, headers, body)
File "/opt/stack/tempest/tempest/lib/common/rest_client.py", line 760, in request self._error_checker(resp, resp_body)
File "/opt/stack/tempest/tempest/lib/common/rest_client.py", line 865, in _error_checker raise exceptions.Forbidden(resp_body, resp=resp) tempest.lib.exceptions.Forbidden: Forbidden Details: {'code': 403, 'message': 'Cannot delete security service. It is assigned to share network(s)'} : tempest.lib.exceptions.Forbidden: Forbidden
2024-05-28 12:59:55.282 98687 INFO tempest.lib.common.rest_client [ req-2e476f97-ae2d-4aac-85ab-a8bb8976c7b9 ] Request (ShareNetworksTest:_run_cleanups): 403 DELETE http://10.27.203.238/share/v1/a9041f7c5fff43159545a43cdafa94d5/security-services/1af2637a-3277-46ef-891d-1759eb92c188 0.023s
2024-05-28 12:59:55.282 98687 ERROR manila_tempest_tests.tests.api.base [-] Suppressed cleanup error in Manila: Traceback (most recent call last): File "/opt/stack/manila-tempest-plugin/manila_tempest_tests/tests/api/base.py", line 927, in clear_resources client.delete_security_service(res_id)
File "/opt/stack/manila-tempest-plugin/manila_tempest_tests/services/share/json/shares_client.py", line 500, in delete_security_service resp, body = self.delete("security-services/%s" % ss_id)
File "/opt/stack/tempest/tempest/lib/common/rest_client.py", line 357, in delete return self.request('DELETE', url, extra_headers, headers, body)
File "/opt/stack/tempest/tempest/lib/common/rest_client.py", line 760, in request self._error_checker(resp, resp_body)
File "/opt/stack/tempest/tempest/lib/common/rest_client.py", line 865, in _error_checker raise exceptions.Forbidden(resp_body, resp=resp) tempest.lib.exceptions.Forbidden: Forbidden Details: {'code': 403, 'message': 'Cannot delete security service. It is assigned to share network(s)'} : tempest.lib.exceptions.Forbidden: Forbidden
2024-05-28 12:59:55.282 98695 INFO tempest.lib.common.rest_client [req-7d584444-9201-4410-ac87-742b3a0db922 req-7d584444-9201-4410-ac87-742b3a0db922 ] Request (ShareTransferNegativeTest:setUpClass): 201 POST http://10.27.203.238/identity/v3/users 0.048s
2024-05-28 12:59:55.302 98695 INFO tempest.lib.common.rest_client [req-4a93bfd1-2c86-4435-ad34-3e7afddd144e req-4a93bfd1-2c86-4435-ad34-3e7afddd144e ] Request (ShareTransferNegativeTest:setUpClass): 200 GET http://10.27.203.238/identity/v3/roles 0.019s
2024-05-28 12:59:55.353 98695 INFO tempest.lib.common.rest_client [req-12ad9403-18fe-4dd9-9c96-48c019ebbb86 req-12ad9403-18fe-4dd9-9c96-48c019ebbb86 ] Request (ShareTransferNegativeTest:setUpClass): 204 PUT http://10.27.203.238/identity/v3/projects/b26e2f4af8614f3ea1f0aba07abd852c/users/b31873af346a4deca6e4f761309cbf30/roles/44620cad10ae407c90c91e2c296adb04 0.050s
2024-05-28 12:59:55.416 98687 INFO tempest.lib.common.rest_client [ req-45588879-0fcd-4fb9-bed9-74e3960854fc ] Request (ShareNetworksTest:test_create_two_share_networks_with_same_net_and_subnet): 200 POST http://10.27.203.238/share/v1/a9041f7c5fff43159545a43cdafa94d5/share-networks 0.132s
2024-05-28 12:59:55.518 98695 INFO tempest.lib.common.rest_client [ req-7c28e6f2-9499-4122-a055-5c30037b46c5 ] Request (ShareTransferNegativeTest:setUpClass): 200 POST http://10.27.203.238/share/v2/b26e2f4af8614f3ea1f0aba07abd852c/types 0.163s
2024-05-28 12:59:55.529 98687 INFO tempest.lib.common.rest_client [ req-14e13274-d370-4930-a815-db64502159e9 ] Request (ShareNetworksTest:test_create_two_share_networks_with_same_net_and_subnet): 200 POST http://10.27.203.238/share/v1/a9041f7c5fff43159545a43cdafa94d5/share-networks 0.113s
