File "/opt/stack/manila-tempest-plugin/manila_tempest_tests/services/share/v2/json/shares_client.py", line 85, in delete resp, body = super(SharesV2Client, self).delete(url, headers=headers,
File "/opt/stack/tempest/tempest/lib/common/rest_client.py", line 357, in delete return self.request('DELETE', url, extra_headers, headers, body)
File "/opt/stack/tempest/tempest/lib/common/rest_client.py", line 760, in request self._error_checker(resp, resp_body)
File "/opt/stack/tempest/tempest/lib/common/rest_client.py", line 870, in _error_checker raise exceptions.NotFound(resp_body, resp=resp) tempest.lib.exceptions.NotFound: Object not found Details: {'code': 404, 'message': 'The resource could not be found.'} : tempest.lib.exceptions.NotFound: Object not found
2024-05-28 13:02:03.494 98693 INFO tempest.lib.common.rest_client [ req-1eeeb039-c903-4bf4-89ea-4f96469db310 ] Request (ShareTransferTest:tearDownClass): 202 DELETE http://10.27.203.238/share/v2/d1537648c20c411f91d5a0afa8167810/types/a09b56f4-f387-46cd-bf2b-e2ebf52c35df 0.071s
2024-05-28 13:02:03.507 98693 INFO tempest.lib.common.rest_client [ req-6b72f2c5-b992-4c9a-bcef-98b3f52a4684 ] Request (ShareTransferTest:tearDownClass): 404 GET http://10.27.203.238/share/v2/d1537648c20c411f91d5a0afa8167810/types/a09b56f4-f387-46cd-bf2b-e2ebf52c35df 0.012s
2024-05-28 13:02:03.667 98693 INFO tempest.lib.common.rest_client [req-54ea89d2-020b-4102-aef7-4b262fece7be req-54ea89d2-020b-4102-aef7-4b262fece7be ] Request (ShareTransferTest:tearDownClass): 204 DELETE http://10.27.203.238/identity/v3/users/ed7d4361167043f38be1e05c82d83f1c 0.159s
2024-05-28 13:02:03.792 98693 INFO tempest.lib.common.rest_client [req-5978bd88-b577-4048-bbcc-80e3b23f7eb8 req-5978bd88-b577-4048-bbcc-80e3b23f7eb8 ] Request (ShareTransferTest:tearDownClass): 204 DELETE http://10.27.203.238/identity/v3/users/c63c17000aaa4286bcf00a2e6c714c55 0.125s
2024-05-28 13:02:03.909 98693 INFO tempest.lib.common.rest_client [req-62000426-39cd-4674-a4e1-5ccd6208efef req-62000426-39cd-4674-a4e1-5ccd6208efef ] Request (ShareTransferTest:tearDownClass): 204 DELETE http://10.27.203.238/identity/v3/users/18e2f070539c4a5b976f7acfade6058d 0.116s
2024-05-28 13:02:03.909 98693 INFO tempest.lib.common.dynamic_creds [-] Deleting project and security group for project: d1537648c20c411f91d5a0afa8167810
2024-05-28 13:02:03.953 98693 INFO tempest.lib.common.rest_client [req-77e22df0-5b6b-429c-ba48-26998b5ef340 req-77e22df0-5b6b-429c-ba48-26998b5ef340 ] Request (ShareTransferTest:tearDownClass): 201 POST http://10.27.203.238/identity/v3/auth/tokens 0.044s
2024-05-28 13:02:04.030 98693 INFO tempest.lib.common.rest_client [req-0b5c193d-7bda-4809-a02a-9fac0b0d5079 req-0b5c193d-7bda-4809-a02a-9fac0b0d5079 ] Request (ShareTransferTest:tearDownClass): 200 GET http://10.27.203.238:9696/networking/v2.0/security-groups?tenant_id=d1537648c20c411f91d5a0afa8167810&name=default 0.076s
2024-05-28 13:02:04.128 98693 INFO tempest.lib.common.rest_client [req-251d0bf2-64a9-4465-88c6-ec6e52f7e016 req-251d0bf2-64a9-4465-88c6-ec6e52f7e016 ] Request (ShareTransferTest:tearDownClass): 204 DELETE http://10.27.203.238/identity/v3/projects/d1537648c20c411f91d5a0afa8167810 0.098s
2024-05-28 13:02:04.129 98693 INFO tempest.lib.common.dynamic_creds [-] Deleting project and security group for project: 6570d95ff9704ae6a746d0fdc1bcfded
2024-05-28 13:02:04.140 98693 INFO tempest.lib.common.rest_client [req-d931ed16-9a31-49b2-8245-cfd6c9181e8c req-d931ed16-9a31-49b2-8245-cfd6c9181e8c ] Request (ShareTransferTest:tearDownClass): 200 GET http://10.27.203.238:9696/networking/v2.0/security-groups?tenant_id=6570d95ff9704ae6a746d0fdc1bcfded&name=default 0.011s
2024-05-28 13:02:04.275 98693 INFO tempest.lib.common.rest_client [req-b5979bf0-07ef-48a5-b6f4-b52879613f07 req-b5979bf0-07ef-48a5-b6f4-b52879613f07 ] Request (ShareTransferTest:tearDownClass): 204 DELETE http://10.27.203.238/identity/v3/projects/6570d95ff9704ae6a746d0fdc1bcfded 0.134s
2024-05-28 13:02:04.275 98693 INFO tempest.lib.common.dynamic_creds [-] Deleting project and security group for project: bece16f41fc44d55bf7bc45c2adaaed5
2024-05-28 13:02:04.286 98693 INFO tempest.lib.common.rest_client [req-fe15ddce-5dc4-4e3a-b7de-2b047828eea3 req-fe15ddce-5dc4-4e3a-b7de-2b047828eea3 ] Request (ShareTransferTest:tearDownClass): 200 GET http://10.27.203.238:9696/networking/v2.0/security-groups?tenant_id=bece16f41fc44d55bf7bc45c2adaaed5&name=default 0.010s
2024-05-28 13:02:04.437 98693 INFO tempest.lib.common.rest_client [req-cac74de9-f8a5-4b86-99f4-e8d2dabebb98 req-cac74de9-f8a5-4b86-99f4-e8d2dabebb98 ] Request (ShareTransferTest:tearDownClass): 204 DELETE http://10.27.203.238/identity/v3/projects/bece16f41fc44d55bf7bc45c2adaaed5 0.151s
2024-05-28 13:02:04.460 98693 INFO tempest.lib.common.rest_client [req-a9c77bbc-0de2-4a5b-bc72-65f2f9253933 req-a9c77bbc-0de2-4a5b-bc72-65f2f9253933 ] Request (SharesAPIOnlyNegativeTest:setUpClass): 201 POST http://10.27.203.238/identity/v3/auth/tokens 0.021s
2024-05-28 13:02:04.508 98693 INFO tempest.lib.common.rest_client [req-87e4efc8-e530-4dd5-9103-ffb3e6aa6c6f req-87e4efc8-e530-4dd5-9103-ffb3e6aa6c6f ] Request (SharesAPIOnlyNegativeTest:setUpClass): 201 POST http://10.27.203.238/identity/v3/auth/tokens 0.044s
2024-05-28 13:02:04.533 98693 INFO tempest.lib.common.rest_client [req-cd191319-febc-4746-9f64-20bc0545a378 req-cd191319-febc-4746-9f64-20bc0545a378 ] Request (SharesAPIOnlyNegativeTest:setUpClass): 200 GET http://10.27.203.238/identity/v3/domains?name=Default 0.025s
2024-05-28 13:02:04.577 98693 INFO tempest.lib.common.rest_client [req-485898d0-80b6-4b00-95e6-6545ef2e6dbd req-485898d0-80b6-4b00-95e6-6545ef2e6dbd ] Request (SharesAPIOnlyNegativeTest:setUpClass): 201 POST http://10.27.203.238/identity/v3/projects 0.043s
2024-05-28 13:02:04.632 98693 INFO tempest.lib.common.rest_client [req-74949bf1-63eb-4ee5-b2ac-f0ea50a37fcc req-74949bf1-63eb-4ee5-b2ac-f0ea50a37fcc ] Request (SharesAPIOnlyNegativeTest:setUpClass): 201 POST http://10.27.203.238/identity/v3/users 0.055s
2024-05-28 13:02:04.653 98693 INFO tempest.lib.common.rest_client [req-0f47a0bc-7e3f-4a5b-b32b-ddcd0d2fa3cf req-0f47a0bc-7e3f-4a5b-b32b-ddcd0d2fa3cf ] Request (SharesAPIOnlyNegativeTest:setUpClass): 200 GET http://10.27.203.238/identity/v3/roles 0.020s
2024-05-28 13:02:04.701 98693 INFO tempest.lib.common.rest_client [req-aeae4b0a-3fd5-4134-a87d-2442540e53b2 req-aeae4b0a-3fd5-4134-a87d-2442540e53b2 ] Request (SharesAPIOnlyNegativeTest:setUpClass): 204 PUT http://10.27.203.238/identity/v3/projects/e0a7371d578542ecbb1cfaa96bd52e2d/users/cb7b1fac48f54f4c8c2b7997d17766e5/roles/44620cad10ae407c90c91e2c296adb04 0.047s
2024-05-28 13:02:04.701 98693 INFO tempest.lib.common.dynamic_creds [-] Dynamic test user cb7b1fac48f54f4c8c2b7997d17766e5 is created with scope project and roles: ['member']
2024-05-28 13:02:04.701 98693 INFO tempest.lib.common.dynamic_creds [-] Acquired dynamic creds: credentials: Credentials: {'domain_id': 'default', 'domain_name': 'Default', 'username': 'tempest-SharesAPIOnlyNegativeTest-1940122175-project-member', 'project_domain_id': 'default', 'project_domain_name': 'Default', 'project_id': 'e0a7371d578542ecbb1cfaa96bd52e2d', 'project_name': 'tempest-SharesAPIOnlyNegativeTest-1940122175', 'tenant_id': 'e0a7371d578542ecbb1cfaa96bd52e2d', 'tenant_name': 'tempest-SharesAPIOnlyNegativeTest-1940122175', 'user_domain_id': 'default', 'user_domain_name': 'Default', 'user_id': 'cb7b1fac48f54f4c8c2b7997d17766e5', 'system': None}, Network: None, Subnet: None, Router: None
2024-05-28 13:02:04.701 98693 INFO tempest.lib.common.dynamic_creds [-] Created isolated network resources for: credentials: Credentials: {'domain_id': 'default', 'domain_name': 'Default', 'username': 'tempest-SharesAPIOnlyNegativeTest-1940122175-project-member', 'project_domain_id': 'default', 'project_domain_name': 'Default', 'project_id': 'e0a7371d578542ecbb1cfaa96bd52e2d', 'project_name': 'tempest-SharesAPIOnlyNegativeTest-1940122175', 'tenant_id': 'e0a7371d578542ecbb1cfaa96bd52e2d', 'tenant_name': 'tempest-SharesAPIOnlyNegativeTest-1940122175', 'user_domain_id': 'default', 'user_domain_name': 'Default', 'user_id': 'cb7b1fac48f54f4c8c2b7997d17766e5', 'system': None}, Network: None, Subnet: None, Router: None
2024-05-28 13:02:04.777 98693 INFO tempest.lib.common.rest_client [req-cbea97c5-b4b0-488a-a0e1-cc591b7799d4 req-cbea97c5-b4b0-488a-a0e1-cc591b7799d4 ] Request (SharesAPIOnlyNegativeTest:setUpClass): 201 POST http://10.27.203.238/identity/v3/auth/tokens 0.074s
2024-05-28 13:02:04.849 98693 INFO tempest.lib.common.rest_client [req-ec555113-166a-477f-b247-cb8141e1e7eb req-ec555113-166a-477f-b247-cb8141e1e7eb ] Request (SharesAPIOnlyNegativeTest:setUpClass): 201 POST http://10.27.203.238/identity/v3/projects 0.071s
2024-05-28 13:02:04.907 98693 INFO tempest.lib.common.rest_client [req-89379839-95eb-41dc-adf5-a906c7e0af29 req-89379839-95eb-41dc-adf5-a906c7e0af29 ] Request (SharesAPIOnlyNegativeTest:setUpClass): 201 POST http://10.27.203.238/identity/v3/users 0.057s
2024-05-28 13:02:04.928 98693 INFO tempest.lib.common.rest_client [req-27db9651-2731-4334-8fb3-c4228e4b6195 req-27db9651-2731-4334-8fb3-c4228e4b6195 ] Request (SharesAPIOnlyNegativeTest:setUpClass): 200 GET http://10.27.203.238/identity/v3/roles 0.020s
2024-05-28 13:02:04.971 98693 INFO tempest.lib.common.rest_client [req-edb45226-7838-4331-9b26-8e486fce8a03 req-edb45226-7838-4331-9b26-8e486fce8a03 ] Request (SharesAPIOnlyNegativeTest:setUpClass): 204 PUT http://10.27.203.238/identity/v3/projects/22c7818b42ca4634a84be7d1496c4ea6/users/e9e4f639c478441e9bb680279dcb3a2c/roles/44620cad10ae407c90c91e2c296adb04 0.042s
2024-05-28 13:02:04.971 98693 INFO tempest.lib.common.dynamic_creds [-] Dynamic test user e9e4f639c478441e9bb680279dcb3a2c is created with scope project and roles: ['member']
2024-05-28 13:02:04.971 98693 INFO tempest.lib.common.dynamic_creds [-] Acquired dynamic creds: credentials: Credentials: {'domain_id': 'default', 'domain_name': 'Default', 'username': 'tempest-SharesAPIOnlyNegativeTest-1037457650-project-member', 'project_domain_id': 'default', 'project_domain_name': 'Default', 'project_id': '22c7818b42ca4634a84be7d1496c4ea6', 'project_name': 'tempest-SharesAPIOnlyNegativeTest-1037457650', 'tenant_id': '22c7818b42ca4634a84be7d1496c4ea6', 'tenant_name': 'tempest-SharesAPIOnlyNegativeTest-1037457650', 'user_domain_id': 'default', 'user_domain_name': 'Default', 'user_id': 'e9e4f639c478441e9bb680279dcb3a2c', 'system': None}, Network: None, Subnet: None, Router: None
2024-05-28 13:02:04.972 98693 INFO tempest.lib.common.dynamic_creds [-] Created isolated network resources for: credentials: Credentials: {'domain_id': 'default', 'domain_name': 'Default', 'username': 'tempest-SharesAPIOnlyNegativeTest-1037457650-project-member', 'project_domain_id': 'default', 'project_domain_name': 'Default', 'project_id': '22c7818b42ca4634a84be7d1496c4ea6', 'project_name': 'tempest-SharesAPIOnlyNegativeTest-1037457650', 'tenant_id': '22c7818b42ca4634a84be7d1496c4ea6', 'tenant_name': 'tempest-SharesAPIOnlyNegativeTest-1037457650', 'user_domain_id': 'default', 'user_domain_name': 'Default', 'user_id': 'e9e4f639c478441e9bb680279dcb3a2c', 'system': None}, Network: None, Subnet: None, Router: None
2024-05-28 13:02:05.048 98693 INFO tempest.lib.common.rest_client [req-2fb1ee1f-98bf-4a9c-b197-a3ef002df1d5 req-2fb1ee1f-98bf-4a9c-b197-a3ef002df1d5 ] Request (SharesAPIOnlyNegativeTest:setUpClass): 201 POST http://10.27.203.238/identity/v3/auth/tokens 0.075s
2024-05-28 13:02:05.121 98693 INFO tempest.lib.common.rest_client [req-3c278ce7-f2a2-4aa3-ba71-964fae50550f req-3c278ce7-f2a2-4aa3-ba71-964fae50550f ] Request (SharesAPIOnlyNegativeTest:setUpClass): 201 POST http://10.27.203.238/identity/v3/projects 0.072s
2024-05-28 13:02:05.178 98693 INFO tempest.lib.common.rest_client [req-9f3a52e3-55cd-47dc-ba1f-6511b4cff82e req-9f3a52e3-55cd-47dc-ba1f-6511b4cff82e ] Request (SharesAPIOnlyNegativeTest:setUpClass): 201 POST http://10.27.203.238/identity/v3/users 0.057s
2024-05-28 13:02:05.199 98693 INFO tempest.lib.common.rest_client [req-c1422315-6bfd-4e43-91e2-fd21c7e8cfc3 req-c1422315-6bfd-4e43-91e2-fd21c7e8cfc3 ] Request (SharesAPIOnlyNegativeTest:setUpClass): 200 GET http://10.27.203.238/identity/v3/roles 0.020s
2024-05-28 13:02:05.240 98693 INFO tempest.lib.common.rest_client [req-93686428-2945-4c5e-bbeb-6ab5bf9e9c38 req-93686428-2945-4c5e-bbeb-6ab5bf9e9c38 ] Request (SharesAPIOnlyNegativeTest:setUpClass): 204 PUT http://10.27.203.238/identity/v3/projects/5a50842c7ef74c318ec157a9ebe9442d/users/079378e32ac0477782d6aabcc57ba323/roles/e7989893488f483baa107be56668c4f8 0.040s
2024-05-28 13:02:05.281 98693 INFO tempest.lib.common.rest_client [req-6773b340-30ce-41b4-a5a2-4fba447a6757 req-6773b340-30ce-41b4-a5a2-4fba447a6757 ] Request (SharesAPIOnlyNegativeTest:setUpClass): 200 GET http://10.27.203.238/identity/v3/roles 0.041s
2024-05-28 13:02:05.303 98693 INFO tempest.lib.common.rest_client [req-fe7673c4-50cb-4b0a-af13-b67bfd7515c9 req-fe7673c4-50cb-4b0a-af13-b67bfd7515c9 ] Request (SharesAPIOnlyNegativeTest:setUpClass): 204 PUT http://10.27.203.238/identity/v3/projects/5a50842c7ef74c318ec157a9ebe9442d/users/079378e32ac0477782d6aabcc57ba323/roles/e7989893488f483baa107be56668c4f8 0.021s
2024-05-28 13:02:05.304 98693 INFO tempest.lib.common.dynamic_creds [-] Dynamic test user 079378e32ac0477782d6aabcc57ba323 is created with scope project and roles: ['admin']
2024-05-28 13:02:05.304 98693 INFO tempest.lib.common.dynamic_creds [-] Acquired dynamic creds: credentials: Credentials: {'domain_id': 'default', 'domain_name': 'Default', 'username': 'tempest-SharesAPIOnlyNegativeTest-1950465614-project-admin', 'project_domain_id': 'default', 'project_domain_name': 'Default', 'project_id': '5a50842c7ef74c318ec157a9ebe9442d', 'project_name': 'tempest-SharesAPIOnlyNegativeTest-1950465614', 'tenant_id': '5a50842c7ef74c318ec157a9ebe9442d', 'tenant_name': 'tempest-SharesAPIOnlyNegativeTest-1950465614', 'user_domain_id': 'default', 'user_domain_name': 'Default', 'user_id': '079378e32ac0477782d6aabcc57ba323', 'system': None}, Network: None, Subnet: None, Router: None
2024-05-28 13:02:05.304 98693 INFO tempest.lib.common.dynamic_creds [-] Created isolated network resources for: credentials: Credentials: {'domain_id': 'default', 'domain_name': 'Default', 'username': 'tempest-SharesAPIOnlyNegativeTest-1950465614-project-admin', 'project_domain_id': 'default', 'project_domain_name': 'Default', 'project_id': '5a50842c7ef74c318ec157a9ebe9442d', 'project_name': 'tempest-SharesAPIOnlyNegativeTest-1950465614', 'tenant_id': '5a50842c7ef74c318ec157a9ebe9442d', 'tenant_name': 'tempest-SharesAPIOnlyNegativeTest-1950465614', 'user_domain_id': 'default', 'user_domain_name': 'Default', 'user_id': '079378e32ac0477782d6aabcc57ba323', 'system': None}, Network: None, Subnet: None, Router: None
2024-05-28 13:02:05.381 98693 INFO tempest.lib.common.rest_client [req-c7aeb2b9-f6df-4b2f-bac8-1687fb466980 req-c7aeb2b9-f6df-4b2f-bac8-1687fb466980 ] Request (SharesAPIOnlyNegativeTest:setUpClass): 201 POST http://10.27.203.238/identity/v3/auth/tokens 0.076s
2024-05-28 13:02:05.417 98693 INFO tempest.lib.common.rest_client [req-010df76a-60d1-492c-a780-230d6b9fb7ec req-010df76a-60d1-492c-a780-230d6b9fb7ec ] Request (SharesAPIOnlyNegativeTest:setUpClass): 200 GET http://10.27.203.238/identity/v3/domains?name=Default 0.034s
2024-05-28 13:02:05.423 98691 INFO tempest.lib.common.rest_client [ req-8baca4bb-85ac-4592-8618-18aebe2d0baa ] Request (SharesRenameTest:setUpClass): 200 GET http://10.27.203.238/share/v2/6035b1be773e417b80fb3d9ea83eac8d/snapshots/7f6343fb-a88d-41ce-91e4-695cc9943965 0.058s
2024-05-28 13:02:05.460 98691 INFO tempest.lib.common.rest_client [ req-ccb80579-44f6-4b91-83d8-661510a3a7cc ] Request (SharesRenameTest:test_rename_snapshot): 200 GET http://10.27.203.238/share/v1/6035b1be773e417b80fb3d9ea83eac8d/snapshots/7f6343fb-a88d-41ce-91e4-695cc9943965 0.035s
2024-05-28 13:02:05.469 98693 INFO tempest.lib.common.rest_client [req-9eb06272-7be1-412c-8742-c82fc059cc7d req-9eb06272-7be1-412c-8742-c82fc059cc7d ] Request (SharesAPIOnlyNegativeTest:setUpClass): 201 POST http://10.27.203.238/identity/v3/users 0.051s
2024-05-28 13:02:05.498 98693 INFO tempest.lib.common.rest_client [req-2a361740-714b-4a4d-8476-74ad90fa4d88 req-2a361740-714b-4a4d-8476-74ad90fa4d88 ] Request (SharesAPIOnlyNegativeTest:setUpClass): 200 GET http://10.27.203.238/identity/v3/roles 0.029s
2024-05-28 13:02:05.551 98693 INFO tempest.lib.common.rest_client [req-0cd67f80-3982-43f1-aa45-305d0d8dfa69 req-0cd67f80-3982-43f1-aa45-305d0d8dfa69 ] Request (SharesAPIOnlyNegativeTest:setUpClass): 204 PUT http://10.27.203.238/identity/v3/projects/5a50842c7ef74c318ec157a9ebe9442d/users/2180c425dfa340e79633dd5319b4cd4c/roles/44620cad10ae407c90c91e2c296adb04 0.052s
2024-05-28 13:02:05.552 98691 INFO tempest.lib.common.rest_client [ req-a314968e-7cec-492b-aa10-4b42a8cbe0aa ] Request (SharesRenameTest:test_rename_snapshot): 200 PUT http://10.27.203.238/share/v1/6035b1be773e417b80fb3d9ea83eac8d/snapshots/7f6343fb-a88d-41ce-91e4-695cc9943965 0.092s
2024-05-28 13:02:05.589 98691 INFO tempest.lib.common.rest_client [ req-e51402a4-d4bb-4e37-abc3-4d3d76c6c407 ] Request (SharesRenameTest:test_rename_snapshot): 200 GET http://10.27.203.238/share/v1/6035b1be773e417b80fb3d9ea83eac8d/snapshots/7f6343fb-a88d-41ce-91e4-695cc9943965 0.037s
2024-05-28 13:02:05.619 98691 INFO tempest.lib.common.rest_client [ req-00d67aa7-d7e2-46c4-b250-44899bf61c8a ] Request (SharesRenameTest:test_update_share): 200 GET http://10.27.203.238/share/v1/6035b1be773e417b80fb3d9ea83eac8d/shares/e02829cb-d0c9-478e-80fa-e4ec0bf3843c 0.027s
2024-05-28 13:02:05.684 98691 INFO tempest.lib.common.rest_client [ req-79039823-5aac-4d87-ac4d-b35fe5bddff1 ] Request (SharesRenameTest:test_update_share): 200 PUT http://10.27.203.238/share/v1/6035b1be773e417b80fb3d9ea83eac8d/shares/e02829cb-d0c9-478e-80fa-e4ec0bf3843c 0.065s
2024-05-28 13:02:05.711 98691 INFO tempest.lib.common.rest_client [ req-a1bb4fe9-8a1d-4b0d-ba20-a675c705500d ] Request (SharesRenameTest:test_update_share): 200 GET http://10.27.203.238/share/v1/6035b1be773e417b80fb3d9ea83eac8d/shares/e02829cb-d0c9-478e-80fa-e4ec0bf3843c 0.026s
2024-05-28 13:02:05.716 98693 INFO tempest.lib.common.rest_client [ req-bff4a399-566f-4c23-8920-a3ec69be305b ] Request (SharesAPIOnlyNegativeTest:setUpClass): 200 POST http://10.27.203.238/share/v2/5a50842c7ef74c318ec157a9ebe9442d/types 0.163s
2024-05-28 13:02:05.741 98693 INFO tempest.lib.common.rest_client [ req-2e39e32f-b6d8-4d00-aa25-497f9b5c4cd0 ] Request (SharesAPIOnlyNegativeTest:setUpClass): 200 POST http://10.27.203.238/share/v2/5a50842c7ef74c318ec157a9ebe9442d/types 0.024s
2024-05-28 13:02:05.787 98691 INFO tempest.lib.common.rest_client [req-3ff0574d-5d60-40f3-9114-7f55b507006e req-3ff0574d-5d60-40f3-9114-7f55b507006e ] Request (SharesRenameTest:tearDownClass): 404 DELETE http://10.27.203.238/identity/v3/users/14783f4fbce14880b4db4a628827607e 0.073s
2024-05-28 13:02:05.788 98691 ERROR manila_tempest_tests.tests.api.base [-] Suppressed cleanup error in Manila: Traceback (most recent call last): File "/opt/stack/manila-tempest-plugin/manila_tempest_tests/tests/api/base.py", line 1272, in clear_project_users cls.os_admin.creds_client.delete_user(user['id'])
File "/opt/stack/tempest/tempest/lib/common/cred_client.py", line 55, in delete_user self.users_client.delete_user(user_id)
File "/opt/stack/tempest/tempest/lib/services/identity/v3/users_client.py", line 104, in delete_user resp, body = self.delete("users/%s" % user_id)
File "/opt/stack/tempest/tempest/lib/common/rest_client.py", line 357, in delete return self.request('DELETE', url, extra_headers, headers, body)
File "/opt/stack/tempest/tempest/lib/common/rest_client.py", line 760, in request self._error_checker(resp, resp_body)
File "/opt/stack/tempest/tempest/lib/common/rest_client.py", line 870, in _error_checker raise exceptions.NotFound(resp_body, resp=resp) tempest.lib.exceptions.NotFound: Object not found Details: {'code': 404, 'message': 'Could not find user: 14783f4fbce14880b4db4a628827607e.', 'title': 'Not Found'} : tempest.lib.exceptions.NotFound: Object not found
2024-05-28 13:02:05.812 98693 INFO tempest.lib.common.rest_client [ req-986e2227-874e-443f-bbcc-b25932eb21e8 ] Request (SharesAPIOnlyNegativeTest:test_create_share_non_existent_az): 404 POST http://10.27.203.238/share/v2/e0a7371d578542ecbb1cfaa96bd52e2d/shares 0.070s
2024-05-28 13:02:05.813 98691 INFO tempest.lib.common.rest_client [req-3d6742d6-69b7-48b6-8dfb-253d7250842e req-3d6742d6-69b7-48b6-8dfb-253d7250842e ] Request (SharesRenameTest:tearDownClass): 404 DELETE http://10.27.203.238/identity/v3/users/9eca355145fd413390b5efe7a0d95465 0.025s
2024-05-28 13:02:05.814 98691 ERROR manila_tempest_tests.tests.api.base [-] Suppressed cleanup error in Manila: Traceback (most recent call last): File "/opt/stack/manila-tempest-plugin/manila_tempest_tests/tests/api/base.py", line 1272, in clear_project_users cls.os_admin.creds_client.delete_user(user['id'])
File "/opt/stack/tempest/tempest/lib/common/cred_client.py", line 55, in delete_user self.users_client.delete_user(user_id)
File "/opt/stack/tempest/tempest/lib/services/identity/v3/users_client.py", line 104, in delete_user resp, body = self.delete("users/%s" % user_id)
File "/opt/stack/tempest/tempest/lib/common/rest_client.py", line 357, in delete return self.request('DELETE', url, extra_headers, headers, body)
File "/opt/stack/tempest/tempest/lib/common/rest_client.py", line 760, in request self._error_checker(resp, resp_body)
File "/opt/stack/tempest/tempest/lib/common/rest_client.py", line 870, in _error_checker raise exceptions.NotFound(resp_body, resp=resp) tempest.lib.exceptions.NotFound: Object not found Details: {'code': 404, 'message': 'Could not find user: 9eca355145fd413390b5efe7a0d95465.', 'title': 'Not Found'} : tempest.lib.exceptions.NotFound: Object not found
2024-05-28 13:02:05.829 98693 INFO tempest.lib.common.rest_client [ req-cc3436cf-94a5-4b65-98a1-17d5413ac316 ] Request (SharesAPIOnlyNegativeTest:test_create_share_size_greater_than_specified_in_share_type): 400 POST http://10.27.203.238/share/v2/e0a7371d578542ecbb1cfaa96bd52e2d/shares 0.014s
2024-05-28 13:02:05.846 98691 INFO tempest.lib.common.rest_client [req-cb3276d5-1c85-4e9e-8314-963301861e29 req-cb3276d5-1c85-4e9e-8314-963301861e29 ] Request (SharesRenameTest:tearDownClass): 404 DELETE http://10.27.203.238/identity/v3/users/91ab54ee09854b549923fb7671247f5c 0.032s
2024-05-28 13:02:05.847 98691 ERROR manila_tempest_tests.tests.api.base [-] Suppressed cleanup error in Manila: Traceback (most recent call last): File "/opt/stack/manila-tempest-plugin/manila_tempest_tests/tests/api/base.py", line 1272, in clear_project_users cls.os_admin.creds_client.delete_user(user['id'])
File "/opt/stack/tempest/tempest/lib/common/cred_client.py", line 55, in delete_user self.users_client.delete_user(user_id)
File "/opt/stack/tempest/tempest/lib/services/identity/v3/users_client.py", line 104, in delete_user resp, body = self.delete("users/%s" % user_id)
File "/opt/stack/tempest/tempest/lib/common/rest_client.py", line 357, in delete return self.request('DELETE', url, extra_headers, headers, body)
File "/opt/stack/tempest/tempest/lib/common/rest_client.py", line 760, in request self._error_checker(resp, resp_body)
File "/opt/stack/tempest/tempest/lib/common/rest_client.py", line 870, in _error_checker raise exceptions.NotFound(resp_body, resp=resp) tempest.lib.exceptions.NotFound: Object not found Details: {'code': 404, 'message': 'Could not find user: 91ab54ee09854b549923fb7671247f5c.', 'title': 'Not Found'} : tempest.lib.exceptions.NotFound: Object not found
2024-05-28 13:02:05.847 98693 INFO tempest.lib.common.rest_client [ req-562293e2-c392-4a83-9ee8-f4f604ecc19b ] Request (SharesAPIOnlyNegativeTest:test_create_share_size_less_than_specified_in_share_type): 400 POST http://10.27.203.238/share/v2/e0a7371d578542ecbb1cfaa96bd52e2d/shares 0.015s
2024-05-28 13:02:05.863 98693 INFO tempest.lib.common.rest_client [ req-2848b703-b4cf-443a-b03e-a21e2447b9e1 ] Request (SharesAPIOnlyNegativeTest:test_create_share_with_invalid_protocol): 400 POST http://10.27.203.238/share/v1/e0a7371d578542ecbb1cfaa96bd52e2d/shares 0.013s
2024-05-28 13:02:05.875 98691 INFO tempest.lib.common.rest_client [req-0372ab4a-856a-4aa4-8e14-0e1e5b97d1a4 req-0372ab4a-856a-4aa4-8e14-0e1e5b97d1a4 ] Request (SharesRenameTest:tearDownClass): 404 DELETE http://10.27.203.238/identity/v3/users/2889a927897c49bd92a0d1cfdf27e7f5 0.027s
2024-05-28 13:02:05.875 98691 ERROR manila_tempest_tests.tests.api.base [-] Suppressed cleanup error in Manila: Traceback (most recent call last): File "/opt/stack/manila-tempest-plugin/manila_tempest_tests/tests/api/base.py", line 1272, in clear_project_users cls.os_admin.creds_client.delete_user(user['id'])
File "/opt/stack/tempest/tempest/lib/common/cred_client.py", line 55, in delete_user self.users_client.delete_user(user_id)
File "/opt/stack/tempest/tempest/lib/services/identity/v3/users_client.py", line 104, in delete_user resp, body = self.delete("users/%s" % user_id)
File "/opt/stack/tempest/tempest/lib/common/rest_client.py", line 357, in delete return self.request('DELETE', url, extra_headers, headers, body)
File "/opt/stack/tempest/tempest/lib/common/rest_client.py", line 760, in request self._error_checker(resp, resp_body)
File "/opt/stack/tempest/tempest/lib/common/rest_client.py", line 870, in _error_checker raise exceptions.NotFound(resp_body, resp=resp) tempest.lib.exceptions.NotFound: Object not found Details: {'code': 404, 'message': 'Could not find user: 2889a927897c49bd92a0d1cfdf27e7f5.', 'title': 'Not Found'} : tempest.lib.exceptions.NotFound: Object not found
2024-05-28 13:02:05.881 98693 INFO tempest.lib.common.rest_client [ req-98835116-76f9-43e6-851f-d73c6a16a299 ] Request (SharesAPIOnlyNegativeTest:test_create_share_with_invalid_size): 400 POST http://10.27.203.238/share/v1/e0a7371d578542ecbb1cfaa96bd52e2d/shares 0.016s
2024-05-28 13:02:05.897 98693 INFO tempest.lib.common.rest_client [ req-c85c21f5-b468-47f7-9fe0-a71c16d99f49 ] Request (SharesAPIOnlyNegativeTest:test_create_share_with_out_passing_size): 400 POST http://10.27.203.238/share/v1/e0a7371d578542ecbb1cfaa96bd52e2d/shares 0.013s
2024-05-28 13:02:05.904 98691 INFO tempest.lib.common.rest_client [req-2ed16e61-e28d-490d-9913-3db180adb933 req-2ed16e61-e28d-490d-9913-3db180adb933 ] Request (SharesRenameTest:tearDownClass): 404 DELETE http://10.27.203.238/identity/v3/users/bd43e5d1c359462d807b6e8a8581fa73 0.028s
2024-05-28 13:02:05.904 98691 ERROR manila_tempest_tests.tests.api.base [-] Suppressed cleanup error in Manila: Traceback (most recent call last): File "/opt/stack/manila-tempest-plugin/manila_tempest_tests/tests/api/base.py", line 1272, in clear_project_users cls.os_admin.creds_client.delete_user(user['id'])
File "/opt/stack/tempest/tempest/lib/common/cred_client.py", line 55, in delete_user self.users_client.delete_user(user_id)
File "/opt/stack/tempest/tempest/lib/services/identity/v3/users_client.py", line 104, in delete_user resp, body = self.delete("users/%s" % user_id)
File "/opt/stack/tempest/tempest/lib/common/rest_client.py", line 357, in delete return self.request('DELETE', url, extra_headers, headers, body)
File "/opt/stack/tempest/tempest/lib/common/rest_client.py", line 760, in request self._error_checker(resp, resp_body)
File "/opt/stack/tempest/tempest/lib/common/rest_client.py", line 870, in _error_checker raise exceptions.NotFound(resp_body, resp=resp) tempest.lib.exceptions.NotFound: Object not found Details: {'code': 404, 'message': 'Could not find user: bd43e5d1c359462d807b6e8a8581fa73.', 'title': 'Not Found'} : tempest.lib.exceptions.NotFound: Object not found
2024-05-28 13:02:05.908 98693 INFO tempest.lib.common.rest_client [ req-56977d11-5f2f-4bc8-9bf4-76c70016f22b ] Request (SharesAPIOnlyNegativeTest:test_create_share_with_wrong_public_value): 400 POST http://10.27.203.238/share/v1/e0a7371d578542ecbb1cfaa96bd52e2d/shares 0.009s
2024-05-28 13:02:05.923 98693 INFO tempest.lib.common.rest_client [ req-85474a41-8361-4f06-9262-161650dcb0c1 ] Request (SharesAPIOnlyNegativeTest:test_create_share_with_zero_size): 400 POST http://10.27.203.238/share/v1/e0a7371d578542ecbb1cfaa96bd52e2d/shares 0.013s
2024-05-28 13:02:05.934 98691 INFO tempest.lib.common.rest_client [req-5f7e327b-c1c4-4f31-9dd0-a7b7f6d75339 req-5f7e327b-c1c4-4f31-9dd0-a7b7f6d75339 ] Request (SharesRenameTest:tearDownClass): 404 DELETE http://10.27.203.238/identity/v3/users/18c7667276334e98bdd11d2b9d1875cc 0.029s
2024-05-28 13:02:05.934 98691 ERROR manila_tempest_tests.tests.api.base [-] Suppressed cleanup error in Manila: Traceback (most recent call last): File "/opt/stack/manila-tempest-plugin/manila_tempest_tests/tests/api/base.py", line 1272, in clear_project_users cls.os_admin.creds_client.delete_user(user['id'])
File "/opt/stack/tempest/tempest/lib/common/cred_client.py", line 55, in delete_user self.users_client.delete_user(user_id)
File "/opt/stack/tempest/tempest/lib/services/identity/v3/users_client.py", line 104, in delete_user resp, body = self.delete("users/%s" % user_id)
File "/opt/stack/tempest/tempest/lib/common/rest_client.py", line 357, in delete return self.request('DELETE', url, extra_headers, headers, body)
File "/opt/stack/tempest/tempest/lib/common/rest_client.py", line 760, in request self._error_checker(resp, resp_body)
File "/opt/stack/tempest/tempest/lib/common/rest_client.py", line 870, in _error_checker raise exceptions.NotFound(resp_body, resp=resp) tempest.lib.exceptions.NotFound: Object not found Details: {'code': 404, 'message': 'Could not find user: 18c7667276334e98bdd11d2b9d1875cc.', 'title': 'Not Found'} : tempest.lib.exceptions.NotFound: Object not found
2024-05-28 13:02:05.941 98693 INFO tempest.lib.common.rest_client [ req-93c6482f-987b-4e4a-a8f5-79276e13e8a0 ] Request (SharesAPIOnlyNegativeTest:test_create_snapshot_with_wrong_id): 404 POST http://10.27.203.238/share/v1/e0a7371d578542ecbb1cfaa96bd52e2d/snapshots 0.015s
2024-05-28 13:02:05.957 98693 INFO tempest.lib.common.rest_client [ req-e1503c4a-891b-4429-9f47-1d90e722ba00 ] Request (SharesAPIOnlyNegativeTest:test_delete_share_with_wrong_id): 404 DELETE http://10.27.203.238/share/v1/e0a7371d578542ecbb1cfaa96bd52e2d/shares/wrong_share_id 0.014s
2024-05-28 13:02:05.962 98691 INFO tempest.lib.common.rest_client [req-842708b7-2303-46a9-85c5-0aae1fbcc929 req-842708b7-2303-46a9-85c5-0aae1fbcc929 ] Request (SharesRenameTest:tearDownClass): 404 DELETE http://10.27.203.238/identity/v3/users/db0396a316ea4c5697d47df053fccbe4 0.027s
2024-05-28 13:02:05.963 98691 ERROR manila_tempest_tests.tests.api.base [-] Suppressed cleanup error in Manila: Traceback (most recent call last): File "/opt/stack/manila-tempest-plugin/manila_tempest_tests/tests/api/base.py", line 1272, in clear_project_users cls.os_admin.creds_client.delete_user(user['id'])
File "/opt/stack/tempest/tempest/lib/common/cred_client.py", line 55, in delete_user self.users_client.delete_user(user_id)
File "/opt/stack/tempest/tempest/lib/services/identity/v3/users_client.py", line 104, in delete_user resp, body = self.delete("users/%s" % user_id)
File "/opt/stack/tempest/tempest/lib/common/rest_client.py", line 357, in delete return self.request('DELETE', url, extra_headers, headers, body)
File "/opt/stack/tempest/tempest/lib/common/rest_client.py", line 760, in request self._error_checker(resp, resp_body)
File "/opt/stack/tempest/tempest/lib/common/rest_client.py", line 870, in _error_checker raise exceptions.NotFound(resp_body, resp=resp) tempest.lib.exceptions.NotFound: Object not found Details: {'code': 404, 'message': 'Could not find user: db0396a316ea4c5697d47df053fccbe4.', 'title': 'Not Found'} : tempest.lib.exceptions.NotFound: Object not found
2024-05-28 13:02:05.963 98693 INFO tempest.lib.common.rest_client [-] Request (SharesAPIOnlyNegativeTest:test_delete_share_without_passing_share_id): 404 DELETE http://10.27.203.238/share/v1/e0a7371d578542ecbb1cfaa96bd52e2d/shares/ 0.005s
2024-05-28 13:02:05.984 98693 INFO tempest.lib.common.rest_client [ req-e4dad3db-f4cc-4a15-bf40-bf8ef9b08ef0 ] Request (SharesAPIOnlyNegativeTest:test_delete_snapshot_with_wrong_id): 404 DELETE http://10.27.203.238/share/v1/e0a7371d578542ecbb1cfaa96bd52e2d/snapshots/wrong_share_id 0.019s
2024-05-28 13:02:05.989 98691 INFO tempest.lib.common.rest_client [req-9b781444-1b5a-4bd5-9378-cebd91516245 req-9b781444-1b5a-4bd5-9378-cebd91516245 ] Request (SharesRenameTest:tearDownClass): 404 DELETE http://10.27.203.238/identity/v3/users/8408bca6708d4e57b4e6ae91fa7eb8e3 0.026s
2024-05-28 13:02:05.989 98691 ERROR manila_tempest_tests.tests.api.base [-] Suppressed cleanup error in Manila: Traceback (most recent call last): File "/opt/stack/manila-tempest-plugin/manila_tempest_tests/tests/api/base.py", line 1272, in clear_project_users cls.os_admin.creds_client.delete_user(user['id'])
File "/opt/stack/tempest/tempest/lib/common/cred_client.py", line 55, in delete_user self.users_client.delete_user(user_id)
File "/opt/stack/tempest/tempest/lib/services/identity/v3/users_client.py", line 104, in delete_user resp, body = self.delete("users/%s" % user_id)
File "/opt/stack/tempest/tempest/lib/common/rest_client.py", line 357, in delete return self.request('DELETE', url, extra_headers, headers, body)
File "/opt/stack/tempest/tempest/lib/common/rest_client.py", line 760, in request self._error_checker(resp, resp_body)
File "/opt/stack/tempest/tempest/lib/common/rest_client.py", line 870, in _error_checker raise exceptions.NotFound(resp_body, resp=resp) tempest.lib.exceptions.NotFound: Object not found Details: {'code': 404, 'message': 'Could not find user: 8408bca6708d4e57b4e6ae91fa7eb8e3.', 'title': 'Not Found'} : tempest.lib.exceptions.NotFound: Object not found
2024-05-28 13:02:05.998 98693 INFO tempest.lib.common.rest_client [ req-20a1154d-874a-44c9-a949-a970230c6a27 ] Request (SharesAPIOnlyNegativeTest:test_get_share_with_wrong_id): 404 GET http://10.27.203.238/share/v1/e0a7371d578542ecbb1cfaa96bd52e2d/shares/wrong_share_id 0.013s
2024-05-28 13:02:06.005 98693 INFO tempest.lib.common.rest_client [-] Request (SharesAPIOnlyNegativeTest:test_get_share_without_passing_share_id): 404 GET http://10.27.203.238/share/v1/e0a7371d578542ecbb1cfaa96bd52e2d/shares/ 0.005s
2024-05-28 13:02:06.015 98691 INFO tempest.lib.common.rest_client [req-5c2ed7f9-28a9-490e-8a75-129ab191306c req-5c2ed7f9-28a9-490e-8a75-129ab191306c ] Request (SharesRenameTest:tearDownClass): 404 DELETE http://10.27.203.238/identity/v3/users/e593bd019bc24f30b8b269cbdd2e3494 0.025s
2024-05-28 13:02:06.016 98691 ERROR manila_tempest_tests.tests.api.base [-] Suppressed cleanup error in Manila: Traceback (most recent call last): File "/opt/stack/manila-tempest-plugin/manila_tempest_tests/tests/api/base.py", line 1272, in clear_project_users cls.os_admin.creds_client.delete_user(user['id'])
File "/opt/stack/tempest/tempest/lib/common/cred_client.py", line 55, in delete_user self.users_client.delete_user(user_id)
File "/opt/stack/tempest/tempest/lib/services/identity/v3/users_client.py", line 104, in delete_user resp, body = self.delete("users/%s" % user_id)
File "/opt/stack/tempest/tempest/lib/common/rest_client.py", line 357, in delete return self.request('DELETE', url, extra_headers, headers, body)
File "/opt/stack/tempest/tempest/lib/common/rest_client.py", line 760, in request self._error_checker(resp, resp_body)
File "/opt/stack/tempest/tempest/lib/common/rest_client.py", line 870, in _error_checker raise exceptions.NotFound(resp_body, resp=resp) tempest.lib.exceptions.NotFound: Object not found Details: {'code': 404, 'message': 'Could not find user: e593bd019bc24f30b8b269cbdd2e3494.', 'title': 'Not Found'} : tempest.lib.exceptions.NotFound: Object not found
2024-05-28 13:02:06.016 98693 INFO tempest.lib.common.rest_client [ req-dd65fb2a-76f8-4c7e-a22e-54140ae652bb ] Request (SharesAPIOnlyNegativeTest:test_list_by_share_server_by_user): 403 GET http://10.27.203.238/share/v1/e0a7371d578542ecbb1cfaa96bd52e2d/shares?share_server_id=12345 0.010s
2024-05-28 13:02:06.029 98693 INFO tempest.lib.common.rest_client [ req-3d0f6ee1-5e16-4ccc-89ae-55b2ad4a030e ] Request (SharesAPIOnlyNegativeTest:test_list_by_user_with_host_filter): 403 GET http://10.27.203.238/share/v2/e0a7371d578542ecbb1cfaa96bd52e2d/shares?host=fake_host 0.012s
2024-05-28 13:02:06.042 98691 INFO tempest.lib.common.rest_client [req-89ad03fd-51e8-45f4-a64c-1528e34c3fc5 req-89ad03fd-51e8-45f4-a64c-1528e34c3fc5 ] Request (SharesRenameTest:tearDownClass): 404 DELETE http://10.27.203.238/identity/v3/users/eb30733c944e480eb147435ead450b9c 0.026s
2024-05-28 13:02:06.042 98691 ERROR manila_tempest_tests.tests.api.base [-] Suppressed cleanup error in Manila: Traceback (most recent call last): File "/opt/stack/manila-tempest-plugin/manila_tempest_tests/tests/api/base.py", line 1272, in clear_project_users cls.os_admin.creds_client.delete_user(user['id'])
File "/opt/stack/tempest/tempest/lib/common/cred_client.py", line 55, in delete_user self.users_client.delete_user(user_id)
File "/opt/stack/tempest/tempest/lib/services/identity/v3/users_client.py", line 104, in delete_user resp, body = self.delete("users/%s" % user_id)
File "/opt/stack/tempest/tempest/lib/common/rest_client.py", line 357, in delete return self.request('DELETE', url, extra_headers, headers, body)
File "/opt/stack/tempest/tempest/lib/common/rest_client.py", line 760, in request self._error_checker(resp, resp_body)
File "/opt/stack/tempest/tempest/lib/common/rest_client.py", line 870, in _error_checker raise exceptions.NotFound(resp_body, resp=resp) tempest.lib.exceptions.NotFound: Object not found Details: {'code': 404, 'message': 'Could not find user: eb30733c944e480eb147435ead450b9c.', 'title': 'Not Found'} : tempest.lib.exceptions.NotFound: Object not found
2024-05-28 13:02:06.043 98693 INFO tempest.lib.common.rest_client [ req-e77fa564-f636-4f15-a166-409b37f78f26 ] Request (SharesAPIOnlyNegativeTest:test_list_shares_nonadmin_with_nonexistent_share_server_filter): 403 GET http://10.27.203.238/share/v1/e0a7371d578542ecbb1cfaa96bd52e2d/shares/detail?share_server_id=fake_share_server_id 0.012s
2024-05-28 13:02:06.053 98693 INFO tempest.lib.common.rest_client [ req-158c3202-946b-494f-87f9-fd50b20cd34b ] Request (SharesAPIOnlyNegativeTest:test_manage_share_by_user): 403 POST http://10.27.203.238/share/v1/e0a7371d578542ecbb1cfaa96bd52e2d/os-share-manage 0.008s
2024-05-28 13:02:06.061 98693 INFO tempest.lib.common.rest_client [ req-1f4737d4-de83-44d3-b128-52e1add9ec1b ] Request (SharesAPIOnlyNegativeTest:test_unmanage_share_by_user): 403 POST http://10.27.203.238/share/v1/e0a7371d578542ecbb1cfaa96bd52e2d/os-share-unmanage/fake-id/unmanage 0.007s
2024-05-28 13:02:06.092 98693 INFO tempest.lib.common.rest_client [req-a6663eb3-caaa-4031-b7b1-65534ccdefc3 req-a6663eb3-caaa-4031-b7b1-65534ccdefc3 ] Request (SharesAPIOnlyNegativeTest:tearDownClass): 404 DELETE http://10.27.203.238/identity/v3/users/5000ae7b72ab4d8aad66382d4e873caf 0.029s
2024-05-28 13:02:06.092 98693 ERROR manila_tempest_tests.tests.api.base [-] Suppressed cleanup error in Manila: Traceback (most recent call last): File "/opt/stack/manila-tempest-plugin/manila_tempest_tests/tests/api/base.py", line 1272, in clear_project_users cls.os_admin.creds_client.delete_user(user['id'])
File "/opt/stack/tempest/tempest/lib/common/cred_client.py", line 55, in delete_user self.users_client.delete_user(user_id)
File "/opt/stack/tempest/tempest/lib/services/identity/v3/users_client.py", line 104, in delete_user resp, body = self.delete("users/%s" % user_id)
File "/opt/stack/tempest/tempest/lib/common/rest_client.py", line 357, in delete return self.request('DELETE', url, extra_headers, headers, body)
File "/opt/stack/tempest/tempest/lib/common/rest_client.py", line 760, in request self._error_checker(resp, resp_body)
File "/opt/stack/tempest/tempest/lib/common/rest_client.py", line 870, in _error_checker raise exceptions.NotFound(resp_body, resp=resp) tempest.lib.exceptions.NotFound: Object not found Details: {'code': 404, 'message': 'Could not find user: 5000ae7b72ab4d8aad66382d4e873caf.', 'title': 'Not Found'} : tempest.lib.exceptions.NotFound: Object not found
2024-05-28 13:02:06.144 98691 INFO tempest.lib.common.rest_client [req-ba0919d6-accf-4efd-afbc-b05deb4a58ab req-ba0919d6-accf-4efd-afbc-b05deb4a58ab ] Request (SharesRenameTest:tearDownClass): 204 DELETE http://10.27.203.238/identity/v3/users/56ab342d938748f096b808a9b567c8a6 0.101s
2024-05-28 13:02:06.156 98693 INFO tempest.lib.common.rest_client [req-6713569f-7008-42fa-a79d-b32db6fa85c1 req-6713569f-7008-42fa-a79d-b32db6fa85c1 ] Request (SharesAPIOnlyNegativeTest:tearDownClass): 404 DELETE http://10.27.203.238/identity/v3/users/3fc09c87f69946d2bf009e72ac589cd4 0.063s
2024-05-28 13:02:06.156 98693 ERROR manila_tempest_tests.tests.api.base [-] Suppressed cleanup error in Manila: Traceback (most recent call last): File "/opt/stack/manila-tempest-plugin/manila_tempest_tests/tests/api/base.py", line 1272, in clear_project_users cls.os_admin.creds_client.delete_user(user['id'])
File "/opt/stack/tempest/tempest/lib/common/cred_client.py", line 55, in delete_user self.users_client.delete_user(user_id)
File "/opt/stack/tempest/tempest/lib/services/identity/v3/users_client.py", line 104, in delete_user resp, body = self.delete("users/%s" % user_id)
File "/opt/stack/tempest/tempest/lib/common/rest_client.py", line 357, in delete return self.request('DELETE', url, extra_headers, headers, body)
File "/opt/stack/tempest/tempest/lib/common/rest_client.py", line 760, in request self._error_checker(resp, resp_body)
File "/opt/stack/tempest/tempest/lib/common/rest_client.py", line 870, in _error_checker raise exceptions.NotFound(resp_body, resp=resp) tempest.lib.exceptions.NotFound: Object not found Details: {'code': 404, 'message': 'Could not find user: 3fc09c87f69946d2bf009e72ac589cd4.', 'title': 'Not Found'} : tempest.lib.exceptions.NotFound: Object not found
2024-05-28 13:02:06.233 98693 INFO tempest.lib.common.rest_client [req-2dc9b2de-b0d4-4ae1-bdeb-5629b98afce7 req-2dc9b2de-b0d4-4ae1-bdeb-5629b98afce7 ] Request (SharesAPIOnlyNegativeTest:tearDownClass): 404 DELETE http://10.27.203.238/identity/v3/users/6533c69a593a4e35a8693da46fbd9f3b 0.076s
2024-05-28 13:02:06.233 98693 ERROR manila_tempest_tests.tests.api.base [-] Suppressed cleanup error in Manila: Traceback (most recent call last): File "/opt/stack/manila-tempest-plugin/manila_tempest_tests/tests/api/base.py", line 1272, in clear_project_users cls.os_admin.creds_client.delete_user(user['id'])
File "/opt/stack/tempest/tempest/lib/common/cred_client.py", line 55, in delete_user self.users_client.delete_user(user_id)
File "/opt/stack/tempest/tempest/lib/services/identity/v3/users_client.py", line 104, in delete_user resp, body = self.delete("users/%s" % user_id)
File "/opt/stack/tempest/tempest/lib/common/rest_client.py", line 357, in delete return self.request('DELETE', url, extra_headers, headers, body)
File "/opt/stack/tempest/tempest/lib/common/rest_client.py", line 760, in request self._error_checker(resp, resp_body)
File "/opt/stack/tempest/tempest/lib/common/rest_client.py", line 870, in _error_checker raise exceptions.NotFound(resp_body, resp=resp) tempest.lib.exceptions.NotFound: Object not found Details: {'code': 404, 'message': 'Could not find user: 6533c69a593a4e35a8693da46fbd9f3b.', 'title': 'Not Found'} : tempest.lib.exceptions.NotFound: Object not found
2024-05-28 13:02:06.247 98691 INFO tempest.lib.common.rest_client [ req-456606ee-0aac-4531-afba-33972086a8e2 ] Request (SharesRenameTest:tearDownClass): 202 DELETE http://10.27.203.238/share/v2/6035b1be773e417b80fb3d9ea83eac8d/snapshots/7f6343fb-a88d-41ce-91e4-695cc9943965 0.102s
2024-05-28 13:02:06.262 98693 INFO tempest.lib.common.rest_client [req-d02716e3-6ccd-4df3-97b3-2e43322f8608 req-d02716e3-6ccd-4df3-97b3-2e43322f8608 ] Request (SharesAPIOnlyNegativeTest:tearDownClass): 404 DELETE http://10.27.203.238/identity/v3/users/929590f760014a429cece4b4e674f84e 0.029s
2024-05-28 13:02:06.263 98693 ERROR manila_tempest_tests.tests.api.base [-] Suppressed cleanup error in Manila: Traceback (most recent call last): File "/opt/stack/manila-tempest-plugin/manila_tempest_tests/tests/api/base.py", line 1272, in clear_project_users cls.os_admin.creds_client.delete_user(user['id'])
File "/opt/stack/tempest/tempest/lib/common/cred_client.py", line 55, in delete_user self.users_client.delete_user(user_id)
File "/opt/stack/tempest/tempest/lib/services/identity/v3/users_client.py", line 104, in delete_user resp, body = self.delete("users/%s" % user_id)
File "/opt/stack/tempest/tempest/lib/common/rest_client.py", line 357, in delete return self.request('DELETE', url, extra_headers, headers, body)
File "/opt/stack/tempest/tempest/lib/common/rest_client.py", line 760, in request self._error_checker(resp, resp_body)
File "/opt/stack/tempest/tempest/lib/common/rest_client.py", line 870, in _error_checker raise exceptions.NotFound(resp_body, resp=resp) tempest.lib.exceptions.NotFound: Object not found Details: {'code': 404, 'message': 'Could not find user: 929590f760014a429cece4b4e674f84e.', 'title': 'Not Found'} : tempest.lib.exceptions.NotFound: Object not found
2024-05-28 13:02:06.285 98691 INFO tempest.lib.common.rest_client [ req-1635d481-d710-426e-a68c-d72352d08d29 ] Request (SharesRenameTest:tearDownClass): 200 GET http://10.27.203.238/share/v2/6035b1be773e417b80fb3d9ea83eac8d/snapshots/7f6343fb-a88d-41ce-91e4-695cc9943965 0.037s
2024-05-28 13:02:06.291 98693 INFO tempest.lib.common.rest_client [req-d51fc49d-4217-4857-971f-ab985365054b req-d51fc49d-4217-4857-971f-ab985365054b ] Request (SharesAPIOnlyNegativeTest:tearDownClass): 404 DELETE http://10.27.203.238/identity/v3/users/7ad2c2df894f4bca82e33623064ce809 0.028s
2024-05-28 13:02:06.292 98693 ERROR manila_tempest_tests.tests.api.base [-] Suppressed cleanup error in Manila: Traceback (most recent call last): File "/opt/stack/manila-tempest-plugin/manila_tempest_tests/tests/api/base.py", line 1272, in clear_project_users cls.os_admin.creds_client.delete_user(user['id'])
File "/opt/stack/tempest/tempest/lib/common/cred_client.py", line 55, in delete_user self.users_client.delete_user(user_id)
File "/opt/stack/tempest/tempest/lib/services/identity/v3/users_client.py", line 104, in delete_user resp, body = self.delete("users/%s" % user_id)
File "/opt/stack/tempest/tempest/lib/common/rest_client.py", line 357, in delete return self.request('DELETE', url, extra_headers, headers, body)
File "/opt/stack/tempest/tempest/lib/common/rest_client.py", line 760, in request self._error_checker(resp, resp_body)
File "/opt/stack/tempest/tempest/lib/common/rest_client.py", line 870, in _error_checker raise exceptions.NotFound(resp_body, resp=resp) tempest.lib.exceptions.NotFound: Object not found Details: {'code': 404, 'message': 'Could not find user: 7ad2c2df894f4bca82e33623064ce809.', 'title': 'Not Found'} : tempest.lib.exceptions.NotFound: Object not found
2024-05-28 13:02:06.317 98693 INFO tempest.lib.common.rest_client [req-4ce5506b-432e-4cfd-9b89-133d26efa947 req-4ce5506b-432e-4cfd-9b89-133d26efa947 ] Request (SharesAPIOnlyNegativeTest:tearDownClass): 404 DELETE http://10.27.203.238/identity/v3/users/43487099e439456094fb5cfc0ae825c5 0.025s
2024-05-28 13:02:06.317 98693 ERROR manila_tempest_tests.tests.api.base [-] Suppressed cleanup error in Manila: Traceback (most recent call last): File "/opt/stack/manila-tempest-plugin/manila_tempest_tests/tests/api/base.py", line 1272, in clear_project_users cls.os_admin.creds_client.delete_user(user['id'])
File "/opt/stack/tempest/tempest/lib/common/cred_client.py", line 55, in delete_user self.users_client.delete_user(user_id)
File "/opt/stack/tempest/tempest/lib/services/identity/v3/users_client.py", line 104, in delete_user resp, body = self.delete("users/%s" % user_id)
File "/opt/stack/tempest/tempest/lib/common/rest_client.py", line 357, in delete return self.request('DELETE', url, extra_headers, headers, body)
File "/opt/stack/tempest/tempest/lib/common/rest_client.py", line 760, in request self._error_checker(resp, resp_body)
File "/opt/stack/tempest/tempest/lib/common/rest_client.py", line 870, in _error_checker raise exceptions.NotFound(resp_body, resp=resp) tempest.lib.exceptions.NotFound: Object not found Details: {'code': 404, 'message': 'Could not find user: 43487099e439456094fb5cfc0ae825c5.', 'title': 'Not Found'} : tempest.lib.exceptions.NotFound: Object not found
2024-05-28 13:02:06.345 98693 INFO tempest.lib.common.rest_client [req-e9f09bb0-b889-46af-aa12-49547bd06860 req-e9f09bb0-b889-46af-aa12-49547bd06860 ] Request (SharesAPIOnlyNegativeTest:tearDownClass): 404 DELETE http://10.27.203.238/identity/v3/users/450d0e4972ca4250966ec637211a08fd 0.027s
2024-05-28 13:02:06.345 98693 ERROR manila_tempest_tests.tests.api.base [-] Suppressed cleanup error in Manila: Traceback (most recent call last): File "/opt/stack/manila-tempest-plugin/manila_tempest_tests/tests/api/base.py", line 1272, in clear_project_users cls.os_admin.creds_client.delete_user(user['id'])
File "/opt/stack/tempest/tempest/lib/common/cred_client.py", line 55, in delete_user self.users_client.delete_user(user_id)
File "/opt/stack/tempest/tempest/lib/services/identity/v3/users_client.py", line 104, in delete_user resp, body = self.delete("users/%s" % user_id)
File "/opt/stack/tempest/tempest/lib/common/rest_client.py", line 357, in delete return self.request('DELETE', url, extra_headers, headers, body)
File "/opt/stack/tempest/tempest/lib/common/rest_client.py", line 760, in request self._error_checker(resp, resp_body)
