2024-05-28 13:02:31.984 98689 INFO tempest.lib.common.rest_client [req-9d50ab26-ad8b-4a25-9b83-ac055f8ed61a req-9d50ab26-ad8b-4a25-9b83-ac055f8ed61a ] Request (ShareNetworkSubnetsTest:setUpClass): 201 POST http://10.27.203.238/identity/v3/auth/tokens 0.070s
2024-05-28 13:02:32.042 98689 INFO tempest.lib.common.rest_client [req-4585c88f-f23a-4849-b0b1-d33eece633f3 req-4585c88f-f23a-4849-b0b1-d33eece633f3 ] Request (ShareNetworkSubnetsTest:setUpClass): 201 POST http://10.27.203.238/identity/v3/projects 0.057s
2024-05-28 13:02:32.099 98689 INFO tempest.lib.common.rest_client [req-d5e36f52-622f-48d4-a826-b15dfc924eda req-d5e36f52-622f-48d4-a826-b15dfc924eda ] Request (ShareNetworkSubnetsTest:setUpClass): 201 POST http://10.27.203.238/identity/v3/users 0.056s
2024-05-28 13:02:32.119 98689 INFO tempest.lib.common.rest_client [req-21291b81-760c-450e-a679-921ffa5c2e62 req-21291b81-760c-450e-a679-921ffa5c2e62 ] Request (ShareNetworkSubnetsTest:setUpClass): 200 GET http://10.27.203.238/identity/v3/roles 0.020s
2024-05-28 13:02:32.154 98689 INFO tempest.lib.common.rest_client [req-280646bd-aa51-4e37-b7f9-c59cb2937767 req-280646bd-aa51-4e37-b7f9-c59cb2937767 ] Request (ShareNetworkSubnetsTest:setUpClass): 204 PUT http://10.27.203.238/identity/v3/projects/f14455b44db646599c72bb78e8be787f/users/2bc97f1360f84c76a04d2e216cf7488c/roles/e7989893488f483baa107be56668c4f8 0.034s
2024-05-28 13:02:32.194 98689 INFO tempest.lib.common.rest_client [req-576cae46-dcca-4e99-b973-85ed2d622c2f req-576cae46-dcca-4e99-b973-85ed2d622c2f ] Request (ShareNetworkSubnetsTest:setUpClass): 200 GET http://10.27.203.238/identity/v3/roles 0.039s
2024-05-28 13:02:32.215 98689 INFO tempest.lib.common.rest_client [req-e76eb89d-f11a-4b64-806c-39defa45631c req-e76eb89d-f11a-4b64-806c-39defa45631c ] Request (ShareNetworkSubnetsTest:setUpClass): 204 PUT http://10.27.203.238/identity/v3/projects/f14455b44db646599c72bb78e8be787f/users/2bc97f1360f84c76a04d2e216cf7488c/roles/e7989893488f483baa107be56668c4f8 0.021s
2024-05-28 13:02:32.216 98689 INFO tempest.lib.common.dynamic_creds [-] Dynamic test user 2bc97f1360f84c76a04d2e216cf7488c is created with scope project and roles: ['admin']
2024-05-28 13:02:32.216 98689 INFO tempest.lib.common.dynamic_creds [-] Acquired dynamic creds: credentials: Credentials: {'domain_id': 'default', 'domain_name': 'Default', 'username': 'tempest-ShareNetworkSubnetsTest-2034479954-project-admin', 'project_domain_id': 'default', 'project_domain_name': 'Default', 'project_id': 'f14455b44db646599c72bb78e8be787f', 'project_name': 'tempest-ShareNetworkSubnetsTest-2034479954', 'tenant_id': 'f14455b44db646599c72bb78e8be787f', 'tenant_name': 'tempest-ShareNetworkSubnetsTest-2034479954', 'user_domain_id': 'default', 'user_domain_name': 'Default', 'user_id': '2bc97f1360f84c76a04d2e216cf7488c', 'system': None}, Network: None, Subnet: None, Router: None
2024-05-28 13:02:32.216 98689 INFO tempest.lib.common.dynamic_creds [-] Created isolated network resources for: credentials: Credentials: {'domain_id': 'default', 'domain_name': 'Default', 'username': 'tempest-ShareNetworkSubnetsTest-2034479954-project-admin', 'project_domain_id': 'default', 'project_domain_name': 'Default', 'project_id': 'f14455b44db646599c72bb78e8be787f', 'project_name': 'tempest-ShareNetworkSubnetsTest-2034479954', 'tenant_id': 'f14455b44db646599c72bb78e8be787f', 'tenant_name': 'tempest-ShareNetworkSubnetsTest-2034479954', 'user_domain_id': 'default', 'user_domain_name': 'Default', 'user_id': '2bc97f1360f84c76a04d2e216cf7488c', 'system': None}, Network: None, Subnet: None, Router: None
2024-05-28 13:02:32.294 98689 INFO tempest.lib.common.rest_client [req-d75f6375-4684-49e1-9c74-06b7ff8b272c req-d75f6375-4684-49e1-9c74-06b7ff8b272c ] Request (ShareNetworkSubnetsTest:setUpClass): 201 POST http://10.27.203.238/identity/v3/auth/tokens 0.077s
2024-05-28 13:02:32.322 98689 INFO tempest.lib.common.rest_client [req-2d1f691b-41aa-4b47-96a4-1b301f45757d req-2d1f691b-41aa-4b47-96a4-1b301f45757d ] Request (ShareNetworkSubnetsTest:setUpClass): 200 GET http://10.27.203.238/identity/v3/domains?name=Default 0.026s
2024-05-28 13:02:32.359 98689 INFO tempest.lib.common.rest_client [req-db61622e-5dfb-44fc-93cf-7ccdec22b612 req-db61622e-5dfb-44fc-93cf-7ccdec22b612 ] Request (ShareNetworkSubnetsTest:setUpClass): 201 POST http://10.27.203.238/identity/v3/users 0.037s
2024-05-28 13:02:32.378 98689 INFO tempest.lib.common.rest_client [req-92cb981f-5396-485b-a001-d4a3c34feb9d req-92cb981f-5396-485b-a001-d4a3c34feb9d ] Request (ShareNetworkSubnetsTest:setUpClass): 200 GET http://10.27.203.238/identity/v3/roles 0.018s
2024-05-28 13:02:32.416 98689 INFO tempest.lib.common.rest_client [req-23992953-5368-40a4-9d6d-f0489b9b8de8 req-23992953-5368-40a4-9d6d-f0489b9b8de8 ] Request (ShareNetworkSubnetsTest:setUpClass): 204 PUT http://10.27.203.238/identity/v3/projects/f14455b44db646599c72bb78e8be787f/users/a3784840ad6a4156929be55026b39776/roles/44620cad10ae407c90c91e2c296adb04 0.037s
2024-05-28 13:02:32.568 98689 INFO tempest.lib.common.rest_client [ req-db751196-6484-46c4-8f25-3c71d8a04579 ] Request (ShareNetworkSubnetsTest:setUpClass): 200 POST http://10.27.203.238/share/v2/f14455b44db646599c72bb78e8be787f/types 0.151s
2024-05-28 13:02:32.736 98689 INFO tempest.lib.common.rest_client [ req-2aef7586-6dc5-498e-9c29-9369dd678be0 ] Request (ShareNetworkSubnetsTest:setUpClass): 200 POST http://10.27.203.238/share/v1/73ff30a3b10d4ca099fc7022b36d49d9/share-networks 0.167s
2024-05-28 13:02:32.843 98689 INFO tempest.lib.common.rest_client [ req-6ac4d173-a488-4777-8e21-e0eaf42fba20 ] Request (ShareNetworkSubnetsTest:test_create_delete_subnet): 200 POST http://10.27.203.238/share/v2/73ff30a3b10d4ca099fc7022b36d49d9/share-networks 0.106s
2024-05-28 13:02:32.872 98689 INFO tempest.lib.common.rest_client [ req-6c30b2d2-3c16-4973-b010-0d30d4aa1f81 ] Request (ShareNetworkSubnetsTest:test_create_delete_subnet): 200 GET http://10.27.203.238/share/v2/73ff30a3b10d4ca099fc7022b36d49d9/share-networks/f2b09030-fe17-40bc-a650-6d0977354531 0.028s
2024-05-28 13:02:32.884 98689 INFO tempest.lib.common.rest_client [ req-f2f24f22-b21c-4cb0-b5b6-17a9a3b0be96 ] Request (ShareNetworkSubnetsTest:test_create_delete_subnet): 200 GET http://10.27.203.238/share/v2/73ff30a3b10d4ca099fc7022b36d49d9/availability-zones 0.011s
2024-05-28 13:02:32.946 98689 INFO tempest.lib.common.rest_client [ req-5aae7b78-3d01-4aee-a109-0811a7995dd6 ] Request (ShareNetworkSubnetsTest:test_create_delete_subnet): 200 POST http://10.27.203.238/share/v2/73ff30a3b10d4ca099fc7022b36d49d9/share-networks/f2b09030-fe17-40bc-a650-6d0977354531/subnets 0.060s
2024-05-28 13:02:33.006 98689 INFO tempest.lib.common.rest_client [ req-28759b18-74bb-4d0f-a0ad-4a18ea9b9a10 ] Request (ShareNetworkSubnetsTest:test_create_delete_subnet): 202 DELETE http://10.27.203.238/share/v2/73ff30a3b10d4ca099fc7022b36d49d9/share-networks/f2b09030-fe17-40bc-a650-6d0977354531/subnets/f58a73f4-cc67-4a70-beca-6b27e59314ca 0.060s
2024-05-28 13:02:33.042 98689 INFO tempest.lib.common.rest_client [ req-05f3fd15-577b-434a-bed1-c81bc2eb6c4e ] Request (ShareNetworkSubnetsTest:_run_cleanups): 404 DELETE http://10.27.203.238/share/v2/73ff30a3b10d4ca099fc7022b36d49d9/share-networks/f2b09030-fe17-40bc-a650-6d0977354531/subnets/f58a73f4-cc67-4a70-beca-6b27e59314ca 0.035s
2024-05-28 13:02:33.042 98689 ERROR manila_tempest_tests.tests.api.base [-] Suppressed cleanup error in Manila: Traceback (most recent call last): File "/opt/stack/manila-tempest-plugin/manila_tempest_tests/tests/api/base.py", line 952, in clear_resources client.delete_subnet(sn_id, res_id)
File "/opt/stack/manila-tempest-plugin/manila_tempest_tests/services/share/v2/json/shares_client.py", line 2129, in delete_subnet resp, body = self.delete(url)
File "/opt/stack/manila-tempest-plugin/manila_tempest_tests/services/share/v2/json/shares_client.py", line 85, in delete resp, body = super(SharesV2Client, self).delete(url, headers=headers,
File "/opt/stack/tempest/tempest/lib/common/rest_client.py", line 357, in delete return self.request('DELETE', url, extra_headers, headers, body)
File "/opt/stack/tempest/tempest/lib/common/rest_client.py", line 760, in request self._error_checker(resp, resp_body)
File "/opt/stack/tempest/tempest/lib/common/rest_client.py", line 870, in _error_checker raise exceptions.NotFound(resp_body, resp=resp) tempest.lib.exceptions.NotFound: Object not found Details: {'code': 404, 'message': 'Share network subnet f58a73f4-cc67-4a70-beca-6b27e59314ca could not be found.'} : tempest.lib.exceptions.NotFound: Object not found
2024-05-28 13:02:33.159 98689 INFO tempest.lib.common.rest_client [ req-73ae5493-5682-4d06-a118-2b0d2622f4a7 ] Request (ShareNetworkSubnetsTest:_run_cleanups): 202 DELETE http://10.27.203.238/share/v1/73ff30a3b10d4ca099fc7022b36d49d9/share-networks/1d8a811f-5d5f-4914-b287-63011c2b61cb 0.116s
2024-05-28 13:02:33.179 98689 INFO tempest.lib.common.rest_client [ req-500cfd18-6538-48ff-b801-88c7f8b13bb8 ] Request (ShareNetworkSubnetsTest:_run_cleanups): 404 GET http://10.27.203.238/share/v1/73ff30a3b10d4ca099fc7022b36d49d9/share-networks/1d8a811f-5d5f-4914-b287-63011c2b61cb 0.019s
2024-05-28 13:02:33.321 98689 INFO tempest.lib.common.rest_client [ req-4f791f34-a29a-4d12-97f1-2b0ef1fd8b98 ] Request (ShareNetworkSubnetsTest:test_show_share_network_subnet): 200 POST http://10.27.203.238/share/v1/73ff30a3b10d4ca099fc7022b36d49d9/share-networks 0.138s
2024-05-28 13:02:33.333 98689 INFO tempest.lib.common.rest_client [ req-0360867c-841b-469e-b16a-6a3341ec13a3 ] Request (ShareNetworkSubnetsTest:test_show_share_network_subnet): 200 GET http://10.27.203.238/share/v2/73ff30a3b10d4ca099fc7022b36d49d9/availability-zones 0.011s
2024-05-28 13:02:33.402 98689 INFO tempest.lib.common.rest_client [ req-dd596793-50e4-4471-ab24-5ae694f448d4 ] Request (ShareNetworkSubnetsTest:test_show_share_network_subnet): 200 POST http://10.27.203.238/share/v2/73ff30a3b10d4ca099fc7022b36d49d9/share-networks/8d423adf-b3a1-43ef-b895-1454de3d36c2/subnets 0.069s
2024-05-28 13:02:33.448 98689 INFO tempest.lib.common.rest_client [ req-418c7e21-da4a-4f07-8839-436820756688 ] Request (ShareNetworkSubnetsTest:test_show_share_network_subnet): 200 GET http://10.27.203.238/share/v2/73ff30a3b10d4ca099fc7022b36d49d9/share-networks/8d423adf-b3a1-43ef-b895-1454de3d36c2/subnets/d6a643c8-2589-4958-a36e-c137425eb80b 0.045s
2024-05-28 13:02:33.530 98689 INFO tempest.lib.common.rest_client [ req-ca175d1d-1d00-4f8a-99f0-b2df7a3a892c ] Request (ShareNetworkSubnetsTest:test_show_share_network_subnet): 202 DELETE http://10.27.203.238/share/v2/73ff30a3b10d4ca099fc7022b36d49d9/share-networks/8d423adf-b3a1-43ef-b895-1454de3d36c2/subnets/d6a643c8-2589-4958-a36e-c137425eb80b 0.082s
2024-05-28 13:02:33.567 98689 INFO tempest.lib.common.rest_client [ req-688db957-6a48-46a4-9a1a-d7c1a8093706 ] Request (ShareNetworkSubnetsTest:_run_cleanups): 404 DELETE http://10.27.203.238/share/v2/73ff30a3b10d4ca099fc7022b36d49d9/share-networks/8d423adf-b3a1-43ef-b895-1454de3d36c2/subnets/d6a643c8-2589-4958-a36e-c137425eb80b 0.036s
2024-05-28 13:02:33.567 98689 ERROR manila_tempest_tests.tests.api.base [-] Suppressed cleanup error in Manila: Traceback (most recent call last): File "/opt/stack/manila-tempest-plugin/manila_tempest_tests/tests/api/base.py", line 952, in clear_resources client.delete_subnet(sn_id, res_id)
File "/opt/stack/manila-tempest-plugin/manila_tempest_tests/services/share/v2/json/shares_client.py", line 2129, in delete_subnet resp, body = self.delete(url)
File "/opt/stack/manila-tempest-plugin/manila_tempest_tests/services/share/v2/json/shares_client.py", line 85, in delete resp, body = super(SharesV2Client, self).delete(url, headers=headers,
File "/opt/stack/tempest/tempest/lib/common/rest_client.py", line 357, in delete return self.request('DELETE', url, extra_headers, headers, body)
File "/opt/stack/tempest/tempest/lib/common/rest_client.py", line 760, in request self._error_checker(resp, resp_body)
File "/opt/stack/tempest/tempest/lib/common/rest_client.py", line 870, in _error_checker raise exceptions.NotFound(resp_body, resp=resp) tempest.lib.exceptions.NotFound: Object not found Details: {'code': 404, 'message': 'Share network subnet d6a643c8-2589-4958-a36e-c137425eb80b could not be found.'} : tempest.lib.exceptions.NotFound: Object not found
2024-05-28 13:02:33.717 98691 INFO tempest.lib.common.rest_client [ req-ffd1bf5c-b659-479a-a474-84efa9a385da ] Request (SharesNegativeTest:test_try_delete_share_with_existing_snapshot): 200 GET http://10.27.203.238/share/v2/d1d71dc9f23c4c6a8e146d99ad65ebb2/snapshots/79b46976-8aab-4859-b7c0-b71cf76c2cc2 0.045s
2024-05-28 13:02:33.731 98689 INFO tempest.lib.common.rest_client [ req-91ab0ec3-a23b-4264-bd3e-0c749eed06bf ] Request (ShareNetworkSubnetsTest:_run_cleanups): 202 DELETE http://10.27.203.238/share/v1/73ff30a3b10d4ca099fc7022b36d49d9/share-networks/8d423adf-b3a1-43ef-b895-1454de3d36c2 0.163s
2024-05-28 13:02:33.750 98689 INFO tempest.lib.common.rest_client [ req-a1a6634b-9250-44a7-a6aa-1a47f81e28ee ] Request (ShareNetworkSubnetsTest:_run_cleanups): 404 GET http://10.27.203.238/share/v1/73ff30a3b10d4ca099fc7022b36d49d9/share-networks/8d423adf-b3a1-43ef-b895-1454de3d36c2 0.019s
2024-05-28 13:02:33.780 98689 INFO tempest.lib.common.rest_client [req-352525c2-bce7-440f-8c43-ed9a0782a6d9 req-352525c2-bce7-440f-8c43-ed9a0782a6d9 ] Request (ShareNetworkSubnetsTest:tearDownClass): 404 DELETE http://10.27.203.238/identity/v3/users/8688f80695814f34bfb56342c4e54028 0.028s
2024-05-28 13:02:33.781 98689 ERROR manila_tempest_tests.tests.api.base [-] Suppressed cleanup error in Manila: Traceback (most recent call last): File "/opt/stack/manila-tempest-plugin/manila_tempest_tests/tests/api/base.py", line 1272, in clear_project_users cls.os_admin.creds_client.delete_user(user['id'])
File "/opt/stack/tempest/tempest/lib/common/cred_client.py", line 55, in delete_user self.users_client.delete_user(user_id)
File "/opt/stack/tempest/tempest/lib/services/identity/v3/users_client.py", line 104, in delete_user resp, body = self.delete("users/%s" % user_id)
File "/opt/stack/tempest/tempest/lib/common/rest_client.py", line 357, in delete return self.request('DELETE', url, extra_headers, headers, body)
File "/opt/stack/tempest/tempest/lib/common/rest_client.py", line 760, in request self._error_checker(resp, resp_body)
File "/opt/stack/tempest/tempest/lib/common/rest_client.py", line 870, in _error_checker raise exceptions.NotFound(resp_body, resp=resp) tempest.lib.exceptions.NotFound: Object not found Details: {'code': 404, 'message': 'Could not find user: 8688f80695814f34bfb56342c4e54028.', 'title': 'Not Found'} : tempest.lib.exceptions.NotFound: Object not found
2024-05-28 13:02:33.808 98689 INFO tempest.lib.common.rest_client [req-90ab6a3b-e595-4b81-8a8c-fbc2e7b7b6c3 req-90ab6a3b-e595-4b81-8a8c-fbc2e7b7b6c3 ] Request (ShareNetworkSubnetsTest:tearDownClass): 404 DELETE http://10.27.203.238/identity/v3/users/108a25e436e9452a9a865957dcea1fc5 0.026s
2024-05-28 13:02:33.808 98689 ERROR manila_tempest_tests.tests.api.base [-] Suppressed cleanup error in Manila: Traceback (most recent call last): File "/opt/stack/manila-tempest-plugin/manila_tempest_tests/tests/api/base.py", line 1272, in clear_project_users cls.os_admin.creds_client.delete_user(user['id'])
File "/opt/stack/tempest/tempest/lib/common/cred_client.py", line 55, in delete_user self.users_client.delete_user(user_id)
File "/opt/stack/tempest/tempest/lib/services/identity/v3/users_client.py", line 104, in delete_user resp, body = self.delete("users/%s" % user_id)
File "/opt/stack/tempest/tempest/lib/common/rest_client.py", line 357, in delete return self.request('DELETE', url, extra_headers, headers, body)
File "/opt/stack/tempest/tempest/lib/common/rest_client.py", line 760, in request self._error_checker(resp, resp_body)
File "/opt/stack/tempest/tempest/lib/common/rest_client.py", line 870, in _error_checker raise exceptions.NotFound(resp_body, resp=resp) tempest.lib.exceptions.NotFound: Object not found Details: {'code': 404, 'message': 'Could not find user: 108a25e436e9452a9a865957dcea1fc5.', 'title': 'Not Found'} : tempest.lib.exceptions.NotFound: Object not found
2024-05-28 13:02:33.811 98691 INFO tempest.lib.common.rest_client [ req-fb345555-5eca-4f14-bca1-da91eb9903db ] Request (SharesNegativeTest:test_try_delete_share_with_existing_snapshot): 403 DELETE http://10.27.203.238/share/v1/d1d71dc9f23c4c6a8e146d99ad65ebb2/shares/b05a8999-f1ac-4887-a675-3c2ca8e9cece 0.094s
2024-05-28 13:02:33.835 98689 INFO tempest.lib.common.rest_client [req-7297c983-d7eb-4b4a-94b2-14cd1d28a9be req-7297c983-d7eb-4b4a-94b2-14cd1d28a9be ] Request (ShareNetworkSubnetsTest:tearDownClass): 404 DELETE http://10.27.203.238/identity/v3/users/5ae5cb1db3504baaba1df93dc154a004 0.026s
2024-05-28 13:02:33.835 98689 ERROR manila_tempest_tests.tests.api.base [-] Suppressed cleanup error in Manila: Traceback (most recent call last): File "/opt/stack/manila-tempest-plugin/manila_tempest_tests/tests/api/base.py", line 1272, in clear_project_users cls.os_admin.creds_client.delete_user(user['id'])
File "/opt/stack/tempest/tempest/lib/common/cred_client.py", line 55, in delete_user self.users_client.delete_user(user_id)
File "/opt/stack/tempest/tempest/lib/services/identity/v3/users_client.py", line 104, in delete_user resp, body = self.delete("users/%s" % user_id)
File "/opt/stack/tempest/tempest/lib/common/rest_client.py", line 357, in delete return self.request('DELETE', url, extra_headers, headers, body)
File "/opt/stack/tempest/tempest/lib/common/rest_client.py", line 760, in request self._error_checker(resp, resp_body)
File "/opt/stack/tempest/tempest/lib/common/rest_client.py", line 870, in _error_checker raise exceptions.NotFound(resp_body, resp=resp) tempest.lib.exceptions.NotFound: Object not found Details: {'code': 404, 'message': 'Could not find user: 5ae5cb1db3504baaba1df93dc154a004.', 'title': 'Not Found'} : tempest.lib.exceptions.NotFound: Object not found
2024-05-28 13:02:33.862 98689 INFO tempest.lib.common.rest_client [req-542ee797-9882-45ac-a934-33da3cc01d9e req-542ee797-9882-45ac-a934-33da3cc01d9e ] Request (ShareNetworkSubnetsTest:tearDownClass): 404 DELETE http://10.27.203.238/identity/v3/users/c2ac6ca3ea5a4ae498df6d12bb7caadc 0.026s
2024-05-28 13:02:33.862 98689 ERROR manila_tempest_tests.tests.api.base [-] Suppressed cleanup error in Manila: Traceback (most recent call last): File "/opt/stack/manila-tempest-plugin/manila_tempest_tests/tests/api/base.py", line 1272, in clear_project_users cls.os_admin.creds_client.delete_user(user['id'])
File "/opt/stack/tempest/tempest/lib/common/cred_client.py", line 55, in delete_user self.users_client.delete_user(user_id)
File "/opt/stack/tempest/tempest/lib/services/identity/v3/users_client.py", line 104, in delete_user resp, body = self.delete("users/%s" % user_id)
File "/opt/stack/tempest/tempest/lib/common/rest_client.py", line 357, in delete return self.request('DELETE', url, extra_headers, headers, body)
File "/opt/stack/tempest/tempest/lib/common/rest_client.py", line 760, in request self._error_checker(resp, resp_body)
File "/opt/stack/tempest/tempest/lib/common/rest_client.py", line 870, in _error_checker raise exceptions.NotFound(resp_body, resp=resp) tempest.lib.exceptions.NotFound: Object not found Details: {'code': 404, 'message': 'Could not find user: c2ac6ca3ea5a4ae498df6d12bb7caadc.', 'title': 'Not Found'} : tempest.lib.exceptions.NotFound: Object not found
2024-05-28 13:02:33.889 98689 INFO tempest.lib.common.rest_client [req-a9f5dc3e-0d39-4065-ad29-3d838d0fd149 req-a9f5dc3e-0d39-4065-ad29-3d838d0fd149 ] Request (ShareNetworkSubnetsTest:tearDownClass): 404 DELETE http://10.27.203.238/identity/v3/users/f89f851af36d480ab7d10d3506c60899 0.026s
2024-05-28 13:02:33.889 98689 ERROR manila_tempest_tests.tests.api.base [-] Suppressed cleanup error in Manila: Traceback (most recent call last): File "/opt/stack/manila-tempest-plugin/manila_tempest_tests/tests/api/base.py", line 1272, in clear_project_users cls.os_admin.creds_client.delete_user(user['id'])
File "/opt/stack/tempest/tempest/lib/common/cred_client.py", line 55, in delete_user self.users_client.delete_user(user_id)
File "/opt/stack/tempest/tempest/lib/services/identity/v3/users_client.py", line 104, in delete_user resp, body = self.delete("users/%s" % user_id)
File "/opt/stack/tempest/tempest/lib/common/rest_client.py", line 357, in delete return self.request('DELETE', url, extra_headers, headers, body)
File "/opt/stack/tempest/tempest/lib/common/rest_client.py", line 760, in request self._error_checker(resp, resp_body)
File "/opt/stack/tempest/tempest/lib/common/rest_client.py", line 870, in _error_checker raise exceptions.NotFound(resp_body, resp=resp) tempest.lib.exceptions.NotFound: Object not found Details: {'code': 404, 'message': 'Could not find user: f89f851af36d480ab7d10d3506c60899.', 'title': 'Not Found'} : tempest.lib.exceptions.NotFound: Object not found
2024-05-28 13:02:33.889 98691 INFO tempest.lib.common.rest_client [req-0edbe4b9-b122-455d-9f49-8984df6edb80 req-0edbe4b9-b122-455d-9f49-8984df6edb80 ] Request (SharesNegativeTest:tearDownClass): 404 DELETE http://10.27.203.238/identity/v3/users/14783f4fbce14880b4db4a628827607e 0.074s
2024-05-28 13:02:33.890 98691 ERROR manila_tempest_tests.tests.api.base [-] Suppressed cleanup error in Manila: Traceback (most recent call last): File "/opt/stack/manila-tempest-plugin/manila_tempest_tests/tests/api/base.py", line 1272, in clear_project_users cls.os_admin.creds_client.delete_user(user['id'])
File "/opt/stack/tempest/tempest/lib/common/cred_client.py", line 55, in delete_user self.users_client.delete_user(user_id)
File "/opt/stack/tempest/tempest/lib/services/identity/v3/users_client.py", line 104, in delete_user resp, body = self.delete("users/%s" % user_id)
File "/opt/stack/tempest/tempest/lib/common/rest_client.py", line 357, in delete return self.request('DELETE', url, extra_headers, headers, body)
File "/opt/stack/tempest/tempest/lib/common/rest_client.py", line 760, in request self._error_checker(resp, resp_body)
File "/opt/stack/tempest/tempest/lib/common/rest_client.py", line 870, in _error_checker raise exceptions.NotFound(resp_body, resp=resp) tempest.lib.exceptions.NotFound: Object not found Details: {'code': 404, 'message': 'Could not find user: 14783f4fbce14880b4db4a628827607e.', 'title': 'Not Found'} : tempest.lib.exceptions.NotFound: Object not found
2024-05-28 13:02:33.913 98689 INFO tempest.lib.common.rest_client [req-2d33895c-0edf-48b4-b72a-7183e78b5620 req-2d33895c-0edf-48b4-b72a-7183e78b5620 ] Request (ShareNetworkSubnetsTest:tearDownClass): 404 DELETE http://10.27.203.238/identity/v3/users/6886717a9cfb42a0a4142a0b982570ee 0.024s
2024-05-28 13:02:33.914 98689 ERROR manila_tempest_tests.tests.api.base [-] Suppressed cleanup error in Manila: Traceback (most recent call last): File "/opt/stack/manila-tempest-plugin/manila_tempest_tests/tests/api/base.py", line 1272, in clear_project_users cls.os_admin.creds_client.delete_user(user['id'])
File "/opt/stack/tempest/tempest/lib/common/cred_client.py", line 55, in delete_user self.users_client.delete_user(user_id)
File "/opt/stack/tempest/tempest/lib/services/identity/v3/users_client.py", line 104, in delete_user resp, body = self.delete("users/%s" % user_id)
File "/opt/stack/tempest/tempest/lib/common/rest_client.py", line 357, in delete return self.request('DELETE', url, extra_headers, headers, body)
File "/opt/stack/tempest/tempest/lib/common/rest_client.py", line 760, in request self._error_checker(resp, resp_body)
File "/opt/stack/tempest/tempest/lib/common/rest_client.py", line 870, in _error_checker raise exceptions.NotFound(resp_body, resp=resp) tempest.lib.exceptions.NotFound: Object not found Details: {'code': 404, 'message': 'Could not find user: 6886717a9cfb42a0a4142a0b982570ee.', 'title': 'Not Found'} : tempest.lib.exceptions.NotFound: Object not found
2024-05-28 13:02:33.914 98691 INFO tempest.lib.common.rest_client [req-c498e1a3-7905-409d-aa69-2c521206e560 req-c498e1a3-7905-409d-aa69-2c521206e560 ] Request (SharesNegativeTest:tearDownClass): 404 DELETE http://10.27.203.238/identity/v3/users/9eca355145fd413390b5efe7a0d95465 0.024s
2024-05-28 13:02:33.914 98691 ERROR manila_tempest_tests.tests.api.base [-] Suppressed cleanup error in Manila: Traceback (most recent call last): File "/opt/stack/manila-tempest-plugin/manila_tempest_tests/tests/api/base.py", line 1272, in clear_project_users cls.os_admin.creds_client.delete_user(user['id'])
File "/opt/stack/tempest/tempest/lib/common/cred_client.py", line 55, in delete_user self.users_client.delete_user(user_id)
File "/opt/stack/tempest/tempest/lib/services/identity/v3/users_client.py", line 104, in delete_user resp, body = self.delete("users/%s" % user_id)
File "/opt/stack/tempest/tempest/lib/common/rest_client.py", line 357, in delete return self.request('DELETE', url, extra_headers, headers, body)
File "/opt/stack/tempest/tempest/lib/common/rest_client.py", line 760, in request self._error_checker(resp, resp_body)
File "/opt/stack/tempest/tempest/lib/common/rest_client.py", line 870, in _error_checker raise exceptions.NotFound(resp_body, resp=resp) tempest.lib.exceptions.NotFound: Object not found Details: {'code': 404, 'message': 'Could not find user: 9eca355145fd413390b5efe7a0d95465.', 'title': 'Not Found'} : tempest.lib.exceptions.NotFound: Object not found
2024-05-28 13:02:33.938 98689 INFO tempest.lib.common.rest_client [req-8fc887c1-1bff-4bed-9648-9cd0bef85f79 req-8fc887c1-1bff-4bed-9648-9cd0bef85f79 ] Request (ShareNetworkSubnetsTest:tearDownClass): 404 DELETE http://10.27.203.238/identity/v3/users/b523155e680a4a14acd4f3a4295a8d26 0.024s
2024-05-28 13:02:33.938 98689 ERROR manila_tempest_tests.tests.api.base [-] Suppressed cleanup error in Manila: Traceback (most recent call last): File "/opt/stack/manila-tempest-plugin/manila_tempest_tests/tests/api/base.py", line 1272, in clear_project_users cls.os_admin.creds_client.delete_user(user['id'])
File "/opt/stack/tempest/tempest/lib/common/cred_client.py", line 55, in delete_user self.users_client.delete_user(user_id)
File "/opt/stack/tempest/tempest/lib/services/identity/v3/users_client.py", line 104, in delete_user resp, body = self.delete("users/%s" % user_id)
File "/opt/stack/tempest/tempest/lib/common/rest_client.py", line 357, in delete return self.request('DELETE', url, extra_headers, headers, body)
File "/opt/stack/tempest/tempest/lib/common/rest_client.py", line 760, in request self._error_checker(resp, resp_body)
File "/opt/stack/tempest/tempest/lib/common/rest_client.py", line 870, in _error_checker raise exceptions.NotFound(resp_body, resp=resp) tempest.lib.exceptions.NotFound: Object not found Details: {'code': 404, 'message': 'Could not find user: b523155e680a4a14acd4f3a4295a8d26.', 'title': 'Not Found'} : tempest.lib.exceptions.NotFound: Object not found
2024-05-28 13:02:33.939 98691 INFO tempest.lib.common.rest_client [req-8e269927-daed-440c-98a6-fdeed8255efb req-8e269927-daed-440c-98a6-fdeed8255efb ] Request (SharesNegativeTest:tearDownClass): 404 DELETE http://10.27.203.238/identity/v3/users/91ab54ee09854b549923fb7671247f5c 0.024s
2024-05-28 13:02:33.940 98691 ERROR manila_tempest_tests.tests.api.base [-] Suppressed cleanup error in Manila: Traceback (most recent call last): File "/opt/stack/manila-tempest-plugin/manila_tempest_tests/tests/api/base.py", line 1272, in clear_project_users cls.os_admin.creds_client.delete_user(user['id'])
File "/opt/stack/tempest/tempest/lib/common/cred_client.py", line 55, in delete_user self.users_client.delete_user(user_id)
File "/opt/stack/tempest/tempest/lib/services/identity/v3/users_client.py", line 104, in delete_user resp, body = self.delete("users/%s" % user_id)
File "/opt/stack/tempest/tempest/lib/common/rest_client.py", line 357, in delete return self.request('DELETE', url, extra_headers, headers, body)
File "/opt/stack/tempest/tempest/lib/common/rest_client.py", line 760, in request self._error_checker(resp, resp_body)
File "/opt/stack/tempest/tempest/lib/common/rest_client.py", line 870, in _error_checker raise exceptions.NotFound(resp_body, resp=resp) tempest.lib.exceptions.NotFound: Object not found Details: {'code': 404, 'message': 'Could not find user: 91ab54ee09854b549923fb7671247f5c.', 'title': 'Not Found'} : tempest.lib.exceptions.NotFound: Object not found
2024-05-28 13:02:33.963 98689 INFO tempest.lib.common.rest_client [req-4386f77e-c46a-4ef7-8809-8cf709f3b233 req-4386f77e-c46a-4ef7-8809-8cf709f3b233 ] Request (ShareNetworkSubnetsTest:tearDownClass): 404 DELETE http://10.27.203.238/identity/v3/users/756070dd0b274fd8835b10a8fbe293d9 0.025s
2024-05-28 13:02:33.964 98689 ERROR manila_tempest_tests.tests.api.base [-] Suppressed cleanup error in Manila: Traceback (most recent call last): File "/opt/stack/manila-tempest-plugin/manila_tempest_tests/tests/api/base.py", line 1272, in clear_project_users cls.os_admin.creds_client.delete_user(user['id'])
File "/opt/stack/tempest/tempest/lib/common/cred_client.py", line 55, in delete_user self.users_client.delete_user(user_id)
File "/opt/stack/tempest/tempest/lib/services/identity/v3/users_client.py", line 104, in delete_user resp, body = self.delete("users/%s" % user_id)
File "/opt/stack/tempest/tempest/lib/common/rest_client.py", line 357, in delete return self.request('DELETE', url, extra_headers, headers, body)
File "/opt/stack/tempest/tempest/lib/common/rest_client.py", line 760, in request self._error_checker(resp, resp_body)
File "/opt/stack/tempest/tempest/lib/common/rest_client.py", line 870, in _error_checker raise exceptions.NotFound(resp_body, resp=resp) tempest.lib.exceptions.NotFound: Object not found Details: {'code': 404, 'message': 'Could not find user: 756070dd0b274fd8835b10a8fbe293d9.', 'title': 'Not Found'} : tempest.lib.exceptions.NotFound: Object not found
2024-05-28 13:02:33.964 98691 INFO tempest.lib.common.rest_client [req-11448656-1527-4b70-a2a2-d3964fb0cc9f req-11448656-1527-4b70-a2a2-d3964fb0cc9f ] Request (SharesNegativeTest:tearDownClass): 404 DELETE http://10.27.203.238/identity/v3/users/2889a927897c49bd92a0d1cfdf27e7f5 0.024s
2024-05-28 13:02:33.965 98691 ERROR manila_tempest_tests.tests.api.base [-] Suppressed cleanup error in Manila: Traceback (most recent call last): File "/opt/stack/manila-tempest-plugin/manila_tempest_tests/tests/api/base.py", line 1272, in clear_project_users cls.os_admin.creds_client.delete_user(user['id'])
File "/opt/stack/tempest/tempest/lib/common/cred_client.py", line 55, in delete_user self.users_client.delete_user(user_id)
File "/opt/stack/tempest/tempest/lib/services/identity/v3/users_client.py", line 104, in delete_user resp, body = self.delete("users/%s" % user_id)
File "/opt/stack/tempest/tempest/lib/common/rest_client.py", line 357, in delete return self.request('DELETE', url, extra_headers, headers, body)
File "/opt/stack/tempest/tempest/lib/common/rest_client.py", line 760, in request self._error_checker(resp, resp_body)
File "/opt/stack/tempest/tempest/lib/common/rest_client.py", line 870, in _error_checker raise exceptions.NotFound(resp_body, resp=resp) tempest.lib.exceptions.NotFound: Object not found Details: {'code': 404, 'message': 'Could not find user: 2889a927897c49bd92a0d1cfdf27e7f5.', 'title': 'Not Found'} : tempest.lib.exceptions.NotFound: Object not found
2024-05-28 13:02:33.989 98689 INFO tempest.lib.common.rest_client [req-92948f04-d67f-4daa-bbee-86d56dd755cf req-92948f04-d67f-4daa-bbee-86d56dd755cf ] Request (ShareNetworkSubnetsTest:tearDownClass): 404 DELETE http://10.27.203.238/identity/v3/users/cdf8594f55cb448e9b2312d051486331 0.025s
2024-05-28 13:02:33.990 98689 ERROR manila_tempest_tests.tests.api.base [-] Suppressed cleanup error in Manila: Traceback (most recent call last): File "/opt/stack/manila-tempest-plugin/manila_tempest_tests/tests/api/base.py", line 1272, in clear_project_users cls.os_admin.creds_client.delete_user(user['id'])
File "/opt/stack/tempest/tempest/lib/common/cred_client.py", line 55, in delete_user self.users_client.delete_user(user_id)
File "/opt/stack/tempest/tempest/lib/services/identity/v3/users_client.py", line 104, in delete_user resp, body = self.delete("users/%s" % user_id)
File "/opt/stack/tempest/tempest/lib/common/rest_client.py", line 357, in delete return self.request('DELETE', url, extra_headers, headers, body)
File "/opt/stack/tempest/tempest/lib/common/rest_client.py", line 760, in request self._error_checker(resp, resp_body)
File "/opt/stack/tempest/tempest/lib/common/rest_client.py", line 870, in _error_checker raise exceptions.NotFound(resp_body, resp=resp) tempest.lib.exceptions.NotFound: Object not found Details: {'code': 404, 'message': 'Could not find user: cdf8594f55cb448e9b2312d051486331.', 'title': 'Not Found'} : tempest.lib.exceptions.NotFound: Object not found
2024-05-28 13:02:33.991 98691 INFO tempest.lib.common.rest_client [req-e7e6ad0d-3cb9-4c6a-a83f-4b3386720369 req-e7e6ad0d-3cb9-4c6a-a83f-4b3386720369 ] Request (SharesNegativeTest:tearDownClass): 404 DELETE http://10.27.203.238/identity/v3/users/bd43e5d1c359462d807b6e8a8581fa73 0.026s
2024-05-28 13:02:33.992 98691 ERROR manila_tempest_tests.tests.api.base [-] Suppressed cleanup error in Manila: Traceback (most recent call last): File "/opt/stack/manila-tempest-plugin/manila_tempest_tests/tests/api/base.py", line 1272, in clear_project_users cls.os_admin.creds_client.delete_user(user['id'])
File "/opt/stack/tempest/tempest/lib/common/cred_client.py", line 55, in delete_user self.users_client.delete_user(user_id)
File "/opt/stack/tempest/tempest/lib/services/identity/v3/users_client.py", line 104, in delete_user resp, body = self.delete("users/%s" % user_id)
File "/opt/stack/tempest/tempest/lib/common/rest_client.py", line 357, in delete return self.request('DELETE', url, extra_headers, headers, body)
File "/opt/stack/tempest/tempest/lib/common/rest_client.py", line 760, in request self._error_checker(resp, resp_body)
File "/opt/stack/tempest/tempest/lib/common/rest_client.py", line 870, in _error_checker raise exceptions.NotFound(resp_body, resp=resp) tempest.lib.exceptions.NotFound: Object not found Details: {'code': 404, 'message': 'Could not find user: bd43e5d1c359462d807b6e8a8581fa73.', 'title': 'Not Found'} : tempest.lib.exceptions.NotFound: Object not found
2024-05-28 13:02:34.018 98691 INFO tempest.lib.common.rest_client [req-e0b87693-035d-4416-90f9-3e2ff6be6441 req-e0b87693-035d-4416-90f9-3e2ff6be6441 ] Request (SharesNegativeTest:tearDownClass): 404 DELETE http://10.27.203.238/identity/v3/users/18c7667276334e98bdd11d2b9d1875cc 0.026s
2024-05-28 13:02:34.018 98691 ERROR manila_tempest_tests.tests.api.base [-] Suppressed cleanup error in Manila: Traceback (most recent call last): File "/opt/stack/manila-tempest-plugin/manila_tempest_tests/tests/api/base.py", line 1272, in clear_project_users cls.os_admin.creds_client.delete_user(user['id'])
File "/opt/stack/tempest/tempest/lib/common/cred_client.py", line 55, in delete_user self.users_client.delete_user(user_id)
File "/opt/stack/tempest/tempest/lib/services/identity/v3/users_client.py", line 104, in delete_user resp, body = self.delete("users/%s" % user_id)
File "/opt/stack/tempest/tempest/lib/common/rest_client.py", line 357, in delete return self.request('DELETE', url, extra_headers, headers, body)
File "/opt/stack/tempest/tempest/lib/common/rest_client.py", line 760, in request self._error_checker(resp, resp_body)
File "/opt/stack/tempest/tempest/lib/common/rest_client.py", line 870, in _error_checker raise exceptions.NotFound(resp_body, resp=resp) tempest.lib.exceptions.NotFound: Object not found Details: {'code': 404, 'message': 'Could not find user: 18c7667276334e98bdd11d2b9d1875cc.', 'title': 'Not Found'} : tempest.lib.exceptions.NotFound: Object not found
2024-05-28 13:02:34.045 98691 INFO tempest.lib.common.rest_client [req-0723d561-a403-4fa3-a694-34b28305727b req-0723d561-a403-4fa3-a694-34b28305727b ] Request (SharesNegativeTest:tearDownClass): 404 DELETE http://10.27.203.238/identity/v3/users/db0396a316ea4c5697d47df053fccbe4 0.027s
2024-05-28 13:02:34.046 98691 ERROR manila_tempest_tests.tests.api.base [-] Suppressed cleanup error in Manila: Traceback (most recent call last): File "/opt/stack/manila-tempest-plugin/manila_tempest_tests/tests/api/base.py", line 1272, in clear_project_users cls.os_admin.creds_client.delete_user(user['id'])
File "/opt/stack/tempest/tempest/lib/common/cred_client.py", line 55, in delete_user self.users_client.delete_user(user_id)
File "/opt/stack/tempest/tempest/lib/services/identity/v3/users_client.py", line 104, in delete_user resp, body = self.delete("users/%s" % user_id)
File "/opt/stack/tempest/tempest/lib/common/rest_client.py", line 357, in delete return self.request('DELETE', url, extra_headers, headers, body)
File "/opt/stack/tempest/tempest/lib/common/rest_client.py", line 760, in request self._error_checker(resp, resp_body)
File "/opt/stack/tempest/tempest/lib/common/rest_client.py", line 870, in _error_checker raise exceptions.NotFound(resp_body, resp=resp) tempest.lib.exceptions.NotFound: Object not found Details: {'code': 404, 'message': 'Could not find user: db0396a316ea4c5697d47df053fccbe4.', 'title': 'Not Found'} : tempest.lib.exceptions.NotFound: Object not found
2024-05-28 13:02:34.086 98689 INFO tempest.lib.common.rest_client [req-82b04aeb-bd51-41c4-8b49-8f774f4011e8 req-82b04aeb-bd51-41c4-8b49-8f774f4011e8 ] Request (ShareNetworkSubnetsTest:tearDownClass): 204 DELETE http://10.27.203.238/identity/v3/users/a3784840ad6a4156929be55026b39776 0.096s
2024-05-28 13:02:34.118 98691 INFO tempest.lib.common.rest_client [req-1d5dd891-effa-46b4-aeca-642c6f7d4573 req-1d5dd891-effa-46b4-aeca-642c6f7d4573 ] Request (SharesNegativeTest:tearDownClass): 404 DELETE http://10.27.203.238/identity/v3/users/8408bca6708d4e57b4e6ae91fa7eb8e3 0.072s
2024-05-28 13:02:34.118 98691 ERROR manila_tempest_tests.tests.api.base [-] Suppressed cleanup error in Manila: Traceback (most recent call last): File "/opt/stack/manila-tempest-plugin/manila_tempest_tests/tests/api/base.py", line 1272, in clear_project_users cls.os_admin.creds_client.delete_user(user['id'])
File "/opt/stack/tempest/tempest/lib/common/cred_client.py", line 55, in delete_user self.users_client.delete_user(user_id)
File "/opt/stack/tempest/tempest/lib/services/identity/v3/users_client.py", line 104, in delete_user resp, body = self.delete("users/%s" % user_id)
File "/opt/stack/tempest/tempest/lib/common/rest_client.py", line 357, in delete return self.request('DELETE', url, extra_headers, headers, body)
File "/opt/stack/tempest/tempest/lib/common/rest_client.py", line 760, in request self._error_checker(resp, resp_body)
File "/opt/stack/tempest/tempest/lib/common/rest_client.py", line 870, in _error_checker raise exceptions.NotFound(resp_body, resp=resp) tempest.lib.exceptions.NotFound: Object not found Details: {'code': 404, 'message': 'Could not find user: 8408bca6708d4e57b4e6ae91fa7eb8e3.', 'title': 'Not Found'} : tempest.lib.exceptions.NotFound: Object not found
2024-05-28 13:02:34.125 98689 INFO tempest.lib.common.rest_client [ req-e753239a-5218-49a6-bab8-cf7412c670f8 ] Request (ShareNetworkSubnetsTest:tearDownClass): 202 DELETE http://10.27.203.238/share/v2/f14455b44db646599c72bb78e8be787f/types/ba9f84ba-7089-432b-9e87-dbef90237fef 0.038s
2024-05-28 13:02:34.138 98689 INFO tempest.lib.common.rest_client [ req-0354d341-9ff6-4a8d-a4ec-93bca76e366a ] Request (ShareNetworkSubnetsTest:tearDownClass): 404 GET http://10.27.203.238/share/v2/f14455b44db646599c72bb78e8be787f/types/ba9f84ba-7089-432b-9e87-dbef90237fef 0.012s
2024-05-28 13:02:34.191 98691 INFO tempest.lib.common.rest_client [req-b33c439c-ba39-4eee-aeed-ba04aa7d331f req-b33c439c-ba39-4eee-aeed-ba04aa7d331f ] Request (SharesNegativeTest:tearDownClass): 404 DELETE http://10.27.203.238/identity/v3/users/e593bd019bc24f30b8b269cbdd2e3494 0.072s
2024-05-28 13:02:34.192 98691 ERROR manila_tempest_tests.tests.api.base [-] Suppressed cleanup error in Manila: Traceback (most recent call last): File "/opt/stack/manila-tempest-plugin/manila_tempest_tests/tests/api/base.py", line 1272, in clear_project_users cls.os_admin.creds_client.delete_user(user['id'])
File "/opt/stack/tempest/tempest/lib/common/cred_client.py", line 55, in delete_user self.users_client.delete_user(user_id)
File "/opt/stack/tempest/tempest/lib/services/identity/v3/users_client.py", line 104, in delete_user resp, body = self.delete("users/%s" % user_id)
File "/opt/stack/tempest/tempest/lib/common/rest_client.py", line 357, in delete return self.request('DELETE', url, extra_headers, headers, body)
File "/opt/stack/tempest/tempest/lib/common/rest_client.py", line 760, in request self._error_checker(resp, resp_body)
File "/opt/stack/tempest/tempest/lib/common/rest_client.py", line 870, in _error_checker raise exceptions.NotFound(resp_body, resp=resp) tempest.lib.exceptions.NotFound: Object not found Details: {'code': 404, 'message': 'Could not find user: e593bd019bc24f30b8b269cbdd2e3494.', 'title': 'Not Found'} : tempest.lib.exceptions.NotFound: Object not found
2024-05-28 13:02:34.216 98691 INFO tempest.lib.common.rest_client [req-d1e27fe9-dde3-4d70-a20a-f81224e0aac7 req-d1e27fe9-dde3-4d70-a20a-f81224e0aac7 ] Request (SharesNegativeTest:tearDownClass): 404 DELETE http://10.27.203.238/identity/v3/users/eb30733c944e480eb147435ead450b9c 0.024s
2024-05-28 13:02:34.216 98691 ERROR manila_tempest_tests.tests.api.base [-] Suppressed cleanup error in Manila: Traceback (most recent call last): File "/opt/stack/manila-tempest-plugin/manila_tempest_tests/tests/api/base.py", line 1272, in clear_project_users cls.os_admin.creds_client.delete_user(user['id'])
File "/opt/stack/tempest/tempest/lib/common/cred_client.py", line 55, in delete_user self.users_client.delete_user(user_id)
File "/opt/stack/tempest/tempest/lib/services/identity/v3/users_client.py", line 104, in delete_user resp, body = self.delete("users/%s" % user_id)
File "/opt/stack/tempest/tempest/lib/common/rest_client.py", line 357, in delete return self.request('DELETE', url, extra_headers, headers, body)
File "/opt/stack/tempest/tempest/lib/common/rest_client.py", line 760, in request self._error_checker(resp, resp_body)
File "/opt/stack/tempest/tempest/lib/common/rest_client.py", line 870, in _error_checker raise exceptions.NotFound(resp_body, resp=resp) tempest.lib.exceptions.NotFound: Object not found Details: {'code': 404, 'message': 'Could not find user: eb30733c944e480eb147435ead450b9c.', 'title': 'Not Found'} : tempest.lib.exceptions.NotFound: Object not found
2024-05-28 13:02:34.244 98691 INFO tempest.lib.common.rest_client [req-bff10025-9e10-418f-a53d-769ce0db96fa req-bff10025-9e10-418f-a53d-769ce0db96fa ] Request (SharesNegativeTest:tearDownClass): 404 DELETE http://10.27.203.238/identity/v3/users/56ab342d938748f096b808a9b567c8a6 0.028s
2024-05-28 13:02:34.245 98691 ERROR manila_tempest_tests.tests.api.base [-] Suppressed cleanup error in Manila: Traceback (most recent call last): File "/opt/stack/manila-tempest-plugin/manila_tempest_tests/tests/api/base.py", line 1272, in clear_project_users cls.os_admin.creds_client.delete_user(user['id'])
File "/opt/stack/tempest/tempest/lib/common/cred_client.py", line 55, in delete_user self.users_client.delete_user(user_id)
File "/opt/stack/tempest/tempest/lib/services/identity/v3/users_client.py", line 104, in delete_user resp, body = self.delete("users/%s" % user_id)
File "/opt/stack/tempest/tempest/lib/common/rest_client.py", line 357, in delete return self.request('DELETE', url, extra_headers, headers, body)
File "/opt/stack/tempest/tempest/lib/common/rest_client.py", line 760, in request self._error_checker(resp, resp_body)
File "/opt/stack/tempest/tempest/lib/common/rest_client.py", line 870, in _error_checker raise exceptions.NotFound(resp_body, resp=resp) tempest.lib.exceptions.NotFound: Object not found Details: {'code': 404, 'message': 'Could not find user: 56ab342d938748f096b808a9b567c8a6.', 'title': 'Not Found'} : tempest.lib.exceptions.NotFound: Object not found
2024-05-28 13:02:34.297 98689 INFO tempest.lib.common.rest_client [req-f05f14fa-9f52-4514-b1df-c56619ec9b11 req-f05f14fa-9f52-4514-b1df-c56619ec9b11 ] Request (ShareNetworkSubnetsTest:tearDownClass): 204 DELETE http://10.27.203.238/identity/v3/users/c8a21d958df34c999582f2c925e1553b 0.158s
2024-05-28 13:02:34.390 98691 INFO tempest.lib.common.rest_client [req-3b327264-837e-484b-b58d-8306f827970e req-3b327264-837e-484b-b58d-8306f827970e ] Request (SharesNegativeTest:tearDownClass): 204 DELETE http://10.27.203.238/identity/v3/users/38cff7899375474db18ec516c437d291 0.144s
2024-05-28 13:02:34.430 98689 INFO tempest.lib.common.rest_client [req-ba0cca35-3df4-48ef-87ac-f4ac0a4a8523 req-ba0cca35-3df4-48ef-87ac-f4ac0a4a8523 ] Request (ShareNetworkSubnetsTest:tearDownClass): 204 DELETE http://10.27.203.238/identity/v3/users/3c09fdf36d9042198c4ec86ecc0be134 0.132s
2024-05-28 13:02:34.486 98693 INFO tempest.lib.common.rest_client [ req-f447d80c-d457-4b61-8127-d3c6677069e4 ] Request (ShareSnapshotMetadataNegativeTest:tearDownClass): 404 GET http://10.27.203.238/share/v2/b00df7df3db14cce99343fc7f6ffd796/shares/1f5b6f0f-f341-4964-a2fa-9c4a26198f95 0.016s
2024-05-28 13:02:34.496 98691 INFO tempest.lib.common.rest_client [ req-3b60b747-732c-4529-8570-712815d79201 ] Request (SharesNegativeTest:tearDownClass): 202 DELETE http://10.27.203.238/share/v2/d1d71dc9f23c4c6a8e146d99ad65ebb2/snapshots/79b46976-8aab-4859-b7c0-b71cf76c2cc2 0.106s
2024-05-28 13:02:34.534 98691 INFO tempest.lib.common.rest_client [ req-ab6d4fb2-65f7-463b-8c17-f9f8d01e201c ] Request (SharesNegativeTest:tearDownClass): 200 GET http://10.27.203.238/share/v2/d1d71dc9f23c4c6a8e146d99ad65ebb2/snapshots/79b46976-8aab-4859-b7c0-b71cf76c2cc2 0.038s
2024-05-28 13:02:34.557 98693 INFO tempest.lib.common.rest_client [ req-ac9a9875-5e2d-42ca-a40c-5320ae33940e ] Request (ShareSnapshotMetadataNegativeTest:tearDownClass): 202 DELETE http://10.27.203.238/share/v2/fb57334a24554a788ef7508e78b0d664/types/7108e75e-c350-4f09-a603-af820cfc30f1 0.070s
2024-05-28 13:02:34.572 98693 INFO tempest.lib.common.rest_client [ req-64a273d6-7cff-40f8-be29-ac993dbd5785 ] Request (ShareSnapshotMetadataNegativeTest:tearDownClass): 404 GET http://10.27.203.238/share/v2/fb57334a24554a788ef7508e78b0d664/types/7108e75e-c350-4f09-a603-af820cfc30f1 0.014s
2024-05-28 13:02:34.588 98689 INFO tempest.lib.common.rest_client [req-812ef2fa-7c9e-4bdb-90da-7d2d9723e366 req-812ef2fa-7c9e-4bdb-90da-7d2d9723e366 ] Request (ShareNetworkSubnetsTest:tearDownClass): 204 DELETE http://10.27.203.238/identity/v3/users/2bc97f1360f84c76a04d2e216cf7488c 0.158s
2024-05-28 13:02:34.588 98689 INFO tempest.lib.common.dynamic_creds [-] Deleting project and security group for project: f14455b44db646599c72bb78e8be787f
2024-05-28 13:02:34.635 98689 INFO tempest.lib.common.rest_client [req-a5c61938-0164-4680-88b7-3252d512d7e4 req-a5c61938-0164-4680-88b7-3252d512d7e4 ] Request (ShareNetworkSubnetsTest:tearDownClass): 201 POST http://10.27.203.238/identity/v3/auth/tokens 0.047s
2024-05-28 13:02:34.699 98693 INFO tempest.lib.common.rest_client [req-c593f691-dbeb-424d-a76f-7b2d10f19c4b req-c593f691-dbeb-424d-a76f-7b2d10f19c4b ] Request (ShareSnapshotMetadataNegativeTest:tearDownClass): 204 DELETE http://10.27.203.238/identity/v3/users/fe150a2857cc4ed1a4b19bc996c70bff 0.126s
2024-05-28 13:02:34.771 98689 INFO tempest.lib.common.rest_client [req-3d5a04e3-7443-48fe-9ecc-8b6c952eae7d req-3d5a04e3-7443-48fe-9ecc-8b6c952eae7d ] Request (ShareNetworkSubnetsTest:tearDownClass): 200 GET http://10.27.203.238:9696/networking/v2.0/security-groups?tenant_id=f14455b44db646599c72bb78e8be787f&name=default 0.135s
2024-05-28 13:02:34.815 98693 INFO tempest.lib.common.rest_client [req-ba7ed50a-4bdb-4b9d-afc4-613c0cb169cd req-ba7ed50a-4bdb-4b9d-afc4-613c0cb169cd ] Request (ShareSnapshotMetadataNegativeTest:tearDownClass): 204 DELETE http://10.27.203.238/identity/v3/users/d665b4918b364dfc8ed49e35b7728d62 0.116s
2024-05-28 13:02:34.879 98689 INFO tempest.lib.common.rest_client [req-01870f72-1d1c-4b8e-be92-a957c87280ce req-01870f72-1d1c-4b8e-be92-a957c87280ce ] Request (ShareNetworkSubnetsTest:tearDownClass): 204 DELETE http://10.27.203.238/identity/v3/projects/f14455b44db646599c72bb78e8be787f 0.107s
2024-05-28 13:02:34.879 98689 INFO tempest.lib.common.dynamic_creds [-] Deleting project and security group for project: bb9d3f847ef244849afe15c9d1149867
2024-05-28 13:02:34.892 98689 INFO tempest.lib.common.rest_client [req-41f9ba45-5b3c-4e8e-8ab5-ed1ad7e65bbe req-41f9ba45-5b3c-4e8e-8ab5-ed1ad7e65bbe ] Request (ShareNetworkSubnetsTest:tearDownClass): 200 GET http://10.27.203.238:9696/networking/v2.0/security-groups?tenant_id=bb9d3f847ef244849afe15c9d1149867&name=default 0.012s
2024-05-28 13:02:34.955 98693 INFO tempest.lib.common.rest_client [req-7cad5719-11be-412a-891f-49796331cfbe req-7cad5719-11be-412a-891f-49796331cfbe ] Request (ShareSnapshotMetadataNegativeTest:tearDownClass): 204 DELETE http://10.27.203.238/identity/v3/users/376994db8e664651b0e2019c32e48f36 0.139s
2024-05-28 13:02:34.955 98693 INFO tempest.lib.common.dynamic_creds [-] Deleting project and security group for project: b00df7df3db14cce99343fc7f6ffd796
2024-05-28 13:02:34.985 98689 INFO tempest.lib.common.rest_client [req-3ab6bd3c-4161-4d72-92cd-7a1f54357f87 req-3ab6bd3c-4161-4d72-92cd-7a1f54357f87 ] Request (ShareNetworkSubnetsTest:tearDownClass): 204 DELETE http://10.27.203.238/identity/v3/projects/bb9d3f847ef244849afe15c9d1149867 0.093s
2024-05-28 13:02:34.985 98689 INFO tempest.lib.common.dynamic_creds [-] Deleting project and security group for project: 73ff30a3b10d4ca099fc7022b36d49d9
