2024-05-28 13:01:26.878 98693 INFO tempest.lib.common.rest_client [req-b3cf2a8a-b8ab-40c7-8d13-e049745949fe req-b3cf2a8a-b8ab-40c7-8d13-e049745949fe ] Request (ShareTransferTest:setUpClass): 201 POST http://10.27.203.238/identity/v3/auth/tokens 0.087s
2024-05-28 13:01:26.905 98689 INFO tempest.lib.common.rest_client [ req-ebb52295-9bad-4035-8d07-de8953ab1eb6 ] Request (ShareRulesTest:test_list_access_rules): 200 POST http://10.27.203.238/share/v2/a4f3887fa28c457390f5b66615564430/shares/b330db31-7766-443d-9c19-26fe349665aa/action 0.070s
2024-05-28 13:01:26.940 98693 INFO tempest.lib.common.rest_client [req-44ca9be4-7f34-4573-afe7-2f06c7958d24 req-44ca9be4-7f34-4573-afe7-2f06c7958d24 ] Request (ShareTransferTest:setUpClass): 201 POST http://10.27.203.238/identity/v3/projects 0.062s
2024-05-28 13:01:26.997 98693 INFO tempest.lib.common.rest_client [req-1a84bb13-ef95-4f42-b572-80b9f1f2e330 req-1a84bb13-ef95-4f42-b572-80b9f1f2e330 ] Request (ShareTransferTest:setUpClass): 201 POST http://10.27.203.238/identity/v3/users 0.056s
2024-05-28 13:01:27.021 98693 INFO tempest.lib.common.rest_client [req-83c1a43f-bfef-4249-b290-d502d2a46218 req-83c1a43f-bfef-4249-b290-d502d2a46218 ] Request (ShareTransferTest:setUpClass): 200 GET http://10.27.203.238/identity/v3/roles 0.023s
2024-05-28 13:01:27.061 98693 INFO tempest.lib.common.rest_client [req-5d715fcf-2b9d-436a-a512-f09472a7fe13 req-5d715fcf-2b9d-436a-a512-f09472a7fe13 ] Request (ShareTransferTest:setUpClass): 204 PUT http://10.27.203.238/identity/v3/projects/d1537648c20c411f91d5a0afa8167810/users/18e2f070539c4a5b976f7acfade6058d/roles/e7989893488f483baa107be56668c4f8 0.039s
2024-05-28 13:01:27.106 98693 INFO tempest.lib.common.rest_client [req-92bc653b-cf8b-4130-88f7-0e05e7832347 req-92bc653b-cf8b-4130-88f7-0e05e7832347 ] Request (ShareTransferTest:setUpClass): 200 GET http://10.27.203.238/identity/v3/roles 0.044s
2024-05-28 13:01:27.126 98693 INFO tempest.lib.common.rest_client [req-c17259dd-19ab-4834-9781-52ae9894f3e3 req-c17259dd-19ab-4834-9781-52ae9894f3e3 ] Request (ShareTransferTest:setUpClass): 204 PUT http://10.27.203.238/identity/v3/projects/d1537648c20c411f91d5a0afa8167810/users/18e2f070539c4a5b976f7acfade6058d/roles/e7989893488f483baa107be56668c4f8 0.020s
2024-05-28 13:01:27.127 98693 INFO tempest.lib.common.dynamic_creds [-] Dynamic test user 18e2f070539c4a5b976f7acfade6058d is created with scope project and roles: ['admin']
2024-05-28 13:01:27.127 98693 INFO tempest.lib.common.dynamic_creds [-] Acquired dynamic creds: credentials: Credentials: {'domain_id': 'default', 'domain_name': 'Default', 'username': 'tempest-ShareTransferTest-121988270-project-admin', 'project_domain_id': 'default', 'project_domain_name': 'Default', 'project_id': 'd1537648c20c411f91d5a0afa8167810', 'project_name': 'tempest-ShareTransferTest-121988270', 'tenant_id': 'd1537648c20c411f91d5a0afa8167810', 'tenant_name': 'tempest-ShareTransferTest-121988270', 'user_domain_id': 'default', 'user_domain_name': 'Default', 'user_id': '18e2f070539c4a5b976f7acfade6058d', 'system': None}, Network: None, Subnet: None, Router: None
2024-05-28 13:01:27.127 98693 INFO tempest.lib.common.dynamic_creds [-] Created isolated network resources for: credentials: Credentials: {'domain_id': 'default', 'domain_name': 'Default', 'username': 'tempest-ShareTransferTest-121988270-project-admin', 'project_domain_id': 'default', 'project_domain_name': 'Default', 'project_id': 'd1537648c20c411f91d5a0afa8167810', 'project_name': 'tempest-ShareTransferTest-121988270', 'tenant_id': 'd1537648c20c411f91d5a0afa8167810', 'tenant_name': 'tempest-ShareTransferTest-121988270', 'user_domain_id': 'default', 'user_domain_name': 'Default', 'user_id': '18e2f070539c4a5b976f7acfade6058d', 'system': None}, Network: None, Subnet: None, Router: None
2024-05-28 13:01:27.211 98693 INFO tempest.lib.common.rest_client [req-0dada035-fdaf-4c4a-a399-2d0b323a1dee req-0dada035-fdaf-4c4a-a399-2d0b323a1dee ] Request (ShareTransferTest:setUpClass): 201 POST http://10.27.203.238/identity/v3/auth/tokens 0.083s
2024-05-28 13:01:27.237 98693 INFO tempest.lib.common.rest_client [req-dd05af46-9568-47d0-a3ec-6b1a3ac413e9 req-dd05af46-9568-47d0-a3ec-6b1a3ac413e9 ] Request (ShareTransferTest:setUpClass): 200 GET http://10.27.203.238/identity/v3/domains?name=Default 0.025s
2024-05-28 13:01:27.276 98695 INFO tempest.lib.common.rest_client [ req-aa37d928-d022-44dc-b86d-e1e51ea005ad ] Request (SharesNFSTest:test_create_get_delete_share): 200 GET http://10.27.203.238/share/v2/0af6f8e0aeed4f27b075e08f2bc713aa/shares/b40e9810-7e36-4abf-afca-87c742ad83b1 0.030s
2024-05-28 13:01:27.290 98693 INFO tempest.lib.common.rest_client [req-1ee4e19a-ea06-48b8-ae0f-7fe09881f3f4 req-1ee4e19a-ea06-48b8-ae0f-7fe09881f3f4 ] Request (ShareTransferTest:setUpClass): 201 POST http://10.27.203.238/identity/v3/users 0.052s
2024-05-28 13:01:27.308 98693 INFO tempest.lib.common.rest_client [req-3b31d346-2d3b-4d43-bab5-7e44611c8085 req-3b31d346-2d3b-4d43-bab5-7e44611c8085 ] Request (ShareTransferTest:setUpClass): 200 GET http://10.27.203.238/identity/v3/roles 0.018s
2024-05-28 13:01:27.348 98693 INFO tempest.lib.common.rest_client [req-842d4b11-5491-4b5d-a731-36ff92e45933 req-842d4b11-5491-4b5d-a731-36ff92e45933 ] Request (ShareTransferTest:setUpClass): 204 PUT http://10.27.203.238/identity/v3/projects/d1537648c20c411f91d5a0afa8167810/users/d76fc4c11efc4cff97005a3ab0385c58/roles/44620cad10ae407c90c91e2c296adb04 0.039s
2024-05-28 13:01:27.510 98693 INFO tempest.lib.common.rest_client [ req-65dbf554-5598-4605-a984-e44670a7af27 ] Request (ShareTransferTest:setUpClass): 200 POST http://10.27.203.238/share/v2/d1537648c20c411f91d5a0afa8167810/types 0.160s
2024-05-28 13:01:27.787 98693 INFO tempest.lib.common.rest_client [ req-145d487c-abbe-487d-b838-c2215f33b9e8 ] Request (ShareTransferTest:test_create_and_accept_share_transfer): 200 POST http://10.27.203.238/share/v2/bece16f41fc44d55bf7bc45c2adaaed5/shares 0.276s
2024-05-28 13:01:27.826 98693 INFO tempest.lib.common.rest_client [ req-68dc892f-c1d6-4d5c-a817-b4fd527087d4 ] Request (ShareTransferTest:test_create_and_accept_share_transfer): 200 GET http://10.27.203.238/share/v2/bece16f41fc44d55bf7bc45c2adaaed5/shares/3e8f600a-428f-49ef-9c9b-ce57939ca004 0.038s
2024-05-28 13:01:28.272 98691 INFO tempest.lib.common.rest_client [ req-5efde801-688e-4640-b77e-7033e3a86b10 ] Request (ShareTypeAvailabilityZonesTest:_run_cleanups): 200 GET http://10.27.203.238/share/v2/284d76edec3144579d6fb3f6dbc0dd4e/shares/553b74f3-3a9b-40ad-b4b1-d5648684cbf4 0.028s
2024-05-28 13:01:29.964 98689 INFO tempest.lib.common.rest_client [ req-86424f80-0144-4367-8014-10b683ab4150 ] Request (ShareRulesTest:test_list_access_rules): 200 POST http://10.27.203.238/share/v2/a4f3887fa28c457390f5b66615564430/shares/b330db31-7766-443d-9c19-26fe349665aa/action 0.057s
2024-05-28 13:01:30.022 98689 INFO tempest.lib.common.rest_client [ req-d7bcfc16-98a5-4479-aef9-bed8176ebbb7 ] Request (ShareRulesTest:test_list_access_rules): 200 POST http://10.27.203.238/share/v2/a4f3887fa28c457390f5b66615564430/shares/b330db31-7766-443d-9c19-26fe349665aa/action 0.057s
2024-05-28 13:01:30.230 98689 INFO tempest.lib.common.rest_client [ req-456ac9cc-688e-4efb-a974-d1aa6ffcebe9 ] Request (ShareRulesTest:_run_cleanups): 202 POST http://10.27.203.238/share/v2/a4f3887fa28c457390f5b66615564430/shares/b330db31-7766-443d-9c19-26fe349665aa/action 0.207s
2024-05-28 13:01:30.278 98689 INFO tempest.lib.common.rest_client [ req-71481425-6066-4c29-a242-232e3a008c1b ] Request (ShareRulesTest:_run_cleanups): 200 GET http://10.27.203.238/share/v2/a4f3887fa28c457390f5b66615564430/share-access-rules?share_id=b330db31-7766-443d-9c19-26fe349665aa 0.047s
2024-05-28 13:01:30.308 98695 INFO tempest.lib.common.rest_client [ req-61a79a6b-41de-4f25-b195-329937dd4468 ] Request (SharesNFSTest:test_create_get_delete_share): 200 GET http://10.27.203.238/share/v2/0af6f8e0aeed4f27b075e08f2bc713aa/shares/b40e9810-7e36-4abf-afca-87c742ad83b1 0.029s
2024-05-28 13:01:30.335 98695 INFO tempest.lib.common.rest_client [ req-9fe4c006-7ade-445a-93ea-bf9c30165d14 ] Request (SharesNFSTest:test_create_get_delete_share): 200 GET http://10.27.203.238/share/v2/0af6f8e0aeed4f27b075e08f2bc713aa/shares/b40e9810-7e36-4abf-afca-87c742ad83b1 0.026s
2024-05-28 13:01:30.362 98695 INFO tempest.lib.common.rest_client [ req-1320920e-75f8-4b5f-81e6-c22e4ef7d4d5 ] Request (SharesNFSTest:test_create_get_delete_share): 200 GET http://10.27.203.238/share/v2/0af6f8e0aeed4f27b075e08f2bc713aa/shares/b40e9810-7e36-4abf-afca-87c742ad83b1 0.027s
2024-05-28 13:01:30.389 98695 INFO tempest.lib.common.rest_client [ req-21564fc5-b45f-43a1-aebe-d2d0030cb5d9 ] Request (SharesNFSTest:test_create_get_delete_share): 200 GET http://10.27.203.238/share/v2/0af6f8e0aeed4f27b075e08f2bc713aa/shares/b40e9810-7e36-4abf-afca-87c742ad83b1 0.027s
2024-05-28 13:01:30.520 98695 INFO tempest.lib.common.rest_client [ req-d160fb9f-d13a-463a-8cc4-051252e5c51b ] Request (SharesNFSTest:test_create_get_delete_share): 202 DELETE http://10.27.203.238/share/v2/0af6f8e0aeed4f27b075e08f2bc713aa/shares/b40e9810-7e36-4abf-afca-87c742ad83b1 0.130s
2024-05-28 13:01:30.552 98695 INFO tempest.lib.common.rest_client [ req-665b45e0-f073-4d19-9c4c-cbb5ca597194 ] Request (SharesNFSTest:test_create_get_delete_share): 200 GET http://10.27.203.238/share/v2/0af6f8e0aeed4f27b075e08f2bc713aa/shares/b40e9810-7e36-4abf-afca-87c742ad83b1 0.031s
2024-05-28 13:01:30.859 98693 INFO tempest.lib.common.rest_client [ req-9b3aa177-cb90-4ccb-8978-31df2df9bef6 ] Request (ShareTransferTest:test_create_and_accept_share_transfer): 200 GET http://10.27.203.238/share/v2/bece16f41fc44d55bf7bc45c2adaaed5/shares/3e8f600a-428f-49ef-9c9b-ce57939ca004 0.029s
2024-05-28 13:01:31.304 98691 INFO tempest.lib.common.rest_client [ req-d4161fd7-1a0f-40c5-aaf4-c19549e7caa3 ] Request (ShareTypeAvailabilityZonesTest:_run_cleanups): 200 GET http://10.27.203.238/share/v2/284d76edec3144579d6fb3f6dbc0dd4e/shares/553b74f3-3a9b-40ad-b4b1-d5648684cbf4 0.029s
2024-05-28 13:01:33.314 98689 INFO tempest.lib.common.rest_client [ req-8c85365e-df92-4927-9ac4-62a40800ca4d ] Request (ShareRulesTest:_run_cleanups): 200 GET http://10.27.203.238/share/v2/a4f3887fa28c457390f5b66615564430/share-access-rules?share_id=b330db31-7766-443d-9c19-26fe349665aa 0.032s
2024-05-28 13:01:33.423 98689 INFO tempest.lib.common.rest_client [ req-9bedb6c0-82f4-4946-8b15-a40811d4e3ad ] Request (ShareRulesTest:test_list_access_rules): 200 POST http://10.27.203.238/share/v2/a4f3887fa28c457390f5b66615564430/shares/b330db31-7766-443d-9c19-26fe349665aa/action 0.106s
2024-05-28 13:01:33.481 98689 INFO tempest.lib.common.rest_client [ req-1b91db21-93b6-4f7c-b85a-f9cd201c71bd ] Request (ShareRulesTest:test_list_access_rules): 200 POST http://10.27.203.238/share/v2/a4f3887fa28c457390f5b66615564430/shares/b330db31-7766-443d-9c19-26fe349665aa/action 0.057s
2024-05-28 13:01:33.587 98695 INFO tempest.lib.common.rest_client [ req-eac83acf-7456-4008-8b07-7c7658ca0130 ] Request (SharesNFSTest:test_create_get_delete_share): 200 GET http://10.27.203.238/share/v2/0af6f8e0aeed4f27b075e08f2bc713aa/shares/b40e9810-7e36-4abf-afca-87c742ad83b1 0.031s
2024-05-28 13:01:33.887 98693 INFO tempest.lib.common.rest_client [ req-81ad0843-e0ee-4706-bc54-cea65a9efafe ] Request (ShareTransferTest:test_create_and_accept_share_transfer): 200 GET http://10.27.203.238/share/v2/bece16f41fc44d55bf7bc45c2adaaed5/shares/3e8f600a-428f-49ef-9c9b-ce57939ca004 0.027s
2024-05-28 13:01:34.001 98693 INFO tempest.lib.common.rest_client [ req-eeb7eb00-bd11-4356-8626-f0dd08f32d1e ] Request (ShareTransferTest:test_create_and_accept_share_transfer): 202 POST http://10.27.203.238/share/v2/bece16f41fc44d55bf7bc45c2adaaed5/share-transfers 0.113s
2024-05-28 13:01:34.029 98693 INFO tempest.lib.common.rest_client [ req-2f057f1a-1126-43d3-823e-601fb925e70a ] Request (ShareTransferTest:test_create_and_accept_share_transfer): 200 GET http://10.27.203.238/share/v1/bece16f41fc44d55bf7bc45c2adaaed5/shares/3e8f600a-428f-49ef-9c9b-ce57939ca004 0.028s
2024-05-28 13:01:34.320 98691 INFO tempest.lib.common.rest_client [ req-784506e9-220a-4bd4-8da8-2a98e726af31 ] Request (ShareTypeAvailabilityZonesTest:_run_cleanups): 404 GET http://10.27.203.238/share/v2/284d76edec3144579d6fb3f6dbc0dd4e/shares/553b74f3-3a9b-40ad-b4b1-d5648684cbf4 0.014s
2024-05-28 13:01:34.346 98691 INFO tempest.lib.common.rest_client [ req-3455cbba-253d-4b23-8cdc-c96c9f4b605c ] Request (ShareTypeAvailabilityZonesTest:test_share_type_azs_shares_az_in_create_req): 200 PUT http://10.27.203.238/share/v2/bb20757ddd604868aff8ad38db5def87/types/7d2ea8e8-bada-4826-a8a8-53b4e9ff301f/extra_specs/availability_zones 0.024s
2024-05-28 13:01:34.636 98691 INFO tempest.lib.common.rest_client [ req-572287b8-8150-4cb9-941b-231bd65a9ed8 ] Request (ShareTypeAvailabilityZonesTest:test_share_type_azs_shares_az_in_create_req): 200 POST http://10.27.203.238/share/v2/284d76edec3144579d6fb3f6dbc0dd4e/shares 0.289s
2024-05-28 13:01:34.663 98691 INFO tempest.lib.common.rest_client [ req-27139ebe-c2c5-4d97-9591-9d31226292e8 ] Request (ShareTypeAvailabilityZonesTest:test_share_type_azs_shares_az_in_create_req): 200 GET http://10.27.203.238/share/v2/284d76edec3144579d6fb3f6dbc0dd4e/shares/31a95cfc-8903-4626-a21e-78ef575c96ed 0.027s
2024-05-28 13:01:34.841 98693 INFO tempest.lib.common.rest_client [ req-b64b5b2f-6808-4470-ab18-be0498dcd3ba ] Request (ShareTransferTest:test_create_and_accept_share_transfer): 202 POST http://10.27.203.238/share/v2/6570d95ff9704ae6a746d0fdc1bcfded/share-transfers/97a6490c-4644-4fb0-83d9-719ee935ae27/accept 0.811s
2024-05-28 13:01:34.870 98693 INFO tempest.lib.common.rest_client [ req-d64fbabb-2afc-4f99-b835-ce8c5fb29616 ] Request (ShareTransferTest:test_create_and_accept_share_transfer): 200 GET http://10.27.203.238/share/v1/6570d95ff9704ae6a746d0fdc1bcfded/shares/3e8f600a-428f-49ef-9c9b-ce57939ca004 0.028s
2024-05-28 13:01:34.918 98693 INFO tempest.lib.common.rest_client [ req-6a967557-a816-41ba-b309-8f9fa418f0a8 ] Request (ShareTransferTest:test_create_and_accept_share_transfer): 200 GET http://10.27.203.238/share/v2/6570d95ff9704ae6a746d0fdc1bcfded/shares/detail 0.047s
2024-05-28 13:01:35.043 98693 INFO tempest.lib.common.rest_client [ req-bcc05c98-648e-4146-8d10-45b973733306 ] Request (ShareTransferTest:test_create_and_accept_share_transfer): 202 DELETE http://10.27.203.238/share/v2/6570d95ff9704ae6a746d0fdc1bcfded/shares/3e8f600a-428f-49ef-9c9b-ce57939ca004 0.123s
2024-05-28 13:01:35.071 98693 INFO tempest.lib.common.rest_client [ req-f573f666-d1bc-45fd-af33-7fc53638d727 ] Request (ShareTransferTest:test_create_and_accept_share_transfer): 200 GET http://10.27.203.238/share/v2/6570d95ff9704ae6a746d0fdc1bcfded/shares/3e8f600a-428f-49ef-9c9b-ce57939ca004 0.027s
2024-05-28 13:01:36.525 98689 INFO tempest.lib.common.rest_client [ req-89095e77-d22f-4651-81b2-0e5eb0c737ab ] Request (ShareRulesTest:test_list_access_rules): 200 POST http://10.27.203.238/share/v2/a4f3887fa28c457390f5b66615564430/shares/b330db31-7766-443d-9c19-26fe349665aa/action 0.042s
2024-05-28 13:01:36.565 98689 INFO tempest.lib.common.rest_client [ req-cc00607f-59f2-4e09-a6d5-43e50996abe7 ] Request (ShareRulesTest:test_list_access_rules): 200 POST http://10.27.203.238/share/v2/a4f3887fa28c457390f5b66615564430/shares/b330db31-7766-443d-9c19-26fe349665aa/action 0.039s
2024-05-28 13:01:36.617 98695 INFO tempest.lib.common.rest_client [ req-181e48c9-fa15-4b56-8181-c98ddb2e84d3 ] Request (SharesNFSTest:test_create_get_delete_share): 200 GET http://10.27.203.238/share/v2/0af6f8e0aeed4f27b075e08f2bc713aa/shares/b40e9810-7e36-4abf-afca-87c742ad83b1 0.026s
2024-05-28 13:01:36.737 98689 INFO tempest.lib.common.rest_client [ req-1744462f-d511-481a-997d-8f3ba47e4479 ] Request (ShareRulesTest:_run_cleanups): 202 POST http://10.27.203.238/share/v2/a4f3887fa28c457390f5b66615564430/shares/b330db31-7766-443d-9c19-26fe349665aa/action 0.171s
2024-05-28 13:01:36.787 98689 INFO tempest.lib.common.rest_client [ req-8ddf03d1-0d6c-4167-8748-e447e9be8f56 ] Request (ShareRulesTest:_run_cleanups): 200 GET http://10.27.203.238/share/v2/a4f3887fa28c457390f5b66615564430/share-access-rules?share_id=b330db31-7766-443d-9c19-26fe349665aa 0.049s
2024-05-28 13:01:37.693 98691 INFO tempest.lib.common.rest_client [ req-a3db3676-3daf-4235-8ef9-0209f11363e0 ] Request (ShareTypeAvailabilityZonesTest:test_share_type_azs_shares_az_in_create_req): 200 GET http://10.27.203.238/share/v2/284d76edec3144579d6fb3f6dbc0dd4e/shares/31a95cfc-8903-4626-a21e-78ef575c96ed 0.025s
2024-05-28 13:01:38.102 98693 INFO tempest.lib.common.rest_client [ req-219c806b-c49b-456d-80e3-8523cb7a0e0a ] Request (ShareTransferTest:test_create_and_accept_share_transfer): 200 GET http://10.27.203.238/share/v2/6570d95ff9704ae6a746d0fdc1bcfded/shares/3e8f600a-428f-49ef-9c9b-ce57939ca004 0.027s
2024-05-28 13:01:39.634 98695 INFO tempest.lib.common.rest_client [ req-6b97cba2-62a8-4450-badd-9a47ce16a0b1 ] Request (SharesNFSTest:test_create_get_delete_share): 404 GET http://10.27.203.238/share/v2/0af6f8e0aeed4f27b075e08f2bc713aa/shares/b40e9810-7e36-4abf-afca-87c742ad83b1 0.014s
2024-05-28 13:01:39.649 98695 INFO tempest.lib.common.rest_client [ req-2471b84a-31ae-4f46-8f78-5c42e4f70bba ] Request (SharesNFSTest:test_create_get_delete_share): 404 GET http://10.27.203.238/share/v2/0af6f8e0aeed4f27b075e08f2bc713aa/shares/b40e9810-7e36-4abf-afca-87c742ad83b1 0.014s
2024-05-28 13:01:39.729 98695 INFO tempest.lib.common.rest_client [req-6259a529-c2dc-40ff-aa02-88240790aba0 req-6259a529-c2dc-40ff-aa02-88240790aba0 ] Request (SharesNFSTest:tearDownClass): 404 DELETE http://10.27.203.238/identity/v3/users/b9078b0601ac4efa93bdcc390f3d1208 0.076s
2024-05-28 13:01:39.730 98695 ERROR manila_tempest_tests.tests.api.base [-] Suppressed cleanup error in Manila: Traceback (most recent call last): File "/opt/stack/manila-tempest-plugin/manila_tempest_tests/tests/api/base.py", line 1272, in clear_project_users cls.os_admin.creds_client.delete_user(user['id'])
File "/opt/stack/tempest/tempest/lib/common/cred_client.py", line 55, in delete_user self.users_client.delete_user(user_id)
File "/opt/stack/tempest/tempest/lib/services/identity/v3/users_client.py", line 104, in delete_user resp, body = self.delete("users/%s" % user_id)
File "/opt/stack/tempest/tempest/lib/common/rest_client.py", line 357, in delete return self.request('DELETE', url, extra_headers, headers, body)
File "/opt/stack/tempest/tempest/lib/common/rest_client.py", line 760, in request self._error_checker(resp, resp_body)
File "/opt/stack/tempest/tempest/lib/common/rest_client.py", line 870, in _error_checker raise exceptions.NotFound(resp_body, resp=resp) tempest.lib.exceptions.NotFound: Object not found Details: {'code': 404, 'message': 'Could not find user: b9078b0601ac4efa93bdcc390f3d1208.', 'title': 'Not Found'} : tempest.lib.exceptions.NotFound: Object not found
2024-05-28 13:01:39.759 98695 INFO tempest.lib.common.rest_client [req-9dfbb7cb-6068-429f-b04e-f38ab6a0a9bc req-9dfbb7cb-6068-429f-b04e-f38ab6a0a9bc ] Request (SharesNFSTest:tearDownClass): 404 DELETE http://10.27.203.238/identity/v3/users/567edee5a37f498e8a3f54a933728377 0.029s
2024-05-28 13:01:39.760 98695 ERROR manila_tempest_tests.tests.api.base [-] Suppressed cleanup error in Manila: Traceback (most recent call last): File "/opt/stack/manila-tempest-plugin/manila_tempest_tests/tests/api/base.py", line 1272, in clear_project_users cls.os_admin.creds_client.delete_user(user['id'])
File "/opt/stack/tempest/tempest/lib/common/cred_client.py", line 55, in delete_user self.users_client.delete_user(user_id)
File "/opt/stack/tempest/tempest/lib/services/identity/v3/users_client.py", line 104, in delete_user resp, body = self.delete("users/%s" % user_id)
File "/opt/stack/tempest/tempest/lib/common/rest_client.py", line 357, in delete return self.request('DELETE', url, extra_headers, headers, body)
File "/opt/stack/tempest/tempest/lib/common/rest_client.py", line 760, in request self._error_checker(resp, resp_body)
File "/opt/stack/tempest/tempest/lib/common/rest_client.py", line 870, in _error_checker raise exceptions.NotFound(resp_body, resp=resp) tempest.lib.exceptions.NotFound: Object not found Details: {'code': 404, 'message': 'Could not find user: 567edee5a37f498e8a3f54a933728377.', 'title': 'Not Found'} : tempest.lib.exceptions.NotFound: Object not found
2024-05-28 13:01:39.787 98695 INFO tempest.lib.common.rest_client [req-e254fb00-e5c5-4036-a13b-929ea1a6f055 req-e254fb00-e5c5-4036-a13b-929ea1a6f055 ] Request (SharesNFSTest:tearDownClass): 404 DELETE http://10.27.203.238/identity/v3/users/e1f712aac7e94e429048f60f92a8a736 0.027s
2024-05-28 13:01:39.787 98695 ERROR manila_tempest_tests.tests.api.base [-] Suppressed cleanup error in Manila: Traceback (most recent call last): File "/opt/stack/manila-tempest-plugin/manila_tempest_tests/tests/api/base.py", line 1272, in clear_project_users cls.os_admin.creds_client.delete_user(user['id'])
File "/opt/stack/tempest/tempest/lib/common/cred_client.py", line 55, in delete_user self.users_client.delete_user(user_id)
File "/opt/stack/tempest/tempest/lib/services/identity/v3/users_client.py", line 104, in delete_user resp, body = self.delete("users/%s" % user_id)
File "/opt/stack/tempest/tempest/lib/common/rest_client.py", line 357, in delete return self.request('DELETE', url, extra_headers, headers, body)
File "/opt/stack/tempest/tempest/lib/common/rest_client.py", line 760, in request self._error_checker(resp, resp_body)
File "/opt/stack/tempest/tempest/lib/common/rest_client.py", line 870, in _error_checker raise exceptions.NotFound(resp_body, resp=resp) tempest.lib.exceptions.NotFound: Object not found Details: {'code': 404, 'message': 'Could not find user: e1f712aac7e94e429048f60f92a8a736.', 'title': 'Not Found'} : tempest.lib.exceptions.NotFound: Object not found
2024-05-28 13:01:39.814 98695 INFO tempest.lib.common.rest_client [req-f184b76f-6c9f-493c-bf1a-a8f7bf6bcac4 req-f184b76f-6c9f-493c-bf1a-a8f7bf6bcac4 ] Request (SharesNFSTest:tearDownClass): 404 DELETE http://10.27.203.238/identity/v3/users/9d3788d7291b4ee389136f181e35a26b 0.026s
2024-05-28 13:01:39.815 98695 ERROR manila_tempest_tests.tests.api.base [-] Suppressed cleanup error in Manila: Traceback (most recent call last): File "/opt/stack/manila-tempest-plugin/manila_tempest_tests/tests/api/base.py", line 1272, in clear_project_users cls.os_admin.creds_client.delete_user(user['id'])
File "/opt/stack/tempest/tempest/lib/common/cred_client.py", line 55, in delete_user self.users_client.delete_user(user_id)
File "/opt/stack/tempest/tempest/lib/services/identity/v3/users_client.py", line 104, in delete_user resp, body = self.delete("users/%s" % user_id)
File "/opt/stack/tempest/tempest/lib/common/rest_client.py", line 357, in delete return self.request('DELETE', url, extra_headers, headers, body)
File "/opt/stack/tempest/tempest/lib/common/rest_client.py", line 760, in request self._error_checker(resp, resp_body)
File "/opt/stack/tempest/tempest/lib/common/rest_client.py", line 870, in _error_checker raise exceptions.NotFound(resp_body, resp=resp) tempest.lib.exceptions.NotFound: Object not found Details: {'code': 404, 'message': 'Could not find user: 9d3788d7291b4ee389136f181e35a26b.', 'title': 'Not Found'} : tempest.lib.exceptions.NotFound: Object not found
2024-05-28 13:01:39.825 98689 INFO tempest.lib.common.rest_client [ req-a9f5d5b6-7fd6-4bd4-aea2-044b735dc658 ] Request (ShareRulesTest:_run_cleanups): 200 GET http://10.27.203.238/share/v2/a4f3887fa28c457390f5b66615564430/share-access-rules?share_id=b330db31-7766-443d-9c19-26fe349665aa 0.033s
2024-05-28 13:01:39.842 98695 INFO tempest.lib.common.rest_client [req-f834a322-0676-4b85-bed2-718a492b1f56 req-f834a322-0676-4b85-bed2-718a492b1f56 ] Request (SharesNFSTest:tearDownClass): 404 DELETE http://10.27.203.238/identity/v3/users/2eb81a384d764f8cb6d0d7e830959013 0.027s
2024-05-28 13:01:39.843 98695 ERROR manila_tempest_tests.tests.api.base [-] Suppressed cleanup error in Manila: Traceback (most recent call last): File "/opt/stack/manila-tempest-plugin/manila_tempest_tests/tests/api/base.py", line 1272, in clear_project_users cls.os_admin.creds_client.delete_user(user['id'])
File "/opt/stack/tempest/tempest/lib/common/cred_client.py", line 55, in delete_user self.users_client.delete_user(user_id)
File "/opt/stack/tempest/tempest/lib/services/identity/v3/users_client.py", line 104, in delete_user resp, body = self.delete("users/%s" % user_id)
File "/opt/stack/tempest/tempest/lib/common/rest_client.py", line 357, in delete return self.request('DELETE', url, extra_headers, headers, body)
File "/opt/stack/tempest/tempest/lib/common/rest_client.py", line 760, in request self._error_checker(resp, resp_body)
File "/opt/stack/tempest/tempest/lib/common/rest_client.py", line 870, in _error_checker raise exceptions.NotFound(resp_body, resp=resp) tempest.lib.exceptions.NotFound: Object not found Details: {'code': 404, 'message': 'Could not find user: 2eb81a384d764f8cb6d0d7e830959013.', 'title': 'Not Found'} : tempest.lib.exceptions.NotFound: Object not found
2024-05-28 13:01:39.870 98695 INFO tempest.lib.common.rest_client [req-8d315c59-e7d2-49ce-8fec-8a715fd410c8 req-8d315c59-e7d2-49ce-8fec-8a715fd410c8 ] Request (SharesNFSTest:tearDownClass): 404 DELETE http://10.27.203.238/identity/v3/users/0f30b8ae74474de0b34a7f48f86a312e 0.027s
2024-05-28 13:01:39.871 98695 ERROR manila_tempest_tests.tests.api.base [-] Suppressed cleanup error in Manila: Traceback (most recent call last): File "/opt/stack/manila-tempest-plugin/manila_tempest_tests/tests/api/base.py", line 1272, in clear_project_users cls.os_admin.creds_client.delete_user(user['id'])
File "/opt/stack/tempest/tempest/lib/common/cred_client.py", line 55, in delete_user self.users_client.delete_user(user_id)
File "/opt/stack/tempest/tempest/lib/services/identity/v3/users_client.py", line 104, in delete_user resp, body = self.delete("users/%s" % user_id)
File "/opt/stack/tempest/tempest/lib/common/rest_client.py", line 357, in delete return self.request('DELETE', url, extra_headers, headers, body)
File "/opt/stack/tempest/tempest/lib/common/rest_client.py", line 760, in request self._error_checker(resp, resp_body)
File "/opt/stack/tempest/tempest/lib/common/rest_client.py", line 870, in _error_checker raise exceptions.NotFound(resp_body, resp=resp) tempest.lib.exceptions.NotFound: Object not found Details: {'code': 404, 'message': 'Could not find user: 0f30b8ae74474de0b34a7f48f86a312e.', 'title': 'Not Found'} : tempest.lib.exceptions.NotFound: Object not found
2024-05-28 13:01:39.897 98695 INFO tempest.lib.common.rest_client [req-d3488f7a-3083-4110-9cf0-24ba414ba576 req-d3488f7a-3083-4110-9cf0-24ba414ba576 ] Request (SharesNFSTest:tearDownClass): 404 DELETE http://10.27.203.238/identity/v3/users/7013a62752274b85851c128bd3c241f3 0.025s
2024-05-28 13:01:39.897 98695 ERROR manila_tempest_tests.tests.api.base [-] Suppressed cleanup error in Manila: Traceback (most recent call last): File "/opt/stack/manila-tempest-plugin/manila_tempest_tests/tests/api/base.py", line 1272, in clear_project_users cls.os_admin.creds_client.delete_user(user['id'])
File "/opt/stack/tempest/tempest/lib/common/cred_client.py", line 55, in delete_user self.users_client.delete_user(user_id)
File "/opt/stack/tempest/tempest/lib/services/identity/v3/users_client.py", line 104, in delete_user resp, body = self.delete("users/%s" % user_id)
File "/opt/stack/tempest/tempest/lib/common/rest_client.py", line 357, in delete return self.request('DELETE', url, extra_headers, headers, body)
File "/opt/stack/tempest/tempest/lib/common/rest_client.py", line 760, in request self._error_checker(resp, resp_body)
File "/opt/stack/tempest/tempest/lib/common/rest_client.py", line 870, in _error_checker raise exceptions.NotFound(resp_body, resp=resp) tempest.lib.exceptions.NotFound: Object not found Details: {'code': 404, 'message': 'Could not find user: 7013a62752274b85851c128bd3c241f3.', 'title': 'Not Found'} : tempest.lib.exceptions.NotFound: Object not found
2024-05-28 13:01:39.925 98695 INFO tempest.lib.common.rest_client [req-8fa6b874-decb-4665-9b1c-7df5a60b790e req-8fa6b874-decb-4665-9b1c-7df5a60b790e ] Request (SharesNFSTest:tearDownClass): 404 DELETE http://10.27.203.238/identity/v3/users/dacf9ff99e1c456cb98dc54de91b36a3 0.028s
2024-05-28 13:01:39.926 98695 ERROR manila_tempest_tests.tests.api.base [-] Suppressed cleanup error in Manila: Traceback (most recent call last): File "/opt/stack/manila-tempest-plugin/manila_tempest_tests/tests/api/base.py", line 1272, in clear_project_users cls.os_admin.creds_client.delete_user(user['id'])
File "/opt/stack/tempest/tempest/lib/common/cred_client.py", line 55, in delete_user self.users_client.delete_user(user_id)
File "/opt/stack/tempest/tempest/lib/services/identity/v3/users_client.py", line 104, in delete_user resp, body = self.delete("users/%s" % user_id)
File "/opt/stack/tempest/tempest/lib/common/rest_client.py", line 357, in delete return self.request('DELETE', url, extra_headers, headers, body)
File "/opt/stack/tempest/tempest/lib/common/rest_client.py", line 760, in request self._error_checker(resp, resp_body)
File "/opt/stack/tempest/tempest/lib/common/rest_client.py", line 870, in _error_checker raise exceptions.NotFound(resp_body, resp=resp) tempest.lib.exceptions.NotFound: Object not found Details: {'code': 404, 'message': 'Could not find user: dacf9ff99e1c456cb98dc54de91b36a3.', 'title': 'Not Found'} : tempest.lib.exceptions.NotFound: Object not found
2024-05-28 13:01:39.951 98695 INFO tempest.lib.common.rest_client [req-b6220ddf-d2dd-47ee-824a-c4330df8a348 req-b6220ddf-d2dd-47ee-824a-c4330df8a348 ] Request (SharesNFSTest:tearDownClass): 404 DELETE http://10.27.203.238/identity/v3/users/b31873af346a4deca6e4f761309cbf30 0.025s
2024-05-28 13:01:39.952 98695 ERROR manila_tempest_tests.tests.api.base [-] Suppressed cleanup error in Manila: Traceback (most recent call last): File "/opt/stack/manila-tempest-plugin/manila_tempest_tests/tests/api/base.py", line 1272, in clear_project_users cls.os_admin.creds_client.delete_user(user['id'])
File "/opt/stack/tempest/tempest/lib/common/cred_client.py", line 55, in delete_user self.users_client.delete_user(user_id)
File "/opt/stack/tempest/tempest/lib/services/identity/v3/users_client.py", line 104, in delete_user resp, body = self.delete("users/%s" % user_id)
File "/opt/stack/tempest/tempest/lib/common/rest_client.py", line 357, in delete return self.request('DELETE', url, extra_headers, headers, body)
File "/opt/stack/tempest/tempest/lib/common/rest_client.py", line 760, in request self._error_checker(resp, resp_body)
File "/opt/stack/tempest/tempest/lib/common/rest_client.py", line 870, in _error_checker raise exceptions.NotFound(resp_body, resp=resp) tempest.lib.exceptions.NotFound: Object not found Details: {'code': 404, 'message': 'Could not find user: b31873af346a4deca6e4f761309cbf30.', 'title': 'Not Found'} : tempest.lib.exceptions.NotFound: Object not found
2024-05-28 13:01:39.955 98689 INFO tempest.lib.common.rest_client [ req-cb4b1d6d-1351-45ad-9ce4-c09b25f52f46 ] Request (ShareRulesTest:test_list_access_rules): 200 POST http://10.27.203.238/share/v2/a4f3887fa28c457390f5b66615564430/shares/b330db31-7766-443d-9c19-26fe349665aa/action 0.129s
2024-05-28 13:01:40.006 98689 INFO tempest.lib.common.rest_client [ req-59cdb5cc-75a0-4f60-9beb-ec404c2b92d4 ] Request (ShareRulesTest:test_list_access_rules): 200 GET http://10.27.203.238/share/v2/a4f3887fa28c457390f5b66615564430/share-access-rules?share_id=b330db31-7766-443d-9c19-26fe349665aa 0.050s
2024-05-28 13:01:40.093 98695 INFO tempest.lib.common.rest_client [req-8142ac89-5c58-486c-8ce9-64db5b057c9a req-8142ac89-5c58-486c-8ce9-64db5b057c9a ] Request (SharesNFSTest:tearDownClass): 204 DELETE http://10.27.203.238/identity/v3/users/1753431784bd4ea68bf59da03f4b6d7a 0.141s
2024-05-28 13:01:40.109 98695 INFO tempest.lib.common.rest_client [ req-6a3deb55-9960-48c1-b985-cacc3552d9be ] Request (SharesNFSTest:tearDownClass): 200 GET http://10.27.203.238/share/v2/0af6f8e0aeed4f27b075e08f2bc713aa/share-replicas/detail?share_id=b40e9810-7e36-4abf-afca-87c742ad83b1 0.015s
2024-05-28 13:01:40.123 98695 INFO tempest.lib.common.rest_client [ req-ac763673-0c77-4b2b-ba8a-abb0d5ac3448 ] Request (SharesNFSTest:tearDownClass): 404 DELETE http://10.27.203.238/share/v2/0af6f8e0aeed4f27b075e08f2bc713aa/shares/b40e9810-7e36-4abf-afca-87c742ad83b1 0.014s
2024-05-28 13:01:40.125 98695 ERROR manila_tempest_tests.tests.api.base [-] Suppressed cleanup error in Manila: Traceback (most recent call last): File "/opt/stack/manila-tempest-plugin/manila_tempest_tests/tests/api/base.py", line 912, in clear_resources client.delete_share(res_id)
File "/opt/stack/manila-tempest-plugin/manila_tempest_tests/services/share/v2/json/shares_client.py", line 355, in delete_share resp, body = self.delete(uri, version=version)
File "/opt/stack/manila-tempest-plugin/manila_tempest_tests/services/share/v2/json/shares_client.py", line 85, in delete resp, body = super(SharesV2Client, self).delete(url, headers=headers,
File "/opt/stack/tempest/tempest/lib/common/rest_client.py", line 357, in delete return self.request('DELETE', url, extra_headers, headers, body)
File "/opt/stack/tempest/tempest/lib/common/rest_client.py", line 760, in request self._error_checker(resp, resp_body)
File "/opt/stack/tempest/tempest/lib/common/rest_client.py", line 870, in _error_checker raise exceptions.NotFound(resp_body, resp=resp) tempest.lib.exceptions.NotFound: Object not found Details: {'code': 404, 'message': 'The resource could not be found.'} : tempest.lib.exceptions.NotFound: Object not found
2024-05-28 13:01:40.146 98695 INFO tempest.lib.common.rest_client [ req-47e701ba-56ea-4ee9-93f7-9aa48ca5e7cb ] Request (SharesNFSTest:tearDownClass): 404 DELETE http://10.27.203.238/share/v2/0af6f8e0aeed4f27b075e08f2bc713aa/snapshots/bff3b07e-650b-4bc1-8c88-fcd101dd0295 0.021s
2024-05-28 13:01:40.146 98695 ERROR manila_tempest_tests.tests.api.base [-] Suppressed cleanup error in Manila: Traceback (most recent call last): File "/opt/stack/manila-tempest-plugin/manila_tempest_tests/tests/api/base.py", line 915, in clear_resources client.delete_snapshot(res_id)
File "/opt/stack/manila-tempest-plugin/manila_tempest_tests/services/share/v2/json/shares_client.py", line 630, in delete_snapshot resp, body = self.delete("snapshots/%s" % snap_id, version=version)
File "/opt/stack/manila-tempest-plugin/manila_tempest_tests/services/share/v2/json/shares_client.py", line 85, in delete resp, body = super(SharesV2Client, self).delete(url, headers=headers,
File "/opt/stack/tempest/tempest/lib/common/rest_client.py", line 357, in delete return self.request('DELETE', url, extra_headers, headers, body)
File "/opt/stack/tempest/tempest/lib/common/rest_client.py", line 760, in request self._error_checker(resp, resp_body)
File "/opt/stack/tempest/tempest/lib/common/rest_client.py", line 870, in _error_checker raise exceptions.NotFound(resp_body, resp=resp) tempest.lib.exceptions.NotFound: Object not found Details: {'code': 404, 'message': 'The resource could not be found.'} : tempest.lib.exceptions.NotFound: Object not found
2024-05-28 13:01:40.202 98695 INFO tempest.lib.common.rest_client [ req-0a75a23d-d443-42e5-ac36-a783ea20ba1e ] Request (SharesNFSTest:tearDownClass): 202 DELETE http://10.27.203.238/share/v2/40625c7a855049188adc00ac1e323af7/types/8129f187-256c-46ff-ae6b-e17fed07af1a 0.055s
2024-05-28 13:01:40.216 98695 INFO tempest.lib.common.rest_client [ req-b1db4ccb-bfe3-48db-b44a-7dfac7a55702 ] Request (SharesNFSTest:tearDownClass): 404 GET http://10.27.203.238/share/v2/40625c7a855049188adc00ac1e323af7/types/8129f187-256c-46ff-ae6b-e17fed07af1a 0.013s
2024-05-28 13:01:40.357 98695 INFO tempest.lib.common.rest_client [req-1dc70146-d8e5-449d-9d31-bfc50a472a69 req-1dc70146-d8e5-449d-9d31-bfc50a472a69 ] Request (SharesNFSTest:tearDownClass): 204 DELETE http://10.27.203.238/identity/v3/users/2422ad23c6a747059ebfca647c24c460 0.141s
2024-05-28 13:01:40.473 98695 INFO tempest.lib.common.rest_client [req-aae5840a-4e30-437e-a61a-f4479072b666 req-aae5840a-4e30-437e-a61a-f4479072b666 ] Request (SharesNFSTest:tearDownClass): 204 DELETE http://10.27.203.238/identity/v3/users/a770e44d062141cd8ffc9a9233887135 0.115s
2024-05-28 13:01:40.601 98695 INFO tempest.lib.common.rest_client [req-af7da6f4-a439-43e8-8d3d-322c6d04f265 req-af7da6f4-a439-43e8-8d3d-322c6d04f265 ] Request (SharesNFSTest:tearDownClass): 204 DELETE http://10.27.203.238/identity/v3/users/5c78e998d7a8438b924c38bb84168488 0.128s
2024-05-28 13:01:40.601 98695 INFO tempest.lib.common.dynamic_creds [-] Deleting project and security group for project: 91d671681dc346be86fefe8a8c75be74
2024-05-28 13:01:40.650 98695 INFO tempest.lib.common.rest_client [req-504bff75-1de5-4eb5-aed3-c59c9a7d33a8 req-504bff75-1de5-4eb5-aed3-c59c9a7d33a8 ] Request (SharesNFSTest:tearDownClass): 201 POST http://10.27.203.238/identity/v3/auth/tokens 0.049s
2024-05-28 13:01:40.728 98691 INFO tempest.lib.common.rest_client [ req-c53d1be8-b147-46d1-b9b3-95773c29c068 ] Request (ShareTypeAvailabilityZonesTest:test_share_type_azs_shares_az_in_create_req): 200 GET http://10.27.203.238/share/v2/284d76edec3144579d6fb3f6dbc0dd4e/shares/31a95cfc-8903-4626-a21e-78ef575c96ed 0.033s
2024-05-28 13:01:40.730 98695 INFO tempest.lib.common.rest_client [req-d8eb8ff8-2315-4aa8-b674-eae437f2d43e req-d8eb8ff8-2315-4aa8-b674-eae437f2d43e ] Request (SharesNFSTest:tearDownClass): 200 GET http://10.27.203.238:9696/networking/v2.0/security-groups?tenant_id=91d671681dc346be86fefe8a8c75be74&name=default 0.079s
2024-05-28 13:01:40.763 98691 INFO tempest.lib.common.rest_client [ req-760ad233-2ffc-454e-b082-a3584b72e346 ] Request (ShareTypeAvailabilityZonesTest:test_share_type_azs_shares_az_in_create_req): 200 GET http://10.27.203.238/share/v2/284d76edec3144579d6fb3f6dbc0dd4e/shares/31a95cfc-8903-4626-a21e-78ef575c96ed 0.034s
2024-05-28 13:01:40.781 98691 INFO tempest.lib.common.rest_client [ req-e674221d-d435-48b2-ade6-eaaea8708f2c ] Request (ShareTypeAvailabilityZonesTest:_run_cleanups): 200 GET http://10.27.203.238/share/v2/284d76edec3144579d6fb3f6dbc0dd4e/share-replicas/detail?share_id=31a95cfc-8903-4626-a21e-78ef575c96ed 0.016s
2024-05-28 13:01:40.834 98695 INFO tempest.lib.common.rest_client [req-b4379a8f-1c56-4833-8c79-6cf9d180d44d req-b4379a8f-1c56-4833-8c79-6cf9d180d44d ] Request (SharesNFSTest:tearDownClass): 204 DELETE http://10.27.203.238/identity/v3/projects/91d671681dc346be86fefe8a8c75be74 0.103s
2024-05-28 13:01:40.834 98695 INFO tempest.lib.common.dynamic_creds [-] Deleting project and security group for project: 40625c7a855049188adc00ac1e323af7
2024-05-28 13:01:40.847 98695 INFO tempest.lib.common.rest_client [req-d321688f-6396-484e-a85f-2ec6c507bfec req-d321688f-6396-484e-a85f-2ec6c507bfec ] Request (SharesNFSTest:tearDownClass): 200 GET http://10.27.203.238:9696/networking/v2.0/security-groups?tenant_id=40625c7a855049188adc00ac1e323af7&name=default 0.012s
2024-05-28 13:01:40.922 98691 INFO tempest.lib.common.rest_client [ req-43577da0-e839-41a1-9f0d-32d626930298 ] Request (ShareTypeAvailabilityZonesTest:_run_cleanups): 202 DELETE http://10.27.203.238/share/v2/284d76edec3144579d6fb3f6dbc0dd4e/shares/31a95cfc-8903-4626-a21e-78ef575c96ed 0.141s
2024-05-28 13:01:40.954 98691 INFO tempest.lib.common.rest_client [ req-8421e5e7-f449-4022-893f-594aa4f28eed ] Request (ShareTypeAvailabilityZonesTest:_run_cleanups): 200 GET http://10.27.203.238/share/v2/284d76edec3144579d6fb3f6dbc0dd4e/shares/31a95cfc-8903-4626-a21e-78ef575c96ed 0.031s
2024-05-28 13:01:40.982 98695 INFO tempest.lib.common.rest_client [req-b3c8f401-d969-43f0-be99-cb0312676f7f req-b3c8f401-d969-43f0-be99-cb0312676f7f ] Request (SharesNFSTest:tearDownClass): 204 DELETE http://10.27.203.238/identity/v3/projects/40625c7a855049188adc00ac1e323af7 0.135s
2024-05-28 13:01:40.983 98695 INFO tempest.lib.common.dynamic_creds [-] Deleting project and security group for project: 0af6f8e0aeed4f27b075e08f2bc713aa
2024-05-28 13:01:40.995 98695 INFO tempest.lib.common.rest_client [req-fbef79d7-c99b-43e5-ac3f-a44a6240da4b req-fbef79d7-c99b-43e5-ac3f-a44a6240da4b ] Request (SharesNFSTest:tearDownClass): 200 GET http://10.27.203.238:9696/networking/v2.0/security-groups?tenant_id=0af6f8e0aeed4f27b075e08f2bc713aa&name=default 0.012s
2024-05-28 13:01:41.143 98695 INFO tempest.lib.common.rest_client [req-eb608e09-1547-4cd8-bfd2-45cfb7775551 req-eb608e09-1547-4cd8-bfd2-45cfb7775551 ] Request (SharesNFSTest:tearDownClass): 204 DELETE http://10.27.203.238/identity/v3/projects/0af6f8e0aeed4f27b075e08f2bc713aa 0.147s
2024-05-28 13:01:41.144 98695 INFO tempest.test [-] raised in ShareSnapshotUserRulesForCIFSTest.setUpClass. Invoking tearDownClass.
2024-05-28 13:01:41.158 98693 INFO tempest.lib.common.rest_client [ req-e562550e-8e54-47d3-80d6-a1e83c12ba41 ] Request (ShareTransferTest:test_create_and_accept_share_transfer): 200 GET http://10.27.203.238/share/v2/6570d95ff9704ae6a746d0fdc1bcfded/shares/3e8f600a-428f-49ef-9c9b-ce57939ca004 0.052s
2024-05-28 13:01:43.061 98689 INFO tempest.lib.common.rest_client [ req-a4c08f99-1d68-45dc-85c5-1f4068c83fbd ] Request (ShareRulesTest:test_list_access_rules): 200 GET http://10.27.203.238/share/v2/a4f3887fa28c457390f5b66615564430/share-access-rules?share_id=b330db31-7766-443d-9c19-26fe349665aa 0.052s
2024-05-28 13:01:43.115 98689 INFO tempest.lib.common.rest_client [ req-f6297409-6ead-4618-8534-6628a5a01ae2 ] Request (ShareRulesTest:test_list_access_rules): 200 GET http://10.27.203.238/share/v2/a4f3887fa28c457390f5b66615564430/share-access-rules?share_id=b330db31-7766-443d-9c19-26fe349665aa 0.053s
2024-05-28 13:01:43.319 98689 INFO tempest.lib.common.rest_client [ req-7ab5a6e2-6047-4089-9481-e7f477151ef6 ] Request (ShareRulesTest:_run_cleanups): 202 POST http://10.27.203.238/share/v2/a4f3887fa28c457390f5b66615564430/shares/b330db31-7766-443d-9c19-26fe349665aa/action 0.203s
2024-05-28 13:01:43.376 98689 INFO tempest.lib.common.rest_client [ req-f407d80d-34e5-4fbf-b1b3-e8e7b15c8917 ] Request (ShareRulesTest:_run_cleanups): 200 GET http://10.27.203.238/share/v2/a4f3887fa28c457390f5b66615564430/share-access-rules?share_id=b330db31-7766-443d-9c19-26fe349665aa 0.056s
2024-05-28 13:01:43.987 98691 INFO tempest.lib.common.rest_client [ req-d1914239-0318-4f13-b3cb-e2205082130d ] Request (ShareTypeAvailabilityZonesTest:_run_cleanups): 200 GET http://10.27.203.238/share/v2/284d76edec3144579d6fb3f6dbc0dd4e/shares/31a95cfc-8903-4626-a21e-78ef575c96ed 0.029s
2024-05-28 13:01:44.177 98693 INFO tempest.lib.common.rest_client [ req-960d1dbb-3095-4efe-86b2-72ff9b6dcdc9 ] Request (ShareTransferTest:test_create_and_accept_share_transfer): 404 GET http://10.27.203.238/share/v2/6570d95ff9704ae6a746d0fdc1bcfded/shares/3e8f600a-428f-49ef-9c9b-ce57939ca004 0.014s
2024-05-28 13:01:44.412 98693 INFO tempest.lib.common.rest_client [ req-e2e5707c-fca2-4a0b-a498-cd94e1c8eddb ] Request (ShareTransferTest:test_create_and_delete_share_transfer): 200 POST http://10.27.203.238/share/v2/bece16f41fc44d55bf7bc45c2adaaed5/shares 0.232s
2024-05-28 13:01:44.439 98693 INFO tempest.lib.common.rest_client [ req-604ae012-d6ab-475d-b30a-25b3b92ae226 ] Request (ShareTransferTest:test_create_and_delete_share_transfer): 200 GET http://10.27.203.238/share/v2/bece16f41fc44d55bf7bc45c2adaaed5/shares/de6cdc3c-7cf5-437f-acad-57530196bb54 0.027s
2024-05-28 13:01:46.412 98689 INFO tempest.lib.common.rest_client [ req-f5f85a9e-6ff3-43e8-831b-3d0fbcf05036 ] Request (ShareRulesTest:_run_cleanups): 200 GET http://10.27.203.238/share/v2/a4f3887fa28c457390f5b66615564430/share-access-rules?share_id=b330db31-7766-443d-9c19-26fe349665aa 0.033s
2024-05-28 13:01:46.532 98689 INFO tempest.lib.common.rest_client [ req-5325926a-61a4-4806-ae0b-71e3bf09ff11 ] Request (ShareRulesTest:test_list_access_rules): 200 POST http://10.27.203.238/share/v2/a4f3887fa28c457390f5b66615564430/shares/b330db31-7766-443d-9c19-26fe349665aa/action 0.117s
2024-05-28 13:01:46.584 98689 INFO tempest.lib.common.rest_client [ req-fab257a6-96b6-4e8e-b0ea-a11d4d4f3c71 ] Request (ShareRulesTest:test_list_access_rules): 200 GET http://10.27.203.238/share/v2/a4f3887fa28c457390f5b66615564430/share-access-rules?share_id=b330db31-7766-443d-9c19-26fe349665aa 0.051s
2024-05-28 13:01:47.019 98691 INFO tempest.lib.common.rest_client [ req-c12dc784-438d-43f5-9fb6-8730cea324e3 ] Request (ShareTypeAvailabilityZonesTest:_run_cleanups): 200 GET http://10.27.203.238/share/v2/284d76edec3144579d6fb3f6dbc0dd4e/shares/31a95cfc-8903-4626-a21e-78ef575c96ed 0.028s
2024-05-28 13:01:47.470 98693 INFO tempest.lib.common.rest_client [ req-9b592337-318f-46c6-88d5-fa86b78762e2 ] Request (ShareTransferTest:test_create_and_delete_share_transfer): 200 GET http://10.27.203.238/share/v2/bece16f41fc44d55bf7bc45c2adaaed5/shares/de6cdc3c-7cf5-437f-acad-57530196bb54 0.026s
2024-05-28 13:01:49.641 98689 INFO tempest.lib.common.rest_client [ req-77797956-c930-473e-97d4-0e67a165854a ] Request (ShareRulesTest:test_list_access_rules): 200 GET http://10.27.203.238/share/v2/a4f3887fa28c457390f5b66615564430/share-access-rules?share_id=b330db31-7766-443d-9c19-26fe349665aa 0.053s
2024-05-28 13:01:49.696 98689 INFO tempest.lib.common.rest_client [ req-4fa42f4b-fdf0-4f8d-ac7c-52ea57e7c28a ] Request (ShareRulesTest:test_list_access_rules): 200 GET http://10.27.203.238/share/v2/a4f3887fa28c457390f5b66615564430/share-access-rules?share_id=b330db31-7766-443d-9c19-26fe349665aa 0.055s
2024-05-28 13:01:49.898 98689 INFO tempest.lib.common.rest_client [ req-4628cb72-2b87-44dd-b633-8a0333123fb7 ] Request (ShareRulesTest:_run_cleanups): 202 POST http://10.27.203.238/share/v2/a4f3887fa28c457390f5b66615564430/shares/b330db31-7766-443d-9c19-26fe349665aa/action 0.201s
2024-05-28 13:01:49.949 98689 INFO tempest.lib.common.rest_client [ req-ced146d1-f772-4eb9-a5e3-223ff6bf88b7 ] Request (ShareRulesTest:_run_cleanups): 200 GET http://10.27.203.238/share/v2/a4f3887fa28c457390f5b66615564430/share-access-rules?share_id=b330db31-7766-443d-9c19-26fe349665aa 0.051s
2024-05-28 13:01:50.037 98691 INFO tempest.lib.common.rest_client [ req-640ed4ac-9e48-4ead-ab38-7b15e78b324e ] Request (ShareTypeAvailabilityZonesTest:_run_cleanups): 404 GET http://10.27.203.238/share/v2/284d76edec3144579d6fb3f6dbc0dd4e/shares/31a95cfc-8903-4626-a21e-78ef575c96ed 0.015s
2024-05-28 13:01:50.152 98691 INFO tempest.lib.common.rest_client [req-417c5fa8-18dd-4aa4-9626-a3072a009f44 req-417c5fa8-18dd-4aa4-9626-a3072a009f44 ] Request (ShareTypeAvailabilityZonesTest:tearDownClass): 404 DELETE http://10.27.203.238/identity/v3/users/14783f4fbce14880b4db4a628827607e 0.113s
2024-05-28 13:01:50.152 98691 ERROR manila_tempest_tests.tests.api.base [-] Suppressed cleanup error in Manila: Traceback (most recent call last): File "/opt/stack/manila-tempest-plugin/manila_tempest_tests/tests/api/base.py", line 1272, in clear_project_users cls.os_admin.creds_client.delete_user(user['id'])
File "/opt/stack/tempest/tempest/lib/common/cred_client.py", line 55, in delete_user self.users_client.delete_user(user_id)
File "/opt/stack/tempest/tempest/lib/services/identity/v3/users_client.py", line 104, in delete_user resp, body = self.delete("users/%s" % user_id)
File "/opt/stack/tempest/tempest/lib/common/rest_client.py", line 357, in delete return self.request('DELETE', url, extra_headers, headers, body)
File "/opt/stack/tempest/tempest/lib/common/rest_client.py", line 760, in request self._error_checker(resp, resp_body)
File "/opt/stack/tempest/tempest/lib/common/rest_client.py", line 870, in _error_checker raise exceptions.NotFound(resp_body, resp=resp) tempest.lib.exceptions.NotFound: Object not found Details: {'code': 404, 'message': 'Could not find user: 14783f4fbce14880b4db4a628827607e.', 'title': 'Not Found'} : tempest.lib.exceptions.NotFound: Object not found
2024-05-28 13:01:50.185 98691 INFO tempest.lib.common.rest_client [req-becf6aff-697f-4ea5-9146-9682ea94318f req-becf6aff-697f-4ea5-9146-9682ea94318f ] Request (ShareTypeAvailabilityZonesTest:tearDownClass): 404 DELETE http://10.27.203.238/identity/v3/users/9eca355145fd413390b5efe7a0d95465 0.032s
2024-05-28 13:01:50.186 98691 ERROR manila_tempest_tests.tests.api.base [-] Suppressed cleanup error in Manila: Traceback (most recent call last): File "/opt/stack/manila-tempest-plugin/manila_tempest_tests/tests/api/base.py", line 1272, in clear_project_users cls.os_admin.creds_client.delete_user(user['id'])
File "/opt/stack/tempest/tempest/lib/common/cred_client.py", line 55, in delete_user self.users_client.delete_user(user_id)
File "/opt/stack/tempest/tempest/lib/services/identity/v3/users_client.py", line 104, in delete_user resp, body = self.delete("users/%s" % user_id)
File "/opt/stack/tempest/tempest/lib/common/rest_client.py", line 357, in delete return self.request('DELETE', url, extra_headers, headers, body)
File "/opt/stack/tempest/tempest/lib/common/rest_client.py", line 760, in request self._error_checker(resp, resp_body)
File "/opt/stack/tempest/tempest/lib/common/rest_client.py", line 870, in _error_checker raise exceptions.NotFound(resp_body, resp=resp) tempest.lib.exceptions.NotFound: Object not found Details: {'code': 404, 'message': 'Could not find user: 9eca355145fd413390b5efe7a0d95465.', 'title': 'Not Found'} : tempest.lib.exceptions.NotFound: Object not found
2024-05-28 13:01:50.221 98691 INFO tempest.lib.common.rest_client [req-3398494f-fabd-4223-af2e-88093e9bb430 req-3398494f-fabd-4223-af2e-88093e9bb430 ] Request (ShareTypeAvailabilityZonesTest:tearDownClass): 404 DELETE http://10.27.203.238/identity/v3/users/91ab54ee09854b549923fb7671247f5c 0.035s
2024-05-28 13:01:50.221 98691 ERROR manila_tempest_tests.tests.api.base [-] Suppressed cleanup error in Manila: Traceback (most recent call last): File "/opt/stack/manila-tempest-plugin/manila_tempest_tests/tests/api/base.py", line 1272, in clear_project_users cls.os_admin.creds_client.delete_user(user['id'])
