2024-05-28 12:57:22.057 98687 INFO tempest.lib.common.rest_client [ req-5b6195fa-52e5-41e0-bcd8-47684edbf086 ] Request (AccessesMetadataNegativeTest:test_try_delete_unexisting_access_metadata): 404 DELETE http://10.27.203.238/share/v2/ed83204ad63946bdae288892bd07d115/share-access-rules/aa413e06-7a77-4e6e-9e6b-33eaeb1fc1c3/metadata/wrong_key 0.052s
2024-05-28 12:57:22.106 98687 INFO tempest.lib.common.rest_client [ req-3ddcde64-ff41-4230-8df1-f0acf6b5325e ] Request (AccessesMetadataNegativeTest:test_try_upd_access_metadata_error): 400 PUT http://10.27.203.238/share/v2/ed83204ad63946bdae288892bd07d115/share-access-rules/aa413e06-7a77-4e6e-9e6b-33eaeb1fc1c3/metadata 0.046s
2024-05-28 12:57:22.150 98687 INFO tempest.lib.common.rest_client [ req-3b979f89-a79a-404f-92b3-bd80658e8a9f ] Request (AccessesMetadataNegativeTest:test_try_upd_access_metadata_error): 400 PUT http://10.27.203.238/share/v2/ed83204ad63946bdae288892bd07d115/share-access-rules/aa413e06-7a77-4e6e-9e6b-33eaeb1fc1c3/metadata 0.042s
2024-05-28 12:57:22.195 98687 INFO tempest.lib.common.rest_client [ req-ee9bcccb-3256-4a6e-9217-ad07a96bf840 ] Request (AccessesMetadataNegativeTest:test_try_upd_access_metadata_error): 400 PUT http://10.27.203.238/share/v2/ed83204ad63946bdae288892bd07d115/share-access-rules/aa413e06-7a77-4e6e-9e6b-33eaeb1fc1c3/metadata 0.042s
2024-05-28 12:57:22.272 98687 INFO tempest.lib.common.rest_client [req-2dbd332f-be44-494f-8133-68de87357244 req-2dbd332f-be44-494f-8133-68de87357244 ] Request (AccessesMetadataNegativeTest:tearDownClass): 404 DELETE http://10.27.203.238/identity/v3/users/981b3e419ab1466ba64538f100d39f99 0.075s
2024-05-28 12:57:22.272 98687 ERROR manila_tempest_tests.tests.api.base [-] Suppressed cleanup error in Manila: Traceback (most recent call last): File "/opt/stack/manila-tempest-plugin/manila_tempest_tests/tests/api/base.py", line 1272, in clear_project_users cls.os_admin.creds_client.delete_user(user['id'])
File "/opt/stack/tempest/tempest/lib/common/cred_client.py", line 55, in delete_user self.users_client.delete_user(user_id)
File "/opt/stack/tempest/tempest/lib/services/identity/v3/users_client.py", line 104, in delete_user resp, body = self.delete("users/%s" % user_id)
File "/opt/stack/tempest/tempest/lib/common/rest_client.py", line 357, in delete return self.request('DELETE', url, extra_headers, headers, body)
File "/opt/stack/tempest/tempest/lib/common/rest_client.py", line 760, in request self._error_checker(resp, resp_body)
File "/opt/stack/tempest/tempest/lib/common/rest_client.py", line 870, in _error_checker raise exceptions.NotFound(resp_body, resp=resp) tempest.lib.exceptions.NotFound: Object not found Details: {'code': 404, 'message': 'Could not find user: 981b3e419ab1466ba64538f100d39f99.', 'title': 'Not Found'} : tempest.lib.exceptions.NotFound: Object not found
2024-05-28 12:57:22.299 98687 INFO tempest.lib.common.rest_client [req-cd2676ce-8a43-4626-a408-800ec587568d req-cd2676ce-8a43-4626-a408-800ec587568d ] Request (AccessesMetadataNegativeTest:tearDownClass): 404 DELETE http://10.27.203.238/identity/v3/users/b06cddbef69143b790020ff2c97c502e 0.026s
2024-05-28 12:57:22.299 98687 ERROR manila_tempest_tests.tests.api.base [-] Suppressed cleanup error in Manila: Traceback (most recent call last): File "/opt/stack/manila-tempest-plugin/manila_tempest_tests/tests/api/base.py", line 1272, in clear_project_users cls.os_admin.creds_client.delete_user(user['id'])
File "/opt/stack/tempest/tempest/lib/common/cred_client.py", line 55, in delete_user self.users_client.delete_user(user_id)
File "/opt/stack/tempest/tempest/lib/services/identity/v3/users_client.py", line 104, in delete_user resp, body = self.delete("users/%s" % user_id)
File "/opt/stack/tempest/tempest/lib/common/rest_client.py", line 357, in delete return self.request('DELETE', url, extra_headers, headers, body)
File "/opt/stack/tempest/tempest/lib/common/rest_client.py", line 760, in request self._error_checker(resp, resp_body)
File "/opt/stack/tempest/tempest/lib/common/rest_client.py", line 870, in _error_checker raise exceptions.NotFound(resp_body, resp=resp) tempest.lib.exceptions.NotFound: Object not found Details: {'code': 404, 'message': 'Could not find user: b06cddbef69143b790020ff2c97c502e.', 'title': 'Not Found'} : tempest.lib.exceptions.NotFound: Object not found
2024-05-28 12:57:22.326 98687 INFO tempest.lib.common.rest_client [req-d7369712-7cfe-49b4-b5e7-5c191a55a5d9 req-d7369712-7cfe-49b4-b5e7-5c191a55a5d9 ] Request (AccessesMetadataNegativeTest:tearDownClass): 404 DELETE http://10.27.203.238/identity/v3/users/6285dcecc86746a7b4eee34cf3c3f672 0.026s
2024-05-28 12:57:22.327 98687 ERROR manila_tempest_tests.tests.api.base [-] Suppressed cleanup error in Manila: Traceback (most recent call last): File "/opt/stack/manila-tempest-plugin/manila_tempest_tests/tests/api/base.py", line 1272, in clear_project_users cls.os_admin.creds_client.delete_user(user['id'])
File "/opt/stack/tempest/tempest/lib/common/cred_client.py", line 55, in delete_user self.users_client.delete_user(user_id)
File "/opt/stack/tempest/tempest/lib/services/identity/v3/users_client.py", line 104, in delete_user resp, body = self.delete("users/%s" % user_id)
File "/opt/stack/tempest/tempest/lib/common/rest_client.py", line 357, in delete return self.request('DELETE', url, extra_headers, headers, body)
File "/opt/stack/tempest/tempest/lib/common/rest_client.py", line 760, in request self._error_checker(resp, resp_body)
File "/opt/stack/tempest/tempest/lib/common/rest_client.py", line 870, in _error_checker raise exceptions.NotFound(resp_body, resp=resp) tempest.lib.exceptions.NotFound: Object not found Details: {'code': 404, 'message': 'Could not find user: 6285dcecc86746a7b4eee34cf3c3f672.', 'title': 'Not Found'} : tempest.lib.exceptions.NotFound: Object not found
2024-05-28 12:57:22.423 98687 INFO tempest.lib.common.rest_client [req-94f9229c-e209-484f-8f93-cd3378359aaa req-94f9229c-e209-484f-8f93-cd3378359aaa ] Request (AccessesMetadataNegativeTest:tearDownClass): 204 DELETE http://10.27.203.238/identity/v3/users/b12d90b85fc7452f83fec53a2941a759 0.096s
2024-05-28 12:57:22.438 98687 INFO tempest.lib.common.rest_client [ req-f46bc65a-0b32-4a86-9b5f-34e69201d093 ] Request (AccessesMetadataNegativeTest:tearDownClass): 200 GET http://10.27.203.238/share/v2/ed83204ad63946bdae288892bd07d115/share-replicas/detail?share_id=1b8e12e8-6d99-48c0-8368-d1a37e2ca2ca 0.015s
2024-05-28 12:57:22.581 98687 INFO tempest.lib.common.rest_client [ req-3e942cba-0587-4cbb-b520-59523fea767f ] Request (AccessesMetadataNegativeTest:tearDownClass): 202 DELETE http://10.27.203.238/share/v2/ed83204ad63946bdae288892bd07d115/shares/1b8e12e8-6d99-48c0-8368-d1a37e2ca2ca 0.142s
2024-05-28 12:57:22.608 98687 INFO tempest.lib.common.rest_client [ req-7e9a7f7c-04c2-4df4-8f5a-65e148391e5d ] Request (AccessesMetadataNegativeTest:tearDownClass): 200 GET http://10.27.203.238/share/v2/ed83204ad63946bdae288892bd07d115/shares/1b8e12e8-6d99-48c0-8368-d1a37e2ca2ca 0.027s
2024-05-28 12:57:23.400 98695 INFO tempest.lib.common.rest_client [ req-73a9ed37-8b4b-4769-9000-c398c8e86956 ] Request (SharesMetadataTest:setUpClass): 200 GET http://10.27.203.238/share/v2/698d6c02a1cc4bf2b16302eb8a31bc26/shares/9e24a210-9e96-45d9-b31c-f6f3377eb0e7 0.033s
2024-05-28 12:57:23.732 98691 INFO tempest.lib.common.rest_client [ req-df3d24a6-4adf-400d-8705-d69d4d5f178d ] Request (SharesActionsAdminTest:setUpClass): 200 GET http://10.27.203.238/share/v2/fe54df7c653849ab8ec7523262c597cf/snapshots/ad33850e-6645-4962-a407-4dc7bb8e5045 0.038s
2024-05-28 12:57:24.817 98693 INFO tempest.lib.common.rest_client [ req-bb496541-6e32-42ae-8d43-b7e9a18d652e ] Request (AdminActionsTest:test_force_delete_share): 200 GET http://10.27.203.238/share/v2/a3499cb78849424db45e54caac01de92/shares/c5d9b059-bdd0-4fae-9bd0-328d926e5694 0.033s
2024-05-28 12:57:25.011 98689 INFO tempest.lib.common.rest_client [ req-b56d51d6-89c3-44a8-afcc-1a24b6d170bb ] Request (ShareSnapshotInstancesTest:setUpClass): 200 GET http://10.27.203.238/share/v2/f4f7702aa04c467288cc6b142f61ec37/snapshots/06828ea4-ef00-439f-b57a-9d726e3f2e62 0.049s
2024-05-28 12:57:25.067 98689 INFO tempest.lib.common.rest_client [ req-503e57f0-025b-40c9-bde8-cbe9389d91ba ] Request (ShareSnapshotInstancesTest:setUpClass): 200 GET http://10.27.203.238/share/v2/f4f7702aa04c467288cc6b142f61ec37/snapshots/06828ea4-ef00-439f-b57a-9d726e3f2e62 0.056s
2024-05-28 12:57:25.110 98689 INFO tempest.lib.common.rest_client [ req-b8f2493d-9cb9-43ec-beaf-dc90e36dd455 ] Request (ShareSnapshotInstancesTest:test_get_snapshot_instance): 200 GET http://10.27.203.238/share/v2/f4f7702aa04c467288cc6b142f61ec37/snapshot-instances?snapshot_id=06828ea4-ef00-439f-b57a-9d726e3f2e62 0.041s
2024-05-28 12:57:25.135 98689 INFO tempest.lib.common.rest_client [ req-6e9c3cad-2913-44f8-ae51-328748fcb7e4 ] Request (ShareSnapshotInstancesTest:test_get_snapshot_instance): 200 GET http://10.27.203.238/share/v2/f4f7702aa04c467288cc6b142f61ec37/snapshot-instances/43659856-8e64-4da7-83ec-5bc65fe3dbe5 0.025s
2024-05-28 12:57:25.176 98689 INFO tempest.lib.common.rest_client [ req-55d3eb0b-6abb-4524-8bbf-b44b0fc66afb ] Request (ShareSnapshotInstancesTest:test_list_snapshot_instances): 200 GET http://10.27.203.238/share/v2/f4f7702aa04c467288cc6b142f61ec37/snapshot-instances 0.038s
2024-05-28 12:57:25.207 98689 INFO tempest.lib.common.rest_client [ req-deaafc37-f53b-4ec1-bc7f-da9a495bc297 ] Request (ShareSnapshotInstancesTest:test_list_snapshot_instances_by_snapshot): 200 GET http://10.27.203.238/share/v2/f4f7702aa04c467288cc6b142f61ec37/snapshot-instances/detail?snapshot_id=06828ea4-ef00-439f-b57a-9d726e3f2e62 0.028s
2024-05-28 12:57:25.233 98689 INFO tempest.lib.common.rest_client [ req-a9484eff-6b2a-4093-beb2-80441a3e7d88 ] Request (ShareSnapshotInstancesTest:test_list_snapshot_instances_by_snapshot): 200 GET http://10.27.203.238/share/v2/f4f7702aa04c467288cc6b142f61ec37/snapshot-instances?snapshot_id=06828ea4-ef00-439f-b57a-9d726e3f2e62 0.024s
2024-05-28 12:57:25.422 98689 INFO tempest.lib.common.rest_client [ req-ad0f4df2-cc05-4f5c-9c4b-93754c9df166 ] Request (ShareSnapshotInstancesTest:test_reset_snapshot_instance_status_and_delete): 202 POST http://10.27.203.238/share/v2/f4f7702aa04c467288cc6b142f61ec37/snapshots 0.186s
2024-05-28 12:57:25.460 98689 INFO tempest.lib.common.rest_client [ req-0dd01fd2-4938-4e65-b482-4387f003720c ] Request (ShareSnapshotInstancesTest:test_reset_snapshot_instance_status_and_delete): 200 GET http://10.27.203.238/share/v2/f4f7702aa04c467288cc6b142f61ec37/snapshots/8f61b18a-3a70-47fb-b981-4fcb057a0c26 0.037s
2024-05-28 12:57:25.641 98687 INFO tempest.lib.common.rest_client [ req-f177635e-5777-4d00-b423-339cffec5733 ] Request (AccessesMetadataNegativeTest:tearDownClass): 200 GET http://10.27.203.238/share/v2/ed83204ad63946bdae288892bd07d115/shares/1b8e12e8-6d99-48c0-8368-d1a37e2ca2ca 0.029s
2024-05-28 12:57:26.431 98695 INFO tempest.lib.common.rest_client [ req-119f68c3-b525-4c48-92a6-b22a072d532b ] Request (SharesMetadataTest:setUpClass): 200 GET http://10.27.203.238/share/v2/698d6c02a1cc4bf2b16302eb8a31bc26/shares/9e24a210-9e96-45d9-b31c-f6f3377eb0e7 0.029s
2024-05-28 12:57:26.607 98695 INFO tempest.lib.common.rest_client [ req-61139e70-4a3f-4962-9a7d-6fde22916298 ] Request (SharesMetadataTest:test_set_and_update_metadata_by_key): 200 POST http://10.27.203.238/share/v2/698d6c02a1cc4bf2b16302eb8a31bc26/shares 0.174s
2024-05-28 12:57:26.638 98695 INFO tempest.lib.common.rest_client [ req-336ba359-7b30-4915-a389-5b130976a84c ] Request (SharesMetadataTest:test_set_and_update_metadata_by_key): 200 GET http://10.27.203.238/share/v2/698d6c02a1cc4bf2b16302eb8a31bc26/shares/36ebac5b-70c6-4cc4-85fa-1acc9586628e 0.031s
2024-05-28 12:57:26.771 98691 INFO tempest.lib.common.rest_client [ req-0b93b626-4bb0-4cf1-b379-d872606e35a1 ] Request (SharesActionsAdminTest:setUpClass): 200 GET http://10.27.203.238/share/v2/fe54df7c653849ab8ec7523262c597cf/snapshots/ad33850e-6645-4962-a407-4dc7bb8e5045 0.036s
2024-05-28 12:57:26.798 98691 INFO tempest.lib.common.rest_client [ req-42a2fcd1-d155-420b-8c7f-3b5222202f48 ] Request (SharesActionsAdminTest:test_get_share): 200 GET http://10.27.203.238/share/v1/fe54df7c653849ab8ec7523262c597cf/shares/7da650db-1124-40b5-ba52-fb1170c038c8 0.026s
2024-05-28 12:57:26.839 98691 INFO tempest.lib.common.rest_client [ req-99e91222-ee6b-406b-a6c0-80dd6b6d566a ] Request (SharesActionsAdminTest:test_get_snapshot): 200 GET http://10.27.203.238/share/v1/fe54df7c653849ab8ec7523262c597cf/snapshots/ad33850e-6645-4962-a407-4dc7bb8e5045 0.039s
2024-05-28 12:57:26.883 98691 INFO tempest.lib.common.rest_client [ req-8fca80fb-2bd4-43f5-af50-1f3362459331 ] Request (SharesActionsAdminTest:test_list_shares): 200 GET http://10.27.203.238/share/v1/fe54df7c653849ab8ec7523262c597cf/shares 0.041s
2024-05-28 12:57:26.953 98691 INFO tempest.lib.common.rest_client [ req-43b5af3e-08fc-42fd-8a51-2b17759fbc98 ] Request (SharesActionsAdminTest:test_list_shares_or_with_detail_filter_by_export_location): 200 GET http://10.27.203.238/share/v2/fe54df7c653849ab8ec7523262c597cf/shares/7da650db-1124-40b5-ba52-fb1170c038c8/export_locations 0.068s
2024-05-28 12:57:26.999 98691 INFO tempest.lib.common.rest_client [ req-e7579f11-b23d-4b3d-a0a0-92ea32f545ec ] Request (SharesActionsAdminTest:test_list_shares_or_with_detail_filter_by_export_location): 200 GET http://10.27.203.238/share/v2/fe54df7c653849ab8ec7523262c597cf/shares/detail?export_location_path=172.21.75.1%3A%2Fmanila%2Fmanila-7c19614c-d968-4489-b2ad-bd88c2ef8054 0.046s
2024-05-28 12:57:27.074 98691 INFO tempest.lib.common.rest_client [ req-c2c01fb4-c74d-46b0-a128-e58f6306041e ] Request (SharesActionsAdminTest:test_list_shares_or_with_detail_filter_by_export_location): 200 GET http://10.27.203.238/share/v2/fe54df7c653849ab8ec7523262c597cf/shares/7da650db-1124-40b5-ba52-fb1170c038c8/export_locations 0.074s
2024-05-28 12:57:27.117 98691 INFO tempest.lib.common.rest_client [ req-7a274c76-ce45-4025-8254-c882adec2f02 ] Request (SharesActionsAdminTest:test_list_shares_or_with_detail_filter_by_export_location): 200 GET http://10.27.203.238/share/v2/fe54df7c653849ab8ec7523262c597cf/shares/detail?export_location_id=014ad559-581f-40d6-8ce6-bd29c72c4e1a 0.042s
2024-05-28 12:57:27.189 98691 INFO tempest.lib.common.rest_client [ req-336cbd38-63ba-4431-a962-53ab92a1758b ] Request (SharesActionsAdminTest:test_list_shares_or_with_detail_filter_by_export_location): 200 GET http://10.27.203.238/share/v2/fe54df7c653849ab8ec7523262c597cf/shares/7da650db-1124-40b5-ba52-fb1170c038c8/export_locations 0.071s
2024-05-28 12:57:27.217 98691 INFO tempest.lib.common.rest_client [ req-a0f4cd59-699d-44f9-b919-c6a6ba83b7bf ] Request (SharesActionsAdminTest:test_list_shares_or_with_detail_filter_by_export_location): 200 GET http://10.27.203.238/share/v2/fe54df7c653849ab8ec7523262c597cf/shares?export_location_path=172.21.75.1%3A%2Fmanila%2Fmanila-7c19614c-d968-4489-b2ad-bd88c2ef8054 0.027s
2024-05-28 12:57:27.291 98691 INFO tempest.lib.common.rest_client [ req-02294b02-8b10-4002-a4a4-0daaa1d5d5f9 ] Request (SharesActionsAdminTest:test_list_shares_or_with_detail_filter_by_export_location): 200 GET http://10.27.203.238/share/v2/fe54df7c653849ab8ec7523262c597cf/shares/7da650db-1124-40b5-ba52-fb1170c038c8/export_locations 0.073s
2024-05-28 12:57:27.320 98691 INFO tempest.lib.common.rest_client [ req-e84c8274-82e4-429a-84e1-7c6363c82c22 ] Request (SharesActionsAdminTest:test_list_shares_or_with_detail_filter_by_export_location): 200 GET http://10.27.203.238/share/v2/fe54df7c653849ab8ec7523262c597cf/shares?export_location_id=014ad559-581f-40d6-8ce6-bd29c72c4e1a 0.028s
2024-05-28 12:57:27.365 98691 INFO tempest.lib.common.rest_client [ req-5b73d134-c672-49f6-a455-e8a150022235 ] Request (SharesActionsAdminTest:test_list_shares_with_detail): 200 GET http://10.27.203.238/share/v1/fe54df7c653849ab8ec7523262c597cf/shares/detail 0.043s
2024-05-28 12:57:27.423 98691 INFO tempest.lib.common.rest_client [ req-f587b97e-ec60-4a00-a309-93e7ea9f9803 ] Request (SharesActionsAdminTest:test_list_shares_with_detail_filter_by_active_status): 200 GET http://10.27.203.238/share/v1/fe54df7c653849ab8ec7523262c597cf/shares/detail?status=available 0.056s
2024-05-28 12:57:27.473 98691 INFO tempest.lib.common.rest_client [ req-91009ce3-dd37-4331-8648-ddf8b64c5678 ] Request (SharesActionsAdminTest:test_list_shares_with_detail_filter_by_existed_name): 200 GET http://10.27.203.238/share/v1/fe54df7c653849ab8ec7523262c597cf/shares/detail?name=tempest-tempest-share-name-768779863 0.048s
2024-05-28 12:57:27.489 98691 INFO tempest.lib.common.rest_client [ req-d8f8740a-2663-4361-a060-8cb7ba15a41e ] Request (SharesActionsAdminTest:test_list_shares_with_detail_filter_by_extra_specs): 200 GET http://10.27.203.238/share/v1/fe54df7c653849ab8ec7523262c597cf/types 0.014s
2024-05-28 12:57:27.533 98691 INFO tempest.lib.common.rest_client [ req-f6d8bc77-7f3b-4888-b268-c1cbafbcf312 ] Request (SharesActionsAdminTest:test_list_shares_with_detail_filter_by_extra_specs): 200 GET http://10.27.203.238/share/v1/fe54df7c653849ab8ec7523262c597cf/shares/detail?extra_specs=%7B%27storage_protocol%27%3A+%27NFS%27%7D 0.043s
2024-05-28 12:57:27.548 98691 INFO tempest.lib.common.rest_client [ req-f07f71a0-bdf7-4ab3-bc70-97da39ffb856 ] Request (SharesActionsAdminTest:test_list_shares_with_detail_filter_by_extra_specs): 200 GET http://10.27.203.238/share/v1/fe54df7c653849ab8ec7523262c597cf/types/ca9bd8a1-ee0c-41ce-8832-c674458b3deb/extra_specs 0.014s
2024-05-28 12:57:27.563 98691 INFO tempest.lib.common.rest_client [ req-784fb349-1ecd-44c3-9a21-4ee0a87a72e7 ] Request (SharesActionsAdminTest:test_list_shares_with_detail_filter_by_fake_name): 200 GET http://10.27.203.238/share/v1/fe54df7c653849ab8ec7523262c597cf/shares/detail?name=tempest-fake-nonexistent-name-398253201 0.014s
2024-05-28 12:57:27.578 98691 INFO tempest.lib.common.rest_client [ req-246ff21d-f3aa-4fe8-89ff-b33a01b4f7df ] Request (SharesActionsAdminTest:test_list_shares_with_detail_filter_by_fake_status): 200 GET http://10.27.203.238/share/v1/fe54df7c653849ab8ec7523262c597cf/shares/detail?status=fake 0.014s
2024-05-28 12:57:27.609 98691 INFO tempest.lib.common.rest_client [ req-efce6cd1-efb0-4f4e-b447-9e3602d35e93 ] Request (SharesActionsAdminTest:test_list_shares_with_detail_filter_by_host): 200 GET http://10.27.203.238/share/v1/fe54df7c653849ab8ec7523262c597cf/shares/7da650db-1124-40b5-ba52-fb1170c038c8 0.029s
2024-05-28 12:57:27.659 98691 INFO tempest.lib.common.rest_client [ req-c49383e9-f5e9-426f-b403-cdb69fc6adc4 ] Request (SharesActionsAdminTest:test_list_shares_with_detail_filter_by_host): 200 GET http://10.27.203.238/share/v1/fe54df7c653849ab8ec7523262c597cf/shares/detail?host=l75lg1-v1%40vast%23vast 0.048s
2024-05-28 12:57:27.710 98691 INFO tempest.lib.common.rest_client [ req-6bd99a64-691a-4062-a2ad-ed848f24a2d1 ] Request (SharesActionsAdminTest:test_list_shares_with_detail_filter_by_metadata): 200 GET http://10.27.203.238/share/v1/fe54df7c653849ab8ec7523262c597cf/shares/detail?metadata=%7B%27foo_key_share_1%27%3A+%27foo_value_share_1%27%2C+%27bar_key_share_1%27%3A+%27foo_value_share_1%27%7D 0.050s
2024-05-28 12:57:27.756 98691 INFO tempest.lib.common.rest_client [ req-3fa4bfe7-b3fb-4566-8351-b701ba7f5715 ] Request (SharesActionsAdminTest:test_list_shares_with_detail_filter_by_share_type_id): 200 GET http://10.27.203.238/share/v1/fe54df7c653849ab8ec7523262c597cf/shares/detail?share_type_id=ca9bd8a1-ee0c-41ce-8832-c674458b3deb 0.043s
2024-05-28 12:57:27.770 98691 INFO tempest.lib.common.rest_client [ req-38db7e76-add5-4a1c-b108-80241c3119ab ] Request (SharesActionsAdminTest:test_list_shares_with_detail_filter_by_share_type_id): 200 GET http://10.27.203.238/share/v1/fe54df7c653849ab8ec7523262c597cf/types 0.014s
2024-05-28 12:57:27.803 98691 INFO tempest.lib.common.rest_client [ req-d3a96c8b-56a6-44f8-a813-0251b684bddb ] Request (SharesActionsAdminTest:test_list_shares_with_detail_with_asc_sorting): 200 GET http://10.27.203.238/share/v1/fe54df7c653849ab8ec7523262c597cf/shares/detail?sort_key=created_at&sort_dir=asc 0.030s
2024-05-28 12:57:27.853 98693 INFO tempest.lib.common.rest_client [ req-d5776109-4809-45f2-809f-19172f5dd786 ] Request (AdminActionsTest:test_force_delete_share): 200 GET http://10.27.203.238/share/v2/a3499cb78849424db45e54caac01de92/shares/c5d9b059-bdd0-4fae-9bd0-328d926e5694 0.033s
2024-05-28 12:57:27.873 98691 INFO tempest.lib.common.rest_client [ req-5a9f8dbe-e1e6-4658-b138-250775624864 ] Request (SharesActionsAdminTest:test_list_snapshots): 200 GET http://10.27.203.238/share/v1/fe54df7c653849ab8ec7523262c597cf/snapshots 0.069s
2024-05-28 12:57:27.939 98691 INFO tempest.lib.common.rest_client [ req-4f60fa13-3951-4fc4-8adf-816c3445083f ] Request (SharesActionsAdminTest:test_list_snapshots_with_detail): 200 GET http://10.27.203.238/share/v1/fe54df7c653849ab8ec7523262c597cf/snapshots/detail 0.064s
2024-05-28 12:57:28.038 98691 INFO tempest.lib.common.rest_client [ req-eced5e1f-d39e-41cd-a2bd-6aa69290e071 ] Request (SharesActionsAdminTest:tearDownClass): 202 DELETE http://10.27.203.238/share/v2/fe54df7c653849ab8ec7523262c597cf/snapshots/ad33850e-6645-4962-a407-4dc7bb8e5045 0.098s
2024-05-28 12:57:28.083 98691 INFO tempest.lib.common.rest_client [ req-8050c16a-d914-4208-b1d3-f8f1f5b77b75 ] Request (SharesActionsAdminTest:tearDownClass): 200 GET http://10.27.203.238/share/v2/fe54df7c653849ab8ec7523262c597cf/snapshots/ad33850e-6645-4962-a407-4dc7bb8e5045 0.044s
2024-05-28 12:57:28.502 98689 INFO tempest.lib.common.rest_client [ req-97917ecb-53f3-4d62-ac83-f8b8a43005d6 ] Request (ShareSnapshotInstancesTest:test_reset_snapshot_instance_status_and_delete): 200 GET http://10.27.203.238/share/v2/f4f7702aa04c467288cc6b142f61ec37/snapshots/8f61b18a-3a70-47fb-b981-4fcb057a0c26 0.038s
2024-05-28 12:57:28.527 98689 INFO tempest.lib.common.rest_client [ req-cedbef15-7111-4f10-9665-c32463f21a50 ] Request (ShareSnapshotInstancesTest:test_reset_snapshot_instance_status_and_delete): 200 GET http://10.27.203.238/share/v2/f4f7702aa04c467288cc6b142f61ec37/snapshot-instances?snapshot_id=8f61b18a-3a70-47fb-b981-4fcb057a0c26 0.024s
2024-05-28 12:57:28.574 98689 INFO tempest.lib.common.rest_client [ req-a748bf1a-34cf-4920-899d-ba2003c636ab ] Request (ShareSnapshotInstancesTest:test_reset_snapshot_instance_status_and_delete): 202 POST http://10.27.203.238/share/v2/f4f7702aa04c467288cc6b142f61ec37/snapshot-instances/c7ea0dae-078a-429a-ab92-8154afeab33a/action 0.047s
2024-05-28 12:57:28.598 98689 INFO tempest.lib.common.rest_client [ req-c57d014a-af46-4e77-a3c8-a84d9b2a3c6f ] Request (ShareSnapshotInstancesTest:test_reset_snapshot_instance_status_and_delete): 200 GET http://10.27.203.238/share/v2/f4f7702aa04c467288cc6b142f61ec37/snapshot-instances/c7ea0dae-078a-429a-ab92-8154afeab33a 0.023s
2024-05-28 12:57:28.647 98689 INFO tempest.lib.common.rest_client [ req-50f94a4c-379d-41b5-a0ac-a3477695db7a ] Request (ShareSnapshotInstancesTest:test_reset_snapshot_instance_status_and_delete): 202 POST http://10.27.203.238/share/v2/f4f7702aa04c467288cc6b142f61ec37/snapshot-instances/c7ea0dae-078a-429a-ab92-8154afeab33a/action 0.048s
2024-05-28 12:57:28.670 98687 INFO tempest.lib.common.rest_client [ req-30e30f63-6d3e-44ba-b677-60af49fa9832 ] Request (AccessesMetadataNegativeTest:tearDownClass): 200 GET http://10.27.203.238/share/v2/ed83204ad63946bdae288892bd07d115/shares/1b8e12e8-6d99-48c0-8368-d1a37e2ca2ca 0.028s
2024-05-28 12:57:28.672 98689 INFO tempest.lib.common.rest_client [ req-ced623fe-9db1-44ce-9492-a765e6c56207 ] Request (ShareSnapshotInstancesTest:test_reset_snapshot_instance_status_and_delete): 200 GET http://10.27.203.238/share/v2/f4f7702aa04c467288cc6b142f61ec37/snapshot-instances/c7ea0dae-078a-429a-ab92-8154afeab33a 0.024s
2024-05-28 12:57:28.774 98689 INFO tempest.lib.common.rest_client [ req-e2a32939-6895-4d15-8cb5-e302833164a5 ] Request (ShareSnapshotInstancesTest:test_reset_snapshot_instance_status_and_delete): 202 DELETE http://10.27.203.238/share/v2/f4f7702aa04c467288cc6b142f61ec37/snapshots/8f61b18a-3a70-47fb-b981-4fcb057a0c26 0.101s
2024-05-28 12:57:28.816 98689 INFO tempest.lib.common.rest_client [ req-8882d694-268d-4b3b-83a7-356766dfa964 ] Request (ShareSnapshotInstancesTest:test_reset_snapshot_instance_status_and_delete): 200 GET http://10.27.203.238/share/v2/f4f7702aa04c467288cc6b142f61ec37/snapshots/8f61b18a-3a70-47fb-b981-4fcb057a0c26 0.041s
2024-05-28 12:57:29.670 98695 INFO tempest.lib.common.rest_client [ req-78e0be03-802b-4956-9d60-f780b814d476 ] Request (SharesMetadataTest:test_set_and_update_metadata_by_key): 200 GET http://10.27.203.238/share/v2/698d6c02a1cc4bf2b16302eb8a31bc26/shares/36ebac5b-70c6-4cc4-85fa-1acc9586628e 0.028s
2024-05-28 12:57:30.870 98693 INFO tempest.lib.common.rest_client [ req-5c8fb8c2-f896-4b93-b878-aea772b7c1cc ] Request (AdminActionsTest:test_force_delete_share): 404 GET http://10.27.203.238/share/v2/a3499cb78849424db45e54caac01de92/shares/c5d9b059-bdd0-4fae-9bd0-328d926e5694 0.013s
2024-05-28 12:57:31.054 98693 INFO tempest.lib.common.rest_client [ req-0822a4f6-6ff4-4990-9cf0-11eebbf113e7 ] Request (AdminActionsTest:test_force_delete_share_instance): 200 POST http://10.27.203.238/share/v2/a3499cb78849424db45e54caac01de92/shares 0.182s
2024-05-28 12:57:31.080 98693 INFO tempest.lib.common.rest_client [ req-cb3dfbab-a651-4ebe-8dcf-11bf50b4c266 ] Request (AdminActionsTest:test_force_delete_share_instance): 200 GET http://10.27.203.238/share/v2/a3499cb78849424db45e54caac01de92/shares/0e109bad-1de4-4ba0-a890-7011220b44eb 0.025s
2024-05-28 12:57:31.105 98691 INFO tempest.lib.common.rest_client [ req-7dc2c642-8fb9-4b3d-9f7e-9fb90c05a8ca ] Request (SharesActionsAdminTest:tearDownClass): 404 GET http://10.27.203.238/share/v2/fe54df7c653849ab8ec7523262c597cf/snapshots/ad33850e-6645-4962-a407-4dc7bb8e5045 0.019s
2024-05-28 12:57:31.121 98691 INFO tempest.lib.common.rest_client [ req-8bed7034-1a82-4da5-93e8-e36fd9117b10 ] Request (SharesActionsAdminTest:tearDownClass): 200 GET http://10.27.203.238/share/v2/fe54df7c653849ab8ec7523262c597cf/share-replicas/detail?share_id=7da650db-1124-40b5-ba52-fb1170c038c8 0.016s
2024-05-28 12:57:31.238 98691 INFO tempest.lib.common.rest_client [ req-1a206104-3ae2-40d4-ad11-73c0d9107322 ] Request (SharesActionsAdminTest:tearDownClass): 202 DELETE http://10.27.203.238/share/v2/fe54df7c653849ab8ec7523262c597cf/shares/7da650db-1124-40b5-ba52-fb1170c038c8 0.117s
2024-05-28 12:57:31.266 98691 INFO tempest.lib.common.rest_client [ req-275cdeaf-b49a-4c5d-b55d-309199100802 ] Request (SharesActionsAdminTest:tearDownClass): 200 GET http://10.27.203.238/share/v2/fe54df7c653849ab8ec7523262c597cf/shares/7da650db-1124-40b5-ba52-fb1170c038c8 0.027s
2024-05-28 12:57:31.704 98687 INFO tempest.lib.common.rest_client [ req-8b2a72ea-0b19-4d0a-9d08-d52fce52505b ] Request (AccessesMetadataNegativeTest:tearDownClass): 200 GET http://10.27.203.238/share/v2/ed83204ad63946bdae288892bd07d115/shares/1b8e12e8-6d99-48c0-8368-d1a37e2ca2ca 0.029s
2024-05-28 12:57:31.836 98689 INFO tempest.lib.common.rest_client [ req-b9f74ffc-bf59-4223-ad1c-424cdb9c17e2 ] Request (ShareSnapshotInstancesTest:test_reset_snapshot_instance_status_and_delete): 404 GET http://10.27.203.238/share/v2/f4f7702aa04c467288cc6b142f61ec37/snapshots/8f61b18a-3a70-47fb-b981-4fcb057a0c26 0.016s
2024-05-28 12:57:31.854 98689 INFO tempest.lib.common.rest_client [ req-5564cc88-0437-4725-876e-5e3cd9fba894 ] Request (ShareSnapshotInstancesTest:tearDownClass): 404 DELETE http://10.27.203.238/share/v2/f4f7702aa04c467288cc6b142f61ec37/snapshots/8f61b18a-3a70-47fb-b981-4fcb057a0c26 0.016s
2024-05-28 12:57:31.855 98689 ERROR manila_tempest_tests.tests.api.base [-] Suppressed cleanup error in Manila: Traceback (most recent call last): File "/opt/stack/manila-tempest-plugin/manila_tempest_tests/tests/api/base.py", line 915, in clear_resources client.delete_snapshot(res_id)
File "/opt/stack/manila-tempest-plugin/manila_tempest_tests/services/share/v2/json/shares_client.py", line 630, in delete_snapshot resp, body = self.delete("snapshots/%s" % snap_id, version=version)
File "/opt/stack/manila-tempest-plugin/manila_tempest_tests/services/share/v2/json/shares_client.py", line 85, in delete resp, body = super(SharesV2Client, self).delete(url, headers=headers,
File "/opt/stack/tempest/tempest/lib/common/rest_client.py", line 357, in delete return self.request('DELETE', url, extra_headers, headers, body)
File "/opt/stack/tempest/tempest/lib/common/rest_client.py", line 760, in request self._error_checker(resp, resp_body)
File "/opt/stack/tempest/tempest/lib/common/rest_client.py", line 870, in _error_checker raise exceptions.NotFound(resp_body, resp=resp) tempest.lib.exceptions.NotFound: Object not found Details: {'code': 404, 'message': 'The resource could not be found.'} : tempest.lib.exceptions.NotFound: Object not found
2024-05-28 12:57:31.949 98689 INFO tempest.lib.common.rest_client [ req-9a03681f-3656-4edd-9161-2567cc716074 ] Request (ShareSnapshotInstancesTest:tearDownClass): 202 DELETE http://10.27.203.238/share/v2/f4f7702aa04c467288cc6b142f61ec37/snapshots/06828ea4-ef00-439f-b57a-9d726e3f2e62 0.093s
2024-05-28 12:57:31.986 98689 INFO tempest.lib.common.rest_client [ req-3c8474b0-44e7-4807-b78f-63360a48be6f ] Request (ShareSnapshotInstancesTest:tearDownClass): 200 GET http://10.27.203.238/share/v2/f4f7702aa04c467288cc6b142f61ec37/snapshots/06828ea4-ef00-439f-b57a-9d726e3f2e62 0.036s
2024-05-28 12:57:32.700 98695 INFO tempest.lib.common.rest_client [ req-bff8961e-451f-4e94-8fbe-301b308dae69 ] Request (SharesMetadataTest:test_set_and_update_metadata_by_key): 200 GET http://10.27.203.238/share/v2/698d6c02a1cc4bf2b16302eb8a31bc26/shares/36ebac5b-70c6-4cc4-85fa-1acc9586628e 0.027s
2024-05-28 12:57:32.786 98695 INFO tempest.lib.common.rest_client [ req-1e4001d9-82a1-462d-adc9-f7152f47ce6b ] Request (SharesMetadataTest:test_set_and_update_metadata_by_key): 200 POST http://10.27.203.238/share/v2/698d6c02a1cc4bf2b16302eb8a31bc26/shares/36ebac5b-70c6-4cc4-85fa-1acc9586628e/metadata 0.086s
2024-05-28 12:57:33.010 98695 INFO tempest.lib.common.rest_client [ req-9fc91884-288e-431b-a4d7-5876e5fd2ad9 ] Request (SharesMetadataTest:test_set_and_update_metadata_by_key): 200 PUT http://10.27.203.238/share/v2/698d6c02a1cc4bf2b16302eb8a31bc26/shares/36ebac5b-70c6-4cc4-85fa-1acc9586628e/metadata 0.222s
2024-05-28 12:57:33.086 98695 INFO tempest.lib.common.rest_client [ req-72377f06-79f2-4376-8283-0bbfccfbdafa ] Request (SharesMetadataTest:test_set_and_update_metadata_by_key): 200 GET http://10.27.203.238/share/v2/698d6c02a1cc4bf2b16302eb8a31bc26/shares/36ebac5b-70c6-4cc4-85fa-1acc9586628e/metadata/key7 0.075s
2024-05-28 12:57:33.163 98695 INFO tempest.lib.common.rest_client [ req-283803ef-386a-452d-a752-e36777b48c28 ] Request (SharesMetadataTest:test_set_and_update_metadata_by_key): 200 GET http://10.27.203.238/share/v2/698d6c02a1cc4bf2b16302eb8a31bc26/shares/36ebac5b-70c6-4cc4-85fa-1acc9586628e/metadata/key8 0.076s
2024-05-28 12:57:33.179 98695 INFO tempest.lib.common.rest_client [ req-53a890c9-ce2c-41fc-b9a1-bdba1f03e8bc ] Request (SharesMetadataTest:_run_cleanups): 200 GET http://10.27.203.238/share/v2/698d6c02a1cc4bf2b16302eb8a31bc26/share-replicas/detail?share_id=36ebac5b-70c6-4cc4-85fa-1acc9586628e 0.015s
2024-05-28 12:57:33.306 98695 INFO tempest.lib.common.rest_client [ req-a5b23709-72de-4efa-8cc5-29f19d0f7897 ] Request (SharesMetadataTest:_run_cleanups): 202 DELETE http://10.27.203.238/share/v2/698d6c02a1cc4bf2b16302eb8a31bc26/shares/36ebac5b-70c6-4cc4-85fa-1acc9586628e 0.127s
2024-05-28 12:57:33.338 98695 INFO tempest.lib.common.rest_client [ req-10232952-4c72-46c2-8583-4ef030bf3c51 ] Request (SharesMetadataTest:_run_cleanups): 200 GET http://10.27.203.238/share/v2/698d6c02a1cc4bf2b16302eb8a31bc26/shares/36ebac5b-70c6-4cc4-85fa-1acc9586628e 0.031s
2024-05-28 12:57:34.111 98693 INFO tempest.lib.common.rest_client [ req-b6265188-5fb9-411a-a277-2c0b5ea716bc ] Request (AdminActionsTest:test_force_delete_share_instance): 200 GET http://10.27.203.238/share/v2/a3499cb78849424db45e54caac01de92/shares/0e109bad-1de4-4ba0-a890-7011220b44eb 0.028s
2024-05-28 12:57:34.299 98691 INFO tempest.lib.common.rest_client [ req-f2fc84c7-58a9-4aae-b494-58a8855bdabb ] Request (SharesActionsAdminTest:tearDownClass): 200 GET http://10.27.203.238/share/v2/fe54df7c653849ab8ec7523262c597cf/shares/7da650db-1124-40b5-ba52-fb1170c038c8 0.029s
2024-05-28 12:57:34.721 98687 INFO tempest.lib.common.rest_client [ req-50671a28-500e-4143-b659-5e6822ab987c ] Request (AccessesMetadataNegativeTest:tearDownClass): 404 GET http://10.27.203.238/share/v2/ed83204ad63946bdae288892bd07d115/shares/1b8e12e8-6d99-48c0-8368-d1a37e2ca2ca 0.014s
2024-05-28 12:57:34.767 98687 INFO tempest.lib.common.rest_client [ req-66a5f1e6-cf72-4f90-b0d2-0c3c3aaf1a99 ] Request (AccessesMetadataNegativeTest:tearDownClass): 202 DELETE http://10.27.203.238/share/v2/86b1b2ed568f43c9892e17d54b3c5f78/types/35d8f83e-fb79-4641-b1b4-7e1e2b54c7bd 0.045s
2024-05-28 12:57:34.780 98687 INFO tempest.lib.common.rest_client [ req-33275488-6dd7-49e5-9196-97ece76148b3 ] Request (AccessesMetadataNegativeTest:tearDownClass): 404 GET http://10.27.203.238/share/v2/86b1b2ed568f43c9892e17d54b3c5f78/types/35d8f83e-fb79-4641-b1b4-7e1e2b54c7bd 0.013s
2024-05-28 12:57:34.935 98687 INFO tempest.lib.common.rest_client [req-e21d84fe-926f-43ad-932e-47ce219969e4 req-e21d84fe-926f-43ad-932e-47ce219969e4 ] Request (AccessesMetadataNegativeTest:tearDownClass): 204 DELETE http://10.27.203.238/identity/v3/users/aecf70f564bb43b5bc870395023f1341 0.155s
2024-05-28 12:57:35.004 98689 INFO tempest.lib.common.rest_client [ req-d07ac1b0-1cbd-4f1b-bca7-459b6fafde65 ] Request (ShareSnapshotInstancesTest:tearDownClass): 404 GET http://10.27.203.238/share/v2/f4f7702aa04c467288cc6b142f61ec37/snapshots/06828ea4-ef00-439f-b57a-9d726e3f2e62 0.017s
2024-05-28 12:57:35.020 98689 INFO tempest.lib.common.rest_client [ req-c57c6f9d-c231-4641-a2b0-fcf304e50d4b ] Request (ShareSnapshotInstancesTest:tearDownClass): 200 GET http://10.27.203.238/share/v2/f4f7702aa04c467288cc6b142f61ec37/share-replicas/detail?share_id=b235c40f-7437-4e0c-b44e-321d8e8b1457 0.015s
2024-05-28 12:57:35.063 98687 INFO tempest.lib.common.rest_client [req-509217b0-9ad2-4ba8-a152-869afb4853d0 req-509217b0-9ad2-4ba8-a152-869afb4853d0 ] Request (AccessesMetadataNegativeTest:tearDownClass): 204 DELETE http://10.27.203.238/identity/v3/users/3602f1b4b0604dac9f3dac83a8eb3661 0.127s
2024-05-28 12:57:35.149 98689 INFO tempest.lib.common.rest_client [ req-814b4b1c-0796-47a2-87e9-38fb765c09fd ] Request (ShareSnapshotInstancesTest:tearDownClass): 202 DELETE http://10.27.203.238/share/v2/f4f7702aa04c467288cc6b142f61ec37/shares/b235c40f-7437-4e0c-b44e-321d8e8b1457 0.128s
2024-05-28 12:57:35.177 98689 INFO tempest.lib.common.rest_client [ req-221399ba-3c3a-418e-bfef-3b7c05b82343 ] Request (ShareSnapshotInstancesTest:tearDownClass): 200 GET http://10.27.203.238/share/v2/f4f7702aa04c467288cc6b142f61ec37/shares/b235c40f-7437-4e0c-b44e-321d8e8b1457 0.027s
2024-05-28 12:57:35.187 98687 INFO tempest.lib.common.rest_client [req-b4fe9308-5288-4c4f-be24-a580ecfc862e req-b4fe9308-5288-4c4f-be24-a580ecfc862e ] Request (AccessesMetadataNegativeTest:tearDownClass): 204 DELETE http://10.27.203.238/identity/v3/users/d2db2faa187d4ba4baf6b1b73c2fb965 0.123s
2024-05-28 12:57:35.187 98687 INFO tempest.lib.common.dynamic_creds [-] Deleting project and security group for project: ed83204ad63946bdae288892bd07d115
2024-05-28 12:57:35.246 98687 INFO tempest.lib.common.rest_client [req-efe4274f-acbd-494c-bf69-8a606d2ed5ca req-efe4274f-acbd-494c-bf69-8a606d2ed5ca ] Request (AccessesMetadataNegativeTest:tearDownClass): 201 POST http://10.27.203.238/identity/v3/auth/tokens 0.058s
2024-05-28 12:57:35.322 98687 INFO tempest.lib.common.rest_client [req-f4bebacb-fb8c-4224-9ddf-ce9ff87af442 req-f4bebacb-fb8c-4224-9ddf-ce9ff87af442 ] Request (AccessesMetadataNegativeTest:tearDownClass): 200 GET http://10.27.203.238:9696/networking/v2.0/security-groups?tenant_id=ed83204ad63946bdae288892bd07d115&name=default 0.076s
2024-05-28 12:57:35.413 98687 INFO tempest.lib.common.rest_client [req-52812685-1b29-4c77-9a52-243af67a1702 req-52812685-1b29-4c77-9a52-243af67a1702 ] Request (AccessesMetadataNegativeTest:tearDownClass): 204 DELETE http://10.27.203.238/identity/v3/projects/ed83204ad63946bdae288892bd07d115 0.090s
2024-05-28 12:57:35.413 98687 INFO tempest.lib.common.dynamic_creds [-] Deleting project and security group for project: 86b1b2ed568f43c9892e17d54b3c5f78
2024-05-28 12:57:35.425 98687 INFO tempest.lib.common.rest_client [req-b452c33d-a9ee-492f-b337-69e7a799c0bb req-b452c33d-a9ee-492f-b337-69e7a799c0bb ] Request (AccessesMetadataNegativeTest:tearDownClass): 200 GET http://10.27.203.238:9696/networking/v2.0/security-groups?tenant_id=86b1b2ed568f43c9892e17d54b3c5f78&name=default 0.011s
2024-05-28 12:57:35.530 98687 INFO tempest.lib.common.rest_client [req-f389c2e5-aab4-40d5-8de9-fc99afbc62f7 req-f389c2e5-aab4-40d5-8de9-fc99afbc62f7 ] Request (AccessesMetadataNegativeTest:tearDownClass): 204 DELETE http://10.27.203.238/identity/v3/projects/86b1b2ed568f43c9892e17d54b3c5f78 0.104s
2024-05-28 12:57:35.530 98687 INFO tempest.lib.common.dynamic_creds [-] Deleting project and security group for project: 3e21df600d6c4f93ae48db92d82bf03e
2024-05-28 12:57:35.542 98687 INFO tempest.lib.common.rest_client [req-cf065ff3-dda0-438f-ae21-2d75a375d05b req-cf065ff3-dda0-438f-ae21-2d75a375d05b ] Request (AccessesMetadataNegativeTest:tearDownClass): 200 GET http://10.27.203.238:9696/networking/v2.0/security-groups?tenant_id=3e21df600d6c4f93ae48db92d82bf03e&name=default 0.011s
2024-05-28 12:57:35.657 98687 INFO tempest.lib.common.rest_client [req-6f6d3ef8-7e19-4bb7-9366-b68f11860329 req-6f6d3ef8-7e19-4bb7-9366-b68f11860329 ] Request (AccessesMetadataNegativeTest:tearDownClass): 204 DELETE http://10.27.203.238/identity/v3/projects/3e21df600d6c4f93ae48db92d82bf03e 0.115s
2024-05-28 12:57:35.682 98687 INFO tempest.lib.common.rest_client [req-bc9b9f29-00c3-4aeb-a58c-86e6e6f28f48 req-bc9b9f29-00c3-4aeb-a58c-86e6e6f28f48 ] Request (AvailabilityZonesTest:setUpClass): 201 POST http://10.27.203.238/identity/v3/auth/tokens 0.023s
2024-05-28 12:57:35.735 98687 INFO tempest.lib.common.rest_client [req-ea39396e-2a5b-4db8-b94e-18853cb46080 req-ea39396e-2a5b-4db8-b94e-18853cb46080 ] Request (AvailabilityZonesTest:setUpClass): 201 POST http://10.27.203.238/identity/v3/auth/tokens 0.050s
2024-05-28 12:57:35.761 98687 INFO tempest.lib.common.rest_client [req-47acd439-ff7e-4025-ba74-a3c42febdc3f req-47acd439-ff7e-4025-ba74-a3c42febdc3f ] Request (AvailabilityZonesTest:setUpClass): 200 GET http://10.27.203.238/identity/v3/domains?name=Default 0.025s
2024-05-28 12:57:35.803 98687 INFO tempest.lib.common.rest_client [req-60ba4d87-1ff2-4f7b-a3fe-7187f2ec4d18 req-60ba4d87-1ff2-4f7b-a3fe-7187f2ec4d18 ] Request (AvailabilityZonesTest:setUpClass): 201 POST http://10.27.203.238/identity/v3/projects 0.042s
2024-05-28 12:57:35.868 98687 INFO tempest.lib.common.rest_client [req-5a9b6f3f-a41b-4769-a2bd-59138cf10fd3 req-5a9b6f3f-a41b-4769-a2bd-59138cf10fd3 ] Request (AvailabilityZonesTest:setUpClass): 201 POST http://10.27.203.238/identity/v3/users 0.064s
2024-05-28 12:57:35.887 98687 INFO tempest.lib.common.rest_client [req-ab378b0e-f6ca-4099-905f-ed21e188d5b6 req-ab378b0e-f6ca-4099-905f-ed21e188d5b6 ] Request (AvailabilityZonesTest:setUpClass): 200 GET http://10.27.203.238/identity/v3/roles 0.019s
2024-05-28 12:57:35.925 98687 INFO tempest.lib.common.rest_client [req-7a1729ed-4510-47fc-bf16-178752c02be8 req-7a1729ed-4510-47fc-bf16-178752c02be8 ] Request (AvailabilityZonesTest:setUpClass): 204 PUT http://10.27.203.238/identity/v3/projects/dff252807b6b49bdad4fd85f22c29e5b/users/f5d41d73590d4952bc69134aed9c80f0/roles/44620cad10ae407c90c91e2c296adb04 0.037s
2024-05-28 12:57:35.926 98687 INFO tempest.lib.common.dynamic_creds [-] Dynamic test user f5d41d73590d4952bc69134aed9c80f0 is created with scope project and roles: ['member']
2024-05-28 12:57:35.926 98687 INFO tempest.lib.common.dynamic_creds [-] Acquired dynamic creds: credentials: Credentials: {'domain_id': 'default', 'domain_name': 'Default', 'username': 'tempest-AvailabilityZonesTest-406956437-project-member', 'project_domain_id': 'default', 'project_domain_name': 'Default', 'project_id': 'dff252807b6b49bdad4fd85f22c29e5b', 'project_name': 'tempest-AvailabilityZonesTest-406956437', 'tenant_id': 'dff252807b6b49bdad4fd85f22c29e5b', 'tenant_name': 'tempest-AvailabilityZonesTest-406956437', 'user_domain_id': 'default', 'user_domain_name': 'Default', 'user_id': 'f5d41d73590d4952bc69134aed9c80f0', 'system': None}, Network: None, Subnet: None, Router: None
2024-05-28 12:57:35.926 98687 INFO tempest.lib.common.dynamic_creds [-] Created isolated network resources for: credentials: Credentials: {'domain_id': 'default', 'domain_name': 'Default', 'username': 'tempest-AvailabilityZonesTest-406956437-project-member', 'project_domain_id': 'default', 'project_domain_name': 'Default', 'project_id': 'dff252807b6b49bdad4fd85f22c29e5b', 'project_name': 'tempest-AvailabilityZonesTest-406956437', 'tenant_id': 'dff252807b6b49bdad4fd85f22c29e5b', 'tenant_name': 'tempest-AvailabilityZonesTest-406956437', 'user_domain_id': 'default', 'user_domain_name': 'Default', 'user_id': 'f5d41d73590d4952bc69134aed9c80f0', 'system': None}, Network: None, Subnet: None, Router: None
2024-05-28 12:57:35.999 98687 INFO tempest.lib.common.rest_client [req-de419b41-1e9e-4cad-a2db-8c8d09fbed1a req-de419b41-1e9e-4cad-a2db-8c8d09fbed1a ] Request (AvailabilityZonesTest:setUpClass): 201 POST http://10.27.203.238/identity/v3/auth/tokens 0.072s
2024-05-28 12:57:36.075 98687 INFO tempest.lib.common.rest_client [ req-10ad1352-c46c-4245-b11d-37827cae81fe ] Request (AvailabilityZonesTest:test_list_availability_zones): 200 GET http://10.27.203.238/share/v2/dff252807b6b49bdad4fd85f22c29e5b/availability-zones 0.074s
2024-05-28 12:57:36.089 98687 INFO tempest.lib.common.rest_client [ req-cb6ac4db-6f26-4c0a-86ce-2c4037adfc68 ] Request (AvailabilityZonesTest:test_list_availability_zones_legacy_url_api_v1): 200 GET http://10.27.203.238/share/v1/dff252807b6b49bdad4fd85f22c29e5b/os-availability-zone 0.012s
2024-05-28 12:57:36.102 98687 INFO tempest.lib.common.rest_client [ req-669b98e3-4be8-4d92-a030-20576dfa5d6e ] Request (AvailabilityZonesTest:test_list_availability_zones_legacy_url_api_v2): 200 GET http://10.27.203.238/share/v2/dff252807b6b49bdad4fd85f22c29e5b/os-availability-zone 0.011s
2024-05-28 12:57:36.213 98687 INFO tempest.lib.common.rest_client [req-b7bac2fe-86cc-4011-b610-94b69afc2a97 req-b7bac2fe-86cc-4011-b610-94b69afc2a97 ] Request (AvailabilityZonesTest:tearDownClass): 204 DELETE http://10.27.203.238/identity/v3/users/f5d41d73590d4952bc69134aed9c80f0 0.109s
2024-05-28 12:57:36.213 98687 INFO tempest.lib.common.dynamic_creds [-] Deleting project and security group for project: dff252807b6b49bdad4fd85f22c29e5b
2024-05-28 12:57:36.268 98687 INFO tempest.lib.common.rest_client [req-3971d5c2-32ea-4417-8d3f-6a6d56ac8619 req-3971d5c2-32ea-4417-8d3f-6a6d56ac8619 ] Request (AvailabilityZonesTest:tearDownClass): 201 POST http://10.27.203.238/identity/v3/auth/tokens 0.055s
2024-05-28 12:57:36.348 98687 INFO tempest.lib.common.rest_client [req-9dd65a52-26de-482e-b847-84514837bf80 req-9dd65a52-26de-482e-b847-84514837bf80 ] Request (AvailabilityZonesTest:tearDownClass): 200 GET http://10.27.203.238:9696/networking/v2.0/security-groups?tenant_id=dff252807b6b49bdad4fd85f22c29e5b&name=default 0.079s
2024-05-28 12:57:36.369 98695 INFO tempest.lib.common.rest_client [ req-dc3912e6-0f44-43d4-a927-471d0ece9e49 ] Request (SharesMetadataTest:_run_cleanups): 200 GET http://10.27.203.238/share/v2/698d6c02a1cc4bf2b16302eb8a31bc26/shares/36ebac5b-70c6-4cc4-85fa-1acc9586628e 0.030s
2024-05-28 12:57:36.470 98687 INFO tempest.lib.common.rest_client [req-b606adb3-909a-4134-8b7b-ba4b0ffec470 req-b606adb3-909a-4134-8b7b-ba4b0ffec470 ] Request (AvailabilityZonesTest:tearDownClass): 204 DELETE http://10.27.203.238/identity/v3/projects/dff252807b6b49bdad4fd85f22c29e5b 0.122s
2024-05-28 12:57:36.471 98687 INFO tempest.test [-] raised in ShareBackupTest.setUpClass. Invoking tearDownClass.
2024-05-28 12:57:36.498 98687 INFO tempest.lib.common.rest_client [req-25d6bbea-a3c2-4601-9592-f6f03778d112 req-25d6bbea-a3c2-4601-9592-f6f03778d112 ] Request (ExtensionsTest:setUpClass): 201 POST http://10.27.203.238/identity/v3/auth/tokens 0.024s
2024-05-28 12:57:36.555 98687 INFO tempest.lib.common.rest_client [req-499286a8-dcc9-41a6-9e90-0261a6b10924 req-499286a8-dcc9-41a6-9e90-0261a6b10924 ] Request (ExtensionsTest:setUpClass): 201 POST http://10.27.203.238/identity/v3/auth/tokens 0.053s
2024-05-28 12:57:36.589 98687 INFO tempest.lib.common.rest_client [req-a12ed65c-92c3-46c7-9f79-edbf4894cf14 req-a12ed65c-92c3-46c7-9f79-edbf4894cf14 ] Request (ExtensionsTest:setUpClass): 200 GET http://10.27.203.238/identity/v3/domains?name=Default 0.033s
2024-05-28 12:57:36.632 98687 INFO tempest.lib.common.rest_client [req-c1b229a7-333d-4afc-b603-55c031398d81 req-c1b229a7-333d-4afc-b603-55c031398d81 ] Request (ExtensionsTest:setUpClass): 201 POST http://10.27.203.238/identity/v3/projects 0.042s
2024-05-28 12:57:36.689 98687 INFO tempest.lib.common.rest_client [req-c4cef394-a4a5-4196-b6c3-d1ef4a467fde req-c4cef394-a4a5-4196-b6c3-d1ef4a467fde ] Request (ExtensionsTest:setUpClass): 201 POST http://10.27.203.238/identity/v3/users 0.057s
2024-05-28 12:57:36.709 98687 INFO tempest.lib.common.rest_client [req-3f6cf7e7-1ec2-4f0c-9ccd-db9689c366b9 req-3f6cf7e7-1ec2-4f0c-9ccd-db9689c366b9 ] Request (ExtensionsTest:setUpClass): 200 GET http://10.27.203.238/identity/v3/roles 0.019s
2024-05-28 12:57:36.751 98687 INFO tempest.lib.common.rest_client [req-3d9c9d05-b5ea-416c-9a38-08ef23e85cc8 req-3d9c9d05-b5ea-416c-9a38-08ef23e85cc8 ] Request (ExtensionsTest:setUpClass): 204 PUT http://10.27.203.238/identity/v3/projects/480f011d09784daa9db3173a43309a4c/users/e53df3f8c4b743fb922d8349ce6ef944/roles/44620cad10ae407c90c91e2c296adb04 0.041s
2024-05-28 12:57:36.751 98687 INFO tempest.lib.common.dynamic_creds [-] Dynamic test user e53df3f8c4b743fb922d8349ce6ef944 is created with scope project and roles: ['member']
2024-05-28 12:57:36.752 98687 INFO tempest.lib.common.dynamic_creds [-] Acquired dynamic creds: credentials: Credentials: {'domain_id': 'default', 'domain_name': 'Default', 'username': 'tempest-ExtensionsTest-420292269-project-member', 'project_domain_id': 'default', 'project_domain_name': 'Default', 'project_id': '480f011d09784daa9db3173a43309a4c', 'project_name': 'tempest-ExtensionsTest-420292269', 'tenant_id': '480f011d09784daa9db3173a43309a4c', 'tenant_name': 'tempest-ExtensionsTest-420292269', 'user_domain_id': 'default', 'user_domain_name': 'Default', 'user_id': 'e53df3f8c4b743fb922d8349ce6ef944', 'system': None}, Network: None, Subnet: None, Router: None
2024-05-28 12:57:36.752 98687 INFO tempest.lib.common.dynamic_creds [-] Created isolated network resources for: credentials: Credentials: {'domain_id': 'default', 'domain_name': 'Default', 'username': 'tempest-ExtensionsTest-420292269-project-member', 'project_domain_id': 'default', 'project_domain_name': 'Default', 'project_id': '480f011d09784daa9db3173a43309a4c', 'project_name': 'tempest-ExtensionsTest-420292269', 'tenant_id': '480f011d09784daa9db3173a43309a4c', 'tenant_name': 'tempest-ExtensionsTest-420292269', 'user_domain_id': 'default', 'user_domain_name': 'Default', 'user_id': 'e53df3f8c4b743fb922d8349ce6ef944', 'system': None}, Network: None, Subnet: None, Router: None
2024-05-28 12:57:36.825 98687 INFO tempest.lib.common.rest_client [req-a9dcccd0-5ecb-445e-b7fd-60782f2a2910 req-a9dcccd0-5ecb-445e-b7fd-60782f2a2910 ] Request (ExtensionsTest:setUpClass): 201 POST http://10.27.203.238/identity/v3/auth/tokens 0.072s
2024-05-28 12:57:36.896 98687 INFO tempest.lib.common.rest_client [ req-0838d489-1b91-4084-9a92-ff16ec882146 ] Request (ExtensionsTest:test_extensions): 200 GET http://10.27.203.238/share/v1/480f011d09784daa9db3173a43309a4c/extensions 0.069s
2024-05-28 12:57:37.007 98687 INFO tempest.lib.common.rest_client [req-f152a82b-abf8-40b0-bb1e-dedd7da50332 req-f152a82b-abf8-40b0-bb1e-dedd7da50332 ] Request (ExtensionsTest:tearDownClass): 204 DELETE http://10.27.203.238/identity/v3/users/e53df3f8c4b743fb922d8349ce6ef944 0.110s
2024-05-28 12:57:37.007 98687 INFO tempest.lib.common.dynamic_creds [-] Deleting project and security group for project: 480f011d09784daa9db3173a43309a4c
2024-05-28 12:57:37.054 98687 INFO tempest.lib.common.rest_client [req-9d79ede3-dbb0-45e0-bca2-bd0d844822e7 req-9d79ede3-dbb0-45e0-bca2-bd0d844822e7 ] Request (ExtensionsTest:tearDownClass): 201 POST http://10.27.203.238/identity/v3/auth/tokens 0.046s
2024-05-28 12:57:37.128 98687 INFO tempest.lib.common.rest_client [req-d25d1e33-2b9e-4236-a0da-82e9c5c74406 req-d25d1e33-2b9e-4236-a0da-82e9c5c74406 ] Request (ExtensionsTest:tearDownClass): 200 GET http://10.27.203.238:9696/networking/v2.0/security-groups?tenant_id=480f011d09784daa9db3173a43309a4c&name=default 0.074s
2024-05-28 12:57:37.142 98693 INFO tempest.lib.common.rest_client [ req-b5ae1470-a3c3-4aa4-94e2-5c50edca0889 ] Request (AdminActionsTest:test_force_delete_share_instance): 200 GET http://10.27.203.238/share/v2/a3499cb78849424db45e54caac01de92/shares/0e109bad-1de4-4ba0-a890-7011220b44eb 0.027s
2024-05-28 12:57:37.172 98693 INFO tempest.lib.common.rest_client [ req-27da9a41-c24e-44a7-b79c-f0dc9efe58c6 ] Request (AdminActionsTest:test_force_delete_share_instance): 200 GET http://10.27.203.238/share/v2/a3499cb78849424db45e54caac01de92/shares/0e109bad-1de4-4ba0-a890-7011220b44eb/instances 0.028s
